Jun 27 00:21:32.096323 np0000003812 nova-scheduler[96448]: DEBUG cotyledon.oslo_config_glue [-] profiler.es_scroll_time = 2m {{(pid=96448) log_opt_values /opt/stack/data/venv/lib/python3.12/site-packages/oslo_config/cfg.py:3253}}
Jun 27 00:21:32.096323 np0000003812 nova-scheduler[96448]: DEBUG cotyledon.oslo_config_glue [-] profiler.filter_error_trace = False {{(pid=96448) log_opt_values /opt/stack/data/venv/lib/python3.12/site-packages/oslo_config/cfg.py:3253}}
Jun 27 00:21:32.096323 np0000003812 nova-scheduler[96448]: DEBUG cotyledon.oslo_config_glue [-] profiler.hmac_keys = **** {{(pid=96448) log_opt_values /opt/stack/data/venv/lib/python3.12/site-packages/oslo_config/cfg.py:3253}}
Jun 27 00:21:32.096323 np0000003812 nova-scheduler[96448]: DEBUG cotyledon.oslo_config_glue [-] profiler.sentinel_service_name = mymaster {{(pid=96448) log_opt_values /opt/stack/data/venv/lib/python3.12/site-packages/oslo_config/cfg.py:3253}}
Jun 27 00:21:32.096323 np0000003812 nova-scheduler[96448]: DEBUG cotyledon.oslo_config_glue [-] profiler.socket_timeout = 0.1 {{(pid=96448) log_opt_values /opt/stack/data/venv/lib/python3.12/site-packages/oslo_config/cfg.py:3253}}
Jun 27 00:21:32.096323 np0000003812 nova-scheduler[96448]: DEBUG cotyledon.oslo_config_glue [-] profiler.trace_requests = False {{(pid=96448) log_opt_values /opt/stack/data/venv/lib/python3.12/site-packages/oslo_config/cfg.py:3253}}
Jun 27 00:21:32.096323 np0000003812 nova-scheduler[96448]: DEBUG cotyledon.oslo_config_glue [-] profiler.trace_sqlalchemy = False {{(pid=96448) log_opt_values /opt/stack/data/venv/lib/python3.12/site-packages/oslo_config/cfg.py:3253}}
Jun 27 00:21:32.096323 np0000003812 nova-scheduler[96448]: DEBUG cotyledon.oslo_config_glue [-] profiler_jaeger.process_tags = {} {{(pid=96448) log_opt_values /opt/stack/data/venv/lib/python3.12/site-packages/oslo_config/cfg.py:3253}}
Jun 27 00:21:32.096606 np0000003812 nova-scheduler[96448]: DEBUG cotyledon.oslo_config_glue [-] profiler_jaeger.service_name_prefix = None {{(pid=96448) log_opt_values /opt/stack/data/venv/lib/python3.12/site-packages/oslo_config/cfg.py:3253}}
Jun 27 00:21:32.096606 np0000003812 nova-scheduler[96448]: DEBUG cotyledon.oslo_config_glue [-] profiler_otlp.service_name_prefix = None {{(pid=96448) log_opt_values /opt/stack/data/venv/lib/python3.12/site-packages/oslo_config/cfg.py:3253}}
Jun 27 00:21:32.096606 np0000003812 nova-scheduler[96448]: DEBUG cotyledon.oslo_config_glue [-] oslo_messaging_rabbit.amqp_auto_delete = False {{(pid=96448) log_opt_values /opt/stack/data/venv/lib/python3.12/site-packages/oslo_config/cfg.py:3253}}
Jun 27 00:21:32.096606 np0000003812 nova-scheduler[96448]: DEBUG cotyledon.oslo_config_glue [-] oslo_messaging_rabbit.amqp_durable_queues = False {{(pid=96448) log_opt_values /opt/stack/data/venv/lib/python3.12/site-packages/oslo_config/cfg.py:3253}}
Jun 27 00:21:32.096606 np0000003812 nova-scheduler[96448]: DEBUG cotyledon.oslo_config_glue [-] oslo_messaging_rabbit.conn_pool_min_size = 2 {{(pid=96448) log_opt_values /opt/stack/data/venv/lib/python3.12/site-packages/oslo_config/cfg.py:3253}}
Jun 27 00:21:32.096606 np0000003812 nova-scheduler[96448]: DEBUG cotyledon.oslo_config_glue [-] oslo_messaging_rabbit.conn_pool_ttl = 1200 {{(pid=96448) log_opt_values /opt/stack/data/venv/lib/python3.12/site-packages/oslo_config/cfg.py:3253}}
Jun 27 00:21:32.096606 np0000003812 nova-scheduler[96448]: DEBUG cotyledon.oslo_config_glue [-] oslo_messaging_rabbit.direct_mandatory_flag = True {{(pid=96448) log_opt_values /opt/stack/data/venv/lib/python3.12/site-packages/oslo_config/cfg.py:3253}}
Jun 27 00:21:32.096606 np0000003812 nova-scheduler[96448]: DEBUG cotyledon.oslo_config_glue [-] oslo_messaging_rabbit.enable_cancel_on_failover = False {{(pid=96448) log_opt_values /opt/stack/data/venv/lib/python3.12/site-packages/oslo_config/cfg.py:3253}}
Jun 27 00:21:32.096606 np0000003812 nova-scheduler[96448]: DEBUG cotyledon.oslo_config_glue [-] oslo_messaging_rabbit.heartbeat_rate = 3 {{(pid=96448) log_opt_values /opt/stack/data/venv/lib/python3.12/site-packages/oslo_config/cfg.py:3253}}
Jun 27 00:21:32.096911 np0000003812 nova-scheduler[96448]: DEBUG cotyledon.oslo_config_glue [-] oslo_messaging_rabbit.heartbeat_timeout_threshold = 60 {{(pid=96448) log_opt_values /opt/stack/data/venv/lib/python3.12/site-packages/oslo_config/cfg.py:3253}}
Jun 27 00:21:32.096911 np0000003812 nova-scheduler[96448]: DEBUG cotyledon.oslo_config_glue [-] oslo_messaging_rabbit.hostname = np0000003812 {{(pid=96448) log_opt_values /opt/stack/data/venv/lib/python3.12/site-packages/oslo_config/cfg.py:3253}}
Jun 27 00:21:32.096911 np0000003812 nova-scheduler[96448]: DEBUG cotyledon.oslo_config_glue [-] oslo_messaging_rabbit.kombu_compression = None {{(pid=96448) log_opt_values /opt/stack/data/venv/lib/python3.12/site-packages/oslo_config/cfg.py:3253}}
Jun 27 00:21:32.096911 np0000003812 nova-scheduler[96448]: DEBUG cotyledon.oslo_config_glue [-] oslo_messaging_rabbit.kombu_failover_strategy = round-robin {{(pid=96448) log_opt_values /opt/stack/data/venv/lib/python3.12/site-packages/oslo_config/cfg.py:3253}}
Jun 27 00:21:32.096911 np0000003812 nova-scheduler[96448]: DEBUG cotyledon.oslo_config_glue [-] oslo_messaging_rabbit.kombu_missing_consumer_retry_timeout = 60 {{(pid=96448) log_opt_values /opt/stack/data/venv/lib/python3.12/site-packages/oslo_config/cfg.py:3253}}
Jun 27 00:21:32.096911 np0000003812 nova-scheduler[96448]: DEBUG cotyledon.oslo_config_glue [-] oslo_messaging_rabbit.kombu_reconnect_delay = 1.0 {{(pid=96448) log_opt_values /opt/stack/data/venv/lib/python3.12/site-packages/oslo_config/cfg.py:3253}}
Jun 27 00:21:32.096911 np0000003812 nova-scheduler[96448]: DEBUG cotyledon.oslo_config_glue [-] oslo_messaging_rabbit.kombu_reconnect_splay = 0.0 {{(pid=96448) log_opt_values /opt/stack/data/venv/lib/python3.12/site-packages/oslo_config/cfg.py:3253}}
Jun 27 00:21:32.096911 np0000003812 nova-scheduler[96448]: DEBUG cotyledon.oslo_config_glue [-] oslo_messaging_rabbit.processname = nova-scheduler {{(pid=96448) log_opt_values /opt/stack/data/venv/lib/python3.12/site-packages/oslo_config/cfg.py:3253}}
Jun 27 00:21:32.096911 np0000003812 nova-scheduler[96448]: DEBUG cotyledon.oslo_config_glue [-] oslo_messaging_rabbit.rabbit_ha_queues = False {{(pid=96448) log_opt_values /opt/stack/data/venv/lib/python3.12/site-packages/oslo_config/cfg.py:3253}}
Jun 27 00:21:32.097213 np0000003812 nova-scheduler[96448]: DEBUG cotyledon.oslo_config_glue [-] oslo_messaging_rabbit.rabbit_interval_max = 30 {{(pid=96448) log_opt_values /opt/stack/data/venv/lib/python3.12/site-packages/oslo_config/cfg.py:3253}}
Jun 27 00:21:32.097213 np0000003812 nova-scheduler[96448]: DEBUG cotyledon.oslo_config_glue [-] oslo_messaging_rabbit.rabbit_login_method = AMQPLAIN {{(pid=96448) log_opt_values /opt/stack/data/venv/lib/python3.12/site-packages/oslo_config/cfg.py:3253}}
Jun 27 00:21:32.097213 np0000003812 nova-scheduler[96448]: DEBUG cotyledon.oslo_config_glue [-] oslo_messaging_rabbit.rabbit_qos_prefetch_count = 0 {{(pid=96448) log_opt_values /opt/stack/data/venv/lib/python3.12/site-packages/oslo_config/cfg.py:3253}}
Jun 27 00:21:32.097213 np0000003812 nova-scheduler[96448]: DEBUG cotyledon.oslo_config_glue [-] oslo_messaging_rabbit.rabbit_quorum_delivery_limit = 0 {{(pid=96448) log_opt_values /opt/stack/data/venv/lib/python3.12/site-packages/oslo_config/cfg.py:3253}}
Jun 27 00:21:32.097213 np0000003812 nova-scheduler[96448]: DEBUG cotyledon.oslo_config_glue [-] oslo_messaging_rabbit.rabbit_quorum_max_memory_bytes = 0 {{(pid=96448) log_opt_values /opt/stack/data/venv/lib/python3.12/site-packages/oslo_config/cfg.py:3253}}
Jun 27 00:21:32.097213 np0000003812 nova-scheduler[96448]: DEBUG cotyledon.oslo_config_glue [-] oslo_messaging_rabbit.rabbit_quorum_max_memory_length = 0 {{(pid=96448) log_opt_values /opt/stack/data/venv/lib/python3.12/site-packages/oslo_config/cfg.py:3253}}
Jun 27 00:21:32.097213 np0000003812 nova-scheduler[96448]: DEBUG cotyledon.oslo_config_glue [-] oslo_messaging_rabbit.rabbit_quorum_queue = False {{(pid=96448) log_opt_values /opt/stack/data/venv/lib/python3.12/site-packages/oslo_config/cfg.py:3253}}
Jun 27 00:21:32.097213 np0000003812 nova-scheduler[96448]: DEBUG cotyledon.oslo_config_glue [-] oslo_messaging_rabbit.rabbit_retry_backoff = 2 {{(pid=96448) log_opt_values /opt/stack/data/venv/lib/python3.12/site-packages/oslo_config/cfg.py:3253}}
Jun 27 00:21:32.097213 np0000003812 nova-scheduler[96448]: DEBUG cotyledon.oslo_config_glue [-] oslo_messaging_rabbit.rabbit_retry_interval = 1 {{(pid=96448) log_opt_values /opt/stack/data/venv/lib/python3.12/site-packages/oslo_config/cfg.py:3253}}
Jun 27 00:21:32.097561 np0000003812 nova-scheduler[96448]: DEBUG cotyledon.oslo_config_glue [-] oslo_messaging_rabbit.rabbit_stream_fanout = False {{(pid=96448) log_opt_values /opt/stack/data/venv/lib/python3.12/site-packages/oslo_config/cfg.py:3253}}
Jun 27 00:21:32.097561 np0000003812 nova-scheduler[96448]: DEBUG cotyledon.oslo_config_glue [-] oslo_messaging_rabbit.rabbit_transient_queues_ttl = 1800 {{(pid=96448) log_opt_values /opt/stack/data/venv/lib/python3.12/site-packages/oslo_config/cfg.py:3253}}
Jun 27 00:21:32.097561 np0000003812 nova-scheduler[96448]: DEBUG cotyledon.oslo_config_glue [-] oslo_messaging_rabbit.rabbit_transient_quorum_queue = False {{(pid=96448) log_opt_values /opt/stack/data/venv/lib/python3.12/site-packages/oslo_config/cfg.py:3253}}
Jun 27 00:21:32.097561 np0000003812 nova-scheduler[96448]: DEBUG cotyledon.oslo_config_glue [-] oslo_messaging_rabbit.rpc_conn_pool_size = 30 {{(pid=96448) log_opt_values /opt/stack/data/venv/lib/python3.12/site-packages/oslo_config/cfg.py:3253}}
Jun 27 00:21:32.097561 np0000003812 nova-scheduler[96448]: DEBUG cotyledon.oslo_config_glue [-] oslo_messaging_rabbit.ssl = False {{(pid=96448) log_opt_values /opt/stack/data/venv/lib/python3.12/site-packages/oslo_config/cfg.py:3253}}
Jun 27 00:21:32.097561 np0000003812 nova-scheduler[96448]: DEBUG cotyledon.oslo_config_glue [-] oslo_messaging_rabbit.ssl_ca_file = {{(pid=96448) log_opt_values /opt/stack/data/venv/lib/python3.12/site-packages/oslo_config/cfg.py:3253}}
Jun 27 00:21:32.097561 np0000003812 nova-scheduler[96448]: DEBUG cotyledon.oslo_config_glue [-] oslo_messaging_rabbit.ssl_cert_file = {{(pid=96448) log_opt_values /opt/stack/data/venv/lib/python3.12/site-packages/oslo_config/cfg.py:3253}}
Jun 27 00:21:32.097561 np0000003812 nova-scheduler[96448]: DEBUG cotyledon.oslo_config_glue [-] oslo_messaging_rabbit.ssl_enforce_fips_mode = False {{(pid=96448) log_opt_values /opt/stack/data/venv/lib/python3.12/site-packages/oslo_config/cfg.py:3253}}
Jun 27 00:21:32.097561 np0000003812 nova-scheduler[96448]: DEBUG cotyledon.oslo_config_glue [-] oslo_messaging_rabbit.ssl_enforce_hostname_verification = True {{(pid=96448) log_opt_values /opt/stack/data/venv/lib/python3.12/site-packages/oslo_config/cfg.py:3253}}
Jun 27 00:21:32.097867 np0000003812 nova-scheduler[96448]: DEBUG cotyledon.oslo_config_glue [-] oslo_messaging_rabbit.ssl_key_file = {{(pid=96448) log_opt_values /opt/stack/data/venv/lib/python3.12/site-packages/oslo_config/cfg.py:3253}}
Jun 27 00:21:32.097867 np0000003812 nova-scheduler[96448]: DEBUG cotyledon.oslo_config_glue [-] oslo_messaging_rabbit.ssl_version = {{(pid=96448) log_opt_values /opt/stack/data/venv/lib/python3.12/site-packages/oslo_config/cfg.py:3253}}
Jun 27 00:21:32.097867 np0000003812 nova-scheduler[96448]: DEBUG cotyledon.oslo_config_glue [-] oslo_messaging_rabbit.use_queue_manager = False {{(pid=96448) log_opt_values /opt/stack/data/venv/lib/python3.12/site-packages/oslo_config/cfg.py:3253}}
Jun 27 00:21:32.097867 np0000003812 nova-scheduler[96448]: DEBUG cotyledon.oslo_config_glue [-] oslo_messaging_notifications.driver = ['messagingv2'] {{(pid=96448) log_opt_values /opt/stack/data/venv/lib/python3.12/site-packages/oslo_config/cfg.py:3253}}
Jun 27 00:21:32.097867 np0000003812 nova-scheduler[96448]: DEBUG cotyledon.oslo_config_glue [-] oslo_messaging_notifications.retry = -1 {{(pid=96448) log_opt_values /opt/stack/data/venv/lib/python3.12/site-packages/oslo_config/cfg.py:3253}}
Jun 27 00:21:32.097867 np0000003812 nova-scheduler[96448]: DEBUG cotyledon.oslo_config_glue [-] oslo_messaging_notifications.topics = ['notifications'] {{(pid=96448) log_opt_values /opt/stack/data/venv/lib/python3.12/site-packages/oslo_config/cfg.py:3253}}
Jun 27 00:21:32.097867 np0000003812 nova-scheduler[96448]: DEBUG cotyledon.oslo_config_glue [-] oslo_messaging_notifications.transport_url = **** {{(pid=96448) log_opt_values /opt/stack/data/venv/lib/python3.12/site-packages/oslo_config/cfg.py:3253}}
Jun 27 00:21:32.097867 np0000003812 nova-scheduler[96448]: DEBUG cotyledon.oslo_config_glue [-] oslo_limit.auth_section = None {{(pid=96448) log_opt_values /opt/stack/data/venv/lib/python3.12/site-packages/oslo_config/cfg.py:3253}}
Jun 27 00:21:32.097867 np0000003812 nova-scheduler[96448]: DEBUG cotyledon.oslo_config_glue [-] oslo_limit.auth_type = None {{(pid=96448) log_opt_values /opt/stack/data/venv/lib/python3.12/site-packages/oslo_config/cfg.py:3253}}
Jun 27 00:21:32.098153 np0000003812 nova-scheduler[96448]: DEBUG cotyledon.oslo_config_glue [-] oslo_limit.cafile = None {{(pid=96448) log_opt_values /opt/stack/data/venv/lib/python3.12/site-packages/oslo_config/cfg.py:3253}}
Jun 27 00:21:32.098153 np0000003812 nova-scheduler[96448]: DEBUG cotyledon.oslo_config_glue [-] oslo_limit.certfile = None {{(pid=96448) log_opt_values /opt/stack/data/venv/lib/python3.12/site-packages/oslo_config/cfg.py:3253}}
Jun 27 00:21:32.098153 np0000003812 nova-scheduler[96448]: DEBUG cotyledon.oslo_config_glue [-] oslo_limit.collect_timing = False {{(pid=96448) log_opt_values /opt/stack/data/venv/lib/python3.12/site-packages/oslo_config/cfg.py:3253}}
Jun 27 00:21:32.098153 np0000003812 nova-scheduler[96448]: DEBUG cotyledon.oslo_config_glue [-] oslo_limit.connect_retries = None {{(pid=96448) log_opt_values /opt/stack/data/venv/lib/python3.12/site-packages/oslo_config/cfg.py:3253}}
Jun 27 00:21:32.098153 np0000003812 nova-scheduler[96448]: DEBUG cotyledon.oslo_config_glue [-] oslo_limit.connect_retry_delay = None {{(pid=96448) log_opt_values /opt/stack/data/venv/lib/python3.12/site-packages/oslo_config/cfg.py:3253}}
Jun 27 00:21:32.098153 np0000003812 nova-scheduler[96448]: DEBUG cotyledon.oslo_config_glue [-] oslo_limit.endpoint_id = None {{(pid=96448) log_opt_values /opt/stack/data/venv/lib/python3.12/site-packages/oslo_config/cfg.py:3253}}
Jun 27 00:21:32.098153 np0000003812 nova-scheduler[96448]: DEBUG cotyledon.oslo_config_glue [-] oslo_limit.endpoint_interface = public {{(pid=96448) log_opt_values /opt/stack/data/venv/lib/python3.12/site-packages/oslo_config/cfg.py:3253}}
Jun 27 00:21:32.098153 np0000003812 nova-scheduler[96448]: DEBUG cotyledon.oslo_config_glue [-] oslo_limit.endpoint_override = None {{(pid=96448) log_opt_values /opt/stack/data/venv/lib/python3.12/site-packages/oslo_config/cfg.py:3253}}
Jun 27 00:21:32.098153 np0000003812 nova-scheduler[96448]: DEBUG cotyledon.oslo_config_glue [-] oslo_limit.endpoint_region_name = None {{(pid=96448) log_opt_values /opt/stack/data/venv/lib/python3.12/site-packages/oslo_config/cfg.py:3253}}
Jun 27 00:21:32.098428 np0000003812 nova-scheduler[96448]: DEBUG cotyledon.oslo_config_glue [-] oslo_limit.endpoint_service_name = None {{(pid=96448) log_opt_values /opt/stack/data/venv/lib/python3.12/site-packages/oslo_config/cfg.py:3253}}
Jun 27 00:21:32.098428 np0000003812 nova-scheduler[96448]: DEBUG cotyledon.oslo_config_glue [-] oslo_limit.endpoint_service_type = None {{(pid=96448) log_opt_values /opt/stack/data/venv/lib/python3.12/site-packages/oslo_config/cfg.py:3253}}
Jun 27 00:21:32.098428 np0000003812 nova-scheduler[96448]: DEBUG cotyledon.oslo_config_glue [-] oslo_limit.insecure = False {{(pid=96448) log_opt_values /opt/stack/data/venv/lib/python3.12/site-packages/oslo_config/cfg.py:3253}}
Jun 27 00:21:32.098428 np0000003812 nova-scheduler[96448]: DEBUG cotyledon.oslo_config_glue [-] oslo_limit.keyfile = None {{(pid=96448) log_opt_values /opt/stack/data/venv/lib/python3.12/site-packages/oslo_config/cfg.py:3253}}
Jun 27 00:21:32.098428 np0000003812 nova-scheduler[96448]: DEBUG cotyledon.oslo_config_glue [-] oslo_limit.max_version = None {{(pid=96448) log_opt_values /opt/stack/data/venv/lib/python3.12/site-packages/oslo_config/cfg.py:3253}}
Jun 27 00:21:32.098428 np0000003812 nova-scheduler[96448]: DEBUG cotyledon.oslo_config_glue [-] oslo_limit.min_version = None {{(pid=96448) log_opt_values /opt/stack/data/venv/lib/python3.12/site-packages/oslo_config/cfg.py:3253}}
Jun 27 00:21:32.098428 np0000003812 nova-scheduler[96448]: DEBUG cotyledon.oslo_config_glue [-] oslo_limit.region_name = None {{(pid=96448) log_opt_values /opt/stack/data/venv/lib/python3.12/site-packages/oslo_config/cfg.py:3253}}
Jun 27 00:21:32.098428 np0000003812 nova-scheduler[96448]: DEBUG cotyledon.oslo_config_glue [-] oslo_limit.retriable_status_codes = None {{(pid=96448) log_opt_values /opt/stack/data/venv/lib/python3.12/site-packages/oslo_config/cfg.py:3253}}
Jun 27 00:21:32.098428 np0000003812 nova-scheduler[96448]: DEBUG cotyledon.oslo_config_glue [-] oslo_limit.service_name = None {{(pid=96448) log_opt_values /opt/stack/data/venv/lib/python3.12/site-packages/oslo_config/cfg.py:3253}}
Jun 27 00:21:32.099319 np0000003812 nova-scheduler[96448]: DEBUG cotyledon.oslo_config_glue [-] oslo_limit.service_type = None {{(pid=96448) log_opt_values /opt/stack/data/venv/lib/python3.12/site-packages/oslo_config/cfg.py:3253}}
Jun 27 00:21:32.099319 np0000003812 nova-scheduler[96448]: DEBUG cotyledon.oslo_config_glue [-] oslo_limit.split_loggers = False {{(pid=96448) log_opt_values /opt/stack/data/venv/lib/python3.12/site-packages/oslo_config/cfg.py:3253}}
Jun 27 00:21:32.099319 np0000003812 nova-scheduler[96448]: DEBUG cotyledon.oslo_config_glue [-] oslo_limit.status_code_retries = None {{(pid=96448) log_opt_values /opt/stack/data/venv/lib/python3.12/site-packages/oslo_config/cfg.py:3253}}
Jun 27 00:21:32.099319 np0000003812 nova-scheduler[96448]: DEBUG cotyledon.oslo_config_glue [-] oslo_limit.status_code_retry_delay = None {{(pid=96448) log_opt_values /opt/stack/data/venv/lib/python3.12/site-packages/oslo_config/cfg.py:3253}}
Jun 27 00:21:32.099319 np0000003812 nova-scheduler[96448]: DEBUG cotyledon.oslo_config_glue [-] oslo_limit.timeout = None {{(pid=96448) log_opt_values /opt/stack/data/venv/lib/python3.12/site-packages/oslo_config/cfg.py:3253}}
Jun 27 00:21:32.099319 np0000003812 nova-scheduler[96448]: DEBUG cotyledon.oslo_config_glue [-] oslo_limit.valid_interfaces = None {{(pid=96448) log_opt_values /opt/stack/data/venv/lib/python3.12/site-packages/oslo_config/cfg.py:3253}}
Jun 27 00:21:32.099319 np0000003812 nova-scheduler[96448]: DEBUG cotyledon.oslo_config_glue [-] oslo_limit.version = None {{(pid=96448) log_opt_values /opt/stack/data/venv/lib/python3.12/site-packages/oslo_config/cfg.py:3253}}
Jun 27 00:21:32.099319 np0000003812 nova-scheduler[96448]: DEBUG cotyledon.oslo_config_glue [-] oslo_reports.file_event_handler = None {{(pid=96448) log_opt_values /opt/stack/data/venv/lib/python3.12/site-packages/oslo_config/cfg.py:3253}}
Jun 27 00:21:32.099319 np0000003812 nova-scheduler[96448]: DEBUG cotyledon.oslo_config_glue [-] oslo_reports.file_event_handler_interval = 1 {{(pid=96448) log_opt_values /opt/stack/data/venv/lib/python3.12/site-packages/oslo_config/cfg.py:3253}}
Jun 27 00:21:32.099485 np0000003812 nova-scheduler[96448]: DEBUG cotyledon.oslo_config_glue [-] oslo_reports.log_dir = None {{(pid=96448) log_opt_values /opt/stack/data/venv/lib/python3.12/site-packages/oslo_config/cfg.py:3253}}
Jun 27 00:21:32.099485 np0000003812 nova-scheduler[96448]: DEBUG cotyledon.oslo_config_glue [-] ******************************************************************************** {{(pid=96448) log_opt_values /opt/stack/data/venv/lib/python3.12/site-packages/oslo_config/cfg.py:3260}}
Jun 27 00:21:32.099485 np0000003812 nova-scheduler[96448]: DEBUG cotyledon._service_worker [-] Run service ServiceWrapper(2) [96448] {{(pid=96448) wait_forever /opt/stack/data/venv/lib/python3.12/site-packages/cotyledon/_service_worker.py:218}}
Jun 27 00:21:32.099546 np0000003812 nova-scheduler[96417]: DEBUG oslo_db.sqlalchemy.engines [None req-e4397699-65af-4a5e-8a8c-e3713b4f9688 None None] MySQL server mode set to STRICT_TRANS_TABLES,STRICT_ALL_TABLES,NO_ZERO_IN_DATE,NO_ZERO_DATE,ERROR_FOR_DIVISION_BY_ZERO,TRADITIONAL,NO_ENGINE_SUBSTITUTION {{(pid=96417) _check_effective_sql_mode /opt/stack/data/venv/lib/python3.12/site-packages/oslo_db/sqlalchemy/engines.py:325}}
Jun 27 00:21:32.099586 np0000003812 nova-scheduler[96448]: INFO nova.service [-] Starting scheduler node (version 33.1.0)
Jun 27 00:21:32.099586 np0000003812 nova-scheduler[96448]: INFO dbcounter [None req-b4429bd1-df60-48f4-bd10-aae85ad1ffaa None None] Registered counter for database nova_cell0
Jun 27 00:21:32.099642 np0000003812 nova-scheduler[96417]: DEBUG dbcounter [-] [96417] Writer thread running {{(pid=96417) stat_writer /opt/stack/data/venv/lib/python3.12/site-packages/dbcounter.py:102}}
Jun 27 00:21:32.099664 np0000003812 nova-scheduler[96419]: DEBUG oslo_db.sqlalchemy.engines [None req-c454dc1c-f0af-4dc8-b951-916e9b903514 None None] MySQL server mode set to STRICT_TRANS_TABLES,STRICT_ALL_TABLES,NO_ZERO_IN_DATE,NO_ZERO_DATE,ERROR_FOR_DIVISION_BY_ZERO,TRADITIONAL,NO_ENGINE_SUBSTITUTION {{(pid=96419) _check_effective_sql_mode /opt/stack/data/venv/lib/python3.12/site-packages/oslo_db/sqlalchemy/engines.py:325}}
Jun 27 00:21:32.099664 np0000003812 nova-scheduler[96419]: DEBUG dbcounter [-] [96419] Writer thread running {{(pid=96419) stat_writer /opt/stack/data/venv/lib/python3.12/site-packages/dbcounter.py:102}}
Jun 27 00:21:32.099997 np0000003812 nova-scheduler[96417]: DEBUG nova.service [None req-e4397699-65af-4a5e-8a8c-e3713b4f9688 None None] Creating RPC server for service: nova-scheduler on topic: scheduler {{(pid=96417) start /opt/stack/nova/nova/service.py:196}}
Jun 27 00:21:32.109478 np0000003812 nova-scheduler[96419]: DEBUG nova.service [None req-c454dc1c-f0af-4dc8-b951-916e9b903514 None None] Creating RPC server for service: nova-scheduler on topic: scheduler {{(pid=96419) start /opt/stack/nova/nova/service.py:196}}
Jun 27 00:21:32.124962 np0000003812 nova-scheduler[96448]: DEBUG oslo_db.sqlalchemy.engines [None req-b4429bd1-df60-48f4-bd10-aae85ad1ffaa None None] MySQL server mode set to STRICT_TRANS_TABLES,STRICT_ALL_TABLES,NO_ZERO_IN_DATE,NO_ZERO_DATE,ERROR_FOR_DIVISION_BY_ZERO,TRADITIONAL,NO_ENGINE_SUBSTITUTION {{(pid=96448) _check_effective_sql_mode /opt/stack/data/venv/lib/python3.12/site-packages/oslo_db/sqlalchemy/engines.py:325}}
Jun 27 00:21:32.128955 np0000003812 nova-scheduler[96465]: DEBUG oslo_db.sqlalchemy.engines [None req-1a940b55-a02b-4dc3-953d-bccb63455500 None None] MySQL server mode set to STRICT_TRANS_TABLES,STRICT_ALL_TABLES,NO_ZERO_IN_DATE,NO_ZERO_DATE,ERROR_FOR_DIVISION_BY_ZERO,TRADITIONAL,NO_ENGINE_SUBSTITUTION {{(pid=96465) _check_effective_sql_mode /opt/stack/data/venv/lib/python3.12/site-packages/oslo_db/sqlalchemy/engines.py:325}}
Jun 27 00:21:32.130636 np0000003812 nova-scheduler[96417]: DEBUG nova.service [None req-e4397699-65af-4a5e-8a8c-e3713b4f9688 None None] Join ServiceGroup membership for this service scheduler {{(pid=96417) start /opt/stack/nova/nova/service.py:222}}
Jun 27 00:21:32.130923 np0000003812 nova-scheduler[96417]: DEBUG nova.servicegroup.drivers.db [None req-e4397699-65af-4a5e-8a8c-e3713b4f9688 None None] DB_Driver: join new ServiceGroup member np0000003812 to the scheduler group, service = {{(pid=96417) join /opt/stack/nova/nova/servicegroup/drivers/db.py:44}}
Jun 27 00:21:32.132222 np0000003812 nova-scheduler[96419]: DEBUG nova.service [None req-c454dc1c-f0af-4dc8-b951-916e9b903514 None None] Join ServiceGroup membership for this service scheduler {{(pid=96419) start /opt/stack/nova/nova/service.py:222}}
Jun 27 00:21:32.132549 np0000003812 nova-scheduler[96419]: DEBUG nova.servicegroup.drivers.db [None req-c454dc1c-f0af-4dc8-b951-916e9b903514 None None] DB_Driver: join new ServiceGroup member np0000003812 to the scheduler group, service = {{(pid=96419) join /opt/stack/nova/nova/servicegroup/drivers/db.py:44}}
Jun 27 00:21:32.134569 np0000003812 nova-scheduler[96448]: DEBUG dbcounter [-] [96448] Writer thread running {{(pid=96448) stat_writer /opt/stack/data/venv/lib/python3.12/site-packages/dbcounter.py:102}}
Jun 27 00:21:32.137596 np0000003812 nova-scheduler[96448]: DEBUG nova.service [None req-b4429bd1-df60-48f4-bd10-aae85ad1ffaa None None] Creating RPC server for service: nova-scheduler on topic: scheduler {{(pid=96448) start /opt/stack/nova/nova/service.py:196}}
Jun 27 00:21:32.141979 np0000003812 nova-scheduler[96465]: DEBUG dbcounter [-] [96465] Writer thread running {{(pid=96465) stat_writer /opt/stack/data/venv/lib/python3.12/site-packages/dbcounter.py:102}}
Jun 27 00:21:32.145926 np0000003812 nova-scheduler[96465]: DEBUG nova.service [None req-1a940b55-a02b-4dc3-953d-bccb63455500 None None] Creating RPC server for service: nova-scheduler on topic: scheduler {{(pid=96465) start /opt/stack/nova/nova/service.py:196}}
Jun 27 00:21:32.155034 np0000003812 nova-scheduler[96448]: DEBUG nova.service [None req-b4429bd1-df60-48f4-bd10-aae85ad1ffaa None None] Join ServiceGroup membership for this service scheduler {{(pid=96448) start /opt/stack/nova/nova/service.py:222}}
Jun 27 00:21:32.155334 np0000003812 nova-scheduler[96448]: DEBUG nova.servicegroup.drivers.db [None req-b4429bd1-df60-48f4-bd10-aae85ad1ffaa None None] DB_Driver: join new ServiceGroup member np0000003812 to the scheduler group, service = {{(pid=96448) join /opt/stack/nova/nova/servicegroup/drivers/db.py:44}}
Jun 27 00:21:32.165505 np0000003812 nova-scheduler[96465]: DEBUG nova.service [None req-1a940b55-a02b-4dc3-953d-bccb63455500 None None] Join ServiceGroup membership for this service scheduler {{(pid=96465) start /opt/stack/nova/nova/service.py:222}}
Jun 27 00:21:32.165768 np0000003812 nova-scheduler[96465]: DEBUG nova.servicegroup.drivers.db [None req-1a940b55-a02b-4dc3-953d-bccb63455500 None None] DB_Driver: join new ServiceGroup member np0000003812 to the scheduler group, service = {{(pid=96465) join /opt/stack/nova/nova/servicegroup/drivers/db.py:44}}
Jun 27 00:21:37.144163 np0000003812 nova-scheduler[96419]: DEBUG oslo.service.backend._threading.loopingcall [-] Fixed interval looping call 'nova.servicegroup.drivers.db.DbDriver._report_state' sleeping for 119.99 seconds {{(pid=96419) _run_loop /opt/stack/data/venv/lib/python3.12/site-packages/oslo_service/backend/_threading/loopingcall.py:125}}
Jun 27 00:21:37.145199 np0000003812 nova-scheduler[96417]: DEBUG oslo.service.backend._threading.loopingcall [-] Fixed interval looping call 'nova.servicegroup.drivers.db.DbDriver._report_state' sleeping for 119.99 seconds {{(pid=96417) _run_loop /opt/stack/data/venv/lib/python3.12/site-packages/oslo_service/backend/_threading/loopingcall.py:125}}
Jun 27 00:21:37.167540 np0000003812 nova-scheduler[96448]: DEBUG oslo.service.backend._threading.loopingcall [-] Fixed interval looping call 'nova.servicegroup.drivers.db.DbDriver._report_state' sleeping for 119.99 seconds {{(pid=96448) _run_loop /opt/stack/data/venv/lib/python3.12/site-packages/oslo_service/backend/_threading/loopingcall.py:125}}
Jun 27 00:21:37.176308 np0000003812 nova-scheduler[96465]: DEBUG oslo.service.backend._threading.loopingcall [-] Fixed interval looping call 'nova.servicegroup.drivers.db.DbDriver._report_state' sleeping for 119.99 seconds {{(pid=96465) _run_loop /opt/stack/data/venv/lib/python3.12/site-packages/oslo_service/backend/_threading/loopingcall.py:125}}
Jun 27 00:21:38.133658 np0000003812 nova-scheduler[96417]: DEBUG oslo.service.backend._threading.loopingcall [None req-6c14b49f-9469-4ae3-847e-9e295e014b26 None None] Dynamic interval looping call 'nova.service.Service.periodic_tasks' sleeping for 60.00 seconds {{(pid=96417) _run_loop /opt/stack/data/venv/lib/python3.12/site-packages/oslo_service/backend/_threading/loopingcall.py:125}}
Jun 27 00:21:40.656250 np0000003812 nova-scheduler[95220]: DEBUG dbcounter [-] [95220] Writing DB stats nova_api:SELECT=3 {{(pid=95220) stat_writer /opt/stack/data/venv/lib/python3.12/site-packages/dbcounter.py:115}}
Jun 27 00:21:40.797650 np0000003812 nova-scheduler[95220]: DEBUG dbcounter [-] [95220] Writing DB stats nova_cell0:SELECT=1 {{(pid=95220) stat_writer /opt/stack/data/venv/lib/python3.12/site-packages/dbcounter.py:115}}
Jun 27 00:21:40.801740 np0000003812 nova-scheduler[95220]: DEBUG dbcounter [-] [95220] Writing DB stats nova_cell1:SELECT=1 {{(pid=95220) stat_writer /opt/stack/data/venv/lib/python3.12/site-packages/dbcounter.py:115}}
Jun 27 00:21:47.139406 np0000003812 nova-scheduler[96419]: DEBUG dbcounter [-] [96419] Writing DB stats nova_cell0:SELECT=4,nova_cell0:INSERT=1,nova_cell0:UPDATE=1 {{(pid=96419) stat_writer /opt/stack/data/venv/lib/python3.12/site-packages/dbcounter.py:115}}
Jun 27 00:21:47.140856 np0000003812 nova-scheduler[96417]: DEBUG dbcounter [-] [96417] Writing DB stats nova_cell0:SELECT=4,nova_cell0:INSERT=1,nova_cell0:UPDATE=1 {{(pid=96417) stat_writer /opt/stack/data/venv/lib/python3.12/site-packages/dbcounter.py:115}}
Jun 27 00:21:47.164101 np0000003812 nova-scheduler[96448]: DEBUG dbcounter [-] [96448] Writing DB stats nova_cell0:SELECT=3 {{(pid=96448) stat_writer /opt/stack/data/venv/lib/python3.12/site-packages/dbcounter.py:115}}
Jun 27 00:21:47.173720 np0000003812 nova-scheduler[96465]: DEBUG dbcounter [-] [96465] Writing DB stats nova_cell0:SELECT=3 {{(pid=96465) stat_writer /opt/stack/data/venv/lib/python3.12/site-packages/dbcounter.py:115}}
Jun 27 00:22:17.157106 np0000003812 nova-scheduler[96448]: DEBUG oslo.service.backend._threading.loopingcall [None req-fc379a7f-d22d-4e82-98e8-0cd2a73505ff None None] Dynamic interval looping call 'nova.service.Service.periodic_tasks' sleeping for 60.00 seconds {{(pid=96448) _run_loop /opt/stack/data/venv/lib/python3.12/site-packages/oslo_service/backend/_threading/loopingcall.py:125}}
Jun 27 00:22:18.168252 np0000003812 nova-scheduler[96465]: DEBUG oslo.service.backend._threading.loopingcall [None req-cca1a543-1853-4ace-8cd7-a9e0166bc4ca None None] Dynamic interval looping call 'nova.service.Service.periodic_tasks' sleeping for 60.00 seconds {{(pid=96465) _run_loop /opt/stack/data/venv/lib/python3.12/site-packages/oslo_service/backend/_threading/loopingcall.py:125}}
Jun 27 00:22:31.135365 np0000003812 nova-scheduler[96419]: DEBUG oslo.service.backend._threading.loopingcall [None req-833fb5e6-aa10-45a0-b17b-1508f2506570 None None] Dynamic interval looping call 'nova.service.Service.periodic_tasks' sleeping for 60.00 seconds {{(pid=96419) _run_loop /opt/stack/data/venv/lib/python3.12/site-packages/oslo_service/backend/_threading/loopingcall.py:125}}
Jun 27 00:22:38.134149 np0000003812 nova-scheduler[96417]: DEBUG oslo.service.backend._threading.loopingcall [None req-6c14b49f-9469-4ae3-847e-9e295e014b26 None None] Dynamic interval looping call 'nova.service.Service.periodic_tasks' sleeping for 60.00 seconds {{(pid=96417) _run_loop /opt/stack/data/venv/lib/python3.12/site-packages/oslo_service/backend/_threading/loopingcall.py:125}}
Jun 27 00:23:17.157596 np0000003812 nova-scheduler[96448]: DEBUG oslo.service.backend._threading.loopingcall [None req-fc379a7f-d22d-4e82-98e8-0cd2a73505ff None None] Dynamic interval looping call 'nova.service.Service.periodic_tasks' sleeping for 60.00 seconds {{(pid=96448) _run_loop /opt/stack/data/venv/lib/python3.12/site-packages/oslo_service/backend/_threading/loopingcall.py:125}}
Jun 27 00:23:18.168747 np0000003812 nova-scheduler[96465]: DEBUG oslo.service.backend._threading.loopingcall [None req-cca1a543-1853-4ace-8cd7-a9e0166bc4ca None None] Dynamic interval looping call 'nova.service.Service.periodic_tasks' sleeping for 60.00 seconds {{(pid=96465) _run_loop /opt/stack/data/venv/lib/python3.12/site-packages/oslo_service/backend/_threading/loopingcall.py:125}}
Jun 27 00:23:31.135921 np0000003812 nova-scheduler[96419]: DEBUG oslo.service.backend._threading.loopingcall [None req-833fb5e6-aa10-45a0-b17b-1508f2506570 None None] Dynamic interval looping call 'nova.service.Service.periodic_tasks' sleeping for 60.00 seconds {{(pid=96419) _run_loop /opt/stack/data/venv/lib/python3.12/site-packages/oslo_service/backend/_threading/loopingcall.py:125}}
Jun 27 00:23:37.144175 np0000003812 nova-scheduler[96417]: DEBUG oslo.service.backend._threading.loopingcall [-] Fixed interval looping call 'nova.servicegroup.drivers.db.DbDriver._report_state' sleeping for 119.99 seconds {{(pid=96417) _run_loop /opt/stack/data/venv/lib/python3.12/site-packages/oslo_service/backend/_threading/loopingcall.py:125}}
Jun 27 00:23:37.144809 np0000003812 nova-scheduler[96419]: DEBUG oslo.service.backend._threading.loopingcall [-] Fixed interval looping call 'nova.servicegroup.drivers.db.DbDriver._report_state' sleeping for 119.99 seconds {{(pid=96419) _run_loop /opt/stack/data/venv/lib/python3.12/site-packages/oslo_service/backend/_threading/loopingcall.py:125}}
Jun 27 00:23:37.161094 np0000003812 nova-scheduler[96448]: DEBUG oslo.service.backend._threading.loopingcall [-] Fixed interval looping call 'nova.servicegroup.drivers.db.DbDriver._report_state' sleeping for 120.00 seconds {{(pid=96448) _run_loop /opt/stack/data/venv/lib/python3.12/site-packages/oslo_service/backend/_threading/loopingcall.py:125}}
Jun 27 00:23:37.171255 np0000003812 nova-scheduler[96465]: DEBUG oslo.service.backend._threading.loopingcall [-] Fixed interval looping call 'nova.servicegroup.drivers.db.DbDriver._report_state' sleeping for 120.00 seconds {{(pid=96465) _run_loop /opt/stack/data/venv/lib/python3.12/site-packages/oslo_service/backend/_threading/loopingcall.py:125}}
Jun 27 00:23:38.134667 np0000003812 nova-scheduler[96417]: DEBUG oslo.service.backend._threading.loopingcall [None req-6c14b49f-9469-4ae3-847e-9e295e014b26 None None] Dynamic interval looping call 'nova.service.Service.periodic_tasks' sleeping for 60.00 seconds {{(pid=96417) _run_loop /opt/stack/data/venv/lib/python3.12/site-packages/oslo_service/backend/_threading/loopingcall.py:125}}
Jun 27 00:23:47.138851 np0000003812 nova-scheduler[96419]: DEBUG dbcounter [-] [96419] Writing DB stats nova_cell0:SELECT=1,nova_cell0:UPDATE=1 {{(pid=96419) stat_writer /opt/stack/data/venv/lib/python3.12/site-packages/dbcounter.py:115}}
Jun 27 00:23:47.139258 np0000003812 nova-scheduler[96417]: DEBUG dbcounter [-] [96417] Writing DB stats nova_cell0:SELECT=1,nova_cell0:UPDATE=1 {{(pid=96417) stat_writer /opt/stack/data/venv/lib/python3.12/site-packages/dbcounter.py:115}}
Jun 27 00:23:47.707945 np0000003812 nova-scheduler[96448]: DEBUG dbcounter [-] [96448] Writing DB stats nova_cell0:SELECT=1 {{(pid=96448) stat_writer /opt/stack/data/venv/lib/python3.12/site-packages/dbcounter.py:115}}
Jun 27 00:23:47.711226 np0000003812 nova-scheduler[96465]: DEBUG dbcounter [-] [96465] Writing DB stats nova_cell0:SELECT=1 {{(pid=96465) stat_writer /opt/stack/data/venv/lib/python3.12/site-packages/dbcounter.py:115}}
Jun 27 00:24:04.968831 np0000003812 nova-scheduler[96417]: DEBUG nova.scheduler.manager [None req-c7b72d57-0b03-4e9d-aea4-8ced43fda6f1 tempest-ServerActionsTestOtherB-584141979 tempest-ServerActionsTestOtherB-584141979-project-member] Starting to schedule for instances: ['74e19b68-88af-44aa-915f-cab94908ba95'] {{(pid=96417) select_destinations /opt/stack/nova/nova/scheduler/manager.py:210}}
Jun 27 00:24:04.969757 np0000003812 nova-scheduler[96417]: DEBUG nova.scheduler.request_filter [None req-c7b72d57-0b03-4e9d-aea4-8ced43fda6f1 tempest-ServerActionsTestOtherB-584141979 tempest-ServerActionsTestOtherB-584141979-project-member] compute_status_filter request filter added forbidden trait COMPUTE_STATUS_DISABLED {{(pid=96417) compute_status_filter /opt/stack/nova/nova/scheduler/request_filter.py:253}}
Jun 27 00:24:04.969757 np0000003812 nova-scheduler[96417]: DEBUG nova.scheduler.request_filter [None req-c7b72d57-0b03-4e9d-aea4-8ced43fda6f1 tempest-ServerActionsTestOtherB-584141979 tempest-ServerActionsTestOtherB-584141979-project-member] Request filter 'compute_status_filter' took 0.0 seconds {{(pid=96417) wrapper /opt/stack/nova/nova/scheduler/request_filter.py:46}}
Jun 27 00:24:04.970006 np0000003812 nova-scheduler[96417]: DEBUG nova.scheduler.request_filter [None req-c7b72d57-0b03-4e9d-aea4-8ced43fda6f1 tempest-ServerActionsTestOtherB-584141979 tempest-ServerActionsTestOtherB-584141979-project-member] Request filter 'accelerators_filter' took 0.0 seconds {{(pid=96417) wrapper /opt/stack/nova/nova/scheduler/request_filter.py:46}}
Jun 27 00:24:04.970443 np0000003812 nova-scheduler[96417]: DEBUG nova.scheduler.request_filter [None req-c7b72d57-0b03-4e9d-aea4-8ced43fda6f1 tempest-ServerActionsTestOtherB-584141979 tempest-ServerActionsTestOtherB-584141979-project-member] Request filter 'packed_virtqueue_filter' took 0.0 seconds {{(pid=96417) wrapper /opt/stack/nova/nova/scheduler/request_filter.py:46}}
Jun 27 00:24:04.970443 np0000003812 nova-scheduler[96417]: DEBUG nova.scheduler.request_filter [None req-c7b72d57-0b03-4e9d-aea4-8ced43fda6f1 tempest-ServerActionsTestOtherB-584141979 tempest-ServerActionsTestOtherB-584141979-project-member] Request filter 'remote_managed_ports_filter' took 0.0 seconds {{(pid=96417) wrapper /opt/stack/nova/nova/scheduler/request_filter.py:46}}
Jun 27 00:24:04.970647 np0000003812 nova-scheduler[96417]: DEBUG nova.scheduler.request_filter [None req-c7b72d57-0b03-4e9d-aea4-8ced43fda6f1 tempest-ServerActionsTestOtherB-584141979 tempest-ServerActionsTestOtherB-584141979-project-member] ephemeral_encryption_filter skipped {{(pid=96417) ephemeral_encryption_filter /opt/stack/nova/nova/scheduler/request_filter.py:426}}
Jun 27 00:24:04.971143 np0000003812 nova-scheduler[96417]: DEBUG nova.scheduler.request_filter [None req-c7b72d57-0b03-4e9d-aea4-8ced43fda6f1 tempest-ServerActionsTestOtherB-584141979 tempest-ServerActionsTestOtherB-584141979-project-member] virtio_sound_filter skipped {{(pid=96417) virtio_sound_filter /opt/stack/nova/nova/scheduler/request_filter.py:460}}
Jun 27 00:24:04.971143 np0000003812 nova-scheduler[96417]: DEBUG nova.scheduler.request_filter [None req-c7b72d57-0b03-4e9d-aea4-8ced43fda6f1 tempest-ServerActionsTestOtherB-584141979 tempest-ServerActionsTestOtherB-584141979-project-member] tpm_secret_security_filter skipped {{(pid=96417) tpm_secret_security_filter /opt/stack/nova/nova/scheduler/request_filter.py:477}}
Jun 27 00:24:05.747161 np0000003812 nova-scheduler[96417]: INFO nova.utils [None req-c7b72d57-0b03-4e9d-aea4-8ced43fda6f1 tempest-ServerActionsTestOtherB-584141979 tempest-ServerActionsTestOtherB-584141979-project-member] The cell worker thread pool ForkProcess-1.cell_worker is initialized
Jun 27 00:24:05.747801 np0000003812 nova-scheduler[96417]: DEBUG oslo_concurrency.lockutils [None req-c7b72d57-0b03-4e9d-aea4-8ced43fda6f1 tempest-ServerActionsTestOtherB-584141979 tempest-ServerActionsTestOtherB-584141979-project-member] Acquiring lock "0cccf760-62e9-4f47-a002-28c7b045c862" by "nova.context.set_target_cell..get_or_set_cached_cell_and_set_connections" {{(pid=96417) inner /opt/stack/data/venv/lib/python3.12/site-packages/oslo_concurrency/lockutils.py:511}}
Jun 27 00:24:05.748172 np0000003812 nova-scheduler[96417]: DEBUG oslo_concurrency.lockutils [None req-c7b72d57-0b03-4e9d-aea4-8ced43fda6f1 tempest-ServerActionsTestOtherB-584141979 tempest-ServerActionsTestOtherB-584141979-project-member] Lock "0cccf760-62e9-4f47-a002-28c7b045c862" acquired by "nova.context.set_target_cell..get_or_set_cached_cell_and_set_connections" :: waited 0.001s {{(pid=96417) inner /opt/stack/data/venv/lib/python3.12/site-packages/oslo_concurrency/lockutils.py:524}}
Jun 27 00:24:05.753460 np0000003812 nova-scheduler[96417]: DEBUG oslo_concurrency.lockutils [None req-c7b72d57-0b03-4e9d-aea4-8ced43fda6f1 tempest-ServerActionsTestOtherB-584141979 tempest-ServerActionsTestOtherB-584141979-project-member] Lock "0cccf760-62e9-4f47-a002-28c7b045c862" "released" by "nova.context.set_target_cell..get_or_set_cached_cell_and_set_connections" :: held 0.002s {{(pid=96417) inner /opt/stack/data/venv/lib/python3.12/site-packages/oslo_concurrency/lockutils.py:543}}
Jun 27 00:24:05.757219 np0000003812 nova-scheduler[96417]: INFO dbcounter [None req-c7b72d57-0b03-4e9d-aea4-8ced43fda6f1 tempest-ServerActionsTestOtherB-584141979 tempest-ServerActionsTestOtherB-584141979-project-member] Registered counter for database nova_cell1
Jun 27 00:24:05.815950 np0000003812 nova-scheduler[96417]: DEBUG oslo_db.sqlalchemy.engines [None req-c7b72d57-0b03-4e9d-aea4-8ced43fda6f1 tempest-ServerActionsTestOtherB-584141979 tempest-ServerActionsTestOtherB-584141979-project-member] MySQL server mode set to STRICT_TRANS_TABLES,STRICT_ALL_TABLES,NO_ZERO_IN_DATE,NO_ZERO_DATE,ERROR_FOR_DIVISION_BY_ZERO,TRADITIONAL,NO_ENGINE_SUBSTITUTION {{(pid=96417) _check_effective_sql_mode /opt/stack/data/venv/lib/python3.12/site-packages/oslo_db/sqlalchemy/engines.py:325}}
Jun 27 00:24:05.834240 np0000003812 nova-scheduler[96417]: DEBUG dbcounter [-] [96417] Writer thread running {{(pid=96417) stat_writer /opt/stack/data/venv/lib/python3.12/site-packages/dbcounter.py:102}}
Jun 27 00:24:05.853725 np0000003812 nova-scheduler[96417]: DEBUG oslo_db.sqlalchemy.engines [None req-c7b72d57-0b03-4e9d-aea4-8ced43fda6f1 tempest-ServerActionsTestOtherB-584141979 tempest-ServerActionsTestOtherB-584141979-project-member] Parent process 95220 forked (96417) with an open database connection, which is being discarded and recreated. {{(pid=96417) checkout /opt/stack/data/venv/lib/python3.12/site-packages/oslo_db/sqlalchemy/engines.py:402}}
Jun 27 00:24:05.914361 np0000003812 nova-scheduler[96417]: DEBUG dbcounter [-] [96417] Writer thread running {{(pid=96417) stat_writer /opt/stack/data/venv/lib/python3.12/site-packages/dbcounter.py:102}}
Jun 27 00:24:05.919388 np0000003812 nova-scheduler[96417]: DEBUG oslo_concurrency.lockutils [None req-c7b72d57-0b03-4e9d-aea4-8ced43fda6f1 tempest-ServerActionsTestOtherB-584141979 tempest-ServerActionsTestOtherB-584141979-project-member] Acquiring lock "0cccf760-62e9-4f47-a002-28c7b045c862" by "nova.context.set_target_cell..get_or_set_cached_cell_and_set_connections" {{(pid=96417) inner /opt/stack/data/venv/lib/python3.12/site-packages/oslo_concurrency/lockutils.py:511}}
Jun 27 00:24:05.919872 np0000003812 nova-scheduler[96417]: DEBUG oslo_concurrency.lockutils [None req-c7b72d57-0b03-4e9d-aea4-8ced43fda6f1 tempest-ServerActionsTestOtherB-584141979 tempest-ServerActionsTestOtherB-584141979-project-member] Lock "0cccf760-62e9-4f47-a002-28c7b045c862" acquired by "nova.context.set_target_cell..get_or_set_cached_cell_and_set_connections" :: waited 0.000s {{(pid=96417) inner /opt/stack/data/venv/lib/python3.12/site-packages/oslo_concurrency/lockutils.py:524}}
Jun 27 00:24:05.919872 np0000003812 nova-scheduler[96417]: DEBUG oslo_concurrency.lockutils [None req-c7b72d57-0b03-4e9d-aea4-8ced43fda6f1 tempest-ServerActionsTestOtherB-584141979 tempest-ServerActionsTestOtherB-584141979-project-member] Lock "0cccf760-62e9-4f47-a002-28c7b045c862" "released" by "nova.context.set_target_cell..get_or_set_cached_cell_and_set_connections" :: held 0.000s {{(pid=96417) inner /opt/stack/data/venv/lib/python3.12/site-packages/oslo_concurrency/lockutils.py:543}}
Jun 27 00:24:05.925787 np0000003812 nova-scheduler[96417]: DEBUG oslo_concurrency.lockutils [None req-c7b72d57-0b03-4e9d-aea4-8ced43fda6f1 tempest-ServerActionsTestOtherB-584141979 tempest-ServerActionsTestOtherB-584141979-project-member] Acquiring lock "('np0000003812', 'np0000003812')" by "nova.scheduler.host_manager.HostState.update.._locked_update" {{(pid=96417) inner /opt/stack/data/venv/lib/python3.12/site-packages/oslo_concurrency/lockutils.py:511}}
Jun 27 00:24:05.925787 np0000003812 nova-scheduler[96417]: DEBUG oslo_concurrency.lockutils [None req-c7b72d57-0b03-4e9d-aea4-8ced43fda6f1 tempest-ServerActionsTestOtherB-584141979 tempest-ServerActionsTestOtherB-584141979-project-member] Lock "('np0000003812', 'np0000003812')" acquired by "nova.scheduler.host_manager.HostState.update.._locked_update" :: waited 0.000s {{(pid=96417) inner /opt/stack/data/venv/lib/python3.12/site-packages/oslo_concurrency/lockutils.py:524}}
Jun 27 00:24:05.926710 np0000003812 nova-scheduler[96417]: DEBUG nova.scheduler.host_manager [None req-c7b72d57-0b03-4e9d-aea4-8ced43fda6f1 tempest-ServerActionsTestOtherB-584141979 tempest-ServerActionsTestOtherB-584141979-project-member] Update host state from compute node: ComputeNode(cpu_allocation_ratio=4.0,cpu_info='{"arch": "x86_64", "model": "EPYC-Milan", "vendor": "AMD", "topology": {"cells": 1, "sockets": 16, "cores": 1, "threads": 1}, "maxphysaddr": {"mode": "emulate", "bits": 40}, "features": ["3dnowprefetch", "rdctl-no", "amd-stibp", "pause-filter", "null-sel-clr-base", "spec-ctrl", "pge", "perfctr_core", "abm", "sep", "pfthreshold", "vpclmulqdq", "ibrs", "lm", "sse4.2", "osvw", "sse2", "de", "bmi1", "xsaveopt", "amd-psfd", "fma", "sse", "tsc-deadline", "sse4a", "fsgsbase", "pni", "xsavec", "flushbyasid", "aes", "fxsr_opt", "mtrr", "no-nested-data-bp", "clflush", "clzero", "ibpb", "stibp", "invpcid", "pschange-mc-no", "lahf_lm", "nx", "mds-no", "pse", "clflushopt", "ssbd", "fpu", "cx16", "stibp-always-on", "fsrm", "vgif", "avx", "pse36", "erms", "lfence-always-serializing", "adx", "arat", "mce", "topoext", "hypervisor", "xsaveerptr", "ssse3", "tsc_adjust", "rdseed", "cr8legacy", "syscall", "wbnoinvd", "amd-ssbd", "nrip-save", "clwb", "movbe", "arch-capabilities", "f16c", "umip", "pat", "tsc", "gds-no", "mca", "vme", "cmp_legacy", "xgetbv1", "xsaves", "fxsr", "mmx", "misalignsse", "pcid", "sse4.1", "vaes", "mmxext", "bmi2", "rdrand", "rdtscp", "sha-ni", "v-vmsave-vmload", "svm", "tsc-scale", "avx2", "pdpe1gb", "smap", "pae", "pclmuldq", "virt-ssbd", "lbrv", "cx8", "x2apic", "pku", "npt", "svme-addr-chk", "apic", "smep", "cmov", "xsave", "rdpid", "skip-l1dfl-vmentry", "popcnt", "msr", "vmcb-clean"]}',created_at=2026-06-27T00:21:57Z,current_workload=0,deleted=False,deleted_at=None,disk_allocation_ratio=1.0,disk_available_least=74,free_disk_gb=95,free_ram_mb=63789,host='np0000003812',host_ip=10.4.3.231,hypervisor_hostname='np0000003812',hypervisor_type='QEMU',hypervisor_version=8002002,id=1,local_gb=95,local_gb_used=0,mapped=1,memory_mb=64301,memory_mb_used=512,metrics='[]',numa_topology='{"nova_object.name": "NUMATopology", "nova_object.namespace": "nova", "nova_object.version": "1.2", "nova_object.data": {"cells": [{"nova_object.name": "NUMACell", "nova_object.namespace": "nova", "nova_object.version": "1.5", "nova_object.data": {"id": 0, "cpuset": [0, 1, 2, 3, 4, 5, 6, 7, 8, 9, 10, 11, 12, 13, 14, 15], "pcpuset": [0, 1, 2, 3, 4, 5, 6, 7, 8, 9, 10, 11, 12, 13, 14, 15], "memory": 64301, "cpu_usage": 0, "memory_usage": 0, "pinned_cpus": [], "siblings": [[6], [12], [2], [15], [5], [11], [8], [14], [4], [1], [7], [10], [0], [13], [3], [9]], "mempages": [{"nova_object.name": "NUMAPagesTopology", "nova_object.namespace": "nova", "nova_object.version": "1.1", "nova_object.data": {"size_kb": 4, "total": 16461069, "used": 0, "reserved": 0}, "nova_object.changes": ["reserved", "size_kb", "total", "used"]}, {"nova_object.name": "NUMAPagesTopology", "nova_object.namespace": "nova", "nova_object.version": "1.1", "nova_object.data": {"size_kb": 2048, "total": 0, "used": 0, "reserved": 0}, "nova_object.changes": ["reserved", "size_kb", "total", "used"]}, {"nova_object.name": "NUMAPagesTopology", "nova_object.namespace": "nova", "nova_object.version": "1.1", "nova_object.data": {"size_kb": 1048576, "total": 0, "used": 0, "reserved": 0}, "nova_object.changes": ["reserved", "size_kb", "total", "used"]}], "network_metadata": {"nova_object.name": "NetworkMetadata", "nova_object.namespace": "nova", "nova_object.version": "1.0", "nova_object.data": {"physnets": [], "tunneled": false}, "nova_object.changes": ["physnets", "tunneled"]}, "socket": null}, "nova_object.changes": ["socket", "pcpuset", "siblings", "memory", "pinned_cpus", "memory_usage", "mempages", "id", "cpuset", "network_metadata", "cpu_usage"]}]}, "nova_object.changes": ["cells"]}',pci_device_pools=PciDevicePoolList,ram_allocation_ratio=1.0,running_vms=0,service_id=2,stats={failed_builds='0',uptime=' 00:23:43 up 26 min, 2 users, load average: 1.81, 1.75, 1.02
Jun 27 00:24:05.926710 np0000003812 nova-scheduler[96417]: '},supported_hv_specs=[HVSpec,HVSpec,HVSpec,HVSpec,HVSpec,HVSpec,HVSpec,HVSpec,HVSpec,HVSpec,HVSpec,HVSpec,HVSpec,HVSpec,HVSpec,HVSpec,HVSpec,HVSpec,HVSpec,HVSpec,HVSpec,HVSpec,HVSpec,HVSpec,HVSpec],updated_at=2026-06-27T00:23:45Z,uuid=dba44e25-1619-4cdd-a54d-25a117e1aa2f,vcpus=16,vcpus_used=0) {{(pid=96417) _locked_update /opt/stack/nova/nova/scheduler/host_manager.py:168}}
Jun 27 00:24:05.927791 np0000003812 nova-scheduler[96417]: DEBUG nova.scheduler.host_manager [None req-c7b72d57-0b03-4e9d-aea4-8ced43fda6f1 tempest-ServerActionsTestOtherB-584141979 tempest-ServerActionsTestOtherB-584141979-project-member] Update host state with aggregates: [] {{(pid=96417) _locked_update /opt/stack/nova/nova/scheduler/host_manager.py:171}}
