Jun 27 00:21:37.439162 np0000003812 nova-conductor[98867]: DEBUG cotyledon.oslo_config_glue [-] profiler.es_scroll_time = 2m {{(pid=98867) log_opt_values /opt/stack/data/venv/lib/python3.12/site-packages/oslo_config/cfg.py:3253}}
Jun 27 00:21:37.439162 np0000003812 nova-conductor[98867]: DEBUG cotyledon.oslo_config_glue [-] profiler.filter_error_trace = False {{(pid=98867) log_opt_values /opt/stack/data/venv/lib/python3.12/site-packages/oslo_config/cfg.py:3253}}
Jun 27 00:21:37.439162 np0000003812 nova-conductor[98867]: DEBUG cotyledon.oslo_config_glue [-] profiler.hmac_keys = **** {{(pid=98867) log_opt_values /opt/stack/data/venv/lib/python3.12/site-packages/oslo_config/cfg.py:3253}}
Jun 27 00:21:37.439162 np0000003812 nova-conductor[98867]: DEBUG cotyledon.oslo_config_glue [-] profiler.sentinel_service_name = mymaster {{(pid=98867) log_opt_values /opt/stack/data/venv/lib/python3.12/site-packages/oslo_config/cfg.py:3253}}
Jun 27 00:21:37.439162 np0000003812 nova-conductor[98867]: DEBUG cotyledon.oslo_config_glue [-] profiler.socket_timeout = 0.1 {{(pid=98867) log_opt_values /opt/stack/data/venv/lib/python3.12/site-packages/oslo_config/cfg.py:3253}}
Jun 27 00:21:37.439162 np0000003812 nova-conductor[98867]: DEBUG cotyledon.oslo_config_glue [-] profiler.trace_requests = False {{(pid=98867) log_opt_values /opt/stack/data/venv/lib/python3.12/site-packages/oslo_config/cfg.py:3253}}
Jun 27 00:21:37.439473 np0000003812 nova-conductor[98867]: DEBUG cotyledon.oslo_config_glue [-] profiler.trace_sqlalchemy = False {{(pid=98867) log_opt_values /opt/stack/data/venv/lib/python3.12/site-packages/oslo_config/cfg.py:3253}}
Jun 27 00:21:37.439473 np0000003812 nova-conductor[98867]: DEBUG cotyledon.oslo_config_glue [-] profiler_jaeger.process_tags = {} {{(pid=98867) log_opt_values /opt/stack/data/venv/lib/python3.12/site-packages/oslo_config/cfg.py:3253}}
Jun 27 00:21:37.439473 np0000003812 nova-conductor[98867]: DEBUG cotyledon.oslo_config_glue [-] profiler_jaeger.service_name_prefix = None {{(pid=98867) log_opt_values /opt/stack/data/venv/lib/python3.12/site-packages/oslo_config/cfg.py:3253}}
Jun 27 00:21:37.439473 np0000003812 nova-conductor[98867]: DEBUG cotyledon.oslo_config_glue [-] profiler_otlp.service_name_prefix = None {{(pid=98867) log_opt_values /opt/stack/data/venv/lib/python3.12/site-packages/oslo_config/cfg.py:3253}}
Jun 27 00:21:37.439473 np0000003812 nova-conductor[98867]: DEBUG cotyledon.oslo_config_glue [-] oslo_messaging_rabbit.amqp_auto_delete = False {{(pid=98867) log_opt_values /opt/stack/data/venv/lib/python3.12/site-packages/oslo_config/cfg.py:3253}}
Jun 27 00:21:37.439473 np0000003812 nova-conductor[98867]: DEBUG cotyledon.oslo_config_glue [-] oslo_messaging_rabbit.amqp_durable_queues = False {{(pid=98867) log_opt_values /opt/stack/data/venv/lib/python3.12/site-packages/oslo_config/cfg.py:3253}}
Jun 27 00:21:37.439473 np0000003812 nova-conductor[98867]: DEBUG cotyledon.oslo_config_glue [-] oslo_messaging_rabbit.conn_pool_min_size = 2 {{(pid=98867) log_opt_values /opt/stack/data/venv/lib/python3.12/site-packages/oslo_config/cfg.py:3253}}
Jun 27 00:21:37.439473 np0000003812 nova-conductor[98867]: DEBUG cotyledon.oslo_config_glue [-] oslo_messaging_rabbit.conn_pool_ttl = 1200 {{(pid=98867) log_opt_values /opt/stack/data/venv/lib/python3.12/site-packages/oslo_config/cfg.py:3253}}
Jun 27 00:21:37.439473 np0000003812 nova-conductor[98867]: DEBUG cotyledon.oslo_config_glue [-] oslo_messaging_rabbit.direct_mandatory_flag = True {{(pid=98867) log_opt_values /opt/stack/data/venv/lib/python3.12/site-packages/oslo_config/cfg.py:3253}}
Jun 27 00:21:37.440414 np0000003812 nova-conductor[98867]: DEBUG cotyledon.oslo_config_glue [-] oslo_messaging_rabbit.enable_cancel_on_failover = False {{(pid=98867) log_opt_values /opt/stack/data/venv/lib/python3.12/site-packages/oslo_config/cfg.py:3253}}
Jun 27 00:21:37.440414 np0000003812 nova-conductor[98867]: DEBUG cotyledon.oslo_config_glue [-] oslo_messaging_rabbit.heartbeat_rate = 3 {{(pid=98867) log_opt_values /opt/stack/data/venv/lib/python3.12/site-packages/oslo_config/cfg.py:3253}}
Jun 27 00:21:37.440414 np0000003812 nova-conductor[98867]: DEBUG cotyledon.oslo_config_glue [-] oslo_messaging_rabbit.heartbeat_timeout_threshold = 60 {{(pid=98867) log_opt_values /opt/stack/data/venv/lib/python3.12/site-packages/oslo_config/cfg.py:3253}}
Jun 27 00:21:37.440414 np0000003812 nova-conductor[98867]: DEBUG cotyledon.oslo_config_glue [-] oslo_messaging_rabbit.hostname = np0000003812 {{(pid=98867) log_opt_values /opt/stack/data/venv/lib/python3.12/site-packages/oslo_config/cfg.py:3253}}
Jun 27 00:21:37.440414 np0000003812 nova-conductor[98867]: DEBUG cotyledon.oslo_config_glue [-] oslo_messaging_rabbit.kombu_compression = None {{(pid=98867) log_opt_values /opt/stack/data/venv/lib/python3.12/site-packages/oslo_config/cfg.py:3253}}
Jun 27 00:21:37.440414 np0000003812 nova-conductor[98867]: DEBUG cotyledon.oslo_config_glue [-] oslo_messaging_rabbit.kombu_failover_strategy = round-robin {{(pid=98867) log_opt_values /opt/stack/data/venv/lib/python3.12/site-packages/oslo_config/cfg.py:3253}}
Jun 27 00:21:37.440414 np0000003812 nova-conductor[98867]: DEBUG cotyledon.oslo_config_glue [-] oslo_messaging_rabbit.kombu_missing_consumer_retry_timeout = 60 {{(pid=98867) log_opt_values /opt/stack/data/venv/lib/python3.12/site-packages/oslo_config/cfg.py:3253}}
Jun 27 00:21:37.440414 np0000003812 nova-conductor[98867]: DEBUG cotyledon.oslo_config_glue [-] oslo_messaging_rabbit.kombu_reconnect_delay = 1.0 {{(pid=98867) log_opt_values /opt/stack/data/venv/lib/python3.12/site-packages/oslo_config/cfg.py:3253}}
Jun 27 00:21:37.440414 np0000003812 nova-conductor[98867]: DEBUG cotyledon.oslo_config_glue [-] oslo_messaging_rabbit.kombu_reconnect_splay = 0.0 {{(pid=98867) log_opt_values /opt/stack/data/venv/lib/python3.12/site-packages/oslo_config/cfg.py:3253}}
Jun 27 00:21:37.440679 np0000003812 nova-conductor[98867]: DEBUG cotyledon.oslo_config_glue [-] oslo_messaging_rabbit.processname = nova-conductor {{(pid=98867) log_opt_values /opt/stack/data/venv/lib/python3.12/site-packages/oslo_config/cfg.py:3253}}
Jun 27 00:21:37.440679 np0000003812 nova-conductor[98867]: DEBUG cotyledon.oslo_config_glue [-] oslo_messaging_rabbit.rabbit_ha_queues = False {{(pid=98867) log_opt_values /opt/stack/data/venv/lib/python3.12/site-packages/oslo_config/cfg.py:3253}}
Jun 27 00:21:37.440679 np0000003812 nova-conductor[98867]: DEBUG cotyledon.oslo_config_glue [-] oslo_messaging_rabbit.rabbit_interval_max = 30 {{(pid=98867) log_opt_values /opt/stack/data/venv/lib/python3.12/site-packages/oslo_config/cfg.py:3253}}
Jun 27 00:21:37.440679 np0000003812 nova-conductor[98867]: DEBUG cotyledon.oslo_config_glue [-] oslo_messaging_rabbit.rabbit_login_method = AMQPLAIN {{(pid=98867) log_opt_values /opt/stack/data/venv/lib/python3.12/site-packages/oslo_config/cfg.py:3253}}
Jun 27 00:21:37.440679 np0000003812 nova-conductor[98867]: DEBUG cotyledon.oslo_config_glue [-] oslo_messaging_rabbit.rabbit_qos_prefetch_count = 0 {{(pid=98867) log_opt_values /opt/stack/data/venv/lib/python3.12/site-packages/oslo_config/cfg.py:3253}}
Jun 27 00:21:37.440679 np0000003812 nova-conductor[98867]: DEBUG cotyledon.oslo_config_glue [-] oslo_messaging_rabbit.rabbit_quorum_delivery_limit = 0 {{(pid=98867) log_opt_values /opt/stack/data/venv/lib/python3.12/site-packages/oslo_config/cfg.py:3253}}
Jun 27 00:21:37.440679 np0000003812 nova-conductor[98867]: DEBUG cotyledon.oslo_config_glue [-] oslo_messaging_rabbit.rabbit_quorum_max_memory_bytes = 0 {{(pid=98867) log_opt_values /opt/stack/data/venv/lib/python3.12/site-packages/oslo_config/cfg.py:3253}}
Jun 27 00:21:37.440679 np0000003812 nova-conductor[98867]: DEBUG cotyledon.oslo_config_glue [-] oslo_messaging_rabbit.rabbit_quorum_max_memory_length = 0 {{(pid=98867) log_opt_values /opt/stack/data/venv/lib/python3.12/site-packages/oslo_config/cfg.py:3253}}
Jun 27 00:21:37.440679 np0000003812 nova-conductor[98867]: DEBUG cotyledon.oslo_config_glue [-] oslo_messaging_rabbit.rabbit_quorum_queue = False {{(pid=98867) log_opt_values /opt/stack/data/venv/lib/python3.12/site-packages/oslo_config/cfg.py:3253}}
Jun 27 00:21:37.440964 np0000003812 nova-conductor[98867]: DEBUG cotyledon.oslo_config_glue [-] oslo_messaging_rabbit.rabbit_retry_backoff = 2 {{(pid=98867) log_opt_values /opt/stack/data/venv/lib/python3.12/site-packages/oslo_config/cfg.py:3253}}
Jun 27 00:21:37.440964 np0000003812 nova-conductor[98867]: DEBUG cotyledon.oslo_config_glue [-] oslo_messaging_rabbit.rabbit_retry_interval = 1 {{(pid=98867) log_opt_values /opt/stack/data/venv/lib/python3.12/site-packages/oslo_config/cfg.py:3253}}
Jun 27 00:21:37.440964 np0000003812 nova-conductor[98867]: DEBUG cotyledon.oslo_config_glue [-] oslo_messaging_rabbit.rabbit_stream_fanout = False {{(pid=98867) log_opt_values /opt/stack/data/venv/lib/python3.12/site-packages/oslo_config/cfg.py:3253}}
Jun 27 00:21:37.440964 np0000003812 nova-conductor[98867]: DEBUG cotyledon.oslo_config_glue [-] oslo_messaging_rabbit.rabbit_transient_queues_ttl = 1800 {{(pid=98867) log_opt_values /opt/stack/data/venv/lib/python3.12/site-packages/oslo_config/cfg.py:3253}}
Jun 27 00:21:37.440964 np0000003812 nova-conductor[98867]: DEBUG cotyledon.oslo_config_glue [-] oslo_messaging_rabbit.rabbit_transient_quorum_queue = False {{(pid=98867) log_opt_values /opt/stack/data/venv/lib/python3.12/site-packages/oslo_config/cfg.py:3253}}
Jun 27 00:21:37.440964 np0000003812 nova-conductor[98867]: DEBUG cotyledon.oslo_config_glue [-] oslo_messaging_rabbit.rpc_conn_pool_size = 30 {{(pid=98867) log_opt_values /opt/stack/data/venv/lib/python3.12/site-packages/oslo_config/cfg.py:3253}}
Jun 27 00:21:37.440964 np0000003812 nova-conductor[98867]: DEBUG cotyledon.oslo_config_glue [-] oslo_messaging_rabbit.ssl = False {{(pid=98867) log_opt_values /opt/stack/data/venv/lib/python3.12/site-packages/oslo_config/cfg.py:3253}}
Jun 27 00:21:37.440964 np0000003812 nova-conductor[98867]: DEBUG cotyledon.oslo_config_glue [-] oslo_messaging_rabbit.ssl_ca_file = {{(pid=98867) log_opt_values /opt/stack/data/venv/lib/python3.12/site-packages/oslo_config/cfg.py:3253}}
Jun 27 00:21:37.440964 np0000003812 nova-conductor[98867]: DEBUG cotyledon.oslo_config_glue [-] oslo_messaging_rabbit.ssl_cert_file = {{(pid=98867) log_opt_values /opt/stack/data/venv/lib/python3.12/site-packages/oslo_config/cfg.py:3253}}
Jun 27 00:21:37.441225 np0000003812 nova-conductor[98867]: DEBUG cotyledon.oslo_config_glue [-] oslo_messaging_rabbit.ssl_enforce_fips_mode = False {{(pid=98867) log_opt_values /opt/stack/data/venv/lib/python3.12/site-packages/oslo_config/cfg.py:3253}}
Jun 27 00:21:37.441225 np0000003812 nova-conductor[98867]: DEBUG cotyledon.oslo_config_glue [-] oslo_messaging_rabbit.ssl_enforce_hostname_verification = True {{(pid=98867) log_opt_values /opt/stack/data/venv/lib/python3.12/site-packages/oslo_config/cfg.py:3253}}
Jun 27 00:21:37.441225 np0000003812 nova-conductor[98867]: DEBUG cotyledon.oslo_config_glue [-] oslo_messaging_rabbit.ssl_key_file = {{(pid=98867) log_opt_values /opt/stack/data/venv/lib/python3.12/site-packages/oslo_config/cfg.py:3253}}
Jun 27 00:21:37.441225 np0000003812 nova-conductor[98867]: DEBUG cotyledon.oslo_config_glue [-] oslo_messaging_rabbit.ssl_version = {{(pid=98867) log_opt_values /opt/stack/data/venv/lib/python3.12/site-packages/oslo_config/cfg.py:3253}}
Jun 27 00:21:37.441225 np0000003812 nova-conductor[98867]: DEBUG cotyledon.oslo_config_glue [-] oslo_messaging_rabbit.use_queue_manager = False {{(pid=98867) log_opt_values /opt/stack/data/venv/lib/python3.12/site-packages/oslo_config/cfg.py:3253}}
Jun 27 00:21:37.441225 np0000003812 nova-conductor[98867]: DEBUG cotyledon.oslo_config_glue [-] oslo_messaging_notifications.driver = ['messagingv2'] {{(pid=98867) log_opt_values /opt/stack/data/venv/lib/python3.12/site-packages/oslo_config/cfg.py:3253}}
Jun 27 00:21:37.441225 np0000003812 nova-conductor[98867]: DEBUG cotyledon.oslo_config_glue [-] oslo_messaging_notifications.retry = -1 {{(pid=98867) log_opt_values /opt/stack/data/venv/lib/python3.12/site-packages/oslo_config/cfg.py:3253}}
Jun 27 00:21:37.441225 np0000003812 nova-conductor[98867]: DEBUG cotyledon.oslo_config_glue [-] oslo_messaging_notifications.topics = ['notifications'] {{(pid=98867) log_opt_values /opt/stack/data/venv/lib/python3.12/site-packages/oslo_config/cfg.py:3253}}
Jun 27 00:21:37.441225 np0000003812 nova-conductor[98867]: DEBUG cotyledon.oslo_config_glue [-] oslo_messaging_notifications.transport_url = **** {{(pid=98867) log_opt_values /opt/stack/data/venv/lib/python3.12/site-packages/oslo_config/cfg.py:3253}}
Jun 27 00:21:37.441754 np0000003812 nova-conductor[98867]: DEBUG cotyledon.oslo_config_glue [-] oslo_limit.auth_section = None {{(pid=98867) log_opt_values /opt/stack/data/venv/lib/python3.12/site-packages/oslo_config/cfg.py:3253}}
Jun 27 00:21:37.441754 np0000003812 nova-conductor[98867]: DEBUG cotyledon.oslo_config_glue [-] oslo_limit.auth_type = None {{(pid=98867) log_opt_values /opt/stack/data/venv/lib/python3.12/site-packages/oslo_config/cfg.py:3253}}
Jun 27 00:21:37.441754 np0000003812 nova-conductor[98867]: DEBUG cotyledon.oslo_config_glue [-] oslo_limit.cafile = None {{(pid=98867) log_opt_values /opt/stack/data/venv/lib/python3.12/site-packages/oslo_config/cfg.py:3253}}
Jun 27 00:21:37.441754 np0000003812 nova-conductor[98867]: DEBUG cotyledon.oslo_config_glue [-] oslo_limit.certfile = None {{(pid=98867) log_opt_values /opt/stack/data/venv/lib/python3.12/site-packages/oslo_config/cfg.py:3253}}
Jun 27 00:21:37.441754 np0000003812 nova-conductor[98867]: DEBUG cotyledon.oslo_config_glue [-] oslo_limit.collect_timing = False {{(pid=98867) log_opt_values /opt/stack/data/venv/lib/python3.12/site-packages/oslo_config/cfg.py:3253}}
Jun 27 00:21:37.441754 np0000003812 nova-conductor[98867]: DEBUG cotyledon.oslo_config_glue [-] oslo_limit.connect_retries = None {{(pid=98867) log_opt_values /opt/stack/data/venv/lib/python3.12/site-packages/oslo_config/cfg.py:3253}}
Jun 27 00:21:37.441754 np0000003812 nova-conductor[98867]: DEBUG cotyledon.oslo_config_glue [-] oslo_limit.connect_retry_delay = None {{(pid=98867) log_opt_values /opt/stack/data/venv/lib/python3.12/site-packages/oslo_config/cfg.py:3253}}
Jun 27 00:21:37.441754 np0000003812 nova-conductor[98867]: DEBUG cotyledon.oslo_config_glue [-] oslo_limit.endpoint_id = None {{(pid=98867) log_opt_values /opt/stack/data/venv/lib/python3.12/site-packages/oslo_config/cfg.py:3253}}
Jun 27 00:21:37.441754 np0000003812 nova-conductor[98867]: DEBUG cotyledon.oslo_config_glue [-] oslo_limit.endpoint_interface = public {{(pid=98867) log_opt_values /opt/stack/data/venv/lib/python3.12/site-packages/oslo_config/cfg.py:3253}}
Jun 27 00:21:37.442033 np0000003812 nova-conductor[98867]: DEBUG cotyledon.oslo_config_glue [-] oslo_limit.endpoint_override = None {{(pid=98867) log_opt_values /opt/stack/data/venv/lib/python3.12/site-packages/oslo_config/cfg.py:3253}}
Jun 27 00:21:37.442033 np0000003812 nova-conductor[98867]: DEBUG cotyledon.oslo_config_glue [-] oslo_limit.endpoint_region_name = None {{(pid=98867) log_opt_values /opt/stack/data/venv/lib/python3.12/site-packages/oslo_config/cfg.py:3253}}
Jun 27 00:21:37.442033 np0000003812 nova-conductor[98867]: DEBUG cotyledon.oslo_config_glue [-] oslo_limit.endpoint_service_name = None {{(pid=98867) log_opt_values /opt/stack/data/venv/lib/python3.12/site-packages/oslo_config/cfg.py:3253}}
Jun 27 00:21:37.442033 np0000003812 nova-conductor[98867]: DEBUG cotyledon.oslo_config_glue [-] oslo_limit.endpoint_service_type = None {{(pid=98867) log_opt_values /opt/stack/data/venv/lib/python3.12/site-packages/oslo_config/cfg.py:3253}}
Jun 27 00:21:37.442033 np0000003812 nova-conductor[98867]: DEBUG cotyledon.oslo_config_glue [-] oslo_limit.insecure = False {{(pid=98867) log_opt_values /opt/stack/data/venv/lib/python3.12/site-packages/oslo_config/cfg.py:3253}}
Jun 27 00:21:37.442033 np0000003812 nova-conductor[98867]: DEBUG cotyledon.oslo_config_glue [-] oslo_limit.keyfile = None {{(pid=98867) log_opt_values /opt/stack/data/venv/lib/python3.12/site-packages/oslo_config/cfg.py:3253}}
Jun 27 00:21:37.442222 np0000003812 nova-conductor[98871]: INFO dbcounter [None req-550d9c0e-dd7a-4fb7-8a2f-77b380fc3cd8 None None] Registered counter for database nova_cell0
Jun 27 00:21:37.442263 np0000003812 nova-conductor[98867]: DEBUG cotyledon.oslo_config_glue [-] oslo_limit.max_version = None {{(pid=98867) log_opt_values /opt/stack/data/venv/lib/python3.12/site-packages/oslo_config/cfg.py:3253}}
Jun 27 00:21:37.442263 np0000003812 nova-conductor[98867]: DEBUG cotyledon.oslo_config_glue [-] oslo_limit.min_version = None {{(pid=98867) log_opt_values /opt/stack/data/venv/lib/python3.12/site-packages/oslo_config/cfg.py:3253}}
Jun 27 00:21:37.442263 np0000003812 nova-conductor[98867]: DEBUG cotyledon.oslo_config_glue [-] oslo_limit.region_name = None {{(pid=98867) log_opt_values /opt/stack/data/venv/lib/python3.12/site-packages/oslo_config/cfg.py:3253}}
Jun 27 00:21:37.442263 np0000003812 nova-conductor[98867]: DEBUG cotyledon.oslo_config_glue [-] oslo_limit.retriable_status_codes = None {{(pid=98867) log_opt_values /opt/stack/data/venv/lib/python3.12/site-packages/oslo_config/cfg.py:3253}}
Jun 27 00:21:37.442263 np0000003812 nova-conductor[98867]: DEBUG cotyledon.oslo_config_glue [-] oslo_limit.service_name = None {{(pid=98867) log_opt_values /opt/stack/data/venv/lib/python3.12/site-packages/oslo_config/cfg.py:3253}}
Jun 27 00:21:37.442263 np0000003812 nova-conductor[98867]: DEBUG cotyledon.oslo_config_glue [-] oslo_limit.service_type = None {{(pid=98867) log_opt_values /opt/stack/data/venv/lib/python3.12/site-packages/oslo_config/cfg.py:3253}}
Jun 27 00:21:37.442263 np0000003812 nova-conductor[98867]: DEBUG cotyledon.oslo_config_glue [-] oslo_limit.split_loggers = False {{(pid=98867) log_opt_values /opt/stack/data/venv/lib/python3.12/site-packages/oslo_config/cfg.py:3253}}
Jun 27 00:21:37.442263 np0000003812 nova-conductor[98867]: DEBUG cotyledon.oslo_config_glue [-] oslo_limit.status_code_retries = None {{(pid=98867) log_opt_values /opt/stack/data/venv/lib/python3.12/site-packages/oslo_config/cfg.py:3253}}
Jun 27 00:21:37.442263 np0000003812 nova-conductor[98867]: DEBUG cotyledon.oslo_config_glue [-] oslo_limit.status_code_retry_delay = None {{(pid=98867) log_opt_values /opt/stack/data/venv/lib/python3.12/site-packages/oslo_config/cfg.py:3253}}
Jun 27 00:21:37.442583 np0000003812 nova-conductor[98867]: DEBUG cotyledon.oslo_config_glue [-] oslo_limit.timeout = None {{(pid=98867) log_opt_values /opt/stack/data/venv/lib/python3.12/site-packages/oslo_config/cfg.py:3253}}
Jun 27 00:21:37.442583 np0000003812 nova-conductor[98867]: DEBUG cotyledon.oslo_config_glue [-] oslo_limit.valid_interfaces = None {{(pid=98867) log_opt_values /opt/stack/data/venv/lib/python3.12/site-packages/oslo_config/cfg.py:3253}}
Jun 27 00:21:37.442583 np0000003812 nova-conductor[98867]: DEBUG cotyledon.oslo_config_glue [-] oslo_limit.version = None {{(pid=98867) log_opt_values /opt/stack/data/venv/lib/python3.12/site-packages/oslo_config/cfg.py:3253}}
Jun 27 00:21:37.442583 np0000003812 nova-conductor[98867]: DEBUG cotyledon.oslo_config_glue [-] oslo_reports.file_event_handler = None {{(pid=98867) log_opt_values /opt/stack/data/venv/lib/python3.12/site-packages/oslo_config/cfg.py:3253}}
Jun 27 00:21:37.442583 np0000003812 nova-conductor[98867]: DEBUG cotyledon.oslo_config_glue [-] oslo_reports.file_event_handler_interval = 1 {{(pid=98867) log_opt_values /opt/stack/data/venv/lib/python3.12/site-packages/oslo_config/cfg.py:3253}}
Jun 27 00:21:37.442583 np0000003812 nova-conductor[98867]: DEBUG cotyledon.oslo_config_glue [-] oslo_reports.log_dir = None {{(pid=98867) log_opt_values /opt/stack/data/venv/lib/python3.12/site-packages/oslo_config/cfg.py:3253}}
Jun 27 00:21:37.442583 np0000003812 nova-conductor[98867]: DEBUG cotyledon.oslo_config_glue [-] ******************************************************************************** {{(pid=98867) log_opt_values /opt/stack/data/venv/lib/python3.12/site-packages/oslo_config/cfg.py:3260}}
Jun 27 00:21:37.442583 np0000003812 nova-conductor[98867]: DEBUG cotyledon._service_worker [-] Run service ServiceWrapper(2) [98867] {{(pid=98867) wait_forever /opt/stack/data/venv/lib/python3.12/site-packages/cotyledon/_service_worker.py:218}}
Jun 27 00:21:37.442583 np0000003812 nova-conductor[98867]: INFO nova.service [-] Starting conductor node (version 33.1.0)
Jun 27 00:21:37.442583 np0000003812 nova-conductor[98867]: INFO dbcounter [None req-f86ba97b-525a-41e4-8add-001e5d148640 None None] Registered counter for database nova_cell0
Jun 27 00:21:37.442964 np0000003812 nova-conductor[98855]: DEBUG oslo_db.sqlalchemy.engines [None req-cecef484-d5ac-4ffc-8816-ae7d1d914aee None None] MySQL server mode set to STRICT_TRANS_TABLES,STRICT_ALL_TABLES,NO_ZERO_IN_DATE,NO_ZERO_DATE,ERROR_FOR_DIVISION_BY_ZERO,TRADITIONAL,NO_ENGINE_SUBSTITUTION {{(pid=98855) _check_effective_sql_mode /opt/stack/data/venv/lib/python3.12/site-packages/oslo_db/sqlalchemy/engines.py:325}}
Jun 27 00:21:37.443021 np0000003812 nova-conductor[98862]: DEBUG oslo_db.sqlalchemy.engines [None req-f14e82ef-9403-455f-8fd5-25e6a04b6d3c None None] MySQL server mode set to STRICT_TRANS_TABLES,STRICT_ALL_TABLES,NO_ZERO_IN_DATE,NO_ZERO_DATE,ERROR_FOR_DIVISION_BY_ZERO,TRADITIONAL,NO_ENGINE_SUBSTITUTION {{(pid=98862) _check_effective_sql_mode /opt/stack/data/venv/lib/python3.12/site-packages/oslo_db/sqlalchemy/engines.py:325}}
Jun 27 00:21:37.443070 np0000003812 nova-conductor[98855]: DEBUG dbcounter [-] [98855] Writer thread running {{(pid=98855) stat_writer /opt/stack/data/venv/lib/python3.12/site-packages/dbcounter.py:102}}
Jun 27 00:21:37.443118 np0000003812 nova-conductor[98862]: DEBUG dbcounter [-] [98862] Writer thread running {{(pid=98862) stat_writer /opt/stack/data/venv/lib/python3.12/site-packages/dbcounter.py:102}}
Jun 27 00:21:37.445240 np0000003812 nova-conductor[98855]: DEBUG nova.service [None req-cecef484-d5ac-4ffc-8816-ae7d1d914aee None None] Creating RPC server for service: nova-conductor on topic: conductor {{(pid=98855) start /opt/stack/nova/nova/service.py:196}}
Jun 27 00:21:37.450878 np0000003812 nova-conductor[98871]: DEBUG oslo_db.sqlalchemy.engines [None req-550d9c0e-dd7a-4fb7-8a2f-77b380fc3cd8 None None] MySQL server mode set to STRICT_TRANS_TABLES,STRICT_ALL_TABLES,NO_ZERO_IN_DATE,NO_ZERO_DATE,ERROR_FOR_DIVISION_BY_ZERO,TRADITIONAL,NO_ENGINE_SUBSTITUTION {{(pid=98871) _check_effective_sql_mode /opt/stack/data/venv/lib/python3.12/site-packages/oslo_db/sqlalchemy/engines.py:325}}
Jun 27 00:21:37.451244 np0000003812 nova-conductor[98862]: DEBUG nova.service [None req-f14e82ef-9403-455f-8fd5-25e6a04b6d3c None None] Creating RPC server for service: nova-conductor on topic: conductor {{(pid=98862) start /opt/stack/nova/nova/service.py:196}}
Jun 27 00:21:37.461158 np0000003812 nova-conductor[98871]: DEBUG dbcounter [-] [98871] Writer thread running {{(pid=98871) stat_writer /opt/stack/data/venv/lib/python3.12/site-packages/dbcounter.py:102}}
Jun 27 00:21:37.465793 np0000003812 nova-conductor[98871]: DEBUG nova.service [None req-550d9c0e-dd7a-4fb7-8a2f-77b380fc3cd8 None None] Creating RPC server for service: nova-conductor on topic: conductor {{(pid=98871) start /opt/stack/nova/nova/service.py:196}}
Jun 27 00:21:37.470306 np0000003812 nova-conductor[98855]: DEBUG nova.service [None req-cecef484-d5ac-4ffc-8816-ae7d1d914aee None None] Join ServiceGroup membership for this service conductor {{(pid=98855) start /opt/stack/nova/nova/service.py:222}}
Jun 27 00:21:37.470520 np0000003812 nova-conductor[98855]: DEBUG nova.servicegroup.drivers.db [None req-cecef484-d5ac-4ffc-8816-ae7d1d914aee None None] DB_Driver: join new ServiceGroup member np0000003812 to the conductor group, service = {{(pid=98855) join /opt/stack/nova/nova/servicegroup/drivers/db.py:44}}
Jun 27 00:21:37.471633 np0000003812 nova-conductor[98862]: DEBUG nova.service [None req-f14e82ef-9403-455f-8fd5-25e6a04b6d3c None None] Join ServiceGroup membership for this service conductor {{(pid=98862) start /opt/stack/nova/nova/service.py:222}}
Jun 27 00:21:37.471943 np0000003812 nova-conductor[98862]: DEBUG nova.servicegroup.drivers.db [None req-f14e82ef-9403-455f-8fd5-25e6a04b6d3c None None] DB_Driver: join new ServiceGroup member np0000003812 to the conductor group, service = {{(pid=98862) join /opt/stack/nova/nova/servicegroup/drivers/db.py:44}}
Jun 27 00:21:37.474165 np0000003812 nova-conductor[98867]: DEBUG oslo_db.sqlalchemy.engines [None req-f86ba97b-525a-41e4-8add-001e5d148640 None None] MySQL server mode set to STRICT_TRANS_TABLES,STRICT_ALL_TABLES,NO_ZERO_IN_DATE,NO_ZERO_DATE,ERROR_FOR_DIVISION_BY_ZERO,TRADITIONAL,NO_ENGINE_SUBSTITUTION {{(pid=98867) _check_effective_sql_mode /opt/stack/data/venv/lib/python3.12/site-packages/oslo_db/sqlalchemy/engines.py:325}}
Jun 27 00:21:37.483070 np0000003812 nova-conductor[98867]: DEBUG dbcounter [-] [98867] Writer thread running {{(pid=98867) stat_writer /opt/stack/data/venv/lib/python3.12/site-packages/dbcounter.py:102}}
Jun 27 00:21:37.483824 np0000003812 nova-conductor[98871]: DEBUG nova.service [None req-550d9c0e-dd7a-4fb7-8a2f-77b380fc3cd8 None None] Join ServiceGroup membership for this service conductor {{(pid=98871) start /opt/stack/nova/nova/service.py:222}}
Jun 27 00:21:37.484018 np0000003812 nova-conductor[98871]: DEBUG nova.servicegroup.drivers.db [None req-550d9c0e-dd7a-4fb7-8a2f-77b380fc3cd8 None None] DB_Driver: join new ServiceGroup member np0000003812 to the conductor group, service = {{(pid=98871) join /opt/stack/nova/nova/servicegroup/drivers/db.py:44}}
Jun 27 00:21:37.485870 np0000003812 nova-conductor[98867]: DEBUG nova.service [None req-f86ba97b-525a-41e4-8add-001e5d148640 None None] Creating RPC server for service: nova-conductor on topic: conductor {{(pid=98867) start /opt/stack/nova/nova/service.py:196}}
Jun 27 00:21:37.500449 np0000003812 nova-conductor[98867]: DEBUG nova.service [None req-f86ba97b-525a-41e4-8add-001e5d148640 None None] Join ServiceGroup membership for this service conductor {{(pid=98867) start /opt/stack/nova/nova/service.py:222}}
Jun 27 00:21:37.500603 np0000003812 nova-conductor[98867]: DEBUG nova.servicegroup.drivers.db [None req-f86ba97b-525a-41e4-8add-001e5d148640 None None] DB_Driver: join new ServiceGroup member np0000003812 to the conductor group, service = {{(pid=98867) join /opt/stack/nova/nova/servicegroup/drivers/db.py:44}}
Jun 27 00:21:42.494487 np0000003812 nova-conductor[98855]: DEBUG oslo.service.backend._threading.loopingcall [-] Fixed interval looping call 'nova.servicegroup.drivers.db.DbDriver._report_state' sleeping for 119.98 seconds {{(pid=98855) _run_loop /opt/stack/data/venv/lib/python3.12/site-packages/oslo_service/backend/_threading/loopingcall.py:125}}
Jun 27 00:21:42.495173 np0000003812 nova-conductor[98862]: DEBUG oslo.service.backend._threading.loopingcall [-] Fixed interval looping call 'nova.servicegroup.drivers.db.DbDriver._report_state' sleeping for 119.98 seconds {{(pid=98862) _run_loop /opt/stack/data/venv/lib/python3.12/site-packages/oslo_service/backend/_threading/loopingcall.py:125}}
Jun 27 00:21:42.495946 np0000003812 nova-conductor[98871]: DEBUG oslo.service.backend._threading.loopingcall [-] Fixed interval looping call 'nova.servicegroup.drivers.db.DbDriver._report_state' sleeping for 119.99 seconds {{(pid=98871) _run_loop /opt/stack/data/venv/lib/python3.12/site-packages/oslo_service/backend/_threading/loopingcall.py:125}}
Jun 27 00:21:42.512768 np0000003812 nova-conductor[98867]: DEBUG oslo.service.backend._threading.loopingcall [-] Fixed interval looping call 'nova.servicegroup.drivers.db.DbDriver._report_state' sleeping for 119.99 seconds {{(pid=98867) _run_loop /opt/stack/data/venv/lib/python3.12/site-packages/oslo_service/backend/_threading/loopingcall.py:125}}
Jun 27 00:21:46.026812 np0000003812 nova-conductor[97360]: DEBUG dbcounter [-] [97360] Writing DB stats nova_api:SELECT=1 {{(pid=97360) stat_writer /opt/stack/data/venv/lib/python3.12/site-packages/dbcounter.py:115}}
Jun 27 00:21:46.160286 np0000003812 nova-conductor[97360]: DEBUG dbcounter [-] [97360] Writing DB stats nova_cell1:SELECT=1 {{(pid=97360) stat_writer /opt/stack/data/venv/lib/python3.12/site-packages/dbcounter.py:115}}
Jun 27 00:21:46.165473 np0000003812 nova-conductor[97360]: DEBUG dbcounter [-] [97360] Writing DB stats nova_cell0:SELECT=1 {{(pid=97360) stat_writer /opt/stack/data/venv/lib/python3.12/site-packages/dbcounter.py:115}}
Jun 27 00:21:52.479931 np0000003812 nova-conductor[98855]: DEBUG dbcounter [-] [98855] Writing DB stats nova_cell0:SELECT=4,nova_cell0:INSERT=1,nova_cell0:UPDATE=1 {{(pid=98855) stat_writer /opt/stack/data/venv/lib/python3.12/site-packages/dbcounter.py:115}}
Jun 27 00:21:52.481408 np0000003812 nova-conductor[98862]: DEBUG dbcounter [-] [98862] Writing DB stats nova_cell0:SELECT=5,nova_cell0:INSERT=1,nova_cell0:UPDATE=1 {{(pid=98862) stat_writer /opt/stack/data/venv/lib/python3.12/site-packages/dbcounter.py:115}}
Jun 27 00:21:52.494896 np0000003812 nova-conductor[98871]: DEBUG dbcounter [-] [98871] Writing DB stats nova_cell0:SELECT=3,nova_cell0:UPDATE=1 {{(pid=98871) stat_writer /opt/stack/data/venv/lib/python3.12/site-packages/dbcounter.py:115}}
Jun 27 00:21:52.510001 np0000003812 nova-conductor[98867]: DEBUG dbcounter [-] [98867] Writing DB stats nova_cell0:SELECT=3 {{(pid=98867) stat_writer /opt/stack/data/venv/lib/python3.12/site-packages/dbcounter.py:115}}
Jun 27 00:21:58.502530 np0000003812 nova-conductor[98867]: DEBUG oslo.service.backend._threading.loopingcall [None req-f54ab876-3385-4f8a-83ab-87f07bba7be6 None None] Dynamic interval looping call 'nova.service.Service.periodic_tasks' sleeping for 60.00 seconds {{(pid=98867) _run_loop /opt/stack/data/venv/lib/python3.12/site-packages/oslo_service/backend/_threading/loopingcall.py:125}}
Jun 27 00:22:05.485691 np0000003812 nova-conductor[98871]: DEBUG oslo.service.backend._threading.loopingcall [None req-d70d43af-1f5e-485b-ae90-7428c1268a9f None None] Dynamic interval looping call 'nova.service.Service.periodic_tasks' sleeping for 60.00 seconds {{(pid=98871) _run_loop /opt/stack/data/venv/lib/python3.12/site-packages/oslo_service/backend/_threading/loopingcall.py:125}}
Jun 27 00:22:20.474809 np0000003812 nova-conductor[98862]: DEBUG oslo.service.backend._threading.loopingcall [None req-27b6ee65-848b-4370-9551-87f4a4794910 None None] Dynamic interval looping call 'nova.service.Service.periodic_tasks' sleeping for 60.00 seconds {{(pid=98862) _run_loop /opt/stack/data/venv/lib/python3.12/site-packages/oslo_service/backend/_threading/loopingcall.py:125}}
Jun 27 00:22:21.472457 np0000003812 nova-conductor[98855]: DEBUG oslo.service.backend._threading.loopingcall [None req-2169a97d-fbaa-4650-b447-2e59d66039d6 None None] Dynamic interval looping call 'nova.service.Service.periodic_tasks' sleeping for 60.00 seconds {{(pid=98855) _run_loop /opt/stack/data/venv/lib/python3.12/site-packages/oslo_service/backend/_threading/loopingcall.py:125}}
Jun 27 00:22:58.503072 np0000003812 nova-conductor[98867]: DEBUG oslo.service.backend._threading.loopingcall [None req-f54ab876-3385-4f8a-83ab-87f07bba7be6 None None] Dynamic interval looping call 'nova.service.Service.periodic_tasks' sleeping for 60.00 seconds {{(pid=98867) _run_loop /opt/stack/data/venv/lib/python3.12/site-packages/oslo_service/backend/_threading/loopingcall.py:125}}
Jun 27 00:23:05.486213 np0000003812 nova-conductor[98871]: DEBUG oslo.service.backend._threading.loopingcall [None req-d70d43af-1f5e-485b-ae90-7428c1268a9f None None] Dynamic interval looping call 'nova.service.Service.periodic_tasks' sleeping for 60.00 seconds {{(pid=98871) _run_loop /opt/stack/data/venv/lib/python3.12/site-packages/oslo_service/backend/_threading/loopingcall.py:125}}
Jun 27 00:23:20.476075 np0000003812 nova-conductor[98862]: DEBUG oslo.service.backend._threading.loopingcall [None req-27b6ee65-848b-4370-9551-87f4a4794910 None None] Dynamic interval looping call 'nova.service.Service.periodic_tasks' sleeping for 60.00 seconds {{(pid=98862) _run_loop /opt/stack/data/venv/lib/python3.12/site-packages/oslo_service/backend/_threading/loopingcall.py:125}}
Jun 27 00:23:21.472964 np0000003812 nova-conductor[98855]: DEBUG oslo.service.backend._threading.loopingcall [None req-2169a97d-fbaa-4650-b447-2e59d66039d6 None None] Dynamic interval looping call 'nova.service.Service.periodic_tasks' sleeping for 60.00 seconds {{(pid=98855) _run_loop /opt/stack/data/venv/lib/python3.12/site-packages/oslo_service/backend/_threading/loopingcall.py:125}}
Jun 27 00:23:42.499991 np0000003812 nova-conductor[98855]: DEBUG oslo.service.backend._threading.loopingcall [-] Fixed interval looping call 'nova.servicegroup.drivers.db.DbDriver._report_state' sleeping for 119.97 seconds {{(pid=98855) _run_loop /opt/stack/data/venv/lib/python3.12/site-packages/oslo_service/backend/_threading/loopingcall.py:125}}
Jun 27 00:23:42.500851 np0000003812 nova-conductor[98862]: DEBUG oslo.service.backend._threading.loopingcall [-] Fixed interval looping call 'nova.servicegroup.drivers.db.DbDriver._report_state' sleeping for 119.97 seconds {{(pid=98862) _run_loop /opt/stack/data/venv/lib/python3.12/site-packages/oslo_service/backend/_threading/loopingcall.py:125}}
Jun 27 00:23:42.501131 np0000003812 nova-conductor[98871]: DEBUG oslo.service.backend._threading.loopingcall [-] Fixed interval looping call 'nova.servicegroup.drivers.db.DbDriver._report_state' sleeping for 119.99 seconds {{(pid=98871) _run_loop /opt/stack/data/venv/lib/python3.12/site-packages/oslo_service/backend/_threading/loopingcall.py:125}}
Jun 27 00:23:42.506355 np0000003812 nova-conductor[98867]: DEBUG oslo.service.backend._threading.loopingcall [-] Fixed interval looping call 'nova.servicegroup.drivers.db.DbDriver._report_state' sleeping for 120.00 seconds {{(pid=98867) _run_loop /opt/stack/data/venv/lib/python3.12/site-packages/oslo_service/backend/_threading/loopingcall.py:125}}
Jun 27 00:23:52.478100 np0000003812 nova-conductor[98855]: DEBUG dbcounter [-] [98855] Writing DB stats nova_cell0:SELECT=1,nova_cell0:UPDATE=1 {{(pid=98855) stat_writer /opt/stack/data/venv/lib/python3.12/site-packages/dbcounter.py:115}}
Jun 27 00:23:52.478446 np0000003812 nova-conductor[98862]: DEBUG dbcounter [-] [98862] Writing DB stats nova_cell0:SELECT=1,nova_cell0:UPDATE=1 {{(pid=98862) stat_writer /opt/stack/data/venv/lib/python3.12/site-packages/dbcounter.py:115}}
Jun 27 00:23:52.489927 np0000003812 nova-conductor[98871]: DEBUG dbcounter [-] [98871] Writing DB stats nova_cell0:SELECT=1,nova_cell0:UPDATE=1 {{(pid=98871) stat_writer /opt/stack/data/venv/lib/python3.12/site-packages/dbcounter.py:115}}
Jun 27 00:23:52.505812 np0000003812 nova-conductor[98867]: DEBUG dbcounter [-] [98867] Writing DB stats nova_cell0:SELECT=1 {{(pid=98867) stat_writer /opt/stack/data/venv/lib/python3.12/site-packages/dbcounter.py:115}}
Jun 27 00:23:58.503514 np0000003812 nova-conductor[98867]: DEBUG oslo.service.backend._threading.loopingcall [None req-f54ab876-3385-4f8a-83ab-87f07bba7be6 None None] Dynamic interval looping call 'nova.service.Service.periodic_tasks' sleeping for 60.00 seconds {{(pid=98867) _run_loop /opt/stack/data/venv/lib/python3.12/site-packages/oslo_service/backend/_threading/loopingcall.py:125}}
Jun 27 00:24:04.877711 np0000003812 nova-conductor[98855]: DEBUG oslo_db.sqlalchemy.engines [None req-c7b72d57-0b03-4e9d-aea4-8ced43fda6f1 tempest-ServerActionsTestOtherB-584141979 tempest-ServerActionsTestOtherB-584141979-project-member] Parent process 97360 forked (98855) with an open database connection, which is being discarded and recreated. {{(pid=98855) checkout /opt/stack/data/venv/lib/python3.12/site-packages/oslo_db/sqlalchemy/engines.py:402}}
Jun 27 00:24:04.927536 np0000003812 nova-conductor[98855]: DEBUG dbcounter [-] [98855] Writer thread running {{(pid=98855) stat_writer /opt/stack/data/venv/lib/python3.12/site-packages/dbcounter.py:102}}
Jun 27 00:24:05.489156 np0000003812 nova-conductor[98871]: DEBUG oslo.service.backend._threading.loopingcall [None req-d70d43af-1f5e-485b-ae90-7428c1268a9f None None] Dynamic interval looping call 'nova.service.Service.periodic_tasks' sleeping for 60.00 seconds {{(pid=98871) _run_loop /opt/stack/data/venv/lib/python3.12/site-packages/oslo_service/backend/_threading/loopingcall.py:125}}
Jun 27 00:24:06.466535 np0000003812 nova-conductor[98855]: DEBUG nova.conductor.manager [None req-c7b72d57-0b03-4e9d-aea4-8ced43fda6f1 tempest-ServerActionsTestOtherB-584141979 tempest-ServerActionsTestOtherB-584141979-project-member] Took 1.54 seconds to select destinations for 1 instance(s). {{(pid=98855) _schedule_instances /opt/stack/nova/nova/conductor/manager.py:968}}
Jun 27 00:24:06.511938 np0000003812 nova-conductor[98855]: DEBUG oslo_concurrency.lockutils [None req-c7b72d57-0b03-4e9d-aea4-8ced43fda6f1 tempest-ServerActionsTestOtherB-584141979 tempest-ServerActionsTestOtherB-584141979-project-member] Acquiring lock "0cccf760-62e9-4f47-a002-28c7b045c862" by "nova.context.set_target_cell..get_or_set_cached_cell_and_set_connections" {{(pid=98855) inner /opt/stack/data/venv/lib/python3.12/site-packages/oslo_concurrency/lockutils.py:511}}
Jun 27 00:24:06.511938 np0000003812 nova-conductor[98855]: DEBUG oslo_concurrency.lockutils [None req-c7b72d57-0b03-4e9d-aea4-8ced43fda6f1 tempest-ServerActionsTestOtherB-584141979 tempest-ServerActionsTestOtherB-584141979-project-member] Lock "0cccf760-62e9-4f47-a002-28c7b045c862" acquired by "nova.context.set_target_cell..get_or_set_cached_cell_and_set_connections" :: waited 0.000s {{(pid=98855) inner /opt/stack/data/venv/lib/python3.12/site-packages/oslo_concurrency/lockutils.py:524}}
Jun 27 00:24:06.513763 np0000003812 nova-conductor[98855]: DEBUG oslo_concurrency.lockutils [None req-c7b72d57-0b03-4e9d-aea4-8ced43fda6f1 tempest-ServerActionsTestOtherB-584141979 tempest-ServerActionsTestOtherB-584141979-project-member] Lock "0cccf760-62e9-4f47-a002-28c7b045c862" "released" by "nova.context.set_target_cell..get_or_set_cached_cell_and_set_connections" :: held 0.002s {{(pid=98855) inner /opt/stack/data/venv/lib/python3.12/site-packages/oslo_concurrency/lockutils.py:543}}
Jun 27 00:24:06.516800 np0000003812 nova-conductor[98855]: INFO dbcounter [None req-c7b72d57-0b03-4e9d-aea4-8ced43fda6f1 tempest-ServerActionsTestOtherB-584141979 tempest-ServerActionsTestOtherB-584141979-project-member] Registered counter for database nova_cell1
Jun 27 00:24:06.569260 np0000003812 nova-conductor[98855]: DEBUG oslo_db.sqlalchemy.engines [None req-c7b72d57-0b03-4e9d-aea4-8ced43fda6f1 tempest-ServerActionsTestOtherB-584141979 tempest-ServerActionsTestOtherB-584141979-project-member] MySQL server mode set to STRICT_TRANS_TABLES,STRICT_ALL_TABLES,NO_ZERO_IN_DATE,NO_ZERO_DATE,ERROR_FOR_DIVISION_BY_ZERO,TRADITIONAL,NO_ENGINE_SUBSTITUTION {{(pid=98855) _check_effective_sql_mode /opt/stack/data/venv/lib/python3.12/site-packages/oslo_db/sqlalchemy/engines.py:325}}
Jun 27 00:24:06.576229 np0000003812 nova-conductor[98855]: DEBUG dbcounter [-] [98855] Writer thread running {{(pid=98855) stat_writer /opt/stack/data/venv/lib/python3.12/site-packages/dbcounter.py:102}}
Jun 27 00:24:06.664995 np0000003812 nova-conductor[98855]: INFO nova.utils [None req-c7b72d57-0b03-4e9d-aea4-8ced43fda6f1 tempest-ServerActionsTestOtherB-584141979 tempest-ServerActionsTestOtherB-584141979-project-member] The cell worker thread pool ForkProcess-1.cell_worker is initialized
Jun 27 00:24:06.665518 np0000003812 nova-conductor[98855]: DEBUG oslo_concurrency.lockutils [None req-c7b72d57-0b03-4e9d-aea4-8ced43fda6f1 tempest-ServerActionsTestOtherB-584141979 tempest-ServerActionsTestOtherB-584141979-project-member] Acquiring lock "00000000-0000-0000-0000-000000000000" by "nova.context.set_target_cell..get_or_set_cached_cell_and_set_connections" {{(pid=98855) inner /opt/stack/data/venv/lib/python3.12/site-packages/oslo_concurrency/lockutils.py:511}}
Jun 27 00:24:06.665789 np0000003812 nova-conductor[98855]: DEBUG oslo_concurrency.lockutils [None req-c7b72d57-0b03-4e9d-aea4-8ced43fda6f1 tempest-ServerActionsTestOtherB-584141979 tempest-ServerActionsTestOtherB-584141979-project-member] Lock "00000000-0000-0000-0000-000000000000" acquired by "nova.context.set_target_cell..get_or_set_cached_cell_and_set_connections" :: waited 0.000s {{(pid=98855) inner /opt/stack/data/venv/lib/python3.12/site-packages/oslo_concurrency/lockutils.py:524}}
Jun 27 00:24:06.666200 np0000003812 nova-conductor[98855]: DEBUG oslo_concurrency.lockutils [None req-c7b72d57-0b03-4e9d-aea4-8ced43fda6f1 tempest-ServerActionsTestOtherB-584141979 tempest-ServerActionsTestOtherB-584141979-project-member] Lock "00000000-0000-0000-0000-000000000000" "released" by "nova.context.set_target_cell..get_or_set_cached_cell_and_set_connections" :: held 0.000s {{(pid=98855) inner /opt/stack/data/venv/lib/python3.12/site-packages/oslo_concurrency/lockutils.py:543}}
Jun 27 00:24:06.667435 np0000003812 nova-conductor[98855]: DEBUG oslo_concurrency.lockutils [None req-c7b72d57-0b03-4e9d-aea4-8ced43fda6f1 tempest-ServerActionsTestOtherB-584141979 tempest-ServerActionsTestOtherB-584141979-project-member] Acquiring lock "0cccf760-62e9-4f47-a002-28c7b045c862" by "nova.context.set_target_cell..get_or_set_cached_cell_and_set_connections" {{(pid=98855) inner /opt/stack/data/venv/lib/python3.12/site-packages/oslo_concurrency/lockutils.py:511}}
Jun 27 00:24:06.667703 np0000003812 nova-conductor[98855]: DEBUG oslo_concurrency.lockutils [None req-c7b72d57-0b03-4e9d-aea4-8ced43fda6f1 tempest-ServerActionsTestOtherB-584141979 tempest-ServerActionsTestOtherB-584141979-project-member] Lock "0cccf760-62e9-4f47-a002-28c7b045c862" acquired by "nova.context.set_target_cell..get_or_set_cached_cell_and_set_connections" :: waited 0.000s {{(pid=98855) inner /opt/stack/data/venv/lib/python3.12/site-packages/oslo_concurrency/lockutils.py:524}}
Jun 27 00:24:06.667877 np0000003812 nova-conductor[98855]: DEBUG oslo_concurrency.lockutils [None req-c7b72d57-0b03-4e9d-aea4-8ced43fda6f1 tempest-ServerActionsTestOtherB-584141979 tempest-ServerActionsTestOtherB-584141979-project-member] Lock "0cccf760-62e9-4f47-a002-28c7b045c862" "released" by "nova.context.set_target_cell..get_or_set_cached_cell_and_set_connections" :: held 0.000s {{(pid=98855) inner /opt/stack/data/venv/lib/python3.12/site-packages/oslo_concurrency/lockutils.py:543}}
Jun 27 00:24:06.670289 np0000003812 nova-conductor[98855]: INFO dbcounter [None req-c7b72d57-0b03-4e9d-aea4-8ced43fda6f1 tempest-ServerActionsTestOtherB-584141979 tempest-ServerActionsTestOtherB-584141979-project-member] Registered counter for database nova_cell0
Jun 27 00:24:06.732720 np0000003812 nova-conductor[98855]: DEBUG oslo_db.sqlalchemy.engines [None req-c7b72d57-0b03-4e9d-aea4-8ced43fda6f1 tempest-ServerActionsTestOtherB-584141979 tempest-ServerActionsTestOtherB-584141979-project-member] MySQL server mode set to STRICT_TRANS_TABLES,STRICT_ALL_TABLES,NO_ZERO_IN_DATE,NO_ZERO_DATE,ERROR_FOR_DIVISION_BY_ZERO,TRADITIONAL,NO_ENGINE_SUBSTITUTION {{(pid=98855) _check_effective_sql_mode /opt/stack/data/venv/lib/python3.12/site-packages/oslo_db/sqlalchemy/engines.py:325}}
Jun 27 00:24:06.739707 np0000003812 nova-conductor[98855]: DEBUG dbcounter [-] [98855] Writer thread running {{(pid=98855) stat_writer /opt/stack/data/venv/lib/python3.12/site-packages/dbcounter.py:102}}
Jun 27 00:24:06.754835 np0000003812 nova-conductor[98855]: DEBUG nova.quota [None req-c7b72d57-0b03-4e9d-aea4-8ced43fda6f1 tempest-ServerActionsTestOtherB-584141979 tempest-ServerActionsTestOtherB-584141979-project-member] Getting quotas for project b2decc4d874d4e1f80d078c1e4dffb71. Resources: {'instances', 'ram', 'cores'} {{(pid=98855) _get_quotas /opt/stack/nova/nova/quota.py:392}}
Jun 27 00:24:06.760437 np0000003812 nova-conductor[98855]: DEBUG nova.quota [None req-c7b72d57-0b03-4e9d-aea4-8ced43fda6f1 tempest-ServerActionsTestOtherB-584141979 tempest-ServerActionsTestOtherB-584141979-project-member] Getting quotas for user a7d75264e3e94804819e0e8518aee584 and project b2decc4d874d4e1f80d078c1e4dffb71. Resources: {'instances', 'ram', 'cores'} {{(pid=98855) _get_quotas /opt/stack/nova/nova/quota.py:382}}
Jun 27 00:24:06.768560 np0000003812 nova-conductor[98855]: DEBUG nova.conductor.manager [None req-c7b72d57-0b03-4e9d-aea4-8ced43fda6f1 tempest-ServerActionsTestOtherB-584141979 tempest-ServerActionsTestOtherB-584141979-project-member] [instance: 74e19b68-88af-44aa-915f-cab94908ba95] Selected host: np0000003812; Selected node: np0000003812; Alternates: [] {{(pid=98855) schedule_and_build_instances /opt/stack/nova/nova/conductor/manager.py:1784}}
Jun 27 00:24:06.769390 np0000003812 nova-conductor[98855]: DEBUG oslo_concurrency.lockutils [None req-c7b72d57-0b03-4e9d-aea4-8ced43fda6f1 tempest-ServerActionsTestOtherB-584141979 tempest-ServerActionsTestOtherB-584141979-project-member] Acquiring lock "0cccf760-62e9-4f47-a002-28c7b045c862" by "nova.context.set_target_cell..get_or_set_cached_cell_and_set_connections" {{(pid=98855) inner /opt/stack/data/venv/lib/python3.12/site-packages/oslo_concurrency/lockutils.py:511}}
Jun 27 00:24:06.770151 np0000003812 nova-conductor[98855]: DEBUG oslo_concurrency.lockutils [None req-c7b72d57-0b03-4e9d-aea4-8ced43fda6f1 tempest-ServerActionsTestOtherB-584141979 tempest-ServerActionsTestOtherB-584141979-project-member] Lock "0cccf760-62e9-4f47-a002-28c7b045c862" acquired by "nova.context.set_target_cell..get_or_set_cached_cell_and_set_connections" :: waited 0.001s {{(pid=98855) inner /opt/stack/data/venv/lib/python3.12/site-packages/oslo_concurrency/lockutils.py:524}}
Jun 27 00:24:06.770383 np0000003812 nova-conductor[98855]: DEBUG oslo_concurrency.lockutils [None req-c7b72d57-0b03-4e9d-aea4-8ced43fda6f1 tempest-ServerActionsTestOtherB-584141979 tempest-ServerActionsTestOtherB-584141979-project-member] Lock "0cccf760-62e9-4f47-a002-28c7b045c862" "released" by "nova.context.set_target_cell..get_or_set_cached_cell_and_set_connections" :: held 0.001s {{(pid=98855) inner /opt/stack/data/venv/lib/python3.12/site-packages/oslo_concurrency/lockutils.py:543}}
Jun 27 00:24:06.785071 np0000003812 nova-conductor[98855]: DEBUG nova.conductor.manager [None req-c7b72d57-0b03-4e9d-aea4-8ced43fda6f1 tempest-ServerActionsTestOtherB-584141979 tempest-ServerActionsTestOtherB-584141979-project-member] [instance: 74e19b68-88af-44aa-915f-cab94908ba95] block_device_mapping [BlockDeviceMapping(attachment_id=,boot_index=0,connection_info=None,created_at=,delete_on_termination=True,deleted=,deleted_at=,destination_type='local',device_name=None,device_type='disk',disk_bus=None,encrypted=False,encryption_format=None,encryption_options=None,encryption_secret_uuid=None,guest_format=None,id=,image_id='a92c20c6-fb3a-4587-b722-7979be54d0e6',instance=,instance_uuid=,no_device=False,snapshot_id=None,source_type='image',tag=None,updated_at=,uuid=,volume_id=None,volume_size=None,volume_type=None)] {{(pid=98855) _create_block_device_mapping /opt/stack/nova/nova/conductor/manager.py:1529}}
Jun 27 00:24:06.786718 np0000003812 nova-conductor[98855]: DEBUG oslo_concurrency.lockutils [None req-c7b72d57-0b03-4e9d-aea4-8ced43fda6f1 tempest-ServerActionsTestOtherB-584141979 tempest-ServerActionsTestOtherB-584141979-project-member] Acquiring lock "0cccf760-62e9-4f47-a002-28c7b045c862" by "nova.context.set_target_cell..get_or_set_cached_cell_and_set_connections" {{(pid=98855) inner /opt/stack/data/venv/lib/python3.12/site-packages/oslo_concurrency/lockutils.py:511}}
Jun 27 00:24:06.787439 np0000003812 nova-conductor[98855]: DEBUG oslo_concurrency.lockutils [None req-c7b72d57-0b03-4e9d-aea4-8ced43fda6f1 tempest-ServerActionsTestOtherB-584141979 tempest-ServerActionsTestOtherB-584141979-project-member] Lock "0cccf760-62e9-4f47-a002-28c7b045c862" acquired by "nova.context.set_target_cell..get_or_set_cached_cell_and_set_connections" :: waited 0.000s {{(pid=98855) inner /opt/stack/data/venv/lib/python3.12/site-packages/oslo_concurrency/lockutils.py:524}}
Jun 27 00:24:06.787439 np0000003812 nova-conductor[98855]: DEBUG oslo_concurrency.lockutils [None req-c7b72d57-0b03-4e9d-aea4-8ced43fda6f1 tempest-ServerActionsTestOtherB-584141979 tempest-ServerActionsTestOtherB-584141979-project-member] Lock "0cccf760-62e9-4f47-a002-28c7b045c862" "released" by "nova.context.set_target_cell..get_or_set_cached_cell_and_set_connections" :: held 0.000s {{(pid=98855) inner /opt/stack/data/venv/lib/python3.12/site-packages/oslo_concurrency/lockutils.py:543}}
Jun 27 00:24:06.854372 np0000003812 nova-conductor[98855]: DEBUG oslo_concurrency.lockutils [None req-c7b72d57-0b03-4e9d-aea4-8ced43fda6f1 tempest-ServerActionsTestOtherB-584141979 tempest-ServerActionsTestOtherB-584141979-project-member] Acquiring lock "0cccf760-62e9-4f47-a002-28c7b045c862" by "nova.context.set_target_cell..get_or_set_cached_cell_and_set_connections" {{(pid=98855) inner /opt/stack/data/venv/lib/python3.12/site-packages/oslo_concurrency/lockutils.py:511}}
Jun 27 00:24:06.854372 np0000003812 nova-conductor[98855]: DEBUG oslo_concurrency.lockutils [None req-c7b72d57-0b03-4e9d-aea4-8ced43fda6f1 tempest-ServerActionsTestOtherB-584141979 tempest-ServerActionsTestOtherB-584141979-project-member] Lock "0cccf760-62e9-4f47-a002-28c7b045c862" acquired by "nova.context.set_target_cell..get_or_set_cached_cell_and_set_connections" :: waited 0.000s {{(pid=98855) inner /opt/stack/data/venv/lib/python3.12/site-packages/oslo_concurrency/lockutils.py:524}}
