Jul 21 14:22:28.161155 np0000005564 devstack@g-api.service[102970]: DEBUG glance.api.middleware.version_negotiation [None req-2d85d8da-f7a7-41ac-b7fb-eb741aac8383 tempest-ServerBootFromVolumeStableRescueTest-1166980473 tempest-ServerBootFromVolumeStableRescueTest-1166980473-project-member] new path /v2/schemas/image {{(pid=102970) process_request /opt/stack/glance/glance/api/middleware/version_negotiation.py:70}}
Jul 21 14:22:28.163575 np0000005564 devstack@g-api.service[102970]: [pid: 102970|app: 0|req: 20/72] 127.0.0.1 () {44 vars in 1055 bytes} [Tue Jul 21 14:22:28 2026] GET /v2/schemas/image => generated 6083 bytes in 3 msecs (HTTP/1.1 200) 4 headers in 158 bytes (1 switches on core 0)
Jul 21 14:22:28.170978 np0000005564 devstack@g-api.service[102972]: DEBUG glance.api.middleware.version_negotiation [None req-e39f6dfe-af7e-42cd-b650-6b18d1ff8a9d tempest-TaggedBootDevicesTest-1976585342 tempest-TaggedBootDevicesTest-1976585342-project-member] Determining version of request: GET /v2/images/aade448c-0a54-4b6b-91c4-fcc60e92bd20 Accept: */* {{(pid=102972) process_request /opt/stack/glance/glance/api/middleware/version_negotiation.py:44}}
Jul 21 14:22:28.171162 np0000005564 devstack@g-api.service[102972]: DEBUG glance.api.middleware.version_negotiation [None req-e39f6dfe-af7e-42cd-b650-6b18d1ff8a9d tempest-TaggedBootDevicesTest-1976585342 tempest-TaggedBootDevicesTest-1976585342-project-member] Using url versioning {{(pid=102972) process_request /opt/stack/glance/glance/api/middleware/version_negotiation.py:57}}
Jul 21 14:22:28.171308 np0000005564 devstack@g-api.service[102972]: DEBUG glance.api.middleware.version_negotiation [None req-e39f6dfe-af7e-42cd-b650-6b18d1ff8a9d tempest-TaggedBootDevicesTest-1976585342 tempest-TaggedBootDevicesTest-1976585342-project-member] Matched version: v2 {{(pid=102972) process_request /opt/stack/glance/glance/api/middleware/version_negotiation.py:69}}
Jul 21 14:22:28.171403 np0000005564 devstack@g-api.service[102972]: DEBUG glance.api.middleware.version_negotiation [None req-e39f6dfe-af7e-42cd-b650-6b18d1ff8a9d tempest-TaggedBootDevicesTest-1976585342 tempest-TaggedBootDevicesTest-1976585342-project-member] new path /v2/images/aade448c-0a54-4b6b-91c4-fcc60e92bd20 {{(pid=102972) process_request /opt/stack/glance/glance/api/middleware/version_negotiation.py:70}}
Jul 21 14:22:28.180630 np0000005564 devstack@g-api.service[102972]: [pid: 102972|app: 0|req: 18/73] 127.0.0.1 () {44 vars in 1115 bytes} [Tue Jul 21 14:22:28 2026] GET /v2/images/aade448c-0a54-4b6b-91c4-fcc60e92bd20 => generated 1044 bytes in 10 msecs (HTTP/1.1 200) 4 headers in 158 bytes (1 switches on core 0)
Jul 21 14:22:28.189840 np0000005564 devstack@g-api.service[102969]: DEBUG glance.api.middleware.version_negotiation [None req-e39f6dfe-af7e-42cd-b650-6b18d1ff8a9d tempest-TaggedBootDevicesTest-1976585342 tempest-TaggedBootDevicesTest-1976585342-project-member] Determining version of request: GET /v2/schemas/image Accept: */* {{(pid=102969) process_request /opt/stack/glance/glance/api/middleware/version_negotiation.py:44}}
Jul 21 14:22:28.190014 np0000005564 devstack@g-api.service[102969]: DEBUG glance.api.middleware.version_negotiation [None req-e39f6dfe-af7e-42cd-b650-6b18d1ff8a9d tempest-TaggedBootDevicesTest-1976585342 tempest-TaggedBootDevicesTest-1976585342-project-member] Using url versioning {{(pid=102969) process_request /opt/stack/glance/glance/api/middleware/version_negotiation.py:57}}
Jul 21 14:22:28.190184 np0000005564 devstack@g-api.service[102969]: DEBUG glance.api.middleware.version_negotiation [None req-e39f6dfe-af7e-42cd-b650-6b18d1ff8a9d tempest-TaggedBootDevicesTest-1976585342 tempest-TaggedBootDevicesTest-1976585342-project-member] Matched version: v2 {{(pid=102969) process_request /opt/stack/glance/glance/api/middleware/version_negotiation.py:69}}
Jul 21 14:22:28.190317 np0000005564 devstack@g-api.service[102969]: DEBUG glance.api.middleware.version_negotiation [None req-e39f6dfe-af7e-42cd-b650-6b18d1ff8a9d tempest-TaggedBootDevicesTest-1976585342 tempest-TaggedBootDevicesTest-1976585342-project-member] new path /v2/schemas/image {{(pid=102969) process_request /opt/stack/glance/glance/api/middleware/version_negotiation.py:70}}
Jul 21 14:22:28.193205 np0000005564 devstack@g-api.service[102969]: [pid: 102969|app: 0|req: 20/74] 127.0.0.1 () {44 vars in 1055 bytes} [Tue Jul 21 14:22:28 2026] GET /v2/schemas/image => generated 6083 bytes in 3 msecs (HTTP/1.1 200) 4 headers in 158 bytes (1 switches on core 0)
Jul 21 14:22:28.202397 np0000005564 devstack@g-api.service[102970]: DEBUG glance.api.middleware.version_negotiation [None req-e39f6dfe-af7e-42cd-b650-6b18d1ff8a9d tempest-TaggedBootDevicesTest-1976585342 tempest-TaggedBootDevicesTest-1976585342-project-member] Determining version of request: GET /v2/schemas/image Accept: */* {{(pid=102970) process_request /opt/stack/glance/glance/api/middleware/version_negotiation.py:44}}
Jul 21 14:22:28.202591 np0000005564 devstack@g-api.service[102970]: DEBUG glance.api.middleware.version_negotiation [None req-e39f6dfe-af7e-42cd-b650-6b18d1ff8a9d tempest-TaggedBootDevicesTest-1976585342 tempest-TaggedBootDevicesTest-1976585342-project-member] Using url versioning {{(pid=102970) process_request /opt/stack/glance/glance/api/middleware/version_negotiation.py:57}}
Jul 21 14:22:28.202785 np0000005564 devstack@g-api.service[102970]: DEBUG glance.api.middleware.version_negotiation [None req-e39f6dfe-af7e-42cd-b650-6b18d1ff8a9d tempest-TaggedBootDevicesTest-1976585342 tempest-TaggedBootDevicesTest-1976585342-project-member] Matched version: v2 {{(pid=102970) process_request /opt/stack/glance/glance/api/middleware/version_negotiation.py:69}}
Jul 21 14:22:28.202940 np0000005564 devstack@g-api.service[102970]: DEBUG glance.api.middleware.version_negotiation [None req-e39f6dfe-af7e-42cd-b650-6b18d1ff8a9d tempest-TaggedBootDevicesTest-1976585342 tempest-TaggedBootDevicesTest-1976585342-project-member] new path /v2/schemas/image {{(pid=102970) process_request /opt/stack/glance/glance/api/middleware/version_negotiation.py:70}}
Jul 21 14:22:28.205745 np0000005564 devstack@g-api.service[102970]: [pid: 102970|app: 0|req: 21/75] 127.0.0.1 () {44 vars in 1055 bytes} [Tue Jul 21 14:22:28 2026] GET /v2/schemas/image => generated 6083 bytes in 3 msecs (HTTP/1.1 200) 4 headers in 158 bytes (1 switches on core 0)
Jul 21 14:22:28.234349 np0000005564 devstack@g-api.service[102972]: DEBUG glance.api.middleware.version_negotiation [None req-e39f6dfe-af7e-42cd-b650-6b18d1ff8a9d tempest-TaggedBootDevicesTest-1976585342 tempest-TaggedBootDevicesTest-1976585342-project-member] Determining version of request: GET /v2/images/aade448c-0a54-4b6b-91c4-fcc60e92bd20 Accept: */* {{(pid=102972) process_request /opt/stack/glance/glance/api/middleware/version_negotiation.py:44}}
Jul 21 14:22:28.234516 np0000005564 devstack@g-api.service[102972]: DEBUG glance.api.middleware.version_negotiation [None req-e39f6dfe-af7e-42cd-b650-6b18d1ff8a9d tempest-TaggedBootDevicesTest-1976585342 tempest-TaggedBootDevicesTest-1976585342-project-member] Using url versioning {{(pid=102972) process_request /opt/stack/glance/glance/api/middleware/version_negotiation.py:57}}
Jul 21 14:22:28.234638 np0000005564 devstack@g-api.service[102972]: DEBUG glance.api.middleware.version_negotiation [None req-e39f6dfe-af7e-42cd-b650-6b18d1ff8a9d tempest-TaggedBootDevicesTest-1976585342 tempest-TaggedBootDevicesTest-1976585342-project-member] Matched version: v2 {{(pid=102972) process_request /opt/stack/glance/glance/api/middleware/version_negotiation.py:69}}
Jul 21 14:22:28.234728 np0000005564 devstack@g-api.service[102972]: DEBUG glance.api.middleware.version_negotiation [None req-e39f6dfe-af7e-42cd-b650-6b18d1ff8a9d tempest-TaggedBootDevicesTest-1976585342 tempest-TaggedBootDevicesTest-1976585342-project-member] new path /v2/images/aade448c-0a54-4b6b-91c4-fcc60e92bd20 {{(pid=102972) process_request /opt/stack/glance/glance/api/middleware/version_negotiation.py:70}}
Jul 21 14:22:28.243220 np0000005564 devstack@g-api.service[102972]: [pid: 102972|app: 0|req: 19/76] 127.0.0.1 () {44 vars in 1115 bytes} [Tue Jul 21 14:22:28 2026] GET /v2/images/aade448c-0a54-4b6b-91c4-fcc60e92bd20 => generated 1044 bytes in 9 msecs (HTTP/1.1 200) 4 headers in 158 bytes (1 switches on core 0)
Jul 21 14:22:28.252465 np0000005564 devstack@g-api.service[102969]: DEBUG glance.api.middleware.version_negotiation [None req-e39f6dfe-af7e-42cd-b650-6b18d1ff8a9d tempest-TaggedBootDevicesTest-1976585342 tempest-TaggedBootDevicesTest-1976585342-project-member] Determining version of request: GET /v2/schemas/image Accept: */* {{(pid=102969) process_request /opt/stack/glance/glance/api/middleware/version_negotiation.py:44}}
Jul 21 14:22:28.252632 np0000005564 devstack@g-api.service[102969]: DEBUG glance.api.middleware.version_negotiation [None req-e39f6dfe-af7e-42cd-b650-6b18d1ff8a9d tempest-TaggedBootDevicesTest-1976585342 tempest-TaggedBootDevicesTest-1976585342-project-member] Using url versioning {{(pid=102969) process_request /opt/stack/glance/glance/api/middleware/version_negotiation.py:57}}
Jul 21 14:22:28.252761 np0000005564 devstack@g-api.service[102969]: DEBUG glance.api.middleware.version_negotiation [None req-e39f6dfe-af7e-42cd-b650-6b18d1ff8a9d tempest-TaggedBootDevicesTest-1976585342 tempest-TaggedBootDevicesTest-1976585342-project-member] Matched version: v2 {{(pid=102969) process_request /opt/stack/glance/glance/api/middleware/version_negotiation.py:69}}
Jul 21 14:22:28.252885 np0000005564 devstack@g-api.service[102969]: DEBUG glance.api.middleware.version_negotiation [None req-e39f6dfe-af7e-42cd-b650-6b18d1ff8a9d tempest-TaggedBootDevicesTest-1976585342 tempest-TaggedBootDevicesTest-1976585342-project-member] new path /v2/schemas/image {{(pid=102969) process_request /opt/stack/glance/glance/api/middleware/version_negotiation.py:70}}
Jul 21 14:22:28.255826 np0000005564 devstack@g-api.service[102969]: [pid: 102969|app: 0|req: 21/77] 127.0.0.1 () {44 vars in 1055 bytes} [Tue Jul 21 14:22:28 2026] GET /v2/schemas/image => generated 6083 bytes in 3 msecs (HTTP/1.1 200) 4 headers in 158 bytes (1 switches on core 0)
Jul 21 14:22:28.265612 np0000005564 devstack@g-api.service[102970]: DEBUG glance.api.middleware.version_negotiation [None req-e39f6dfe-af7e-42cd-b650-6b18d1ff8a9d tempest-TaggedBootDevicesTest-1976585342 tempest-TaggedBootDevicesTest-1976585342-project-member] Determining version of request: GET /v2/schemas/image Accept: */* {{(pid=102970) process_request /opt/stack/glance/glance/api/middleware/version_negotiation.py:44}}
Jul 21 14:22:28.265766 np0000005564 devstack@g-api.service[102970]: DEBUG glance.api.middleware.version_negotiation [None req-e39f6dfe-af7e-42cd-b650-6b18d1ff8a9d tempest-TaggedBootDevicesTest-1976585342 tempest-TaggedBootDevicesTest-1976585342-project-member] Using url versioning {{(pid=102970) process_request /opt/stack/glance/glance/api/middleware/version_negotiation.py:57}}
Jul 21 14:22:28.265930 np0000005564 devstack@g-api.service[102970]: DEBUG glance.api.middleware.version_negotiation [None req-e39f6dfe-af7e-42cd-b650-6b18d1ff8a9d tempest-TaggedBootDevicesTest-1976585342 tempest-TaggedBootDevicesTest-1976585342-project-member] Matched version: v2 {{(pid=102970) process_request /opt/stack/glance/glance/api/middleware/version_negotiation.py:69}}
Jul 21 14:22:28.266001 np0000005564 devstack@g-api.service[102970]: DEBUG glance.api.middleware.version_negotiation [None req-e39f6dfe-af7e-42cd-b650-6b18d1ff8a9d tempest-TaggedBootDevicesTest-1976585342 tempest-TaggedBootDevicesTest-1976585342-project-member] new path /v2/schemas/image {{(pid=102970) process_request /opt/stack/glance/glance/api/middleware/version_negotiation.py:70}}
Jul 21 14:22:28.268296 np0000005564 devstack@g-api.service[102970]: [pid: 102970|app: 0|req: 22/78] 127.0.0.1 () {44 vars in 1055 bytes} [Tue Jul 21 14:22:28 2026] GET /v2/schemas/image => generated 6083 bytes in 3 msecs (HTTP/1.1 200) 4 headers in 158 bytes (1 switches on core 0)
Jul 21 14:22:28.672288 np0000005564 devstack@g-api.service[102971]: INFO glance.api.v2.image_data [None req-2d85d8da-f7a7-41ac-b7fb-eb741aac8383 tempest-ServerBootFromVolumeStableRescueTest-1166980473 tempest-ServerBootFromVolumeStableRescueTest-1166980473-project-member] Unable to create trust: no such option collect_timing in group [keystone_authtoken] Use the existing user token.
Jul 21 14:22:28.695192 np0000005564 devstack@g-api.service[102972]: DEBUG glance.api.middleware.version_negotiation [None req-e39f6dfe-af7e-42cd-b650-6b18d1ff8a9d tempest-TaggedBootDevicesTest-1976585342 tempest-TaggedBootDevicesTest-1976585342-project-member] Determining version of request: GET /v2/images/9b0bf3ae-68a4-44d9-8994-5fc44b87b63a Accept: application/json {{(pid=102972) process_request /opt/stack/glance/glance/api/middleware/version_negotiation.py:44}}
Jul 21 14:22:28.695378 np0000005564 devstack@g-api.service[102972]: DEBUG glance.api.middleware.version_negotiation [None req-e39f6dfe-af7e-42cd-b650-6b18d1ff8a9d tempest-TaggedBootDevicesTest-1976585342 tempest-TaggedBootDevicesTest-1976585342-project-member] Using url versioning {{(pid=102972) process_request /opt/stack/glance/glance/api/middleware/version_negotiation.py:57}}
Jul 21 14:22:28.695481 np0000005564 devstack@g-api.service[102972]: DEBUG glance.api.middleware.version_negotiation [None req-e39f6dfe-af7e-42cd-b650-6b18d1ff8a9d tempest-TaggedBootDevicesTest-1976585342 tempest-TaggedBootDevicesTest-1976585342-project-member] Matched version: v2 {{(pid=102972) process_request /opt/stack/glance/glance/api/middleware/version_negotiation.py:69}}
Jul 21 14:22:28.695558 np0000005564 devstack@g-api.service[102972]: DEBUG glance.api.middleware.version_negotiation [None req-e39f6dfe-af7e-42cd-b650-6b18d1ff8a9d tempest-TaggedBootDevicesTest-1976585342 tempest-TaggedBootDevicesTest-1976585342-project-member] new path /v2/images/9b0bf3ae-68a4-44d9-8994-5fc44b87b63a {{(pid=102972) process_request /opt/stack/glance/glance/api/middleware/version_negotiation.py:70}}
Jul 21 14:22:28.704548 np0000005564 devstack@g-api.service[102972]: [pid: 102972|app: 0|req: 20/79] 127.0.0.1 () {40 vars in 838 bytes} [Tue Jul 21 14:22:28 2026] GET /v2/images/9b0bf3ae-68a4-44d9-8994-5fc44b87b63a => generated 1471 bytes in 9 msecs (HTTP/1.1 200) 4 headers in 158 bytes (1 switches on core 0)
Jul 21 14:22:28.896921 np0000005564 devstack@g-api.service[102969]: DEBUG glance.api.middleware.version_negotiation [None req-e39f6dfe-af7e-42cd-b650-6b18d1ff8a9d tempest-TaggedBootDevicesTest-1976585342 tempest-TaggedBootDevicesTest-1976585342-project-member] Determining version of request: GET /versions Accept: */* {{(pid=102969) process_request /opt/stack/glance/glance/api/middleware/version_negotiation.py:44}}
Jul 21 14:22:28.897574 np0000005564 devstack@g-api.service[102969]: [pid: 102969|app: 0|req: 22/80] 127.0.0.1 () {44 vars in 1039 bytes} [Tue Jul 21 14:22:28 2026] GET /versions => generated 1515 bytes in 1 msecs (HTTP/1.1 200) 3 headers in 92 bytes (1 switches on core 0)
Jul 21 14:22:28.903461 np0000005564 devstack@g-api.service[102970]: DEBUG glance.api.middleware.version_negotiation [None req-e39f6dfe-af7e-42cd-b650-6b18d1ff8a9d tempest-TaggedBootDevicesTest-1976585342 tempest-TaggedBootDevicesTest-1976585342-project-member] Determining version of request: GET /v2/images/aade448c-0a54-4b6b-91c4-fcc60e92bd20/locations Accept: */* {{(pid=102970) process_request /opt/stack/glance/glance/api/middleware/version_negotiation.py:44}}
Jul 21 14:22:28.903927 np0000005564 devstack@g-api.service[102970]: DEBUG glance.api.middleware.version_negotiation [None req-e39f6dfe-af7e-42cd-b650-6b18d1ff8a9d tempest-TaggedBootDevicesTest-1976585342 tempest-TaggedBootDevicesTest-1976585342-project-member] Using url versioning {{(pid=102970) process_request /opt/stack/glance/glance/api/middleware/version_negotiation.py:57}}
Jul 21 14:22:28.903927 np0000005564 devstack@g-api.service[102970]: DEBUG glance.api.middleware.version_negotiation [None req-e39f6dfe-af7e-42cd-b650-6b18d1ff8a9d tempest-TaggedBootDevicesTest-1976585342 tempest-TaggedBootDevicesTest-1976585342-project-member] Matched version: v2 {{(pid=102970) process_request /opt/stack/glance/glance/api/middleware/version_negotiation.py:69}}
Jul 21 14:22:28.903927 np0000005564 devstack@g-api.service[102970]: DEBUG glance.api.middleware.version_negotiation [None req-e39f6dfe-af7e-42cd-b650-6b18d1ff8a9d tempest-TaggedBootDevicesTest-1976585342 tempest-TaggedBootDevicesTest-1976585342-project-member] new path /v2/images/aade448c-0a54-4b6b-91c4-fcc60e92bd20/locations {{(pid=102970) process_request /opt/stack/glance/glance/api/middleware/version_negotiation.py:70}}
Jul 21 14:22:29.240798 np0000005564 devstack@g-api.service[102971]: DEBUG glance.location [None req-2d85d8da-f7a7-41ac-b7fb-eb741aac8383 tempest-ServerBootFromVolumeStableRescueTest-1166980473 tempest-ServerBootFromVolumeStableRescueTest-1166980473-project-member] Enabling in-flight format inspection for qcow2 {{(pid=102971) set_data /opt/stack/glance/glance/location.py:596}}
Jul 21 14:22:29.241312 np0000005564 devstack@g-api.service[102971]: DEBUG glance_store.backend [None req-2d85d8da-f7a7-41ac-b7fb-eb741aac8383 tempest-ServerBootFromVolumeStableRescueTest-1166980473 tempest-ServerBootFromVolumeStableRescueTest-1166980473-project-member] Attempting to import store swift {{(pid=102971) _load_store /opt/stack/data/venv/lib/python3.12/site-packages/glance_store/backend.py:215}}
Jul 21 14:22:29.242651 np0000005564 devstack@g-api.service[102971]: DEBUG glance_store.capabilities [None req-2d85d8da-f7a7-41ac-b7fb-eb741aac8383 tempest-ServerBootFromVolumeStableRescueTest-1166980473 tempest-ServerBootFromVolumeStableRescueTest-1166980473-project-member] Store glance_store._drivers.swift.store.SingleTenantStore doesn't support updating dynamic storage capabilities. Please overwrite 'update_capabilities' method of the store to implement updating logics if needed. {{(pid=102971) update_capabilities /opt/stack/data/venv/lib/python3.12/site-packages/glance_store/capabilities.py:91}}
Jul 21 14:22:29.243149 np0000005564 devstack@g-api.service[102971]: DEBUG glance_store.driver [None req-2d85d8da-f7a7-41ac-b7fb-eb741aac8383 tempest-ServerBootFromVolumeStableRescueTest-1166980473 tempest-ServerBootFromVolumeStableRescueTest-1166980473-project-member] Late loading location class glance_store._drivers.swift.store.StoreLocation {{(pid=102971) get_store_location_class /opt/stack/data/venv/lib/python3.12/site-packages/glance_store/driver.py:134}}
Jul 21 14:22:29.243337 np0000005564 devstack@g-api.service[102971]: DEBUG glance_store.location [None req-2d85d8da-f7a7-41ac-b7fb-eb741aac8383 tempest-ServerBootFromVolumeStableRescueTest-1166980473 tempest-ServerBootFromVolumeStableRescueTest-1166980473-project-member] Registering scheme swift+https with {'store': , 'location_class': , 'store_entry': 'swift'} {{(pid=102971) register_scheme_map /opt/stack/data/venv/lib/python3.12/site-packages/glance_store/location.py:146}}
Jul 21 14:22:29.243538 np0000005564 devstack@g-api.service[102971]: DEBUG glance_store.location [None req-2d85d8da-f7a7-41ac-b7fb-eb741aac8383 tempest-ServerBootFromVolumeStableRescueTest-1166980473 tempest-ServerBootFromVolumeStableRescueTest-1166980473-project-member] Registering scheme swift+https with {'store': , 'location_class': , 'store_entry': 'swift'} {{(pid=102971) register_scheme_map /opt/stack/data/venv/lib/python3.12/site-packages/glance_store/location.py:146}}
Jul 21 14:22:29.243764 np0000005564 devstack@g-api.service[102971]: DEBUG glance_store.location [None req-2d85d8da-f7a7-41ac-b7fb-eb741aac8383 tempest-ServerBootFromVolumeStableRescueTest-1166980473 tempest-ServerBootFromVolumeStableRescueTest-1166980473-project-member] Registering scheme swift with {'store': , 'location_class': , 'store_entry': 'swift'} {{(pid=102971) register_scheme_map /opt/stack/data/venv/lib/python3.12/site-packages/glance_store/location.py:146}}
Jul 21 14:22:29.243906 np0000005564 devstack@g-api.service[102971]: DEBUG glance_store.location [None req-2d85d8da-f7a7-41ac-b7fb-eb741aac8383 tempest-ServerBootFromVolumeStableRescueTest-1166980473 tempest-ServerBootFromVolumeStableRescueTest-1166980473-project-member] Registering scheme swift+https with {'store': , 'location_class': , 'store_entry': 'swift'} {{(pid=102971) register_scheme_map /opt/stack/data/venv/lib/python3.12/site-packages/glance_store/location.py:146}}
Jul 21 14:22:29.244021 np0000005564 devstack@g-api.service[102971]: DEBUG glance_store.location [None req-2d85d8da-f7a7-41ac-b7fb-eb741aac8383 tempest-ServerBootFromVolumeStableRescueTest-1166980473 tempest-ServerBootFromVolumeStableRescueTest-1166980473-project-member] Registering scheme swift with {'store': , 'location_class': , 'store_entry': 'swift'} {{(pid=102971) register_scheme_map /opt/stack/data/venv/lib/python3.12/site-packages/glance_store/location.py:146}}
Jul 21 14:22:29.244163 np0000005564 devstack@g-api.service[102971]: DEBUG glance_store.location [None req-2d85d8da-f7a7-41ac-b7fb-eb741aac8383 tempest-ServerBootFromVolumeStableRescueTest-1166980473 tempest-ServerBootFromVolumeStableRescueTest-1166980473-project-member] Registering scheme swift+http with {'store': , 'location_class': , 'store_entry': 'swift'} {{(pid=102971) register_scheme_map /opt/stack/data/venv/lib/python3.12/site-packages/glance_store/location.py:146}}
Jul 21 14:22:29.244304 np0000005564 devstack@g-api.service[102971]: DEBUG glance_store.location [None req-2d85d8da-f7a7-41ac-b7fb-eb741aac8383 tempest-ServerBootFromVolumeStableRescueTest-1166980473 tempest-ServerBootFromVolumeStableRescueTest-1166980473-project-member] Registering scheme swift+https with {'store': , 'location_class': , 'store_entry': 'swift'} {{(pid=102971) register_scheme_map /opt/stack/data/venv/lib/python3.12/site-packages/glance_store/location.py:146}}
Jul 21 14:22:29.244442 np0000005564 devstack@g-api.service[102971]: DEBUG glance_store.location [None req-2d85d8da-f7a7-41ac-b7fb-eb741aac8383 tempest-ServerBootFromVolumeStableRescueTest-1166980473 tempest-ServerBootFromVolumeStableRescueTest-1166980473-project-member] Registering scheme swift with {'store': , 'location_class': , 'store_entry': 'swift'} {{(pid=102971) register_scheme_map /opt/stack/data/venv/lib/python3.12/site-packages/glance_store/location.py:146}}
Jul 21 14:22:29.244558 np0000005564 devstack@g-api.service[102971]: DEBUG glance_store.location [None req-2d85d8da-f7a7-41ac-b7fb-eb741aac8383 tempest-ServerBootFromVolumeStableRescueTest-1166980473 tempest-ServerBootFromVolumeStableRescueTest-1166980473-project-member] Registering scheme swift+http with {'store': , 'location_class': , 'store_entry': 'swift'} {{(pid=102971) register_scheme_map /opt/stack/data/venv/lib/python3.12/site-packages/glance_store/location.py:146}}
Jul 21 14:22:29.244653 np0000005564 devstack@g-api.service[102971]: DEBUG glance_store.location [None req-2d85d8da-f7a7-41ac-b7fb-eb741aac8383 tempest-ServerBootFromVolumeStableRescueTest-1166980473 tempest-ServerBootFromVolumeStableRescueTest-1166980473-project-member] Registering scheme swift+config with {'store': , 'location_class': , 'store_entry': 'swift'} {{(pid=102971) register_scheme_map /opt/stack/data/venv/lib/python3.12/site-packages/glance_store/location.py:146}}
Jul 21 14:22:29.245333 np0000005564 devstack@g-api.service[102970]: [pid: 102970|app: 0|req: 23/81] 127.0.0.1 () {44 vars in 1135 bytes} [Tue Jul 21 14:22:28 2026] GET /v2/images/aade448c-0a54-4b6b-91c4-fcc60e92bd20/locations => generated 92 bytes in 342 msecs (HTTP/1.1 200) 4 headers in 156 bytes (1 switches on core 0)
Jul 21 14:22:29.252910 np0000005564 devstack@g-api.service[102972]: DEBUG glance.api.middleware.version_negotiation [None req-17af3220-8194-412f-a705-7f79927ea2ea tempest-ServerBootFromVolumeStableRescueTest-1166980473 tempest-ServerBootFromVolumeStableRescueTest-1166980473-project-member] Determining version of request: GET /v2/images/aade448c-0a54-4b6b-91c4-fcc60e92bd20 Accept: */* {{(pid=102972) process_request /opt/stack/glance/glance/api/middleware/version_negotiation.py:44}}
Jul 21 14:22:29.253313 np0000005564 devstack@g-api.service[102972]: DEBUG glance.api.middleware.version_negotiation [None req-17af3220-8194-412f-a705-7f79927ea2ea tempest-ServerBootFromVolumeStableRescueTest-1166980473 tempest-ServerBootFromVolumeStableRescueTest-1166980473-project-member] Using url versioning {{(pid=102972) process_request /opt/stack/glance/glance/api/middleware/version_negotiation.py:57}}
Jul 21 14:22:29.253313 np0000005564 devstack@g-api.service[102972]: DEBUG glance.api.middleware.version_negotiation [None req-17af3220-8194-412f-a705-7f79927ea2ea tempest-ServerBootFromVolumeStableRescueTest-1166980473 tempest-ServerBootFromVolumeStableRescueTest-1166980473-project-member] Matched version: v2 {{(pid=102972) process_request /opt/stack/glance/glance/api/middleware/version_negotiation.py:69}}
Jul 21 14:22:29.253384 np0000005564 devstack@g-api.service[102972]: DEBUG glance.api.middleware.version_negotiation [None req-17af3220-8194-412f-a705-7f79927ea2ea tempest-ServerBootFromVolumeStableRescueTest-1166980473 tempest-ServerBootFromVolumeStableRescueTest-1166980473-project-member] new path /v2/images/aade448c-0a54-4b6b-91c4-fcc60e92bd20 {{(pid=102972) process_request /opt/stack/glance/glance/api/middleware/version_negotiation.py:70}}
Jul 21 14:22:29.265012 np0000005564 devstack@g-api.service[102972]: [pid: 102972|app: 0|req: 21/82] 127.0.0.1 () {44 vars in 1115 bytes} [Tue Jul 21 14:22:29 2026] GET /v2/images/aade448c-0a54-4b6b-91c4-fcc60e92bd20 => generated 1044 bytes in 12 msecs (HTTP/1.1 200) 4 headers in 158 bytes (1 switches on core 0)
Jul 21 14:22:29.272575 np0000005564 devstack@g-api.service[102969]: DEBUG glance.api.middleware.version_negotiation [None req-e39f6dfe-af7e-42cd-b650-6b18d1ff8a9d tempest-TaggedBootDevicesTest-1976585342 tempest-TaggedBootDevicesTest-1976585342-project-member] Determining version of request: GET /v2/schemas/image Accept: */* {{(pid=102969) process_request /opt/stack/glance/glance/api/middleware/version_negotiation.py:44}}
Jul 21 14:22:29.272740 np0000005564 devstack@g-api.service[102969]: DEBUG glance.api.middleware.version_negotiation [None req-e39f6dfe-af7e-42cd-b650-6b18d1ff8a9d tempest-TaggedBootDevicesTest-1976585342 tempest-TaggedBootDevicesTest-1976585342-project-member] Using url versioning {{(pid=102969) process_request /opt/stack/glance/glance/api/middleware/version_negotiation.py:57}}
Jul 21 14:22:29.272880 np0000005564 devstack@g-api.service[102969]: DEBUG glance.api.middleware.version_negotiation [None req-e39f6dfe-af7e-42cd-b650-6b18d1ff8a9d tempest-TaggedBootDevicesTest-1976585342 tempest-TaggedBootDevicesTest-1976585342-project-member] Matched version: v2 {{(pid=102969) process_request /opt/stack/glance/glance/api/middleware/version_negotiation.py:69}}
Jul 21 14:22:29.272970 np0000005564 devstack@g-api.service[102969]: DEBUG glance.api.middleware.version_negotiation [None req-e39f6dfe-af7e-42cd-b650-6b18d1ff8a9d tempest-TaggedBootDevicesTest-1976585342 tempest-TaggedBootDevicesTest-1976585342-project-member] new path /v2/schemas/image {{(pid=102969) process_request /opt/stack/glance/glance/api/middleware/version_negotiation.py:70}}
Jul 21 14:22:29.275136 np0000005564 devstack@g-api.service[102969]: [pid: 102969|app: 0|req: 23/83] 127.0.0.1 () {44 vars in 1055 bytes} [Tue Jul 21 14:22:29 2026] GET /v2/schemas/image => generated 6083 bytes in 2 msecs (HTTP/1.1 200) 4 headers in 158 bytes (1 switches on core 0)
Jul 21 14:22:29.282584 np0000005564 devstack@g-api.service[102970]: DEBUG glance.api.middleware.version_negotiation [None req-e39f6dfe-af7e-42cd-b650-6b18d1ff8a9d service glance] Determining version of request: GET /v2/schemas/image Accept: */* {{(pid=102970) process_request /opt/stack/glance/glance/api/middleware/version_negotiation.py:44}}
Jul 21 14:22:29.282736 np0000005564 devstack@g-api.service[102970]: DEBUG glance.api.middleware.version_negotiation [None req-e39f6dfe-af7e-42cd-b650-6b18d1ff8a9d service glance] Using url versioning {{(pid=102970) process_request /opt/stack/glance/glance/api/middleware/version_negotiation.py:57}}
Jul 21 14:22:29.282845 np0000005564 devstack@g-api.service[102970]: DEBUG glance.api.middleware.version_negotiation [None req-e39f6dfe-af7e-42cd-b650-6b18d1ff8a9d service glance] Matched version: v2 {{(pid=102970) process_request /opt/stack/glance/glance/api/middleware/version_negotiation.py:69}}
Jul 21 14:22:29.282954 np0000005564 devstack@g-api.service[102970]: DEBUG glance.api.middleware.version_negotiation [None req-e39f6dfe-af7e-42cd-b650-6b18d1ff8a9d service glance] new path /v2/schemas/image {{(pid=102970) process_request /opt/stack/glance/glance/api/middleware/version_negotiation.py:70}}
Jul 21 14:22:29.284991 np0000005564 devstack@g-api.service[102970]: [pid: 102970|app: 0|req: 24/84] 127.0.0.1 () {44 vars in 1055 bytes} [Tue Jul 21 14:22:29 2026] GET /v2/schemas/image => generated 6083 bytes in 2 msecs (HTTP/1.1 200) 4 headers in 158 bytes (1 switches on core 0)
Jul 21 14:22:29.317949 np0000005564 devstack@g-api.service[102972]: DEBUG glance.api.middleware.version_negotiation [None req-e39f6dfe-af7e-42cd-b650-6b18d1ff8a9d tempest-TaggedBootDevicesTest-1976585342 tempest-TaggedBootDevicesTest-1976585342-project-member] Determining version of request: GET /v2/images/aade448c-0a54-4b6b-91c4-fcc60e92bd20 Accept: */* {{(pid=102972) process_request /opt/stack/glance/glance/api/middleware/version_negotiation.py:44}}
Jul 21 14:22:29.318163 np0000005564 devstack@g-api.service[102972]: DEBUG glance.api.middleware.version_negotiation [None req-e39f6dfe-af7e-42cd-b650-6b18d1ff8a9d tempest-TaggedBootDevicesTest-1976585342 tempest-TaggedBootDevicesTest-1976585342-project-member] Using url versioning {{(pid=102972) process_request /opt/stack/glance/glance/api/middleware/version_negotiation.py:57}}
Jul 21 14:22:29.318329 np0000005564 devstack@g-api.service[102972]: DEBUG glance.api.middleware.version_negotiation [None req-e39f6dfe-af7e-42cd-b650-6b18d1ff8a9d tempest-TaggedBootDevicesTest-1976585342 tempest-TaggedBootDevicesTest-1976585342-project-member] Matched version: v2 {{(pid=102972) process_request /opt/stack/glance/glance/api/middleware/version_negotiation.py:69}}
Jul 21 14:22:29.318464 np0000005564 devstack@g-api.service[102972]: DEBUG glance.api.middleware.version_negotiation [None req-e39f6dfe-af7e-42cd-b650-6b18d1ff8a9d tempest-TaggedBootDevicesTest-1976585342 tempest-TaggedBootDevicesTest-1976585342-project-member] new path /v2/images/aade448c-0a54-4b6b-91c4-fcc60e92bd20 {{(pid=102972) process_request /opt/stack/glance/glance/api/middleware/version_negotiation.py:70}}
Jul 21 14:22:29.328995 np0000005564 devstack@g-api.service[102972]: [pid: 102972|app: 0|req: 22/85] 127.0.0.1 () {44 vars in 1115 bytes} [Tue Jul 21 14:22:29 2026] GET /v2/images/aade448c-0a54-4b6b-91c4-fcc60e92bd20 => generated 1044 bytes in 11 msecs (HTTP/1.1 200) 4 headers in 158 bytes (1 switches on core 0)
Jul 21 14:22:29.337339 np0000005564 devstack@g-api.service[102969]: DEBUG glance.api.middleware.version_negotiation [None req-e39f6dfe-af7e-42cd-b650-6b18d1ff8a9d tempest-TaggedBootDevicesTest-1976585342 tempest-TaggedBootDevicesTest-1976585342-project-member] Determining version of request: GET /v2/images/aade448c-0a54-4b6b-91c4-fcc60e92bd20/file Accept: */* {{(pid=102969) process_request /opt/stack/glance/glance/api/middleware/version_negotiation.py:44}}
Jul 21 14:22:29.337477 np0000005564 devstack@g-api.service[102969]: DEBUG glance.api.middleware.version_negotiation [None req-e39f6dfe-af7e-42cd-b650-6b18d1ff8a9d tempest-TaggedBootDevicesTest-1976585342 tempest-TaggedBootDevicesTest-1976585342-project-member] Using url versioning {{(pid=102969) process_request /opt/stack/glance/glance/api/middleware/version_negotiation.py:57}}
Jul 21 14:22:29.337625 np0000005564 devstack@g-api.service[102969]: DEBUG glance.api.middleware.version_negotiation [None req-e39f6dfe-af7e-42cd-b650-6b18d1ff8a9d tempest-TaggedBootDevicesTest-1976585342 tempest-TaggedBootDevicesTest-1976585342-project-member] Matched version: v2 {{(pid=102969) process_request /opt/stack/glance/glance/api/middleware/version_negotiation.py:69}}
Jul 21 14:22:29.337721 np0000005564 devstack@g-api.service[102969]: DEBUG glance.api.middleware.version_negotiation [None req-e39f6dfe-af7e-42cd-b650-6b18d1ff8a9d tempest-TaggedBootDevicesTest-1976585342 tempest-TaggedBootDevicesTest-1976585342-project-member] new path /v2/images/aade448c-0a54-4b6b-91c4-fcc60e92bd20/file {{(pid=102969) process_request /opt/stack/glance/glance/api/middleware/version_negotiation.py:70}}
Jul 21 14:22:29.347457 np0000005564 devstack@g-api.service[102969]: DEBUG glance.api.middleware.cache [None req-e39f6dfe-af7e-42cd-b650-6b18d1ff8a9d tempest-TaggedBootDevicesTest-1976585342 tempest-TaggedBootDevicesTest-1976585342-project-member] Cache hit for image 'aade448c-0a54-4b6b-91c4-fcc60e92bd20' {{(pid=102969) process_request /opt/stack/glance/glance/api/middleware/cache.py:160}}
Jul 21 14:22:29.406260 np0000005564 devstack@g-api.service[102969]: [pid: 102969|app: 0|req: 24/86] 127.0.0.1 () {44 vars in 1125 bytes} [Tue Jul 21 14:22:29 2026] GET /v2/images/aade448c-0a54-4b6b-91c4-fcc60e92bd20/file => generated 21692416 bytes in 68 msecs (HTTP/1.1 200) 5 headers in 217 bytes (338 switches on core 0)
Jul 21 14:22:29.513681 np0000005564 devstack@g-api.service[102970]: DEBUG glance.api.middleware.version_negotiation [None req-e39f6dfe-af7e-42cd-b650-6b18d1ff8a9d tempest-TaggedBootDevicesTest-1976585342 tempest-TaggedBootDevicesTest-1976585342-project-member] Determining version of request: GET /v2/images/aade448c-0a54-4b6b-91c4-fcc60e92bd20 Accept: */* {{(pid=102970) process_request /opt/stack/glance/glance/api/middleware/version_negotiation.py:44}}
Jul 21 14:22:29.513845 np0000005564 devstack@g-api.service[102970]: DEBUG glance.api.middleware.version_negotiation [None req-e39f6dfe-af7e-42cd-b650-6b18d1ff8a9d tempest-TaggedBootDevicesTest-1976585342 tempest-TaggedBootDevicesTest-1976585342-project-member] Using url versioning {{(pid=102970) process_request /opt/stack/glance/glance/api/middleware/version_negotiation.py:57}}
Jul 21 14:22:29.514016 np0000005564 devstack@g-api.service[102970]: DEBUG glance.api.middleware.version_negotiation [None req-e39f6dfe-af7e-42cd-b650-6b18d1ff8a9d tempest-TaggedBootDevicesTest-1976585342 tempest-TaggedBootDevicesTest-1976585342-project-member] Matched version: v2 {{(pid=102970) process_request /opt/stack/glance/glance/api/middleware/version_negotiation.py:69}}
Jul 21 14:22:29.514155 np0000005564 devstack@g-api.service[102970]: DEBUG glance.api.middleware.version_negotiation [None req-e39f6dfe-af7e-42cd-b650-6b18d1ff8a9d tempest-TaggedBootDevicesTest-1976585342 tempest-TaggedBootDevicesTest-1976585342-project-member] new path /v2/images/aade448c-0a54-4b6b-91c4-fcc60e92bd20 {{(pid=102970) process_request /opt/stack/glance/glance/api/middleware/version_negotiation.py:70}}
Jul 21 14:22:29.523099 np0000005564 devstack@g-api.service[102970]: [pid: 102970|app: 0|req: 25/87] 127.0.0.1 () {44 vars in 1115 bytes} [Tue Jul 21 14:22:29 2026] GET /v2/images/aade448c-0a54-4b6b-91c4-fcc60e92bd20 => generated 1044 bytes in 9 msecs (HTTP/1.1 200) 4 headers in 158 bytes (1 switches on core 0)
Jul 21 14:22:29.531127 np0000005564 devstack@g-api.service[102972]: DEBUG glance.api.middleware.version_negotiation [None req-e39f6dfe-af7e-42cd-b650-6b18d1ff8a9d tempest-TaggedBootDevicesTest-1976585342 tempest-TaggedBootDevicesTest-1976585342-project-member] Determining version of request: GET /v2/schemas/image Accept: */* {{(pid=102972) process_request /opt/stack/glance/glance/api/middleware/version_negotiation.py:44}}
Jul 21 14:22:29.531305 np0000005564 devstack@g-api.service[102972]: DEBUG glance.api.middleware.version_negotiation [None req-e39f6dfe-af7e-42cd-b650-6b18d1ff8a9d tempest-TaggedBootDevicesTest-1976585342 tempest-TaggedBootDevicesTest-1976585342-project-member] Using url versioning {{(pid=102972) process_request /opt/stack/glance/glance/api/middleware/version_negotiation.py:57}}
Jul 21 14:22:29.531430 np0000005564 devstack@g-api.service[102972]: DEBUG glance.api.middleware.version_negotiation [None req-e39f6dfe-af7e-42cd-b650-6b18d1ff8a9d tempest-TaggedBootDevicesTest-1976585342 tempest-TaggedBootDevicesTest-1976585342-project-member] Matched version: v2 {{(pid=102972) process_request /opt/stack/glance/glance/api/middleware/version_negotiation.py:69}}
Jul 21 14:22:29.531519 np0000005564 devstack@g-api.service[102972]: DEBUG glance.api.middleware.version_negotiation [None req-e39f6dfe-af7e-42cd-b650-6b18d1ff8a9d tempest-TaggedBootDevicesTest-1976585342 tempest-TaggedBootDevicesTest-1976585342-project-member] new path /v2/schemas/image {{(pid=102972) process_request /opt/stack/glance/glance/api/middleware/version_negotiation.py:70}}
Jul 21 14:22:29.533897 np0000005564 devstack@g-api.service[102972]: [pid: 102972|app: 0|req: 23/88] 127.0.0.1 () {44 vars in 1055 bytes} [Tue Jul 21 14:22:29 2026] GET /v2/schemas/image => generated 6083 bytes in 3 msecs (HTTP/1.1 200) 4 headers in 158 bytes (1 switches on core 0)
Jul 21 14:22:29.634554 np0000005564 devstack@g-api.service[102971]: DEBUG swiftclient [None req-2d85d8da-f7a7-41ac-b7fb-eb741aac8383 tempest-ServerBootFromVolumeStableRescueTest-1166980473 tempest-ServerBootFromVolumeStableRescueTest-1166980473-project-member] REQ: curl -i https://10.4.3.182:8080/v1/AUTH_10f2cd572adf430e9f8e3ef88f97fa30/glance -I -H "X-Auth-Token: gAAAAABqX4ClEPGS..." {{(pid=102971) http_log /opt/stack/data/venv/lib/python3.12/site-packages/swiftclient/client.py:160}}
Jul 21 14:22:29.634554 np0000005564 devstack@g-api.service[102971]: DEBUG swiftclient [None req-2d85d8da-f7a7-41ac-b7fb-eb741aac8383 tempest-ServerBootFromVolumeStableRescueTest-1166980473 tempest-ServerBootFromVolumeStableRescueTest-1166980473-project-member] RESP STATUS: 204 No Content {{(pid=102971) http_log /opt/stack/data/venv/lib/python3.12/site-packages/swiftclient/client.py:161}}
Jul 21 14:22:29.634554 np0000005564 devstack@g-api.service[102971]: DEBUG swiftclient [None req-2d85d8da-f7a7-41ac-b7fb-eb741aac8383 tempest-ServerBootFromVolumeStableRescueTest-1166980473 tempest-ServerBootFromVolumeStableRescueTest-1166980473-project-member] RESP HEADERS: {'Date': 'Tue, 21 Jul 2026 14:22:29 GMT', 'Server': 'Apache/2.4.58 (Ubuntu)', 'Content-Type': 'text/plain; charset=utf-8', 'X-Container-Object-Count': '5', 'X-Container-Bytes-Used': '86048768', 'X-Timestamp': '1784643606.79557', 'Last-Modified': 'Tue, 21 Jul 2026 14:20:07 GMT', 'Accept-Ranges': 'bytes', 'X-Storage-Policy': 'Policy-0', 'X-Container-Sharding': 'False', 'Vary': 'Accept', 'X-Trans-Id': 'txca4c76af8cc2457a8068b-006a5f80a5', 'X-Openstack-Request-Id': 'txca4c76af8cc2457a8068b-006a5f80a5', 'Connection': 'close'} {{(pid=102971) http_log /opt/stack/data/venv/lib/python3.12/site-packages/swiftclient/client.py:162}}
Jul 21 14:22:29.634663 np0000005564 devstack@g-api.service[102971]: DEBUG glance_store._drivers.swift.store [None req-2d85d8da-f7a7-41ac-b7fb-eb741aac8383 tempest-ServerBootFromVolumeStableRescueTest-1166980473 tempest-ServerBootFromVolumeStableRescueTest-1166980473-project-member] Adding image object '9b0bf3ae-68a4-44d9-8994-5fc44b87b63a' to Swift {{(pid=102971) add /opt/stack/data/venv/lib/python3.12/site-packages/glance_store/_drivers/swift/store.py:970}}
Jul 21 14:22:29.634663 np0000005564 devstack@g-api.service[102971]: DEBUG glance_store._drivers.swift.store [None req-2d85d8da-f7a7-41ac-b7fb-eb741aac8383 tempest-ServerBootFromVolumeStableRescueTest-1166980473 tempest-ServerBootFromVolumeStableRescueTest-1166980473-project-member] Cannot determine image size because it is either not provided in the request or chunked-transfer encoding is used. Adding image as a segmented object to Swift. {{(pid=102971) add /opt/stack/data/venv/lib/python3.12/site-packages/glance_store/_drivers/swift/store.py:994}}
Jul 21 14:22:29.640205 np0000005564 devstack@g-api.service[102971]: DEBUG oslo_utils.imageutils.format_inspector [None req-2d85d8da-f7a7-41ac-b7fb-eb741aac8383 tempest-ServerBootFromVolumeStableRescueTest-1166980473 tempest-ServerBootFromVolumeStableRescueTest-1166980473-project-member] Format inspector for vmdk does not match, excluding from consideration (Signature KDMV not found: b'QFI\xfb') {{(pid=102971) _process_chunk /opt/stack/data/venv/lib/python3.12/site-packages/oslo_utils/imageutils/format_inspector.py:1758}}
Jul 21 14:22:29.643442 np0000005564 devstack@g-api.service[102971]: DEBUG oslo_utils.imageutils.format_inspector [None req-2d85d8da-f7a7-41ac-b7fb-eb741aac8383 tempest-ServerBootFromVolumeStableRescueTest-1166980473 tempest-ServerBootFromVolumeStableRescueTest-1166980473-project-member] Format inspector for vhdx does not match, excluding from consideration (Region signature not found at 30000) {{(pid=102971) _process_chunk /opt/stack/data/venv/lib/python3.12/site-packages/oslo_utils/imageutils/format_inspector.py:1758}}
Jul 21 14:22:29.713420 np0000005564 devstack@g-api.service[102969]: DEBUG glance.api.middleware.version_negotiation [None req-e39f6dfe-af7e-42cd-b650-6b18d1ff8a9d tempest-TaggedBootDevicesTest-1976585342 tempest-TaggedBootDevicesTest-1976585342-project-member] Determining version of request: GET /v2/images/9b0bf3ae-68a4-44d9-8994-5fc44b87b63a Accept: application/json {{(pid=102969) process_request /opt/stack/glance/glance/api/middleware/version_negotiation.py:44}}
Jul 21 14:22:29.713553 np0000005564 devstack@g-api.service[102969]: DEBUG glance.api.middleware.version_negotiation [None req-e39f6dfe-af7e-42cd-b650-6b18d1ff8a9d tempest-TaggedBootDevicesTest-1976585342 tempest-TaggedBootDevicesTest-1976585342-project-member] Using url versioning {{(pid=102969) process_request /opt/stack/glance/glance/api/middleware/version_negotiation.py:57}}
Jul 21 14:22:29.713685 np0000005564 devstack@g-api.service[102969]: DEBUG glance.api.middleware.version_negotiation [None req-e39f6dfe-af7e-42cd-b650-6b18d1ff8a9d tempest-TaggedBootDevicesTest-1976585342 tempest-TaggedBootDevicesTest-1976585342-project-member] Matched version: v2 {{(pid=102969) process_request /opt/stack/glance/glance/api/middleware/version_negotiation.py:69}}
Jul 21 14:22:29.714090 np0000005564 devstack@g-api.service[102969]: DEBUG glance.api.middleware.version_negotiation [None req-e39f6dfe-af7e-42cd-b650-6b18d1ff8a9d tempest-TaggedBootDevicesTest-1976585342 tempest-TaggedBootDevicesTest-1976585342-project-member] new path /v2/images/9b0bf3ae-68a4-44d9-8994-5fc44b87b63a {{(pid=102969) process_request /opt/stack/glance/glance/api/middleware/version_negotiation.py:70}}
Jul 21 14:22:29.737455 np0000005564 devstack@g-api.service[102969]: [pid: 102969|app: 0|req: 25/89] 127.0.0.1 () {40 vars in 838 bytes} [Tue Jul 21 14:22:29 2026] GET /v2/images/9b0bf3ae-68a4-44d9-8994-5fc44b87b63a => generated 1471 bytes in 24 msecs (HTTP/1.1 200) 4 headers in 158 bytes (1 switches on core 0)
Jul 21 14:22:29.935238 np0000005564 devstack@g-api.service[102971]: DEBUG swiftclient [None req-2d85d8da-f7a7-41ac-b7fb-eb741aac8383 tempest-ServerBootFromVolumeStableRescueTest-1166980473 tempest-ServerBootFromVolumeStableRescueTest-1166980473-project-member] REQ: curl -i https://10.4.3.182:8080/v1/AUTH_10f2cd572adf430e9f8e3ef88f97fa30/glance/9b0bf3ae-68a4-44d9-8994-5fc44b87b63a-00001 -X PUT -H "X-Auth-Token: gAAAAABqX4ClEPGS..." {{(pid=102971) http_log /opt/stack/data/venv/lib/python3.12/site-packages/swiftclient/client.py:160}}
Jul 21 14:22:29.935371 np0000005564 devstack@g-api.service[102971]: DEBUG swiftclient [None req-2d85d8da-f7a7-41ac-b7fb-eb741aac8383 tempest-ServerBootFromVolumeStableRescueTest-1166980473 tempest-ServerBootFromVolumeStableRescueTest-1166980473-project-member] RESP STATUS: 201 Created {{(pid=102971) http_log /opt/stack/data/venv/lib/python3.12/site-packages/swiftclient/client.py:161}}
Jul 21 14:22:29.935591 np0000005564 devstack@g-api.service[102971]: DEBUG swiftclient [None req-2d85d8da-f7a7-41ac-b7fb-eb741aac8383 tempest-ServerBootFromVolumeStableRescueTest-1166980473 tempest-ServerBootFromVolumeStableRescueTest-1166980473-project-member] RESP HEADERS: {'Date': 'Tue, 21 Jul 2026 14:22:29 GMT', 'Server': 'Apache/2.4.58 (Ubuntu)', 'Content-Type': 'text/html; charset=UTF-8', 'Content-Length': '0', 'Etag': '4fa343ee581d8d2e78533191fd1ac3e1', 'Last-Modified': 'Tue, 21 Jul 2026 14:22:30 GMT', 'X-Trans-Id': 'txbadc18bbe71e438e96d6a-006a5f80a5', 'X-Openstack-Request-Id': 'txbadc18bbe71e438e96d6a-006a5f80a5', 'Connection': 'close'} {{(pid=102971) http_log /opt/stack/data/venv/lib/python3.12/site-packages/swiftclient/client.py:162}}
Jul 21 14:22:29.935591 np0000005564 devstack@g-api.service[102971]: DEBUG glance_store._drivers.swift.store [None req-2d85d8da-f7a7-41ac-b7fb-eb741aac8383 tempest-ServerBootFromVolumeStableRescueTest-1166980473 tempest-ServerBootFromVolumeStableRescueTest-1166980473-project-member] Wrote chunk 9b0bf3ae-68a4-44d9-8994-5fc44b87b63a-00001 (1/?) of length 23527424 to Swift returning MD5 of content: 4fa343ee581d8d2e78533191fd1ac3e1 {{(pid=102971) add /opt/stack/data/venv/lib/python3.12/site-packages/glance_store/_drivers/swift/store.py:1059}}
Jul 21 14:22:29.935858 np0000005564 devstack@g-api.service[102971]: DEBUG glance_store._drivers.swift.store [None req-2d85d8da-f7a7-41ac-b7fb-eb741aac8383 tempest-ServerBootFromVolumeStableRescueTest-1166980473 tempest-ServerBootFromVolumeStableRescueTest-1166980473-project-member] Not writing zero-length chunk. {{(pid=102971) add /opt/stack/data/venv/lib/python3.12/site-packages/glance_store/_drivers/swift/store.py:1028}}
Jul 21 14:22:29.969073 np0000005564 devstack@g-api.service[102971]: DEBUG swiftclient [None req-2d85d8da-f7a7-41ac-b7fb-eb741aac8383 tempest-ServerBootFromVolumeStableRescueTest-1166980473 tempest-ServerBootFromVolumeStableRescueTest-1166980473-project-member] REQ: curl -i https://10.4.3.182:8080/v1/AUTH_10f2cd572adf430e9f8e3ef88f97fa30/glance/9b0bf3ae-68a4-44d9-8994-5fc44b87b63a -X PUT -H "X-Object-Manifest: glance/9b0bf3ae-68a4-44d9-8994-5fc44b87b63a-" -H "X-Auth-Token: gAAAAABqX4ClEPGS..." -H "Content-Length: 0" {{(pid=102971) http_log /opt/stack/data/venv/lib/python3.12/site-packages/swiftclient/client.py:160}}
Jul 21 14:22:29.969263 np0000005564 devstack@g-api.service[102971]: DEBUG swiftclient [None req-2d85d8da-f7a7-41ac-b7fb-eb741aac8383 tempest-ServerBootFromVolumeStableRescueTest-1166980473 tempest-ServerBootFromVolumeStableRescueTest-1166980473-project-member] RESP STATUS: 201 Created {{(pid=102971) http_log /opt/stack/data/venv/lib/python3.12/site-packages/swiftclient/client.py:161}}
Jul 21 14:22:29.969316 np0000005564 devstack@g-api.service[102971]: DEBUG swiftclient [None req-2d85d8da-f7a7-41ac-b7fb-eb741aac8383 tempest-ServerBootFromVolumeStableRescueTest-1166980473 tempest-ServerBootFromVolumeStableRescueTest-1166980473-project-member] RESP HEADERS: {'Date': 'Tue, 21 Jul 2026 14:22:29 GMT', 'Server': 'Apache/2.4.58 (Ubuntu)', 'Content-Type': 'text/html; charset=UTF-8', 'Content-Length': '0', 'Etag': 'd41d8cd98f00b204e9800998ecf8427e', 'Last-Modified': 'Tue, 21 Jul 2026 14:22:30 GMT', 'X-Trans-Id': 'tx02f92897de5541058a3f2-006a5f80a5', 'X-Openstack-Request-Id': 'tx02f92897de5541058a3f2-006a5f80a5', 'Connection': 'close'} {{(pid=102971) http_log /opt/stack/data/venv/lib/python3.12/site-packages/swiftclient/client.py:162}}
Jul 21 14:22:29.969750 np0000005564 devstack@g-api.service[102971]: INFO glance.location [None req-2d85d8da-f7a7-41ac-b7fb-eb741aac8383 tempest-ServerBootFromVolumeStableRescueTest-1166980473 tempest-ServerBootFromVolumeStableRescueTest-1166980473-project-member] Image format matched and virtual size computed: 1073741824
Jul 21 14:22:30.001406 np0000005564 devstack@g-api.service[102971]: DEBUG glance_store.backend [None req-2d85d8da-f7a7-41ac-b7fb-eb741aac8383 tempest-ServerBootFromVolumeStableRescueTest-1166980473 tempest-ServerBootFromVolumeStableRescueTest-1166980473-project-member] Attempting to import store swift {{(pid=102971) _load_store /opt/stack/data/venv/lib/python3.12/site-packages/glance_store/backend.py:215}}
Jul 21 14:22:30.002553 np0000005564 devstack@g-api.service[102971]: DEBUG glance_store.capabilities [None req-2d85d8da-f7a7-41ac-b7fb-eb741aac8383 tempest-ServerBootFromVolumeStableRescueTest-1166980473 tempest-ServerBootFromVolumeStableRescueTest-1166980473-project-member] Store glance_store._drivers.swift.store.SingleTenantStore doesn't support updating dynamic storage capabilities. Please overwrite 'update_capabilities' method of the store to implement updating logics if needed. {{(pid=102971) update_capabilities /opt/stack/data/venv/lib/python3.12/site-packages/glance_store/capabilities.py:91}}
Jul 21 14:22:30.002648 np0000005564 devstack@g-api.service[102971]: DEBUG glance_store.driver [None req-2d85d8da-f7a7-41ac-b7fb-eb741aac8383 tempest-ServerBootFromVolumeStableRescueTest-1166980473 tempest-ServerBootFromVolumeStableRescueTest-1166980473-project-member] Late loading location class glance_store._drivers.swift.store.StoreLocation {{(pid=102971) get_store_location_class /opt/stack/data/venv/lib/python3.12/site-packages/glance_store/driver.py:134}}
Jul 21 14:22:30.002729 np0000005564 devstack@g-api.service[102971]: DEBUG glance_store.location [None req-2d85d8da-f7a7-41ac-b7fb-eb741aac8383 tempest-ServerBootFromVolumeStableRescueTest-1166980473 tempest-ServerBootFromVolumeStableRescueTest-1166980473-project-member] Registering scheme swift+https with {'store': , 'location_class': , 'store_entry': 'swift'} {{(pid=102971) register_scheme_map /opt/stack/data/venv/lib/python3.12/site-packages/glance_store/location.py:146}}
