Jul 21 14:21:53.474337 np0000005564 devstack@n-api.service[87463]: DEBUG oslo_concurrency.lockutils [None req-9701f7a5-85a4-42ed-9987-0205db412cab tempest-ServerActionsTestOtherA-1263857978 tempest-ServerActionsTestOtherA-1263857978-project-member] Lock "4da5a129-2688-44e3-a6a3-df068419b466" "released" by "nova.context.set_target_cell..get_or_set_cached_cell_and_set_connections" :: held 0.000s {{(pid=87463) inner /opt/stack/data/venv/lib/python3.12/site-packages/oslo_concurrency/lockutils.py:544}}
Jul 21 14:21:53.474843 np0000005564 devstack@n-api.service[87463]: DEBUG oslo_concurrency.lockutils [None req-9701f7a5-85a4-42ed-9987-0205db412cab tempest-ServerActionsTestOtherA-1263857978 tempest-ServerActionsTestOtherA-1263857978-project-member] Acquiring lock "4da5a129-2688-44e3-a6a3-df068419b466" by "nova.context.set_target_cell..get_or_set_cached_cell_and_set_connections" {{(pid=87463) inner /opt/stack/data/venv/lib/python3.12/site-packages/oslo_concurrency/lockutils.py:512}}
Jul 21 14:21:53.475236 np0000005564 devstack@n-api.service[87463]: DEBUG oslo_concurrency.lockutils [None req-9701f7a5-85a4-42ed-9987-0205db412cab tempest-ServerActionsTestOtherA-1263857978 tempest-ServerActionsTestOtherA-1263857978-project-member] Lock "4da5a129-2688-44e3-a6a3-df068419b466" acquired by "nova.context.set_target_cell..get_or_set_cached_cell_and_set_connections" :: waited 0.000s {{(pid=87463) inner /opt/stack/data/venv/lib/python3.12/site-packages/oslo_concurrency/lockutils.py:525}}
Jul 21 14:21:53.475551 np0000005564 devstack@n-api.service[87463]: DEBUG oslo_concurrency.lockutils [None req-9701f7a5-85a4-42ed-9987-0205db412cab tempest-ServerActionsTestOtherA-1263857978 tempest-ServerActionsTestOtherA-1263857978-project-member] Lock "4da5a129-2688-44e3-a6a3-df068419b466" "released" by "nova.context.set_target_cell..get_or_set_cached_cell_and_set_connections" :: held 0.000s {{(pid=87463) inner /opt/stack/data/venv/lib/python3.12/site-packages/oslo_concurrency/lockutils.py:544}}
Jul 21 14:21:53.502867 np0000005564 devstack@n-api.service[87463]: WARNING neutronclient.v2_0.client [None req-9701f7a5-85a4-42ed-9987-0205db412cab tempest-ServerActionsTestOtherA-1263857978 tempest-ServerActionsTestOtherA-1263857978-project-member] The python binding code in neutronclient is deprecated in favor of OpenstackSDK, please use that as this will be removed in a future release.
Jul 21 14:21:53.836660 np0000005564 devstack@n-api.service[87465]: DEBUG nova.policy [None req-3a8d7435-5c61-406c-970b-0de2fc74749d tempest-DeleteServersTestJSON-1477712935 tempest-DeleteServersTestJSON-1477712935-project-member] Policy check for os_compute_api:os-extended-server-attributes failed with credentials {'is_admin': False, 'user_id': 'f97d4592dd6648c8bca47e6926e79070', 'user_domain_id': 'default', 'system_scope': None, 'domain_id': None, 'project_id': 'bd770a2a92464871949603470900990b', 'project_domain_id': 'default', 'roles': ['member', 'reader'], 'is_admin_project': True, 'service_user_id': None, 'service_user_domain_id': None, 'service_project_id': None, 'service_project_domain_id': None, 'service_roles': []} {{(pid=87465) authorize /opt/stack/nova/nova/policy.py:192}}
Jul 21 14:21:53.848213 np0000005564 devstack@n-api.service[87465]: INFO nova.api.openstack.requestlog [None req-3a8d7435-5c61-406c-970b-0de2fc74749d tempest-DeleteServersTestJSON-1477712935 tempest-DeleteServersTestJSON-1477712935-project-member] 10.4.3.182 "GET /compute/v2.1/servers/01a8cf39-963f-425e-ae01-b9e582dea3b2" status: 200 len: 1313 microversion: 2.1 time: 1.218923
Jul 21 14:21:53.848479 np0000005564 devstack@n-api.service[87465]: [pid: 87465|app: 0|req: 14/52] 10.4.3.182 () {66 vars in 1354 bytes} [Tue Jul 21 14:21:52 2026] GET /compute/v2.1/servers/01a8cf39-963f-425e-ae01-b9e582dea3b2 => generated 1313 bytes in 1220 msecs (HTTP/1.1 200) 9 headers in 358 bytes (1 switches on core 0)
Jul 21 14:21:53.878607 np0000005564 devstack@n-api.service[87464]: DEBUG nova.policy [None req-7c46d569-df5d-40aa-b3b5-8fbfd467069c tempest-ServerRescueNegativeTestJSON-1944884970 tempest-ServerRescueNegativeTestJSON-1944884970-project-member] Policy check for os_compute_api:os-extended-server-attributes failed with credentials {'is_admin': False, 'user_id': '02df1bc1cae246098f3984a7cce9d5b8', 'user_domain_id': 'default', 'system_scope': None, 'domain_id': None, 'project_id': '4633d1ab98e74779acc7c1673161bb25', 'project_domain_id': 'default', 'roles': ['member', 'reader'], 'is_admin_project': True, 'service_user_id': None, 'service_user_domain_id': None, 'service_project_id': None, 'service_project_domain_id': None, 'service_roles': []} {{(pid=87464) authorize /opt/stack/nova/nova/policy.py:192}}
Jul 21 14:21:53.892078 np0000005564 devstack@n-api.service[87464]: INFO nova.api.openstack.requestlog [None req-7c46d569-df5d-40aa-b3b5-8fbfd467069c tempest-ServerRescueNegativeTestJSON-1944884970 tempest-ServerRescueNegativeTestJSON-1944884970-project-member] 10.4.3.182 "GET /compute/v2.1/servers/43f88630-7f4f-45cd-bf64-65ff8a27966a" status: 200 len: 1320 microversion: 2.1 time: 1.100842
Jul 21 14:21:53.893361 np0000005564 devstack@n-api.service[87464]: [pid: 87464|app: 0|req: 13/53] 10.4.3.182 () {66 vars in 1354 bytes} [Tue Jul 21 14:21:52 2026] GET /compute/v2.1/servers/43f88630-7f4f-45cd-bf64-65ff8a27966a => generated 1320 bytes in 1102 msecs (HTTP/1.1 200) 9 headers in 358 bytes (1 switches on core 0)
Jul 21 14:21:54.238914 np0000005564 devstack@n-api.service[87466]: DEBUG nova.api.openstack.wsgi [None req-a8587565-b661-42a6-98fb-59c0188c7330 tempest-VolumesAdminNegativeTest-920122599 tempest-VolumesAdminNegativeTest-920122599-project-member] Action: 'create', calling method: >, body: {"server": {"name": "tempest-VolumesAdminNegativeTest-server-1971478953", "imageRef": "aade448c-0a54-4b6b-91c4-fcc60e92bd20", "flavorRef": "42", "networks": [{"uuid": "a74d27ab-152e-4b93-b46a-4117169e2944"}]}} {{(pid=87466) _process_stack /opt/stack/nova/nova/api/openstack/wsgi.py:549}}
Jul 21 14:21:54.257786 np0000005564 devstack@n-api.service[87463]: DEBUG nova.policy [None req-9701f7a5-85a4-42ed-9987-0205db412cab tempest-ServerActionsTestOtherA-1263857978 tempest-ServerActionsTestOtherA-1263857978-project-member] Policy check for os_compute_api:os-extended-server-attributes failed with credentials {'is_admin': False, 'user_id': 'dd28943cd891457ba1816e4ae5385782', 'user_domain_id': 'default', 'system_scope': None, 'domain_id': None, 'project_id': 'c9e451ac943c4b85b33fc9b5950a813a', 'project_domain_id': 'default', 'roles': ['member', 'reader'], 'is_admin_project': True, 'service_user_id': None, 'service_user_domain_id': None, 'service_project_id': None, 'service_project_domain_id': None, 'service_roles': []} {{(pid=87463) authorize /opt/stack/nova/nova/policy.py:192}}
Jul 21 14:21:54.275767 np0000005564 devstack@n-api.service[87463]: INFO nova.api.openstack.requestlog [None req-9701f7a5-85a4-42ed-9987-0205db412cab tempest-ServerActionsTestOtherA-1263857978 tempest-ServerActionsTestOtherA-1263857978-project-member] 10.4.3.182 "GET /compute/v2.1/servers/66072c99-0ee9-4af7-baba-4a38c4ba9fc4" status: 200 len: 1364 microversion: 2.1 time: 0.809952
Jul 21 14:21:54.276189 np0000005564 devstack@n-api.service[87463]: [pid: 87463|app: 0|req: 15/54] 10.4.3.182 () {66 vars in 1354 bytes} [Tue Jul 21 14:21:53 2026] GET /compute/v2.1/servers/66072c99-0ee9-4af7-baba-4a38c4ba9fc4 => generated 1364 bytes in 810 msecs (HTTP/1.1 200) 9 headers in 358 bytes (1 switches on core 0)
Jul 21 14:21:54.317312 np0000005564 devstack@n-api.service[87464]: DEBUG nova.api.openstack.wsgi [req-39639348-eb2a-4089-b5e9-3aac189726f7 req-01b3b94b-9bc1-4c6c-afeb-bce6c9bc6f88 service nova] Action: 'create', calling method: >, body: {"events": [{"server_uuid": "57542402-6e2f-4c3a-b042-8a858f5a3eac", "name": "network-vif-plugged", "status": "completed", "tag": "1665adf6-75ad-42ae-8684-f5cb2091ca23"}]} {{(pid=87464) _process_stack /opt/stack/nova/nova/api/openstack/wsgi.py:549}}
Jul 21 14:21:54.332285 np0000005564 devstack@n-api.service[87464]: DEBUG oslo_concurrency.lockutils [req-39639348-eb2a-4089-b5e9-3aac189726f7 req-01b3b94b-9bc1-4c6c-afeb-bce6c9bc6f88 service nova] Acquiring lock "4da5a129-2688-44e3-a6a3-df068419b466" by "nova.context.set_target_cell..get_or_set_cached_cell_and_set_connections" {{(pid=87464) inner /opt/stack/data/venv/lib/python3.12/site-packages/oslo_concurrency/lockutils.py:512}}
Jul 21 14:21:54.333077 np0000005564 devstack@n-api.service[87464]: DEBUG oslo_concurrency.lockutils [req-39639348-eb2a-4089-b5e9-3aac189726f7 req-01b3b94b-9bc1-4c6c-afeb-bce6c9bc6f88 service nova] Lock "4da5a129-2688-44e3-a6a3-df068419b466" acquired by "nova.context.set_target_cell..get_or_set_cached_cell_and_set_connections" :: waited 0.001s {{(pid=87464) inner /opt/stack/data/venv/lib/python3.12/site-packages/oslo_concurrency/lockutils.py:525}}
Jul 21 14:21:54.333229 np0000005564 devstack@n-api.service[87464]: DEBUG oslo_concurrency.lockutils [req-39639348-eb2a-4089-b5e9-3aac189726f7 req-01b3b94b-9bc1-4c6c-afeb-bce6c9bc6f88 service nova] Lock "4da5a129-2688-44e3-a6a3-df068419b466" "released" by "nova.context.set_target_cell..get_or_set_cached_cell_and_set_connections" :: held 0.000s {{(pid=87464) inner /opt/stack/data/venv/lib/python3.12/site-packages/oslo_concurrency/lockutils.py:544}}
Jul 21 14:21:54.340467 np0000005564 devstack@n-api.service[87464]: INFO nova.api.openstack.compute.server_external_events [req-39639348-eb2a-4089-b5e9-3aac189726f7 req-01b3b94b-9bc1-4c6c-afeb-bce6c9bc6f88 service nova] Creating event network-vif-plugged:1665adf6-75ad-42ae-8684-f5cb2091ca23 for instance 57542402-6e2f-4c3a-b042-8a858f5a3eac on np0000005564
Jul 21 14:21:54.340914 np0000005564 devstack@n-api.service[87464]: DEBUG nova.compute.rpcapi [req-39639348-eb2a-4089-b5e9-3aac189726f7 req-01b3b94b-9bc1-4c6c-afeb-bce6c9bc6f88 service nova] RPC: Sending the message to topic: compute-alt {{(pid=87464) prepare_for_alt_rpcserver /opt/stack/nova/nova/compute/rpcapi.py:595}}
Jul 21 14:21:54.348998 np0000005564 devstack@n-api.service[87464]: INFO nova.api.openstack.requestlog [req-39639348-eb2a-4089-b5e9-3aac189726f7 req-01b3b94b-9bc1-4c6c-afeb-bce6c9bc6f88 service nova] 10.4.3.182 "POST /compute/v2.1/os-server-external-events" status: 200 len: 183 microversion: 2.1 time: 0.033882
Jul 21 14:21:54.349385 np0000005564 devstack@n-api.service[87464]: [pid: 87464|app: 0|req: 14/55] 10.4.3.182 () {72 vars in 1432 bytes} [Tue Jul 21 14:21:54 2026] POST /compute/v2.1/os-server-external-events => generated 183 bytes in 34 msecs (HTTP/1.1 200) 9 headers in 357 bytes (1 switches on core 0)
Jul 21 14:21:54.363608 np0000005564 devstack@n-api.service[87466]: DEBUG oslo_concurrency.lockutils [None req-a8587565-b661-42a6-98fb-59c0188c7330 tempest-VolumesAdminNegativeTest-920122599 tempest-VolumesAdminNegativeTest-920122599-project-member] Acquiring lock "00000000-0000-0000-0000-000000000000" by "nova.context.set_target_cell..get_or_set_cached_cell_and_set_connections" {{(pid=87466) inner /opt/stack/data/venv/lib/python3.12/site-packages/oslo_concurrency/lockutils.py:512}}
Jul 21 14:21:54.364033 np0000005564 devstack@n-api.service[87466]: DEBUG oslo_concurrency.lockutils [None req-a8587565-b661-42a6-98fb-59c0188c7330 tempest-VolumesAdminNegativeTest-920122599 tempest-VolumesAdminNegativeTest-920122599-project-member] Lock "00000000-0000-0000-0000-000000000000" acquired by "nova.context.set_target_cell..get_or_set_cached_cell_and_set_connections" :: waited 0.000s {{(pid=87466) inner /opt/stack/data/venv/lib/python3.12/site-packages/oslo_concurrency/lockutils.py:525}}
Jul 21 14:21:54.364436 np0000005564 devstack@n-api.service[87466]: DEBUG oslo_concurrency.lockutils [None req-a8587565-b661-42a6-98fb-59c0188c7330 tempest-VolumesAdminNegativeTest-920122599 tempest-VolumesAdminNegativeTest-920122599-project-member] Lock "00000000-0000-0000-0000-000000000000" "released" by "nova.context.set_target_cell..get_or_set_cached_cell_and_set_connections" :: held 0.000s {{(pid=87466) inner /opt/stack/data/venv/lib/python3.12/site-packages/oslo_concurrency/lockutils.py:544}}
Jul 21 14:21:54.365450 np0000005564 devstack@n-api.service[87466]: DEBUG oslo_concurrency.lockutils [None req-a8587565-b661-42a6-98fb-59c0188c7330 tempest-VolumesAdminNegativeTest-920122599 tempest-VolumesAdminNegativeTest-920122599-project-member] Acquiring lock "4da5a129-2688-44e3-a6a3-df068419b466" by "nova.context.set_target_cell..get_or_set_cached_cell_and_set_connections" {{(pid=87466) inner /opt/stack/data/venv/lib/python3.12/site-packages/oslo_concurrency/lockutils.py:512}}
Jul 21 14:21:54.365450 np0000005564 devstack@n-api.service[87466]: DEBUG oslo_concurrency.lockutils [None req-a8587565-b661-42a6-98fb-59c0188c7330 tempest-VolumesAdminNegativeTest-920122599 tempest-VolumesAdminNegativeTest-920122599-project-member] Lock "4da5a129-2688-44e3-a6a3-df068419b466" acquired by "nova.context.set_target_cell..get_or_set_cached_cell_and_set_connections" :: waited 0.000s {{(pid=87466) inner /opt/stack/data/venv/lib/python3.12/site-packages/oslo_concurrency/lockutils.py:525}}
Jul 21 14:21:54.365450 np0000005564 devstack@n-api.service[87466]: DEBUG oslo_concurrency.lockutils [None req-a8587565-b661-42a6-98fb-59c0188c7330 tempest-VolumesAdminNegativeTest-920122599 tempest-VolumesAdminNegativeTest-920122599-project-member] Lock "4da5a129-2688-44e3-a6a3-df068419b466" "released" by "nova.context.set_target_cell..get_or_set_cached_cell_and_set_connections" :: held 0.000s {{(pid=87466) inner /opt/stack/data/venv/lib/python3.12/site-packages/oslo_concurrency/lockutils.py:544}}
Jul 21 14:21:54.380550 np0000005564 devstack@n-api.service[87466]: DEBUG nova.network.neutron [None req-a8587565-b661-42a6-98fb-59c0188c7330 tempest-VolumesAdminNegativeTest-920122599 tempest-VolumesAdminNegativeTest-920122599-project-member] validate_networks() for [('a74d27ab-152e-4b93-b46a-4117169e2944', None, None, None, None, None)] {{(pid=87466) validate_networks /opt/stack/nova/nova/network/neutron.py:2686}}
Jul 21 14:21:54.380919 np0000005564 devstack@n-api.service[87466]: WARNING neutronclient.v2_0.client [None req-a8587565-b661-42a6-98fb-59c0188c7330 tempest-VolumesAdminNegativeTest-920122599 tempest-VolumesAdminNegativeTest-920122599-project-member] The python binding code in neutronclient is deprecated in favor of OpenstackSDK, please use that as this will be removed in a future release.
Jul 21 14:21:54.566548 np0000005564 devstack@n-api.service[87463]: DEBUG nova.api.openstack.wsgi [req-66890551-bdb5-4b0d-9719-a0ae34beea3a req-b4f3fefc-2f21-4d21-b493-7123f2927b06 service nova] Action: 'create', calling method: >, body: {"events": [{"name": "network-changed", "server_uuid": "43f88630-7f4f-45cd-bf64-65ff8a27966a", "tag": "368a48a7-0626-4cad-8ed4-20698623dac4"}]} {{(pid=87463) _process_stack /opt/stack/nova/nova/api/openstack/wsgi.py:549}}
Jul 21 14:21:54.576866 np0000005564 devstack@n-api.service[87463]: DEBUG oslo_concurrency.lockutils [req-66890551-bdb5-4b0d-9719-a0ae34beea3a req-b4f3fefc-2f21-4d21-b493-7123f2927b06 service nova] Acquiring lock "4da5a129-2688-44e3-a6a3-df068419b466" by "nova.context.set_target_cell..get_or_set_cached_cell_and_set_connections" {{(pid=87463) inner /opt/stack/data/venv/lib/python3.12/site-packages/oslo_concurrency/lockutils.py:512}}
Jul 21 14:21:54.577077 np0000005564 devstack@n-api.service[87463]: DEBUG oslo_concurrency.lockutils [req-66890551-bdb5-4b0d-9719-a0ae34beea3a req-b4f3fefc-2f21-4d21-b493-7123f2927b06 service nova] Lock "4da5a129-2688-44e3-a6a3-df068419b466" acquired by "nova.context.set_target_cell..get_or_set_cached_cell_and_set_connections" :: waited 0.000s {{(pid=87463) inner /opt/stack/data/venv/lib/python3.12/site-packages/oslo_concurrency/lockutils.py:525}}
Jul 21 14:21:54.577235 np0000005564 devstack@n-api.service[87463]: DEBUG oslo_concurrency.lockutils [req-66890551-bdb5-4b0d-9719-a0ae34beea3a req-b4f3fefc-2f21-4d21-b493-7123f2927b06 service nova] Lock "4da5a129-2688-44e3-a6a3-df068419b466" "released" by "nova.context.set_target_cell..get_or_set_cached_cell_and_set_connections" :: held 0.000s {{(pid=87463) inner /opt/stack/data/venv/lib/python3.12/site-packages/oslo_concurrency/lockutils.py:544}}
Jul 21 14:21:54.587655 np0000005564 devstack@n-api.service[87463]: INFO nova.api.openstack.compute.server_external_events [req-66890551-bdb5-4b0d-9719-a0ae34beea3a req-b4f3fefc-2f21-4d21-b493-7123f2927b06 service nova] Creating event network-changed:368a48a7-0626-4cad-8ed4-20698623dac4 for instance 43f88630-7f4f-45cd-bf64-65ff8a27966a on np0000005564
Jul 21 14:21:54.588500 np0000005564 devstack@n-api.service[87463]: DEBUG nova.compute.rpcapi [req-66890551-bdb5-4b0d-9719-a0ae34beea3a req-b4f3fefc-2f21-4d21-b493-7123f2927b06 service nova] RPC: Sending the message to topic: compute-alt {{(pid=87463) prepare_for_alt_rpcserver /opt/stack/nova/nova/compute/rpcapi.py:595}}
Jul 21 14:21:54.593896 np0000005564 devstack@n-api.service[87463]: INFO nova.api.openstack.requestlog [req-66890551-bdb5-4b0d-9719-a0ae34beea3a req-b4f3fefc-2f21-4d21-b493-7123f2927b06 service nova] 10.4.3.182 "POST /compute/v2.1/os-server-external-events" status: 200 len: 179 microversion: 2.1 time: 0.215510
Jul 21 14:21:54.594035 np0000005564 devstack@n-api.service[87463]: [pid: 87463|app: 0|req: 16/56] 10.4.3.182 () {72 vars in 1432 bytes} [Tue Jul 21 14:21:54 2026] POST /compute/v2.1/os-server-external-events => generated 179 bytes in 216 msecs (HTTP/1.1 200) 9 headers in 357 bytes (1 switches on core 0)
Jul 21 14:21:54.621461 np0000005564 devstack@n-api.service[87465]: DEBUG nova.api.openstack.wsgi [None req-62ff6457-95ca-46e1-b86b-656dc7fcff57 tempest-VolumesAssistedSnapshotsTest-1340368141 tempest-VolumesAssistedSnapshotsTest-1340368141-project-member] Action: 'create', calling method: >, body: {"keypair": {"name": "tempest-keypair-1992662121", "public_key": "ecdsa-sha2-nistp384 AAAAE2VjZHNhLXNoYTItbmlzdHAzODQAAAAIbmlzdHAzODQAAABhBKsuwkjBcUgVap92BTLL6tqij4Ej0lJ9v1lAeEJYT6RbfqlJIjeQ7R0R1oTV5pn/807/MUsbG+sgkty5VzEEjya9DxmoWlVtiaXF4MhFjCdp73oCAPhNVzYfVJptquSIaA=="}} {{(pid=87465) _process_stack /opt/stack/nova/nova/api/openstack/wsgi.py:549}}
Jul 21 14:21:54.642916 np0000005564 devstack@n-api.service[87465]: DEBUG nova.quota [None req-62ff6457-95ca-46e1-b86b-656dc7fcff57 tempest-VolumesAssistedSnapshotsTest-1340368141 tempest-VolumesAssistedSnapshotsTest-1340368141-project-member] Getting quotas for project fb7d42c9e0504a5e9e0859094b9c00b3. Resources: {'key_pairs'} {{(pid=87465) _get_quotas /opt/stack/nova/nova/quota.py:389}}
Jul 21 14:21:54.647573 np0000005564 devstack@n-api.service[87465]: DEBUG nova.quota [None req-62ff6457-95ca-46e1-b86b-656dc7fcff57 tempest-VolumesAssistedSnapshotsTest-1340368141 tempest-VolumesAssistedSnapshotsTest-1340368141-project-member] Getting quotas for user 7691cb4b2ac949ac8ab3279209e2d1ed and project fb7d42c9e0504a5e9e0859094b9c00b3. Resources: {'key_pairs'} {{(pid=87465) _get_quotas /opt/stack/nova/nova/quota.py:379}}
Jul 21 14:21:54.676627 np0000005564 devstack@n-api.service[87465]: INFO nova.api.openstack.requestlog [None req-62ff6457-95ca-46e1-b86b-656dc7fcff57 tempest-VolumesAssistedSnapshotsTest-1340368141 tempest-VolumesAssistedSnapshotsTest-1340368141-project-member] 10.4.3.182 "POST /compute/v2.1/os-keypairs" status: 200 len: 386 microversion: 2.1 time: 0.400939
Jul 21 14:21:54.678024 np0000005564 devstack@n-api.service[87465]: [pid: 87465|app: 0|req: 15/57] 10.4.3.182 () {68 vars in 1277 bytes} [Tue Jul 21 14:21:54 2026] POST /compute/v2.1/os-keypairs => generated 386 bytes in 401 msecs (HTTP/1.1 200) 9 headers in 357 bytes (1 switches on core 0)
Jul 21 14:21:54.804018 np0000005564 devstack@n-api.service[87464]: DEBUG nova.api.openstack.wsgi [None req-0a1147a5-6cd2-4f8a-873c-c0c0d8378dc2 tempest-AttachSCSIVolumeTestJSON-646790302 tempest-AttachSCSIVolumeTestJSON-646790302-project-member] Action: 'create', calling method: >, body: {"server": {"name": "tempest-AttachSCSIVolumeTestJSON-server-1157784226", "imageRef": "9123fb86-0ab1-4ea7-bca9-fcdc7044850d", "flavorRef": "42", "config_drive": true, "networks": [{"uuid": "a6fc4692-6e56-4961-968c-63d522ae9bb1"}], "security_groups": [{"name": "tempest-securitygroup--82527320"}], "key_name": "tempest-keypair-236313536", "user_data": "IyEvYmluL3NoCmVjaG8gIlByaW50aW5nIGNpcnJvcyB1c2VyIGF1dGhvcml6ZWQga2V5cyIKY2F0IH5jaXJyb3MvLnNzaC9hdXRob3JpemVkX2tleXMgfHwgdHJ1ZQo="}} {{(pid=87464) _process_stack /opt/stack/nova/nova/api/openstack/wsgi.py:549}}
Jul 21 14:21:54.870645 np0000005564 devstack@n-api.service[87463]: DEBUG nova.api.openstack.wsgi [None req-6c777f77-0d73-4c32-ad83-c3cea47b0c31 tempest-DeleteServersTestJSON-1477712935 tempest-DeleteServersTestJSON-1477712935-project-member] Calling method '>' {{(pid=87463) _process_stack /opt/stack/nova/nova/api/openstack/wsgi.py:551}}
Jul 21 14:21:54.872735 np0000005564 devstack@n-api.service[87463]: DEBUG nova.compute.api [None req-6c777f77-0d73-4c32-ad83-c3cea47b0c31 tempest-DeleteServersTestJSON-1477712935 tempest-DeleteServersTestJSON-1477712935-project-member] [instance: 01a8cf39-963f-425e-ae01-b9e582dea3b2] Fetching instance by UUID {{(pid=87463) get /opt/stack/nova/nova/compute/api.py:3068}}
Jul 21 14:21:54.880705 np0000005564 devstack@n-api.service[87463]: DEBUG oslo_concurrency.lockutils [None req-6c777f77-0d73-4c32-ad83-c3cea47b0c31 tempest-DeleteServersTestJSON-1477712935 tempest-DeleteServersTestJSON-1477712935-project-member] Acquiring lock "4da5a129-2688-44e3-a6a3-df068419b466" by "nova.context.set_target_cell..get_or_set_cached_cell_and_set_connections" {{(pid=87463) inner /opt/stack/data/venv/lib/python3.12/site-packages/oslo_concurrency/lockutils.py:512}}
Jul 21 14:21:54.881007 np0000005564 devstack@n-api.service[87463]: DEBUG oslo_concurrency.lockutils [None req-6c777f77-0d73-4c32-ad83-c3cea47b0c31 tempest-DeleteServersTestJSON-1477712935 tempest-DeleteServersTestJSON-1477712935-project-member] Lock "4da5a129-2688-44e3-a6a3-df068419b466" acquired by "nova.context.set_target_cell..get_or_set_cached_cell_and_set_connections" :: waited 0.000s {{(pid=87463) inner /opt/stack/data/venv/lib/python3.12/site-packages/oslo_concurrency/lockutils.py:525}}
Jul 21 14:21:54.881240 np0000005564 devstack@n-api.service[87463]: DEBUG oslo_concurrency.lockutils [None req-6c777f77-0d73-4c32-ad83-c3cea47b0c31 tempest-DeleteServersTestJSON-1477712935 tempest-DeleteServersTestJSON-1477712935-project-member] Lock "4da5a129-2688-44e3-a6a3-df068419b466" "released" by "nova.context.set_target_cell..get_or_set_cached_cell_and_set_connections" :: held 0.000s {{(pid=87463) inner /opt/stack/data/venv/lib/python3.12/site-packages/oslo_concurrency/lockutils.py:544}}
Jul 21 14:21:54.881715 np0000005564 devstack@n-api.service[87463]: DEBUG oslo_concurrency.lockutils [None req-6c777f77-0d73-4c32-ad83-c3cea47b0c31 tempest-DeleteServersTestJSON-1477712935 tempest-DeleteServersTestJSON-1477712935-project-member] Acquiring lock "4da5a129-2688-44e3-a6a3-df068419b466" by "nova.context.set_target_cell..get_or_set_cached_cell_and_set_connections" {{(pid=87463) inner /opt/stack/data/venv/lib/python3.12/site-packages/oslo_concurrency/lockutils.py:512}}
Jul 21 14:21:54.882173 np0000005564 devstack@n-api.service[87463]: DEBUG oslo_concurrency.lockutils [None req-6c777f77-0d73-4c32-ad83-c3cea47b0c31 tempest-DeleteServersTestJSON-1477712935 tempest-DeleteServersTestJSON-1477712935-project-member] Lock "4da5a129-2688-44e3-a6a3-df068419b466" acquired by "nova.context.set_target_cell..get_or_set_cached_cell_and_set_connections" :: waited 0.000s {{(pid=87463) inner /opt/stack/data/venv/lib/python3.12/site-packages/oslo_concurrency/lockutils.py:525}}
Jul 21 14:21:54.882555 np0000005564 devstack@n-api.service[87463]: DEBUG oslo_concurrency.lockutils [None req-6c777f77-0d73-4c32-ad83-c3cea47b0c31 tempest-DeleteServersTestJSON-1477712935 tempest-DeleteServersTestJSON-1477712935-project-member] Lock "4da5a129-2688-44e3-a6a3-df068419b466" "released" by "nova.context.set_target_cell..get_or_set_cached_cell_and_set_connections" :: held 0.000s {{(pid=87463) inner /opt/stack/data/venv/lib/python3.12/site-packages/oslo_concurrency/lockutils.py:544}}
Jul 21 14:21:54.906907 np0000005564 devstack@n-api.service[87463]: WARNING neutronclient.v2_0.client [None req-6c777f77-0d73-4c32-ad83-c3cea47b0c31 tempest-DeleteServersTestJSON-1477712935 tempest-DeleteServersTestJSON-1477712935-project-member] The python binding code in neutronclient is deprecated in favor of OpenstackSDK, please use that as this will be removed in a future release.
Jul 21 14:21:54.909886 np0000005564 devstack@n-api.service[87465]: DEBUG nova.api.openstack.wsgi [None req-459c435a-60d2-4da6-b804-4e0c193bb33d tempest-ServerRescueNegativeTestJSON-1944884970 tempest-ServerRescueNegativeTestJSON-1944884970-project-member] Calling method '>' {{(pid=87465) _process_stack /opt/stack/nova/nova/api/openstack/wsgi.py:551}}
Jul 21 14:21:54.914760 np0000005564 devstack@n-api.service[87465]: DEBUG nova.compute.api [None req-459c435a-60d2-4da6-b804-4e0c193bb33d tempest-ServerRescueNegativeTestJSON-1944884970 tempest-ServerRescueNegativeTestJSON-1944884970-project-member] [instance: 43f88630-7f4f-45cd-bf64-65ff8a27966a] Fetching instance by UUID {{(pid=87465) get /opt/stack/nova/nova/compute/api.py:3068}}
Jul 21 14:21:54.921805 np0000005564 devstack@n-api.service[87465]: DEBUG oslo_concurrency.lockutils [None req-459c435a-60d2-4da6-b804-4e0c193bb33d tempest-ServerRescueNegativeTestJSON-1944884970 tempest-ServerRescueNegativeTestJSON-1944884970-project-member] Acquiring lock "4da5a129-2688-44e3-a6a3-df068419b466" by "nova.context.set_target_cell..get_or_set_cached_cell_and_set_connections" {{(pid=87465) inner /opt/stack/data/venv/lib/python3.12/site-packages/oslo_concurrency/lockutils.py:512}}
Jul 21 14:21:54.922520 np0000005564 devstack@n-api.service[87465]: DEBUG oslo_concurrency.lockutils [None req-459c435a-60d2-4da6-b804-4e0c193bb33d tempest-ServerRescueNegativeTestJSON-1944884970 tempest-ServerRescueNegativeTestJSON-1944884970-project-member] Lock "4da5a129-2688-44e3-a6a3-df068419b466" acquired by "nova.context.set_target_cell..get_or_set_cached_cell_and_set_connections" :: waited 0.002s {{(pid=87465) inner /opt/stack/data/venv/lib/python3.12/site-packages/oslo_concurrency/lockutils.py:525}}
Jul 21 14:21:54.922866 np0000005564 devstack@n-api.service[87465]: DEBUG oslo_concurrency.lockutils [None req-459c435a-60d2-4da6-b804-4e0c193bb33d tempest-ServerRescueNegativeTestJSON-1944884970 tempest-ServerRescueNegativeTestJSON-1944884970-project-member] Lock "4da5a129-2688-44e3-a6a3-df068419b466" "released" by "nova.context.set_target_cell..get_or_set_cached_cell_and_set_connections" :: held 0.001s {{(pid=87465) inner /opt/stack/data/venv/lib/python3.12/site-packages/oslo_concurrency/lockutils.py:544}}
Jul 21 14:21:54.923788 np0000005564 devstack@n-api.service[87465]: DEBUG oslo_concurrency.lockutils [None req-459c435a-60d2-4da6-b804-4e0c193bb33d tempest-ServerRescueNegativeTestJSON-1944884970 tempest-ServerRescueNegativeTestJSON-1944884970-project-member] Acquiring lock "4da5a129-2688-44e3-a6a3-df068419b466" by "nova.context.set_target_cell..get_or_set_cached_cell_and_set_connections" {{(pid=87465) inner /opt/stack/data/venv/lib/python3.12/site-packages/oslo_concurrency/lockutils.py:512}}
Jul 21 14:21:54.924352 np0000005564 devstack@n-api.service[87465]: DEBUG oslo_concurrency.lockutils [None req-459c435a-60d2-4da6-b804-4e0c193bb33d tempest-ServerRescueNegativeTestJSON-1944884970 tempest-ServerRescueNegativeTestJSON-1944884970-project-member] Lock "4da5a129-2688-44e3-a6a3-df068419b466" acquired by "nova.context.set_target_cell..get_or_set_cached_cell_and_set_connections" :: waited 0.001s {{(pid=87465) inner /opt/stack/data/venv/lib/python3.12/site-packages/oslo_concurrency/lockutils.py:525}}
Jul 21 14:21:54.925741 np0000005564 devstack@n-api.service[87465]: DEBUG oslo_concurrency.lockutils [None req-459c435a-60d2-4da6-b804-4e0c193bb33d tempest-ServerRescueNegativeTestJSON-1944884970 tempest-ServerRescueNegativeTestJSON-1944884970-project-member] Lock "4da5a129-2688-44e3-a6a3-df068419b466" "released" by "nova.context.set_target_cell..get_or_set_cached_cell_and_set_connections" :: held 0.000s {{(pid=87465) inner /opt/stack/data/venv/lib/python3.12/site-packages/oslo_concurrency/lockutils.py:544}}
Jul 21 14:21:54.938377 np0000005564 devstack@n-api.service[87464]: DEBUG oslo_concurrency.lockutils [None req-0a1147a5-6cd2-4f8a-873c-c0c0d8378dc2 tempest-AttachSCSIVolumeTestJSON-646790302 tempest-AttachSCSIVolumeTestJSON-646790302-project-member] Acquiring lock "00000000-0000-0000-0000-000000000000" by "nova.context.set_target_cell..get_or_set_cached_cell_and_set_connections" {{(pid=87464) inner /opt/stack/data/venv/lib/python3.12/site-packages/oslo_concurrency/lockutils.py:512}}
Jul 21 14:21:54.938835 np0000005564 devstack@n-api.service[87464]: DEBUG oslo_concurrency.lockutils [None req-0a1147a5-6cd2-4f8a-873c-c0c0d8378dc2 tempest-AttachSCSIVolumeTestJSON-646790302 tempest-AttachSCSIVolumeTestJSON-646790302-project-member] Lock "00000000-0000-0000-0000-000000000000" acquired by "nova.context.set_target_cell..get_or_set_cached_cell_and_set_connections" :: waited 0.001s {{(pid=87464) inner /opt/stack/data/venv/lib/python3.12/site-packages/oslo_concurrency/lockutils.py:525}}
Jul 21 14:21:54.939279 np0000005564 devstack@n-api.service[87464]: DEBUG oslo_concurrency.lockutils [None req-0a1147a5-6cd2-4f8a-873c-c0c0d8378dc2 tempest-AttachSCSIVolumeTestJSON-646790302 tempest-AttachSCSIVolumeTestJSON-646790302-project-member] Lock "00000000-0000-0000-0000-000000000000" "released" by "nova.context.set_target_cell..get_or_set_cached_cell_and_set_connections" :: held 0.000s {{(pid=87464) inner /opt/stack/data/venv/lib/python3.12/site-packages/oslo_concurrency/lockutils.py:544}}
Jul 21 14:21:54.940022 np0000005564 devstack@n-api.service[87464]: DEBUG oslo_concurrency.lockutils [None req-0a1147a5-6cd2-4f8a-873c-c0c0d8378dc2 tempest-AttachSCSIVolumeTestJSON-646790302 tempest-AttachSCSIVolumeTestJSON-646790302-project-member] Acquiring lock "4da5a129-2688-44e3-a6a3-df068419b466" by "nova.context.set_target_cell..get_or_set_cached_cell_and_set_connections" {{(pid=87464) inner /opt/stack/data/venv/lib/python3.12/site-packages/oslo_concurrency/lockutils.py:512}}
Jul 21 14:21:54.940524 np0000005564 devstack@n-api.service[87464]: DEBUG oslo_concurrency.lockutils [None req-0a1147a5-6cd2-4f8a-873c-c0c0d8378dc2 tempest-AttachSCSIVolumeTestJSON-646790302 tempest-AttachSCSIVolumeTestJSON-646790302-project-member] Lock "4da5a129-2688-44e3-a6a3-df068419b466" acquired by "nova.context.set_target_cell..get_or_set_cached_cell_and_set_connections" :: waited 0.001s {{(pid=87464) inner /opt/stack/data/venv/lib/python3.12/site-packages/oslo_concurrency/lockutils.py:525}}
Jul 21 14:21:54.940904 np0000005564 devstack@n-api.service[87464]: DEBUG oslo_concurrency.lockutils [None req-0a1147a5-6cd2-4f8a-873c-c0c0d8378dc2 tempest-AttachSCSIVolumeTestJSON-646790302 tempest-AttachSCSIVolumeTestJSON-646790302-project-member] Lock "4da5a129-2688-44e3-a6a3-df068419b466" "released" by "nova.context.set_target_cell..get_or_set_cached_cell_and_set_connections" :: held 0.000s {{(pid=87464) inner /opt/stack/data/venv/lib/python3.12/site-packages/oslo_concurrency/lockutils.py:544}}
Jul 21 14:21:54.952677 np0000005564 devstack@n-api.service[87465]: WARNING neutronclient.v2_0.client [None req-459c435a-60d2-4da6-b804-4e0c193bb33d tempest-ServerRescueNegativeTestJSON-1944884970 tempest-ServerRescueNegativeTestJSON-1944884970-project-member] The python binding code in neutronclient is deprecated in favor of OpenstackSDK, please use that as this will be removed in a future release.
Jul 21 14:21:54.958997 np0000005564 devstack@n-api.service[87464]: WARNING neutronclient.v2_0.client [None req-0a1147a5-6cd2-4f8a-873c-c0c0d8378dc2 tempest-AttachSCSIVolumeTestJSON-646790302 tempest-AttachSCSIVolumeTestJSON-646790302-project-member] The python binding code in neutronclient is deprecated in favor of OpenstackSDK, please use that as this will be removed in a future release.
Jul 21 14:21:55.178492 np0000005564 devstack@n-api.service[87464]: DEBUG nova.network.neutron [None req-0a1147a5-6cd2-4f8a-873c-c0c0d8378dc2 tempest-AttachSCSIVolumeTestJSON-646790302 tempest-AttachSCSIVolumeTestJSON-646790302-project-member] validate_networks() for [('a6fc4692-6e56-4961-968c-63d522ae9bb1', None, None, None, None, None)] {{(pid=87464) validate_networks /opt/stack/nova/nova/network/neutron.py:2686}}
Jul 21 14:21:55.178933 np0000005564 devstack@n-api.service[87464]: WARNING neutronclient.v2_0.client [None req-0a1147a5-6cd2-4f8a-873c-c0c0d8378dc2 tempest-AttachSCSIVolumeTestJSON-646790302 tempest-AttachSCSIVolumeTestJSON-646790302-project-member] The python binding code in neutronclient is deprecated in favor of OpenstackSDK, please use that as this will be removed in a future release.
Jul 21 14:21:55.208804 np0000005564 devstack@n-api.service[87466]: WARNING neutronclient.v2_0.client [None req-a8587565-b661-42a6-98fb-59c0188c7330 tempest-VolumesAdminNegativeTest-920122599 tempest-VolumesAdminNegativeTest-920122599-project-member] The python binding code in neutronclient is deprecated in favor of OpenstackSDK, please use that as this will be removed in a future release.
Jul 21 14:21:55.300071 np0000005564 devstack@n-api.service[87463]: DEBUG nova.policy [None req-6c777f77-0d73-4c32-ad83-c3cea47b0c31 tempest-DeleteServersTestJSON-1477712935 tempest-DeleteServersTestJSON-1477712935-project-member] Policy check for os_compute_api:os-extended-server-attributes failed with credentials {'is_admin': False, 'user_id': 'f97d4592dd6648c8bca47e6926e79070', 'user_domain_id': 'default', 'system_scope': None, 'domain_id': None, 'project_id': 'bd770a2a92464871949603470900990b', 'project_domain_id': 'default', 'roles': ['member', 'reader'], 'is_admin_project': True, 'service_user_id': None, 'service_user_domain_id': None, 'service_project_id': None, 'service_project_domain_id': None, 'service_roles': []} {{(pid=87463) authorize /opt/stack/nova/nova/policy.py:192}}
Jul 21 14:21:55.310614 np0000005564 devstack@n-api.service[87463]: INFO nova.api.openstack.requestlog [None req-6c777f77-0d73-4c32-ad83-c3cea47b0c31 tempest-DeleteServersTestJSON-1477712935 tempest-DeleteServersTestJSON-1477712935-project-member] 10.4.3.182 "GET /compute/v2.1/servers/01a8cf39-963f-425e-ae01-b9e582dea3b2" status: 200 len: 1313 microversion: 2.1 time: 0.444651
Jul 21 14:21:55.311023 np0000005564 devstack@n-api.service[87463]: [pid: 87463|app: 0|req: 17/58] 10.4.3.182 () {66 vars in 1354 bytes} [Tue Jul 21 14:21:54 2026] GET /compute/v2.1/servers/01a8cf39-963f-425e-ae01-b9e582dea3b2 => generated 1313 bytes in 445 msecs (HTTP/1.1 200) 9 headers in 358 bytes (1 switches on core 0)
Jul 21 14:21:55.313383 np0000005564 devstack@n-api.service[87463]: DEBUG nova.api.openstack.wsgi [None req-90fe79ff-5104-42cf-9ddc-9e6d64973a59 tempest-ServerActionsTestOtherA-1263857978 tempest-ServerActionsTestOtherA-1263857978-project-member] Calling method '>' {{(pid=87463) _process_stack /opt/stack/nova/nova/api/openstack/wsgi.py:551}}
Jul 21 14:21:55.314704 np0000005564 devstack@n-api.service[87463]: DEBUG nova.compute.api [None req-90fe79ff-5104-42cf-9ddc-9e6d64973a59 tempest-ServerActionsTestOtherA-1263857978 tempest-ServerActionsTestOtherA-1263857978-project-member] [instance: 66072c99-0ee9-4af7-baba-4a38c4ba9fc4] Fetching instance by UUID {{(pid=87463) get /opt/stack/nova/nova/compute/api.py:3068}}
Jul 21 14:21:55.321400 np0000005564 devstack@n-api.service[87463]: DEBUG oslo_concurrency.lockutils [None req-90fe79ff-5104-42cf-9ddc-9e6d64973a59 tempest-ServerActionsTestOtherA-1263857978 tempest-ServerActionsTestOtherA-1263857978-project-member] Acquiring lock "4da5a129-2688-44e3-a6a3-df068419b466" by "nova.context.set_target_cell..get_or_set_cached_cell_and_set_connections" {{(pid=87463) inner /opt/stack/data/venv/lib/python3.12/site-packages/oslo_concurrency/lockutils.py:512}}
Jul 21 14:21:55.321565 np0000005564 devstack@n-api.service[87463]: DEBUG oslo_concurrency.lockutils [None req-90fe79ff-5104-42cf-9ddc-9e6d64973a59 tempest-ServerActionsTestOtherA-1263857978 tempest-ServerActionsTestOtherA-1263857978-project-member] Lock "4da5a129-2688-44e3-a6a3-df068419b466" acquired by "nova.context.set_target_cell..get_or_set_cached_cell_and_set_connections" :: waited 0.000s {{(pid=87463) inner /opt/stack/data/venv/lib/python3.12/site-packages/oslo_concurrency/lockutils.py:525}}
Jul 21 14:21:55.321789 np0000005564 devstack@n-api.service[87463]: DEBUG oslo_concurrency.lockutils [None req-90fe79ff-5104-42cf-9ddc-9e6d64973a59 tempest-ServerActionsTestOtherA-1263857978 tempest-ServerActionsTestOtherA-1263857978-project-member] Lock "4da5a129-2688-44e3-a6a3-df068419b466" "released" by "nova.context.set_target_cell..get_or_set_cached_cell_and_set_connections" :: held 0.000s {{(pid=87463) inner /opt/stack/data/venv/lib/python3.12/site-packages/oslo_concurrency/lockutils.py:544}}
Jul 21 14:21:55.322274 np0000005564 devstack@n-api.service[87463]: DEBUG oslo_concurrency.lockutils [None req-90fe79ff-5104-42cf-9ddc-9e6d64973a59 tempest-ServerActionsTestOtherA-1263857978 tempest-ServerActionsTestOtherA-1263857978-project-member] Acquiring lock "4da5a129-2688-44e3-a6a3-df068419b466" by "nova.context.set_target_cell..get_or_set_cached_cell_and_set_connections" {{(pid=87463) inner /opt/stack/data/venv/lib/python3.12/site-packages/oslo_concurrency/lockutils.py:512}}
Jul 21 14:21:55.322689 np0000005564 devstack@n-api.service[87463]: DEBUG oslo_concurrency.lockutils [None req-90fe79ff-5104-42cf-9ddc-9e6d64973a59 tempest-ServerActionsTestOtherA-1263857978 tempest-ServerActionsTestOtherA-1263857978-project-member] Lock "4da5a129-2688-44e3-a6a3-df068419b466" acquired by "nova.context.set_target_cell..get_or_set_cached_cell_and_set_connections" :: waited 0.000s {{(pid=87463) inner /opt/stack/data/venv/lib/python3.12/site-packages/oslo_concurrency/lockutils.py:525}}
Jul 21 14:21:55.323031 np0000005564 devstack@n-api.service[87463]: DEBUG oslo_concurrency.lockutils [None req-90fe79ff-5104-42cf-9ddc-9e6d64973a59 tempest-ServerActionsTestOtherA-1263857978 tempest-ServerActionsTestOtherA-1263857978-project-member] Lock "4da5a129-2688-44e3-a6a3-df068419b466" "released" by "nova.context.set_target_cell..get_or_set_cached_cell_and_set_connections" :: held 0.000s {{(pid=87463) inner /opt/stack/data/venv/lib/python3.12/site-packages/oslo_concurrency/lockutils.py:544}}
Jul 21 14:21:55.352153 np0000005564 devstack@n-api.service[87463]: WARNING neutronclient.v2_0.client [None req-90fe79ff-5104-42cf-9ddc-9e6d64973a59 tempest-ServerActionsTestOtherA-1263857978 tempest-ServerActionsTestOtherA-1263857978-project-member] The python binding code in neutronclient is deprecated in favor of OpenstackSDK, please use that as this will be removed in a future release.
Jul 21 14:21:55.386851 np0000005564 devstack@n-api.service[87465]: DEBUG nova.policy [None req-459c435a-60d2-4da6-b804-4e0c193bb33d tempest-ServerRescueNegativeTestJSON-1944884970 tempest-ServerRescueNegativeTestJSON-1944884970-project-member] Policy check for os_compute_api:os-extended-server-attributes failed with credentials {'is_admin': False, 'user_id': '02df1bc1cae246098f3984a7cce9d5b8', 'user_domain_id': 'default', 'system_scope': None, 'domain_id': None, 'project_id': '4633d1ab98e74779acc7c1673161bb25', 'project_domain_id': 'default', 'roles': ['member', 'reader'], 'is_admin_project': True, 'service_user_id': None, 'service_user_domain_id': None, 'service_project_id': None, 'service_project_domain_id': None, 'service_roles': []} {{(pid=87465) authorize /opt/stack/nova/nova/policy.py:192}}
Jul 21 14:21:55.394714 np0000005564 devstack@n-api.service[87465]: INFO nova.api.openstack.requestlog [None req-459c435a-60d2-4da6-b804-4e0c193bb33d tempest-ServerRescueNegativeTestJSON-1944884970 tempest-ServerRescueNegativeTestJSON-1944884970-project-member] 10.4.3.182 "GET /compute/v2.1/servers/43f88630-7f4f-45cd-bf64-65ff8a27966a" status: 200 len: 1320 microversion: 2.1 time: 0.486896
Jul 21 14:21:55.394997 np0000005564 devstack@n-api.service[87465]: [pid: 87465|app: 0|req: 16/59] 10.4.3.182 () {66 vars in 1354 bytes} [Tue Jul 21 14:21:54 2026] GET /compute/v2.1/servers/43f88630-7f4f-45cd-bf64-65ff8a27966a => generated 1320 bytes in 487 msecs (HTTP/1.1 200) 9 headers in 358 bytes (1 switches on core 0)
Jul 21 14:21:55.502339 np0000005564 devstack@n-api.service[87466]: DEBUG nova.virt.hardware [None req-a8587565-b661-42a6-98fb-59c0188c7330 tempest-VolumesAdminNegativeTest-920122599 tempest-VolumesAdminNegativeTest-920122599-project-member] Flavor limits 0:0:0 {{(pid=87466) get_cpu_topology_constraints /opt/stack/nova/nova/virt/hardware.py:516}}
Jul 21 14:21:55.502690 np0000005564 devstack@n-api.service[87466]: DEBUG nova.virt.hardware [None req-a8587565-b661-42a6-98fb-59c0188c7330 tempest-VolumesAdminNegativeTest-920122599 tempest-VolumesAdminNegativeTest-920122599-project-member] Image limits 0:0:0 {{(pid=87466) get_cpu_topology_constraints /opt/stack/nova/nova/virt/hardware.py:520}}
Jul 21 14:21:55.503104 np0000005564 devstack@n-api.service[87466]: DEBUG nova.virt.hardware [None req-a8587565-b661-42a6-98fb-59c0188c7330 tempest-VolumesAdminNegativeTest-920122599 tempest-VolumesAdminNegativeTest-920122599-project-member] Flavor pref 0:0:0 {{(pid=87466) get_cpu_topology_constraints /opt/stack/nova/nova/virt/hardware.py:556}}
Jul 21 14:21:55.503104 np0000005564 devstack@n-api.service[87466]: DEBUG nova.virt.hardware [None req-a8587565-b661-42a6-98fb-59c0188c7330 tempest-VolumesAdminNegativeTest-920122599 tempest-VolumesAdminNegativeTest-920122599-project-member] Image pref 0:0:0 {{(pid=87466) get_cpu_topology_constraints /opt/stack/nova/nova/virt/hardware.py:560}}
Jul 21 14:21:55.503104 np0000005564 devstack@n-api.service[87466]: DEBUG nova.virt.hardware [None req-a8587565-b661-42a6-98fb-59c0188c7330 tempest-VolumesAdminNegativeTest-920122599 tempest-VolumesAdminNegativeTest-920122599-project-member] Chose sockets=0, cores=0, threads=0; limits were sockets=65536, cores=65536, threads=65536 {{(pid=87466) get_cpu_topology_constraints /opt/stack/nova/nova/virt/hardware.py:598}}
Jul 21 14:21:55.511894 np0000005564 devstack@n-api.service[87466]: DEBUG oslo_concurrency.lockutils [None req-a8587565-b661-42a6-98fb-59c0188c7330 tempest-VolumesAdminNegativeTest-920122599 tempest-VolumesAdminNegativeTest-920122599-project-member] Acquiring lock "00000000-0000-0000-0000-000000000000" by "nova.context.set_target_cell..get_or_set_cached_cell_and_set_connections" {{(pid=87466) inner /opt/stack/data/venv/lib/python3.12/site-packages/oslo_concurrency/lockutils.py:512}}
Jul 21 14:21:55.511894 np0000005564 devstack@n-api.service[87466]: DEBUG oslo_concurrency.lockutils [None req-a8587565-b661-42a6-98fb-59c0188c7330 tempest-VolumesAdminNegativeTest-920122599 tempest-VolumesAdminNegativeTest-920122599-project-member] Lock "00000000-0000-0000-0000-000000000000" acquired by "nova.context.set_target_cell..get_or_set_cached_cell_and_set_connections" :: waited 0.000s {{(pid=87466) inner /opt/stack/data/venv/lib/python3.12/site-packages/oslo_concurrency/lockutils.py:525}}
Jul 21 14:21:55.511894 np0000005564 devstack@n-api.service[87466]: DEBUG oslo_concurrency.lockutils [None req-a8587565-b661-42a6-98fb-59c0188c7330 tempest-VolumesAdminNegativeTest-920122599 tempest-VolumesAdminNegativeTest-920122599-project-member] Lock "00000000-0000-0000-0000-000000000000" "released" by "nova.context.set_target_cell..get_or_set_cached_cell_and_set_connections" :: held 0.000s {{(pid=87466) inner /opt/stack/data/venv/lib/python3.12/site-packages/oslo_concurrency/lockutils.py:544}}
Jul 21 14:21:55.511894 np0000005564 devstack@n-api.service[87466]: DEBUG oslo_concurrency.lockutils [None req-a8587565-b661-42a6-98fb-59c0188c7330 tempest-VolumesAdminNegativeTest-920122599 tempest-VolumesAdminNegativeTest-920122599-project-member] Acquiring lock "4da5a129-2688-44e3-a6a3-df068419b466" by "nova.context.set_target_cell..get_or_set_cached_cell_and_set_connections" {{(pid=87466) inner /opt/stack/data/venv/lib/python3.12/site-packages/oslo_concurrency/lockutils.py:512}}
Jul 21 14:21:55.512108 np0000005564 devstack@n-api.service[87466]: DEBUG oslo_concurrency.lockutils [None req-a8587565-b661-42a6-98fb-59c0188c7330 tempest-VolumesAdminNegativeTest-920122599 tempest-VolumesAdminNegativeTest-920122599-project-member] Lock "4da5a129-2688-44e3-a6a3-df068419b466" acquired by "nova.context.set_target_cell..get_or_set_cached_cell_and_set_connections" :: waited 0.000s {{(pid=87466) inner /opt/stack/data/venv/lib/python3.12/site-packages/oslo_concurrency/lockutils.py:525}}
Jul 21 14:21:55.512108 np0000005564 devstack@n-api.service[87466]: DEBUG oslo_concurrency.lockutils [None req-a8587565-b661-42a6-98fb-59c0188c7330 tempest-VolumesAdminNegativeTest-920122599 tempest-VolumesAdminNegativeTest-920122599-project-member] Lock "4da5a129-2688-44e3-a6a3-df068419b466" "released" by "nova.context.set_target_cell..get_or_set_cached_cell_and_set_connections" :: held 0.000s {{(pid=87466) inner /opt/stack/data/venv/lib/python3.12/site-packages/oslo_concurrency/lockutils.py:544}}
Jul 21 14:21:55.533630 np0000005564 devstack@n-api.service[87466]: DEBUG nova.quota [None req-a8587565-b661-42a6-98fb-59c0188c7330 tempest-VolumesAdminNegativeTest-920122599 tempest-VolumesAdminNegativeTest-920122599-project-member] Getting quotas for project 65afd2d9b16541e98ece4b3bb914a029. Resources: {'cores', 'ram', 'instances'} {{(pid=87466) _get_quotas /opt/stack/nova/nova/quota.py:389}}
Jul 21 14:21:55.538596 np0000005564 devstack@n-api.service[87466]: DEBUG nova.quota [None req-a8587565-b661-42a6-98fb-59c0188c7330 tempest-VolumesAdminNegativeTest-920122599 tempest-VolumesAdminNegativeTest-920122599-project-member] Getting quotas for user f4a2c10f69a648b8bf774e92bc7a6a1e and project 65afd2d9b16541e98ece4b3bb914a029. Resources: {'cores', 'ram', 'instances'} {{(pid=87466) _get_quotas /opt/stack/nova/nova/quota.py:379}}
Jul 21 14:21:55.548805 np0000005564 devstack@n-api.service[87466]: DEBUG nova.compute.api [None req-a8587565-b661-42a6-98fb-59c0188c7330 tempest-VolumesAdminNegativeTest-920122599 tempest-VolumesAdminNegativeTest-920122599-project-member] Going to run 1 instances... {{(pid=87466) _provision_instances /opt/stack/nova/nova/compute/api.py:1480}}
Jul 21 14:21:55.550686 np0000005564 devstack@n-api.service[87466]: DEBUG nova.compute.api [None req-a8587565-b661-42a6-98fb-59c0188c7330 tempest-VolumesAdminNegativeTest-920122599 tempest-VolumesAdminNegativeTest-920122599-project-member] [instance: 9c406b92-548e-4e4f-8fc7-b28a677d0a83] block_device_mapping [BlockDeviceMapping(attachment_id=,boot_index=0,connection_info=None,created_at=,delete_on_termination=True,deleted=,deleted_at=,destination_type='local',device_name=None,device_type='disk',disk_bus=None,encrypted=False,encryption_format=None,encryption_options=None,encryption_secret_uuid=None,guest_format=None,id=,image_id='aade448c-0a54-4b6b-91c4-fcc60e92bd20',instance=,instance_uuid=,no_device=False,snapshot_id=None,source_type='image',tag=None,updated_at=,uuid=,volume_id=None,volume_size=None,volume_type=None)] {{(pid=87466) _bdm_validate_set_size_and_instance /opt/stack/nova/nova/compute/api.py:1942}}
Jul 21 14:21:55.597012 np0000005564 devstack@n-api.service[87463]: DEBUG nova.policy [None req-90fe79ff-5104-42cf-9ddc-9e6d64973a59 tempest-ServerActionsTestOtherA-1263857978 tempest-ServerActionsTestOtherA-1263857978-project-member] Policy check for os_compute_api:os-extended-server-attributes failed with credentials {'is_admin': False, 'user_id': 'dd28943cd891457ba1816e4ae5385782', 'user_domain_id': 'default', 'system_scope': None, 'domain_id': None, 'project_id': 'c9e451ac943c4b85b33fc9b5950a813a', 'project_domain_id': 'default', 'roles': ['member', 'reader'], 'is_admin_project': True, 'service_user_id': None, 'service_user_domain_id': None, 'service_project_id': None, 'service_project_domain_id': None, 'service_roles': []} {{(pid=87463) authorize /opt/stack/nova/nova/policy.py:192}}
Jul 21 14:21:55.607270 np0000005564 devstack@n-api.service[87463]: INFO nova.api.openstack.requestlog [None req-90fe79ff-5104-42cf-9ddc-9e6d64973a59 tempest-ServerActionsTestOtherA-1263857978 tempest-ServerActionsTestOtherA-1263857978-project-member] 10.4.3.182 "GET /compute/v2.1/servers/66072c99-0ee9-4af7-baba-4a38c4ba9fc4" status: 200 len: 1364 microversion: 2.1 time: 0.295412
Jul 21 14:21:55.607787 np0000005564 devstack@n-api.service[87463]: [pid: 87463|app: 0|req: 18/60] 10.4.3.182 () {66 vars in 1354 bytes} [Tue Jul 21 14:21:55 2026] GET /compute/v2.1/servers/66072c99-0ee9-4af7-baba-4a38c4ba9fc4 => generated 1364 bytes in 296 msecs (HTTP/1.1 200) 9 headers in 358 bytes (1 switches on core 0)
Jul 21 14:21:55.609228 np0000005564 devstack@n-api.service[87466]: INFO nova.api.openstack.requestlog [None req-a8587565-b661-42a6-98fb-59c0188c7330 tempest-VolumesAdminNegativeTest-920122599 tempest-VolumesAdminNegativeTest-920122599-project-member] 10.4.3.182 "POST /compute/v2.1/servers" status: 202 len: 380 microversion: 2.1 time: 1.617429
Jul 21 14:21:55.609538 np0000005564 devstack@n-api.service[87466]: [pid: 87466|app: 0|req: 13/61] 10.4.3.182 () {68 vars in 1265 bytes} [Tue Jul 21 14:21:53 2026] POST /compute/v2.1/servers => generated 380 bytes in 1618 msecs (HTTP/1.1 202) 10 headers in 451 bytes (1 switches on core 0)
Jul 21 14:21:55.611671 np0000005564 devstack@n-api.service[87463]: DEBUG nova.api.openstack.wsgi [req-1af9571e-03fa-49bf-a9d0-e73f26022a9b req-3e9f3b91-af6b-4d10-85b7-69cd124ba217 service nova] Action: 'create', calling method: >, body: {"events": [{"server_uuid": "01a8cf39-963f-425e-ae01-b9e582dea3b2", "name": "network-vif-plugged", "status": "completed", "tag": "bfe67bce-90e7-4955-b01f-b783afd5d43f"}]} {{(pid=87463) _process_stack /opt/stack/nova/nova/api/openstack/wsgi.py:549}}
