Jul 21 14:19:38.131819 np0000005564 nova-scheduler[96587]: DEBUG cotyledon.oslo_config_glue [-] workarounds.ensure_libvirt_rbd_instance_dir_cleanup = False {{(pid=96587) log_opt_values /opt/stack/data/venv/lib/python3.12/site-packages/oslo_config/cfg.py:3253}}
Jul 21 14:19:38.131819 np0000005564 nova-scheduler[96587]: DEBUG cotyledon.oslo_config_glue [-] workarounds.handle_virt_lifecycle_events = True {{(pid=96587) log_opt_values /opt/stack/data/venv/lib/python3.12/site-packages/oslo_config/cfg.py:3253}}
Jul 21 14:19:38.131819 np0000005564 nova-scheduler[96587]: DEBUG cotyledon.oslo_config_glue [-] workarounds.libvirt_disable_apic = False {{(pid=96587) log_opt_values /opt/stack/data/venv/lib/python3.12/site-packages/oslo_config/cfg.py:3253}}
Jul 21 14:19:38.131819 np0000005564 nova-scheduler[96587]: DEBUG cotyledon.oslo_config_glue [-] workarounds.never_download_image_if_on_rbd = False {{(pid=96587) log_opt_values /opt/stack/data/venv/lib/python3.12/site-packages/oslo_config/cfg.py:3253}}
Jul 21 14:19:38.131819 np0000005564 nova-scheduler[96587]: DEBUG cotyledon.oslo_config_glue [-] workarounds.qemu_monitor_announce_self_count = 3 {{(pid=96587) log_opt_values /opt/stack/data/venv/lib/python3.12/site-packages/oslo_config/cfg.py:3253}}
Jul 21 14:19:38.131819 np0000005564 nova-scheduler[96587]: DEBUG cotyledon.oslo_config_glue [-] workarounds.qemu_monitor_announce_self_interval = 1 {{(pid=96587) log_opt_values /opt/stack/data/venv/lib/python3.12/site-packages/oslo_config/cfg.py:3253}}
Jul 21 14:19:38.131819 np0000005564 nova-scheduler[96587]: DEBUG cotyledon.oslo_config_glue [-] workarounds.reserve_disk_resource_for_image_cache = False {{(pid=96587) log_opt_values /opt/stack/data/venv/lib/python3.12/site-packages/oslo_config/cfg.py:3253}}
Jul 21 14:19:38.131819 np0000005564 nova-scheduler[96587]: DEBUG cotyledon.oslo_config_glue [-] workarounds.skip_cpu_compare_at_startup = False {{(pid=96587) log_opt_values /opt/stack/data/venv/lib/python3.12/site-packages/oslo_config/cfg.py:3253}}
Jul 21 14:19:38.131819 np0000005564 nova-scheduler[96587]: DEBUG cotyledon.oslo_config_glue [-] workarounds.skip_cpu_compare_on_dest = False {{(pid=96587) log_opt_values /opt/stack/data/venv/lib/python3.12/site-packages/oslo_config/cfg.py:3253}}
Jul 21 14:19:38.132082 np0000005564 nova-scheduler[96587]: DEBUG cotyledon.oslo_config_glue [-] workarounds.skip_hypervisor_version_check_on_lm = False {{(pid=96587) log_opt_values /opt/stack/data/venv/lib/python3.12/site-packages/oslo_config/cfg.py:3253}}
Jul 21 14:19:38.132082 np0000005564 nova-scheduler[96587]: DEBUG cotyledon.oslo_config_glue [-] workarounds.skip_reserve_in_use_ironic_nodes = False {{(pid=96587) log_opt_values /opt/stack/data/venv/lib/python3.12/site-packages/oslo_config/cfg.py:3253}}
Jul 21 14:19:38.132082 np0000005564 nova-scheduler[96587]: DEBUG cotyledon.oslo_config_glue [-] workarounds.unified_limits_count_pcpu_as_vcpu = False {{(pid=96587) log_opt_values /opt/stack/data/venv/lib/python3.12/site-packages/oslo_config/cfg.py:3253}}
Jul 21 14:19:38.132082 np0000005564 nova-scheduler[96587]: DEBUG cotyledon.oslo_config_glue [-] workarounds.wait_for_vif_plugged_event_during_hard_reboot = [] {{(pid=96587) log_opt_values /opt/stack/data/venv/lib/python3.12/site-packages/oslo_config/cfg.py:3253}}
Jul 21 14:19:38.132082 np0000005564 nova-scheduler[96587]: DEBUG cotyledon.oslo_config_glue [-] wsgi.api_paste_config = /etc/nova/api-paste.ini {{(pid=96587) log_opt_values /opt/stack/data/venv/lib/python3.12/site-packages/oslo_config/cfg.py:3253}}
Jul 21 14:19:38.132082 np0000005564 nova-scheduler[96587]: DEBUG cotyledon.oslo_config_glue [-] wsgi.secure_proxy_ssl_header = None {{(pid=96587) log_opt_values /opt/stack/data/venv/lib/python3.12/site-packages/oslo_config/cfg.py:3253}}
Jul 21 14:19:38.132082 np0000005564 nova-scheduler[96587]: DEBUG cotyledon.oslo_config_glue [-] zvm.ca_file = None {{(pid=96587) log_opt_values /opt/stack/data/venv/lib/python3.12/site-packages/oslo_config/cfg.py:3253}}
Jul 21 14:19:38.132082 np0000005564 nova-scheduler[96587]: DEBUG cotyledon.oslo_config_glue [-] zvm.cloud_connector_url = None {{(pid=96587) log_opt_values /opt/stack/data/venv/lib/python3.12/site-packages/oslo_config/cfg.py:3253}}
Jul 21 14:19:38.132082 np0000005564 nova-scheduler[96587]: DEBUG cotyledon.oslo_config_glue [-] zvm.image_tmp_path = /opt/stack/data/nova/images {{(pid=96587) log_opt_values /opt/stack/data/venv/lib/python3.12/site-packages/oslo_config/cfg.py:3253}}
Jul 21 14:19:38.132388 np0000005564 nova-scheduler[96587]: DEBUG cotyledon.oslo_config_glue [-] zvm.reachable_timeout = 300 {{(pid=96587) log_opt_values /opt/stack/data/venv/lib/python3.12/site-packages/oslo_config/cfg.py:3253}}
Jul 21 14:19:38.132388 np0000005564 nova-scheduler[96587]: DEBUG cotyledon.oslo_config_glue [-] oslo_versionedobjects.fatal_exception_format_errors = False {{(pid=96587) log_opt_values /opt/stack/data/venv/lib/python3.12/site-packages/oslo_config/cfg.py:3253}}
Jul 21 14:19:38.132388 np0000005564 nova-scheduler[96587]: DEBUG cotyledon.oslo_config_glue [-] oslo_middleware.http_basic_auth_user_file = /etc/htpasswd {{(pid=96587) log_opt_values /opt/stack/data/venv/lib/python3.12/site-packages/oslo_config/cfg.py:3253}}
Jul 21 14:19:38.132388 np0000005564 nova-scheduler[96587]: DEBUG cotyledon.oslo_config_glue [-] oslo_messaging_metrics.metrics_buffer_size = 1000 {{(pid=96587) log_opt_values /opt/stack/data/venv/lib/python3.12/site-packages/oslo_config/cfg.py:3253}}
Jul 21 14:19:38.132388 np0000005564 nova-scheduler[96587]: DEBUG cotyledon.oslo_config_glue [-] oslo_messaging_metrics.metrics_enabled = False {{(pid=96587) log_opt_values /opt/stack/data/venv/lib/python3.12/site-packages/oslo_config/cfg.py:3253}}
Jul 21 14:19:38.132388 np0000005564 nova-scheduler[96587]: DEBUG cotyledon.oslo_config_glue [-] oslo_messaging_metrics.metrics_process_name = {{(pid=96587) log_opt_values /opt/stack/data/venv/lib/python3.12/site-packages/oslo_config/cfg.py:3253}}
Jul 21 14:19:38.132388 np0000005564 nova-scheduler[96587]: DEBUG cotyledon.oslo_config_glue [-] oslo_messaging_metrics.metrics_socket_file = /var/tmp/metrics_collector.sock {{(pid=96587) log_opt_values /opt/stack/data/venv/lib/python3.12/site-packages/oslo_config/cfg.py:3253}}
Jul 21 14:19:38.132388 np0000005564 nova-scheduler[96587]: DEBUG cotyledon.oslo_config_glue [-] oslo_messaging_metrics.metrics_thread_stop_timeout = 10 {{(pid=96587) log_opt_values /opt/stack/data/venv/lib/python3.12/site-packages/oslo_config/cfg.py:3253}}
Jul 21 14:19:38.132621 np0000005564 nova-scheduler[96587]: DEBUG cotyledon.oslo_config_glue [-] profiler.connection_string = messaging:// {{(pid=96587) log_opt_values /opt/stack/data/venv/lib/python3.12/site-packages/oslo_config/cfg.py:3253}}
Jul 21 14:19:38.132621 np0000005564 nova-scheduler[96587]: DEBUG cotyledon.oslo_config_glue [-] profiler.enabled = False {{(pid=96587) log_opt_values /opt/stack/data/venv/lib/python3.12/site-packages/oslo_config/cfg.py:3253}}
Jul 21 14:19:38.132621 np0000005564 nova-scheduler[96587]: DEBUG cotyledon.oslo_config_glue [-] profiler.es_doc_type = notification {{(pid=96587) log_opt_values /opt/stack/data/venv/lib/python3.12/site-packages/oslo_config/cfg.py:3253}}
Jul 21 14:19:38.132621 np0000005564 nova-scheduler[96587]: DEBUG cotyledon.oslo_config_glue [-] profiler.es_scroll_size = 10000 {{(pid=96587) log_opt_values /opt/stack/data/venv/lib/python3.12/site-packages/oslo_config/cfg.py:3253}}
Jul 21 14:19:38.132621 np0000005564 nova-scheduler[96587]: DEBUG cotyledon.oslo_config_glue [-] profiler.es_scroll_time = 2m {{(pid=96587) log_opt_values /opt/stack/data/venv/lib/python3.12/site-packages/oslo_config/cfg.py:3253}}
Jul 21 14:19:38.132621 np0000005564 nova-scheduler[96587]: DEBUG cotyledon.oslo_config_glue [-] profiler.filter_error_trace = False {{(pid=96587) log_opt_values /opt/stack/data/venv/lib/python3.12/site-packages/oslo_config/cfg.py:3253}}
Jul 21 14:19:38.132621 np0000005564 nova-scheduler[96587]: DEBUG cotyledon.oslo_config_glue [-] profiler.hmac_keys = **** {{(pid=96587) log_opt_values /opt/stack/data/venv/lib/python3.12/site-packages/oslo_config/cfg.py:3253}}
Jul 21 14:19:38.132621 np0000005564 nova-scheduler[96587]: DEBUG cotyledon.oslo_config_glue [-] profiler.sentinel_service_name = mymaster {{(pid=96587) log_opt_values /opt/stack/data/venv/lib/python3.12/site-packages/oslo_config/cfg.py:3253}}
Jul 21 14:19:38.132621 np0000005564 nova-scheduler[96587]: DEBUG cotyledon.oslo_config_glue [-] profiler.socket_timeout = 0.1 {{(pid=96587) log_opt_values /opt/stack/data/venv/lib/python3.12/site-packages/oslo_config/cfg.py:3253}}
Jul 21 14:19:38.132781 np0000005564 nova-scheduler[96587]: DEBUG cotyledon.oslo_config_glue [-] profiler.trace_requests = False {{(pid=96587) log_opt_values /opt/stack/data/venv/lib/python3.12/site-packages/oslo_config/cfg.py:3253}}
Jul 21 14:19:38.132781 np0000005564 nova-scheduler[96587]: DEBUG cotyledon.oslo_config_glue [-] profiler.trace_sqlalchemy = False {{(pid=96587) log_opt_values /opt/stack/data/venv/lib/python3.12/site-packages/oslo_config/cfg.py:3253}}
Jul 21 14:19:38.132781 np0000005564 nova-scheduler[96587]: DEBUG cotyledon.oslo_config_glue [-] profiler_jaeger.process_tags = {} {{(pid=96587) log_opt_values /opt/stack/data/venv/lib/python3.12/site-packages/oslo_config/cfg.py:3253}}
Jul 21 14:19:38.132781 np0000005564 nova-scheduler[96587]: DEBUG cotyledon.oslo_config_glue [-] profiler_jaeger.service_name_prefix = None {{(pid=96587) log_opt_values /opt/stack/data/venv/lib/python3.12/site-packages/oslo_config/cfg.py:3253}}
Jul 21 14:19:38.132781 np0000005564 nova-scheduler[96587]: DEBUG cotyledon.oslo_config_glue [-] profiler_otlp.service_name_prefix = None {{(pid=96587) log_opt_values /opt/stack/data/venv/lib/python3.12/site-packages/oslo_config/cfg.py:3253}}
Jul 21 14:19:38.132781 np0000005564 nova-scheduler[96587]: DEBUG cotyledon.oslo_config_glue [-] oslo_messaging_rabbit.amqp_auto_delete = False {{(pid=96587) log_opt_values /opt/stack/data/venv/lib/python3.12/site-packages/oslo_config/cfg.py:3253}}
Jul 21 14:19:38.132781 np0000005564 nova-scheduler[96587]: DEBUG cotyledon.oslo_config_glue [-] oslo_messaging_rabbit.amqp_durable_queues = False {{(pid=96587) log_opt_values /opt/stack/data/venv/lib/python3.12/site-packages/oslo_config/cfg.py:3253}}
Jul 21 14:19:38.132781 np0000005564 nova-scheduler[96587]: DEBUG cotyledon.oslo_config_glue [-] oslo_messaging_rabbit.conn_pool_min_size = 2 {{(pid=96587) log_opt_values /opt/stack/data/venv/lib/python3.12/site-packages/oslo_config/cfg.py:3253}}
Jul 21 14:19:38.132781 np0000005564 nova-scheduler[96587]: DEBUG cotyledon.oslo_config_glue [-] oslo_messaging_rabbit.conn_pool_ttl = 1200 {{(pid=96587) log_opt_values /opt/stack/data/venv/lib/python3.12/site-packages/oslo_config/cfg.py:3253}}
Jul 21 14:19:38.132941 np0000005564 nova-scheduler[96587]: DEBUG cotyledon.oslo_config_glue [-] oslo_messaging_rabbit.direct_mandatory_flag = True {{(pid=96587) log_opt_values /opt/stack/data/venv/lib/python3.12/site-packages/oslo_config/cfg.py:3253}}
Jul 21 14:19:38.132941 np0000005564 nova-scheduler[96587]: DEBUG cotyledon.oslo_config_glue [-] oslo_messaging_rabbit.enable_cancel_on_failover = False {{(pid=96587) log_opt_values /opt/stack/data/venv/lib/python3.12/site-packages/oslo_config/cfg.py:3253}}
Jul 21 14:19:38.132941 np0000005564 nova-scheduler[96587]: DEBUG cotyledon.oslo_config_glue [-] oslo_messaging_rabbit.heartbeat_rate = 3 {{(pid=96587) log_opt_values /opt/stack/data/venv/lib/python3.12/site-packages/oslo_config/cfg.py:3253}}
Jul 21 14:19:38.132941 np0000005564 nova-scheduler[96587]: DEBUG cotyledon.oslo_config_glue [-] oslo_messaging_rabbit.heartbeat_timeout_threshold = 60 {{(pid=96587) log_opt_values /opt/stack/data/venv/lib/python3.12/site-packages/oslo_config/cfg.py:3253}}
Jul 21 14:19:38.132941 np0000005564 nova-scheduler[96587]: DEBUG cotyledon.oslo_config_glue [-] oslo_messaging_rabbit.hostname = np0000005564 {{(pid=96587) log_opt_values /opt/stack/data/venv/lib/python3.12/site-packages/oslo_config/cfg.py:3253}}
Jul 21 14:19:38.132941 np0000005564 nova-scheduler[96587]: DEBUG cotyledon.oslo_config_glue [-] oslo_messaging_rabbit.kombu_compression = None {{(pid=96587) log_opt_values /opt/stack/data/venv/lib/python3.12/site-packages/oslo_config/cfg.py:3253}}
Jul 21 14:19:38.132941 np0000005564 nova-scheduler[96587]: DEBUG cotyledon.oslo_config_glue [-] oslo_messaging_rabbit.kombu_failover_strategy = round-robin {{(pid=96587) log_opt_values /opt/stack/data/venv/lib/python3.12/site-packages/oslo_config/cfg.py:3253}}
Jul 21 14:19:38.132941 np0000005564 nova-scheduler[96587]: DEBUG cotyledon.oslo_config_glue [-] oslo_messaging_rabbit.kombu_missing_consumer_retry_timeout = 60 {{(pid=96587) log_opt_values /opt/stack/data/venv/lib/python3.12/site-packages/oslo_config/cfg.py:3253}}
Jul 21 14:19:38.132941 np0000005564 nova-scheduler[96587]: DEBUG cotyledon.oslo_config_glue [-] oslo_messaging_rabbit.kombu_reconnect_delay = 1.0 {{(pid=96587) log_opt_values /opt/stack/data/venv/lib/python3.12/site-packages/oslo_config/cfg.py:3253}}
Jul 21 14:19:38.133158 np0000005564 nova-scheduler[96587]: DEBUG cotyledon.oslo_config_glue [-] oslo_messaging_rabbit.kombu_reconnect_splay = 0.0 {{(pid=96587) log_opt_values /opt/stack/data/venv/lib/python3.12/site-packages/oslo_config/cfg.py:3253}}
Jul 21 14:19:38.133158 np0000005564 nova-scheduler[96587]: DEBUG cotyledon.oslo_config_glue [-] oslo_messaging_rabbit.processname = nova-scheduler {{(pid=96587) log_opt_values /opt/stack/data/venv/lib/python3.12/site-packages/oslo_config/cfg.py:3253}}
Jul 21 14:19:38.133158 np0000005564 nova-scheduler[96587]: DEBUG cotyledon.oslo_config_glue [-] oslo_messaging_rabbit.rabbit_ha_queues = False {{(pid=96587) log_opt_values /opt/stack/data/venv/lib/python3.12/site-packages/oslo_config/cfg.py:3253}}
Jul 21 14:19:38.133158 np0000005564 nova-scheduler[96587]: DEBUG cotyledon.oslo_config_glue [-] oslo_messaging_rabbit.rabbit_interval_max = 30 {{(pid=96587) log_opt_values /opt/stack/data/venv/lib/python3.12/site-packages/oslo_config/cfg.py:3253}}
Jul 21 14:19:38.133158 np0000005564 nova-scheduler[96587]: DEBUG cotyledon.oslo_config_glue [-] oslo_messaging_rabbit.rabbit_login_method = AMQPLAIN {{(pid=96587) log_opt_values /opt/stack/data/venv/lib/python3.12/site-packages/oslo_config/cfg.py:3253}}
Jul 21 14:19:38.133158 np0000005564 nova-scheduler[96587]: DEBUG cotyledon.oslo_config_glue [-] oslo_messaging_rabbit.rabbit_qos_prefetch_count = 0 {{(pid=96587) log_opt_values /opt/stack/data/venv/lib/python3.12/site-packages/oslo_config/cfg.py:3253}}
Jul 21 14:19:38.133158 np0000005564 nova-scheduler[96587]: DEBUG cotyledon.oslo_config_glue [-] oslo_messaging_rabbit.rabbit_quorum_delivery_limit = 0 {{(pid=96587) log_opt_values /opt/stack/data/venv/lib/python3.12/site-packages/oslo_config/cfg.py:3253}}
Jul 21 14:19:38.133158 np0000005564 nova-scheduler[96587]: DEBUG cotyledon.oslo_config_glue [-] oslo_messaging_rabbit.rabbit_quorum_max_memory_bytes = 0 {{(pid=96587) log_opt_values /opt/stack/data/venv/lib/python3.12/site-packages/oslo_config/cfg.py:3253}}
Jul 21 14:19:38.133158 np0000005564 nova-scheduler[96587]: DEBUG cotyledon.oslo_config_glue [-] oslo_messaging_rabbit.rabbit_quorum_max_memory_length = 0 {{(pid=96587) log_opt_values /opt/stack/data/venv/lib/python3.12/site-packages/oslo_config/cfg.py:3253}}
Jul 21 14:19:38.133316 np0000005564 nova-scheduler[96587]: DEBUG cotyledon.oslo_config_glue [-] oslo_messaging_rabbit.rabbit_quorum_queue = False {{(pid=96587) log_opt_values /opt/stack/data/venv/lib/python3.12/site-packages/oslo_config/cfg.py:3253}}
Jul 21 14:19:38.133316 np0000005564 nova-scheduler[96587]: DEBUG cotyledon.oslo_config_glue [-] oslo_messaging_rabbit.rabbit_retry_backoff = 2 {{(pid=96587) log_opt_values /opt/stack/data/venv/lib/python3.12/site-packages/oslo_config/cfg.py:3253}}
Jul 21 14:19:38.133316 np0000005564 nova-scheduler[96587]: DEBUG cotyledon.oslo_config_glue [-] oslo_messaging_rabbit.rabbit_retry_interval = 1 {{(pid=96587) log_opt_values /opt/stack/data/venv/lib/python3.12/site-packages/oslo_config/cfg.py:3253}}
Jul 21 14:19:38.133316 np0000005564 nova-scheduler[96587]: DEBUG cotyledon.oslo_config_glue [-] oslo_messaging_rabbit.rabbit_stream_fanout = False {{(pid=96587) log_opt_values /opt/stack/data/venv/lib/python3.12/site-packages/oslo_config/cfg.py:3253}}
Jul 21 14:19:38.133316 np0000005564 nova-scheduler[96587]: DEBUG cotyledon.oslo_config_glue [-] oslo_messaging_rabbit.rabbit_transient_queues_ttl = 1800 {{(pid=96587) log_opt_values /opt/stack/data/venv/lib/python3.12/site-packages/oslo_config/cfg.py:3253}}
Jul 21 14:19:38.133316 np0000005564 nova-scheduler[96587]: DEBUG cotyledon.oslo_config_glue [-] oslo_messaging_rabbit.rabbit_transient_quorum_queue = False {{(pid=96587) log_opt_values /opt/stack/data/venv/lib/python3.12/site-packages/oslo_config/cfg.py:3253}}
Jul 21 14:19:38.133316 np0000005564 nova-scheduler[96587]: DEBUG cotyledon.oslo_config_glue [-] oslo_messaging_rabbit.rpc_conn_pool_size = 30 {{(pid=96587) log_opt_values /opt/stack/data/venv/lib/python3.12/site-packages/oslo_config/cfg.py:3253}}
Jul 21 14:19:38.133316 np0000005564 nova-scheduler[96587]: DEBUG cotyledon.oslo_config_glue [-] oslo_messaging_rabbit.ssl = False {{(pid=96587) log_opt_values /opt/stack/data/venv/lib/python3.12/site-packages/oslo_config/cfg.py:3253}}
Jul 21 14:19:38.133316 np0000005564 nova-scheduler[96587]: DEBUG cotyledon.oslo_config_glue [-] oslo_messaging_rabbit.ssl_ca_file = {{(pid=96587) log_opt_values /opt/stack/data/venv/lib/python3.12/site-packages/oslo_config/cfg.py:3253}}
Jul 21 14:19:38.133482 np0000005564 nova-scheduler[96587]: DEBUG cotyledon.oslo_config_glue [-] oslo_messaging_rabbit.ssl_cert_file = {{(pid=96587) log_opt_values /opt/stack/data/venv/lib/python3.12/site-packages/oslo_config/cfg.py:3253}}
Jul 21 14:19:38.133482 np0000005564 nova-scheduler[96587]: DEBUG cotyledon.oslo_config_glue [-] oslo_messaging_rabbit.ssl_enforce_fips_mode = False {{(pid=96587) log_opt_values /opt/stack/data/venv/lib/python3.12/site-packages/oslo_config/cfg.py:3253}}
Jul 21 14:19:38.133482 np0000005564 nova-scheduler[96587]: DEBUG cotyledon.oslo_config_glue [-] oslo_messaging_rabbit.ssl_enforce_hostname_verification = True {{(pid=96587) log_opt_values /opt/stack/data/venv/lib/python3.12/site-packages/oslo_config/cfg.py:3253}}
Jul 21 14:19:38.133482 np0000005564 nova-scheduler[96587]: DEBUG cotyledon.oslo_config_glue [-] oslo_messaging_rabbit.ssl_key_file = {{(pid=96587) log_opt_values /opt/stack/data/venv/lib/python3.12/site-packages/oslo_config/cfg.py:3253}}
Jul 21 14:19:38.133482 np0000005564 nova-scheduler[96587]: DEBUG cotyledon.oslo_config_glue [-] oslo_messaging_rabbit.ssl_version = {{(pid=96587) log_opt_values /opt/stack/data/venv/lib/python3.12/site-packages/oslo_config/cfg.py:3253}}
Jul 21 14:19:38.133482 np0000005564 nova-scheduler[96587]: DEBUG cotyledon.oslo_config_glue [-] oslo_messaging_rabbit.use_queue_manager = False {{(pid=96587) log_opt_values /opt/stack/data/venv/lib/python3.12/site-packages/oslo_config/cfg.py:3253}}
Jul 21 14:19:38.133482 np0000005564 nova-scheduler[96587]: DEBUG cotyledon.oslo_config_glue [-] oslo_messaging_notifications.driver = ['messagingv2'] {{(pid=96587) log_opt_values /opt/stack/data/venv/lib/python3.12/site-packages/oslo_config/cfg.py:3253}}
Jul 21 14:19:38.133482 np0000005564 nova-scheduler[96587]: DEBUG cotyledon.oslo_config_glue [-] oslo_messaging_notifications.retry = -1 {{(pid=96587) log_opt_values /opt/stack/data/venv/lib/python3.12/site-packages/oslo_config/cfg.py:3253}}
Jul 21 14:19:38.133482 np0000005564 nova-scheduler[96587]: DEBUG cotyledon.oslo_config_glue [-] oslo_messaging_notifications.topics = ['notifications'] {{(pid=96587) log_opt_values /opt/stack/data/venv/lib/python3.12/site-packages/oslo_config/cfg.py:3253}}
Jul 21 14:19:38.133662 np0000005564 nova-scheduler[96587]: DEBUG cotyledon.oslo_config_glue [-] oslo_messaging_notifications.transport_url = **** {{(pid=96587) log_opt_values /opt/stack/data/venv/lib/python3.12/site-packages/oslo_config/cfg.py:3253}}
Jul 21 14:19:38.133662 np0000005564 nova-scheduler[96587]: DEBUG cotyledon.oslo_config_glue [-] oslo_limit.auth_section = None {{(pid=96587) log_opt_values /opt/stack/data/venv/lib/python3.12/site-packages/oslo_config/cfg.py:3253}}
Jul 21 14:19:38.133662 np0000005564 nova-scheduler[96587]: DEBUG cotyledon.oslo_config_glue [-] oslo_limit.auth_type = None {{(pid=96587) log_opt_values /opt/stack/data/venv/lib/python3.12/site-packages/oslo_config/cfg.py:3253}}
Jul 21 14:19:38.133662 np0000005564 nova-scheduler[96587]: DEBUG cotyledon.oslo_config_glue [-] oslo_limit.cafile = None {{(pid=96587) log_opt_values /opt/stack/data/venv/lib/python3.12/site-packages/oslo_config/cfg.py:3253}}
Jul 21 14:19:38.133662 np0000005564 nova-scheduler[96587]: DEBUG cotyledon.oslo_config_glue [-] oslo_limit.certfile = None {{(pid=96587) log_opt_values /opt/stack/data/venv/lib/python3.12/site-packages/oslo_config/cfg.py:3253}}
Jul 21 14:19:38.133662 np0000005564 nova-scheduler[96587]: DEBUG cotyledon.oslo_config_glue [-] oslo_limit.collect_timing = False {{(pid=96587) log_opt_values /opt/stack/data/venv/lib/python3.12/site-packages/oslo_config/cfg.py:3253}}
Jul 21 14:19:38.133662 np0000005564 nova-scheduler[96587]: DEBUG cotyledon.oslo_config_glue [-] oslo_limit.connect_retries = None {{(pid=96587) log_opt_values /opt/stack/data/venv/lib/python3.12/site-packages/oslo_config/cfg.py:3253}}
Jul 21 14:19:38.133662 np0000005564 nova-scheduler[96587]: DEBUG cotyledon.oslo_config_glue [-] oslo_limit.connect_retry_delay = None {{(pid=96587) log_opt_values /opt/stack/data/venv/lib/python3.12/site-packages/oslo_config/cfg.py:3253}}
Jul 21 14:19:38.133662 np0000005564 nova-scheduler[96587]: DEBUG cotyledon.oslo_config_glue [-] oslo_limit.endpoint_id = None {{(pid=96587) log_opt_values /opt/stack/data/venv/lib/python3.12/site-packages/oslo_config/cfg.py:3253}}
Jul 21 14:19:38.133890 np0000005564 nova-scheduler[96587]: DEBUG cotyledon.oslo_config_glue [-] oslo_limit.endpoint_interface = public {{(pid=96587) log_opt_values /opt/stack/data/venv/lib/python3.12/site-packages/oslo_config/cfg.py:3253}}
Jul 21 14:19:38.133890 np0000005564 nova-scheduler[96587]: DEBUG cotyledon.oslo_config_glue [-] oslo_limit.endpoint_override = None {{(pid=96587) log_opt_values /opt/stack/data/venv/lib/python3.12/site-packages/oslo_config/cfg.py:3253}}
Jul 21 14:19:38.133890 np0000005564 nova-scheduler[96587]: DEBUG cotyledon.oslo_config_glue [-] oslo_limit.endpoint_region_name = None {{(pid=96587) log_opt_values /opt/stack/data/venv/lib/python3.12/site-packages/oslo_config/cfg.py:3253}}
Jul 21 14:19:38.133890 np0000005564 nova-scheduler[96587]: DEBUG cotyledon.oslo_config_glue [-] oslo_limit.endpoint_service_name = None {{(pid=96587) log_opt_values /opt/stack/data/venv/lib/python3.12/site-packages/oslo_config/cfg.py:3253}}
Jul 21 14:19:38.133890 np0000005564 nova-scheduler[96587]: DEBUG cotyledon.oslo_config_glue [-] oslo_limit.endpoint_service_type = None {{(pid=96587) log_opt_values /opt/stack/data/venv/lib/python3.12/site-packages/oslo_config/cfg.py:3253}}
Jul 21 14:19:38.133890 np0000005564 nova-scheduler[96587]: DEBUG cotyledon.oslo_config_glue [-] oslo_limit.insecure = False {{(pid=96587) log_opt_values /opt/stack/data/venv/lib/python3.12/site-packages/oslo_config/cfg.py:3253}}
Jul 21 14:19:38.133890 np0000005564 nova-scheduler[96587]: DEBUG cotyledon.oslo_config_glue [-] oslo_limit.keyfile = None {{(pid=96587) log_opt_values /opt/stack/data/venv/lib/python3.12/site-packages/oslo_config/cfg.py:3253}}
Jul 21 14:19:38.133890 np0000005564 nova-scheduler[96587]: DEBUG cotyledon.oslo_config_glue [-] oslo_limit.max_version = None {{(pid=96587) log_opt_values /opt/stack/data/venv/lib/python3.12/site-packages/oslo_config/cfg.py:3253}}
Jul 21 14:19:38.133890 np0000005564 nova-scheduler[96587]: DEBUG cotyledon.oslo_config_glue [-] oslo_limit.min_version = None {{(pid=96587) log_opt_values /opt/stack/data/venv/lib/python3.12/site-packages/oslo_config/cfg.py:3253}}
Jul 21 14:19:38.134223 np0000005564 nova-scheduler[96587]: DEBUG cotyledon.oslo_config_glue [-] oslo_limit.region_name = None {{(pid=96587) log_opt_values /opt/stack/data/venv/lib/python3.12/site-packages/oslo_config/cfg.py:3253}}
Jul 21 14:19:38.134223 np0000005564 nova-scheduler[96587]: DEBUG cotyledon.oslo_config_glue [-] oslo_limit.retriable_status_codes = None {{(pid=96587) log_opt_values /opt/stack/data/venv/lib/python3.12/site-packages/oslo_config/cfg.py:3253}}
Jul 21 14:19:38.134223 np0000005564 nova-scheduler[96587]: DEBUG cotyledon.oslo_config_glue [-] oslo_limit.service_name = None {{(pid=96587) log_opt_values /opt/stack/data/venv/lib/python3.12/site-packages/oslo_config/cfg.py:3253}}
Jul 21 14:19:38.134223 np0000005564 nova-scheduler[96587]: DEBUG cotyledon.oslo_config_glue [-] oslo_limit.service_type = None {{(pid=96587) log_opt_values /opt/stack/data/venv/lib/python3.12/site-packages/oslo_config/cfg.py:3253}}
Jul 21 14:19:38.134223 np0000005564 nova-scheduler[96587]: DEBUG cotyledon.oslo_config_glue [-] oslo_limit.split_loggers = False {{(pid=96587) log_opt_values /opt/stack/data/venv/lib/python3.12/site-packages/oslo_config/cfg.py:3253}}
Jul 21 14:19:38.134223 np0000005564 nova-scheduler[96587]: DEBUG cotyledon.oslo_config_glue [-] oslo_limit.status_code_retries = None {{(pid=96587) log_opt_values /opt/stack/data/venv/lib/python3.12/site-packages/oslo_config/cfg.py:3253}}
Jul 21 14:19:38.134223 np0000005564 nova-scheduler[96587]: DEBUG cotyledon.oslo_config_glue [-] oslo_limit.status_code_retry_delay = None {{(pid=96587) log_opt_values /opt/stack/data/venv/lib/python3.12/site-packages/oslo_config/cfg.py:3253}}
Jul 21 14:19:38.134223 np0000005564 nova-scheduler[96587]: DEBUG cotyledon.oslo_config_glue [-] oslo_limit.timeout = None {{(pid=96587) log_opt_values /opt/stack/data/venv/lib/python3.12/site-packages/oslo_config/cfg.py:3253}}
Jul 21 14:19:38.134223 np0000005564 nova-scheduler[96587]: DEBUG cotyledon.oslo_config_glue [-] oslo_limit.valid_interfaces = None {{(pid=96587) log_opt_values /opt/stack/data/venv/lib/python3.12/site-packages/oslo_config/cfg.py:3253}}
Jul 21 14:19:38.134476 np0000005564 nova-scheduler[96587]: DEBUG cotyledon.oslo_config_glue [-] oslo_limit.version = None {{(pid=96587) log_opt_values /opt/stack/data/venv/lib/python3.12/site-packages/oslo_config/cfg.py:3253}}
Jul 21 14:19:38.134476 np0000005564 nova-scheduler[96587]: DEBUG cotyledon.oslo_config_glue [-] oslo_reports.file_event_handler = None {{(pid=96587) log_opt_values /opt/stack/data/venv/lib/python3.12/site-packages/oslo_config/cfg.py:3253}}
Jul 21 14:19:38.134476 np0000005564 nova-scheduler[96587]: DEBUG cotyledon.oslo_config_glue [-] oslo_reports.file_event_handler_interval = 1 {{(pid=96587) log_opt_values /opt/stack/data/venv/lib/python3.12/site-packages/oslo_config/cfg.py:3253}}
Jul 21 14:19:38.134476 np0000005564 nova-scheduler[96587]: DEBUG cotyledon.oslo_config_glue [-] oslo_reports.log_dir = None {{(pid=96587) log_opt_values /opt/stack/data/venv/lib/python3.12/site-packages/oslo_config/cfg.py:3253}}
Jul 21 14:19:38.134476 np0000005564 nova-scheduler[96587]: DEBUG cotyledon.oslo_config_glue [-] ******************************************************************************** {{(pid=96587) log_opt_values /opt/stack/data/venv/lib/python3.12/site-packages/oslo_config/cfg.py:3260}}
Jul 21 14:19:38.134476 np0000005564 nova-scheduler[96587]: DEBUG cotyledon._service_worker [-] Run service ServiceWrapper(2) [96587] {{(pid=96587) wait_forever /opt/stack/data/venv/lib/python3.12/site-packages/cotyledon/_service_worker.py:218}}
Jul 21 14:19:38.134476 np0000005564 nova-scheduler[96587]: INFO nova.service [-] Starting scheduler node (version 33.1.0)
Jul 21 14:19:38.134476 np0000005564 nova-scheduler[96587]: INFO dbcounter [None req-25de6cac-a06f-4410-abc8-7c6c70b5c901 None None] Registered counter for database nova_cell0
Jul 21 14:19:38.134688 np0000005564 nova-scheduler[96583]: DEBUG oslo_db.sqlalchemy.engines [None req-255c18ee-5e70-45df-944b-7fe236b0276a None None] MySQL server mode set to STRICT_TRANS_TABLES,STRICT_ALL_TABLES,NO_ZERO_IN_DATE,NO_ZERO_DATE,ERROR_FOR_DIVISION_BY_ZERO,TRADITIONAL,NO_ENGINE_SUBSTITUTION {{(pid=96583) _check_effective_sql_mode /opt/stack/data/venv/lib/python3.12/site-packages/oslo_db/sqlalchemy/engines.py:325}}
Jul 21 14:19:38.137844 np0000005564 nova-scheduler[96583]: DEBUG dbcounter [-] [96583] Writer thread running {{(pid=96583) stat_writer /opt/stack/data/venv/lib/python3.12/site-packages/dbcounter.py:102}}
Jul 21 14:19:38.138644 np0000005564 nova-scheduler[96589]: DEBUG oslo_db.sqlalchemy.engines [None req-356f92a2-2097-488d-b91b-43b53a67808a None None] MySQL server mode set to STRICT_TRANS_TABLES,STRICT_ALL_TABLES,NO_ZERO_IN_DATE,NO_ZERO_DATE,ERROR_FOR_DIVISION_BY_ZERO,TRADITIONAL,NO_ENGINE_SUBSTITUTION {{(pid=96589) _check_effective_sql_mode /opt/stack/data/venv/lib/python3.12/site-packages/oslo_db/sqlalchemy/engines.py:325}}
Jul 21 14:19:38.142266 np0000005564 nova-scheduler[96585]: DEBUG oslo_db.sqlalchemy.engines [None req-df620151-3069-4a68-bb45-8a169cd2b393 None None] MySQL server mode set to STRICT_TRANS_TABLES,STRICT_ALL_TABLES,NO_ZERO_IN_DATE,NO_ZERO_DATE,ERROR_FOR_DIVISION_BY_ZERO,TRADITIONAL,NO_ENGINE_SUBSTITUTION {{(pid=96585) _check_effective_sql_mode /opt/stack/data/venv/lib/python3.12/site-packages/oslo_db/sqlalchemy/engines.py:325}}
Jul 21 14:19:38.146864 np0000005564 nova-scheduler[96589]: DEBUG dbcounter [-] [96589] Writer thread running {{(pid=96589) stat_writer /opt/stack/data/venv/lib/python3.12/site-packages/dbcounter.py:102}}
Jul 21 14:19:38.151641 np0000005564 nova-scheduler[96585]: DEBUG dbcounter [-] [96585] Writer thread running {{(pid=96585) stat_writer /opt/stack/data/venv/lib/python3.12/site-packages/dbcounter.py:102}}
Jul 21 14:19:38.152889 np0000005564 nova-scheduler[96583]: DEBUG nova.service [None req-255c18ee-5e70-45df-944b-7fe236b0276a None None] Creating RPC server for service: nova-scheduler on topic: scheduler {{(pid=96583) start /opt/stack/nova/nova/service.py:196}}
Jul 21 14:19:38.154425 np0000005564 nova-scheduler[96585]: DEBUG nova.service [None req-df620151-3069-4a68-bb45-8a169cd2b393 None None] Creating RPC server for service: nova-scheduler on topic: scheduler {{(pid=96585) start /opt/stack/nova/nova/service.py:196}}
Jul 21 14:19:38.161084 np0000005564 nova-scheduler[96589]: DEBUG nova.service [None req-356f92a2-2097-488d-b91b-43b53a67808a None None] Creating RPC server for service: nova-scheduler on topic: scheduler {{(pid=96589) start /opt/stack/nova/nova/service.py:196}}
Jul 21 14:19:38.170993 np0000005564 nova-scheduler[96587]: DEBUG oslo_db.sqlalchemy.engines [None req-25de6cac-a06f-4410-abc8-7c6c70b5c901 None None] MySQL server mode set to STRICT_TRANS_TABLES,STRICT_ALL_TABLES,NO_ZERO_IN_DATE,NO_ZERO_DATE,ERROR_FOR_DIVISION_BY_ZERO,TRADITIONAL,NO_ENGINE_SUBSTITUTION {{(pid=96587) _check_effective_sql_mode /opt/stack/data/venv/lib/python3.12/site-packages/oslo_db/sqlalchemy/engines.py:325}}
Jul 21 14:19:38.180517 np0000005564 nova-scheduler[96587]: DEBUG dbcounter [-] [96587] Writer thread running {{(pid=96587) stat_writer /opt/stack/data/venv/lib/python3.12/site-packages/dbcounter.py:102}}
Jul 21 14:19:38.181674 np0000005564 nova-scheduler[96585]: DEBUG nova.service [None req-df620151-3069-4a68-bb45-8a169cd2b393 None None] Join ServiceGroup membership for this service scheduler {{(pid=96585) start /opt/stack/nova/nova/service.py:222}}
Jul 21 14:19:38.181843 np0000005564 nova-scheduler[96585]: DEBUG nova.servicegroup.drivers.db [None req-df620151-3069-4a68-bb45-8a169cd2b393 None None] DB_Driver: join new ServiceGroup member np0000005564 to the scheduler group, service = {{(pid=96585) join /opt/stack/nova/nova/servicegroup/drivers/db.py:44}}
Jul 21 14:19:38.181986 np0000005564 nova-scheduler[96589]: DEBUG nova.service [None req-356f92a2-2097-488d-b91b-43b53a67808a None None] Join ServiceGroup membership for this service scheduler {{(pid=96589) start /opt/stack/nova/nova/service.py:222}}
Jul 21 14:19:38.182236 np0000005564 nova-scheduler[96589]: DEBUG nova.servicegroup.drivers.db [None req-356f92a2-2097-488d-b91b-43b53a67808a None None] DB_Driver: join new ServiceGroup member np0000005564 to the scheduler group, service = {{(pid=96589) join /opt/stack/nova/nova/servicegroup/drivers/db.py:44}}
Jul 21 14:19:38.184138 np0000005564 nova-scheduler[96587]: DEBUG nova.service [None req-25de6cac-a06f-4410-abc8-7c6c70b5c901 None None] Creating RPC server for service: nova-scheduler on topic: scheduler {{(pid=96587) start /opt/stack/nova/nova/service.py:196}}
Jul 21 14:19:38.186087 np0000005564 nova-scheduler[96583]: DEBUG nova.service [None req-255c18ee-5e70-45df-944b-7fe236b0276a None None] Join ServiceGroup membership for this service scheduler {{(pid=96583) start /opt/stack/nova/nova/service.py:222}}
Jul 21 14:19:38.186309 np0000005564 nova-scheduler[96583]: DEBUG nova.servicegroup.drivers.db [None req-255c18ee-5e70-45df-944b-7fe236b0276a None None] DB_Driver: join new ServiceGroup member np0000005564 to the scheduler group, service = {{(pid=96583) join /opt/stack/nova/nova/servicegroup/drivers/db.py:44}}
Jul 21 14:19:38.200646 np0000005564 nova-scheduler[96587]: DEBUG nova.service [None req-25de6cac-a06f-4410-abc8-7c6c70b5c901 None None] Join ServiceGroup membership for this service scheduler {{(pid=96587) start /opt/stack/nova/nova/service.py:222}}
Jul 21 14:19:38.200834 np0000005564 nova-scheduler[96587]: DEBUG nova.servicegroup.drivers.db [None req-25de6cac-a06f-4410-abc8-7c6c70b5c901 None None] DB_Driver: join new ServiceGroup member np0000005564 to the scheduler group, service = {{(pid=96587) join /opt/stack/nova/nova/servicegroup/drivers/db.py:44}}
Jul 21 14:19:39.188359 np0000005564 nova-scheduler[96583]: DEBUG oslo.service.backend._threading.loopingcall [None req-3ab10328-bba7-41b0-a923-9e56fb31bc16 None None] Dynamic interval looping call 'nova.service.Service.periodic_tasks' sleeping for 60.00 seconds {{(pid=96583) _run_loop /opt/stack/data/venv/lib/python3.12/site-packages/oslo_service/backend/_threading/loopingcall.py:125}}
Jul 21 14:19:43.197506 np0000005564 nova-scheduler[96589]: DEBUG oslo.service.backend._threading.loopingcall [-] Fixed interval looping call 'nova.servicegroup.drivers.db.DbDriver._report_state' sleeping for 119.99 seconds {{(pid=96589) _run_loop /opt/stack/data/venv/lib/python3.12/site-packages/oslo_service/backend/_threading/loopingcall.py:125}}
Jul 21 14:19:43.198955 np0000005564 nova-scheduler[96585]: DEBUG oslo.service.backend._threading.loopingcall [-] Fixed interval looping call 'nova.servicegroup.drivers.db.DbDriver._report_state' sleeping for 119.99 seconds {{(pid=96585) _run_loop /opt/stack/data/venv/lib/python3.12/site-packages/oslo_service/backend/_threading/loopingcall.py:125}}
Jul 21 14:19:43.201588 np0000005564 nova-scheduler[96583]: DEBUG oslo.service.backend._threading.loopingcall [-] Fixed interval looping call 'nova.servicegroup.drivers.db.DbDriver._report_state' sleeping for 119.99 seconds {{(pid=96583) _run_loop /opt/stack/data/venv/lib/python3.12/site-packages/oslo_service/backend/_threading/loopingcall.py:125}}
Jul 21 14:19:43.215116 np0000005564 nova-scheduler[96587]: DEBUG oslo.service.backend._threading.loopingcall [-] Fixed interval looping call 'nova.servicegroup.drivers.db.DbDriver._report_state' sleeping for 119.99 seconds {{(pid=96587) _run_loop /opt/stack/data/venv/lib/python3.12/site-packages/oslo_service/backend/_threading/loopingcall.py:125}}
Jul 21 14:19:46.666315 np0000005564 nova-scheduler[95380]: DEBUG dbcounter [-] [95380] Writing DB stats nova_api:SELECT=3 {{(pid=95380) stat_writer /opt/stack/data/venv/lib/python3.12/site-packages/dbcounter.py:115}}
Jul 21 14:19:46.803579 np0000005564 nova-scheduler[95380]: DEBUG dbcounter [-] [95380] Writing DB stats nova_cell1:SELECT=1 {{(pid=95380) stat_writer /opt/stack/data/venv/lib/python3.12/site-packages/dbcounter.py:115}}
Jul 21 14:19:46.808434 np0000005564 nova-scheduler[95380]: DEBUG dbcounter [-] [95380] Writing DB stats nova_cell0:SELECT=1 {{(pid=95380) stat_writer /opt/stack/data/venv/lib/python3.12/site-packages/dbcounter.py:115}}
Jul 21 14:19:53.191359 np0000005564 nova-scheduler[96589]: DEBUG dbcounter [-] [96589] Writing DB stats nova_cell0:SELECT=4,nova_cell0:INSERT=1,nova_cell0:UPDATE=1 {{(pid=96589) stat_writer /opt/stack/data/venv/lib/python3.12/site-packages/dbcounter.py:115}}
Jul 21 14:19:53.196583 np0000005564 nova-scheduler[96585]: DEBUG dbcounter [-] [96585] Writing DB stats nova_cell0:SELECT=3,nova_cell0:UPDATE=1 {{(pid=96585) stat_writer /opt/stack/data/venv/lib/python3.12/site-packages/dbcounter.py:115}}
Jul 21 14:19:53.200431 np0000005564 nova-scheduler[96583]: DEBUG dbcounter [-] [96583] Writing DB stats nova_cell0:SELECT=4,nova_cell0:INSERT=1,nova_cell0:UPDATE=1 {{(pid=96583) stat_writer /opt/stack/data/venv/lib/python3.12/site-packages/dbcounter.py:115}}
Jul 21 14:19:53.213242 np0000005564 nova-scheduler[96587]: DEBUG dbcounter [-] [96587] Writing DB stats nova_cell0:SELECT=3 {{(pid=96587) stat_writer /opt/stack/data/venv/lib/python3.12/site-packages/dbcounter.py:115}}
Jul 21 14:20:16.203066 np0000005564 nova-scheduler[96587]: DEBUG oslo.service.backend._threading.loopingcall [None req-707e8b00-f5dd-45ac-a0f9-72fdbbd157d3 None None] Dynamic interval looping call 'nova.service.Service.periodic_tasks' sleeping for 60.00 seconds {{(pid=96587) _run_loop /opt/stack/data/venv/lib/python3.12/site-packages/oslo_service/backend/_threading/loopingcall.py:125}}
Jul 21 14:20:26.184384 np0000005564 nova-scheduler[96589]: DEBUG oslo.service.backend._threading.loopingcall [None req-bd10d8e2-a143-4086-bce2-64bb09a872e9 None None] Dynamic interval looping call 'nova.service.Service.periodic_tasks' sleeping for 60.00 seconds {{(pid=96589) _run_loop /opt/stack/data/venv/lib/python3.12/site-packages/oslo_service/backend/_threading/loopingcall.py:125}}
Jul 21 14:20:33.184138 np0000005564 nova-scheduler[96585]: DEBUG oslo.service.backend._threading.loopingcall [None req-9a42ba23-3b4d-46ec-9c0a-09ad62524fa8 None None] Dynamic interval looping call 'nova.service.Service.periodic_tasks' sleeping for 60.00 seconds {{(pid=96585) _run_loop /opt/stack/data/venv/lib/python3.12/site-packages/oslo_service/backend/_threading/loopingcall.py:125}}
Jul 21 14:20:39.188925 np0000005564 nova-scheduler[96583]: DEBUG oslo.service.backend._threading.loopingcall [None req-3ab10328-bba7-41b0-a923-9e56fb31bc16 None None] Dynamic interval looping call 'nova.service.Service.periodic_tasks' sleeping for 60.00 seconds {{(pid=96583) _run_loop /opt/stack/data/venv/lib/python3.12/site-packages/oslo_service/backend/_threading/loopingcall.py:125}}
Jul 21 14:21:16.203654 np0000005564 nova-scheduler[96587]: DEBUG oslo.service.backend._threading.loopingcall [None req-707e8b00-f5dd-45ac-a0f9-72fdbbd157d3 None None] Dynamic interval looping call 'nova.service.Service.periodic_tasks' sleeping for 60.00 seconds {{(pid=96587) _run_loop /opt/stack/data/venv/lib/python3.12/site-packages/oslo_service/backend/_threading/loopingcall.py:125}}
Jul 21 14:21:26.184973 np0000005564 nova-scheduler[96589]: DEBUG oslo.service.backend._threading.loopingcall [None req-bd10d8e2-a143-4086-bce2-64bb09a872e9 None None] Dynamic interval looping call 'nova.service.Service.periodic_tasks' sleeping for 60.00 seconds {{(pid=96589) _run_loop /opt/stack/data/venv/lib/python3.12/site-packages/oslo_service/backend/_threading/loopingcall.py:125}}
Jul 21 14:21:33.184680 np0000005564 nova-scheduler[96585]: DEBUG oslo.service.backend._threading.loopingcall [None req-9a42ba23-3b4d-46ec-9c0a-09ad62524fa8 None None] Dynamic interval looping call 'nova.service.Service.periodic_tasks' sleeping for 60.00 seconds {{(pid=96585) _run_loop /opt/stack/data/venv/lib/python3.12/site-packages/oslo_service/backend/_threading/loopingcall.py:125}}
Jul 21 14:21:39.189445 np0000005564 nova-scheduler[96583]: DEBUG oslo.service.backend._threading.loopingcall [None req-3ab10328-bba7-41b0-a923-9e56fb31bc16 None None] Dynamic interval looping call 'nova.service.Service.periodic_tasks' sleeping for 60.00 seconds {{(pid=96583) _run_loop /opt/stack/data/venv/lib/python3.12/site-packages/oslo_service/backend/_threading/loopingcall.py:125}}
Jul 21 14:21:41.458801 np0000005564 nova-scheduler[96589]: DEBUG nova.scheduler.manager [None req-32378470-2c71-4d8c-a20b-73e650d6e1f3 tempest-DeleteServersTestJSON-1477712935 tempest-DeleteServersTestJSON-1477712935-project-member] Starting to schedule for instances: ['01a8cf39-963f-425e-ae01-b9e582dea3b2'] {{(pid=96589) select_destinations /opt/stack/nova/nova/scheduler/manager.py:209}}
Jul 21 14:21:41.459535 np0000005564 nova-scheduler[96589]: DEBUG nova.scheduler.request_filter [None req-32378470-2c71-4d8c-a20b-73e650d6e1f3 tempest-DeleteServersTestJSON-1477712935 tempest-DeleteServersTestJSON-1477712935-project-member] compute_status_filter request filter added forbidden trait COMPUTE_STATUS_DISABLED {{(pid=96589) compute_status_filter /opt/stack/nova/nova/scheduler/request_filter.py:253}}
Jul 21 14:21:41.459783 np0000005564 nova-scheduler[96589]: DEBUG nova.scheduler.request_filter [None req-32378470-2c71-4d8c-a20b-73e650d6e1f3 tempest-DeleteServersTestJSON-1477712935 tempest-DeleteServersTestJSON-1477712935-project-member] Request filter 'compute_status_filter' took 0.0 seconds {{(pid=96589) wrapper /opt/stack/nova/nova/scheduler/request_filter.py:46}}
Jul 21 14:21:41.460144 np0000005564 nova-scheduler[96589]: DEBUG nova.scheduler.request_filter [None req-32378470-2c71-4d8c-a20b-73e650d6e1f3 tempest-DeleteServersTestJSON-1477712935 tempest-DeleteServersTestJSON-1477712935-project-member] Request filter 'accelerators_filter' took 0.0 seconds {{(pid=96589) wrapper /opt/stack/nova/nova/scheduler/request_filter.py:46}}
Jul 21 14:21:41.460708 np0000005564 nova-scheduler[96589]: DEBUG nova.scheduler.request_filter [None req-32378470-2c71-4d8c-a20b-73e650d6e1f3 tempest-DeleteServersTestJSON-1477712935 tempest-DeleteServersTestJSON-1477712935-project-member] Request filter 'packed_virtqueue_filter' took 0.0 seconds {{(pid=96589) wrapper /opt/stack/nova/nova/scheduler/request_filter.py:46}}
Jul 21 14:21:41.461441 np0000005564 nova-scheduler[96589]: DEBUG nova.scheduler.request_filter [None req-32378470-2c71-4d8c-a20b-73e650d6e1f3 tempest-DeleteServersTestJSON-1477712935 tempest-DeleteServersTestJSON-1477712935-project-member] Request filter 'remote_managed_ports_filter' took 0.0 seconds {{(pid=96589) wrapper /opt/stack/nova/nova/scheduler/request_filter.py:46}}
Jul 21 14:21:41.461601 np0000005564 nova-scheduler[96589]: DEBUG nova.scheduler.request_filter [None req-32378470-2c71-4d8c-a20b-73e650d6e1f3 tempest-DeleteServersTestJSON-1477712935 tempest-DeleteServersTestJSON-1477712935-project-member] ephemeral_encryption_filter skipped {{(pid=96589) ephemeral_encryption_filter /opt/stack/nova/nova/scheduler/request_filter.py:426}}
Jul 21 14:21:41.461733 np0000005564 nova-scheduler[96589]: DEBUG nova.scheduler.request_filter [None req-32378470-2c71-4d8c-a20b-73e650d6e1f3 tempest-DeleteServersTestJSON-1477712935 tempest-DeleteServersTestJSON-1477712935-project-member] virtio_sound_filter skipped {{(pid=96589) virtio_sound_filter /opt/stack/nova/nova/scheduler/request_filter.py:460}}
Jul 21 14:21:41.461909 np0000005564 nova-scheduler[96589]: DEBUG nova.scheduler.request_filter [None req-32378470-2c71-4d8c-a20b-73e650d6e1f3 tempest-DeleteServersTestJSON-1477712935 tempest-DeleteServersTestJSON-1477712935-project-member] tpm_secret_security_filter skipped {{(pid=96589) tpm_secret_security_filter /opt/stack/nova/nova/scheduler/request_filter.py:477}}
Jul 21 14:21:41.989252 np0000005564 nova-scheduler[96589]: INFO nova.utils [None req-32378470-2c71-4d8c-a20b-73e650d6e1f3 tempest-DeleteServersTestJSON-1477712935 tempest-DeleteServersTestJSON-1477712935-project-member] The cell worker thread pool ForkProcess-4.cell_worker is initialized
Jul 21 14:21:41.989665 np0000005564 nova-scheduler[96589]: DEBUG oslo_concurrency.lockutils [None req-32378470-2c71-4d8c-a20b-73e650d6e1f3 tempest-DeleteServersTestJSON-1477712935 tempest-DeleteServersTestJSON-1477712935-project-member] Acquiring lock "4da5a129-2688-44e3-a6a3-df068419b466" by "nova.context.set_target_cell..get_or_set_cached_cell_and_set_connections" {{(pid=96589) inner /opt/stack/data/venv/lib/python3.12/site-packages/oslo_concurrency/lockutils.py:512}}
Jul 21 14:21:41.989945 np0000005564 nova-scheduler[96589]: DEBUG oslo_concurrency.lockutils [None req-32378470-2c71-4d8c-a20b-73e650d6e1f3 tempest-DeleteServersTestJSON-1477712935 tempest-DeleteServersTestJSON-1477712935-project-member] Lock "4da5a129-2688-44e3-a6a3-df068419b466" acquired by "nova.context.set_target_cell..get_or_set_cached_cell_and_set_connections" :: waited 0.000s {{(pid=96589) inner /opt/stack/data/venv/lib/python3.12/site-packages/oslo_concurrency/lockutils.py:525}}
Jul 21 14:21:41.991659 np0000005564 nova-scheduler[96589]: DEBUG oslo_concurrency.lockutils [None req-32378470-2c71-4d8c-a20b-73e650d6e1f3 tempest-DeleteServersTestJSON-1477712935 tempest-DeleteServersTestJSON-1477712935-project-member] Lock "4da5a129-2688-44e3-a6a3-df068419b466" "released" by "nova.context.set_target_cell..get_or_set_cached_cell_and_set_connections" :: held 0.002s {{(pid=96589) inner /opt/stack/data/venv/lib/python3.12/site-packages/oslo_concurrency/lockutils.py:544}}
Jul 21 14:21:41.993699 np0000005564 nova-scheduler[96589]: INFO dbcounter [None req-32378470-2c71-4d8c-a20b-73e650d6e1f3 tempest-DeleteServersTestJSON-1477712935 tempest-DeleteServersTestJSON-1477712935-project-member] Registered counter for database nova_cell1
Jul 21 14:21:42.033554 np0000005564 nova-scheduler[96589]: DEBUG oslo_db.sqlalchemy.engines [None req-32378470-2c71-4d8c-a20b-73e650d6e1f3 tempest-DeleteServersTestJSON-1477712935 tempest-DeleteServersTestJSON-1477712935-project-member] MySQL server mode set to STRICT_TRANS_TABLES,STRICT_ALL_TABLES,NO_ZERO_IN_DATE,NO_ZERO_DATE,ERROR_FOR_DIVISION_BY_ZERO,TRADITIONAL,NO_ENGINE_SUBSTITUTION {{(pid=96589) _check_effective_sql_mode /opt/stack/data/venv/lib/python3.12/site-packages/oslo_db/sqlalchemy/engines.py:325}}
Jul 21 14:21:42.039195 np0000005564 nova-scheduler[96589]: DEBUG dbcounter [-] [96589] Writer thread running {{(pid=96589) stat_writer /opt/stack/data/venv/lib/python3.12/site-packages/dbcounter.py:102}}
Jul 21 14:21:42.049403 np0000005564 nova-scheduler[96589]: DEBUG oslo_db.sqlalchemy.engines [None req-32378470-2c71-4d8c-a20b-73e650d6e1f3 tempest-DeleteServersTestJSON-1477712935 tempest-DeleteServersTestJSON-1477712935-project-member] Parent process 95380 forked (96589) with an open database connection, which is being discarded and recreated. {{(pid=96589) checkout /opt/stack/data/venv/lib/python3.12/site-packages/oslo_db/sqlalchemy/engines.py:402}}
Jul 21 14:21:42.086916 np0000005564 nova-scheduler[96589]: DEBUG dbcounter [-] [96589] Writer thread running {{(pid=96589) stat_writer /opt/stack/data/venv/lib/python3.12/site-packages/dbcounter.py:102}}
Jul 21 14:21:42.089281 np0000005564 nova-scheduler[96589]: DEBUG oslo_concurrency.lockutils [None req-32378470-2c71-4d8c-a20b-73e650d6e1f3 tempest-DeleteServersTestJSON-1477712935 tempest-DeleteServersTestJSON-1477712935-project-member] Acquiring lock "4da5a129-2688-44e3-a6a3-df068419b466" by "nova.context.set_target_cell..get_or_set_cached_cell_and_set_connections" {{(pid=96589) inner /opt/stack/data/venv/lib/python3.12/site-packages/oslo_concurrency/lockutils.py:512}}
Jul 21 14:21:42.089444 np0000005564 nova-scheduler[96589]: DEBUG oslo_concurrency.lockutils [None req-32378470-2c71-4d8c-a20b-73e650d6e1f3 tempest-DeleteServersTestJSON-1477712935 tempest-DeleteServersTestJSON-1477712935-project-member] Lock "4da5a129-2688-44e3-a6a3-df068419b466" acquired by "nova.context.set_target_cell..get_or_set_cached_cell_and_set_connections" :: waited 0.000s {{(pid=96589) inner /opt/stack/data/venv/lib/python3.12/site-packages/oslo_concurrency/lockutils.py:525}}
Jul 21 14:21:42.089569 np0000005564 nova-scheduler[96589]: DEBUG oslo_concurrency.lockutils [None req-32378470-2c71-4d8c-a20b-73e650d6e1f3 tempest-DeleteServersTestJSON-1477712935 tempest-DeleteServersTestJSON-1477712935-project-member] Lock "4da5a129-2688-44e3-a6a3-df068419b466" "released" by "nova.context.set_target_cell..get_or_set_cached_cell_and_set_connections" :: held 0.000s {{(pid=96589) inner /opt/stack/data/venv/lib/python3.12/site-packages/oslo_concurrency/lockutils.py:544}}
Jul 21 14:21:42.092464 np0000005564 nova-scheduler[96589]: DEBUG oslo_concurrency.lockutils [None req-32378470-2c71-4d8c-a20b-73e650d6e1f3 tempest-DeleteServersTestJSON-1477712935 tempest-DeleteServersTestJSON-1477712935-project-member] Acquiring lock "np0000005564-np0000005564" by "nova.scheduler.host_manager.HostState.update.._locked_update" {{(pid=96589) inner /opt/stack/data/venv/lib/python3.12/site-packages/oslo_concurrency/lockutils.py:512}}
Jul 21 14:21:42.092595 np0000005564 nova-scheduler[96589]: DEBUG oslo_concurrency.lockutils [None req-32378470-2c71-4d8c-a20b-73e650d6e1f3 tempest-DeleteServersTestJSON-1477712935 tempest-DeleteServersTestJSON-1477712935-project-member] Lock "np0000005564-np0000005564" acquired by "nova.scheduler.host_manager.HostState.update.._locked_update" :: waited 0.000s {{(pid=96589) inner /opt/stack/data/venv/lib/python3.12/site-packages/oslo_concurrency/lockutils.py:525}}
