Jul 21 14:19:12.080175 np0000005564 devstack@neutron-api.service[90747]: DEBUG neutron_lib.callbacks.manager [None req-cdc53eef-7d2e-4cc2-8478-76b5ac0e58b5 None None] Subscribe: > segment after_create 55550000, False {{(pid=90747) subscribe /opt/stack/data/venv/lib/python3.12/site-packages/neutron_lib/callbacks/manager.py:52}}
Jul 21 14:19:12.080375 np0000005564 devstack@neutron-api.service[90747]: DEBUG neutron_lib.callbacks.manager [None req-cdc53eef-7d2e-4cc2-8478-76b5ac0e58b5 None None] Subscribe: > segment after_create 55550000, False {{(pid=90747) subscribe /opt/stack/data/venv/lib/python3.12/site-packages/neutron_lib/callbacks/manager.py:52}}
Jul 21 14:19:12.080375 np0000005564 devstack@neutron-api.service[90747]: DEBUG neutron_lib.callbacks.manager [None req-cdc53eef-7d2e-4cc2-8478-76b5ac0e58b5 None None] Subscribe: > segment after_delete 55550000, False {{(pid=90747) subscribe /opt/stack/data/venv/lib/python3.12/site-packages/neutron_lib/callbacks/manager.py:52}}
Jul 21 14:19:12.080468 np0000005564 devstack@neutron-api.service[90747]: DEBUG neutron_lib.callbacks.manager [None req-cdc53eef-7d2e-4cc2-8478-76b5ac0e58b5 None None] Subscribe: > allowed_address_pair before_create 55550000, False {{(pid=90747) subscribe /opt/stack/data/venv/lib/python3.12/site-packages/neutron_lib/callbacks/manager.py:52}}
Jul 21 14:19:12.080589 np0000005564 devstack@neutron-api.service[90747]: DEBUG neutron_lib.callbacks.manager [None req-cdc53eef-7d2e-4cc2-8478-76b5ac0e58b5 None None] Subscribe: > security_group precommit_create 55550000, False {{(pid=90747) subscribe /opt/stack/data/venv/lib/python3.12/site-packages/neutron_lib/callbacks/manager.py:52}}
Jul 21 14:19:12.080618 np0000005564 devstack@neutron-api.service[90745]: INFO neutron.plugins.ml2.drivers.type_vlan [None req-f2413047-736a-42da-baa1-b22f96aa44ec None None] VlanTypeDriver initialization complete
Jul 21 14:19:12.080826 np0000005564 devstack@neutron-api.service[90747]: DEBUG neutron_lib.callbacks.manager [None req-cdc53eef-7d2e-4cc2-8478-76b5ac0e58b5 None None] Subscribe: > security_group after_update 55550000, False {{(pid=90747) subscribe /opt/stack/data/venv/lib/python3.12/site-packages/neutron_lib/callbacks/manager.py:52}}
Jul 21 14:19:12.080930 np0000005564 devstack@neutron-api.service[90745]: INFO neutron.plugins.ml2.managers [None req-f2413047-736a-42da-baa1-b22f96aa44ec None None] Initializing extension driver 'port_security'
Jul 21 14:19:12.080957 np0000005564 devstack@neutron-api.service[90747]: DEBUG neutron_lib.callbacks.manager [None req-cdc53eef-7d2e-4cc2-8478-76b5ac0e58b5 None None] Subscribe: > security_group after_create 55550000, False {{(pid=90747) subscribe /opt/stack/data/venv/lib/python3.12/site-packages/neutron_lib/callbacks/manager.py:52}}
Jul 21 14:19:12.080957 np0000005564 devstack@neutron-api.service[90747]: DEBUG neutron_lib.callbacks.manager [None req-cdc53eef-7d2e-4cc2-8478-76b5ac0e58b5 None None] Subscribe: > security_group precommit_delete 55550000, False {{(pid=90747) subscribe /opt/stack/data/venv/lib/python3.12/site-packages/neutron_lib/callbacks/manager.py:52}}
Jul 21 14:19:12.081012 np0000005564 devstack@neutron-api.service[90745]: INFO neutron.plugins.ml2.extensions.port_security [None req-f2413047-736a-42da-baa1-b22f96aa44ec None None] PortSecurityExtensionDriver initialization complete
Jul 21 14:19:12.081012 np0000005564 devstack@neutron-api.service[90745]: INFO neutron.plugins.ml2.managers [None req-f2413047-736a-42da-baa1-b22f96aa44ec None None] Initializing extension driver 'qos'
Jul 21 14:19:12.081088 np0000005564 devstack@neutron-api.service[90747]: DEBUG neutron_lib.callbacks.manager [None req-cdc53eef-7d2e-4cc2-8478-76b5ac0e58b5 None None] Subscribe: > security_group after_delete 55550000, False {{(pid=90747) subscribe /opt/stack/data/venv/lib/python3.12/site-packages/neutron_lib/callbacks/manager.py:52}}
Jul 21 14:19:12.081088 np0000005564 devstack@neutron-api.service[90747]: DEBUG neutron_lib.callbacks.manager [None req-cdc53eef-7d2e-4cc2-8478-76b5ac0e58b5 None None] Subscribe: > security_group_rule precommit_create 55550000, False {{(pid=90747) subscribe /opt/stack/data/venv/lib/python3.12/site-packages/neutron_lib/callbacks/manager.py:52}}
Jul 21 14:19:12.081134 np0000005564 devstack@neutron-api.service[90745]: DEBUG neutron.plugins.ml2.extensions.qos [None req-f2413047-736a-42da-baa1-b22f96aa44ec None None] QosExtensionDriver initialization complete {{(pid=90745) initialize /opt/stack/neutron/neutron/plugins/ml2/extensions/qos.py:31}}
Jul 21 14:19:12.081168 np0000005564 devstack@neutron-api.service[90747]: DEBUG neutron_lib.callbacks.manager [None req-cdc53eef-7d2e-4cc2-8478-76b5ac0e58b5 None None] Subscribe: > security_group_rule after_create 55550000, False {{(pid=90747) subscribe /opt/stack/data/venv/lib/python3.12/site-packages/neutron_lib/callbacks/manager.py:52}}
Jul 21 14:19:12.081195 np0000005564 devstack@neutron-api.service[90745]: INFO neutron.plugins.ml2.managers [None req-f2413047-736a-42da-baa1-b22f96aa44ec None None] Initializing mechanism driver 'ovn'
Jul 21 14:19:12.081220 np0000005564 devstack@neutron-api.service[90747]: DEBUG neutron_lib.callbacks.manager [None req-cdc53eef-7d2e-4cc2-8478-76b5ac0e58b5 None None] Subscribe: > security_group_rule before_delete 55550000, False {{(pid=90747) subscribe /opt/stack/data/venv/lib/python3.12/site-packages/neutron_lib/callbacks/manager.py:52}}
Jul 21 14:19:12.081271 np0000005564 devstack@neutron-api.service[90745]: INFO neutron.plugins.ml2.drivers.ovn.mech_driver.mech_driver [None req-f2413047-736a-42da-baa1-b22f96aa44ec None None] Starting OVNMechanismDriver
Jul 21 14:19:12.081330 np0000005564 devstack@neutron-api.service[90747]: DEBUG neutron_lib.callbacks.manager [None req-cdc53eef-7d2e-4cc2-8478-76b5ac0e58b5 None None] Subscribe: > address_group after_create 55550000, False {{(pid=90747) subscribe /opt/stack/data/venv/lib/python3.12/site-packages/neutron_lib/callbacks/manager.py:52}}
Jul 21 14:19:12.081404 np0000005564 devstack@neutron-api.service[90747]: DEBUG neutron_lib.callbacks.manager [None req-cdc53eef-7d2e-4cc2-8478-76b5ac0e58b5 None None] Subscribe: > address_group after_update 55550000, False {{(pid=90747) subscribe /opt/stack/data/venv/lib/python3.12/site-packages/neutron_lib/callbacks/manager.py:52}}
Jul 21 14:19:12.081447 np0000005564 devstack@neutron-api.service[90746]: DEBUG neutron.api.extensions [None req-88bb944f-55e7-44cb-a37b-1c5fc5fe1d69 None None] Ext name="Router support to enable NDP proxy" alias="l3-ext-ndp-proxy" description="Router extension to enable ndp proxy" updated="2020-08-25T00:00:00-00:00" {{(pid=90746) _check_extension /opt/stack/neutron/neutron/api/extensions.py:415}}
Jul 21 14:19:12.081494 np0000005564 devstack@neutron-api.service[90747]: DEBUG neutron_lib.callbacks.manager [None req-cdc53eef-7d2e-4cc2-8478-76b5ac0e58b5 None None] Subscribe: > address_group after_delete 55550000, False {{(pid=90747) subscribe /opt/stack/data/venv/lib/python3.12/site-packages/neutron_lib/callbacks/manager.py:52}}
Jul 21 14:19:12.081660 np0000005564 devstack@neutron-api.service[90747]: DEBUG neutron_lib.callbacks.manager [None req-cdc53eef-7d2e-4cc2-8478-76b5ac0e58b5 None None] Subscribe: > qos_plugin after_init 55550000, False {{(pid=90747) subscribe /opt/stack/data/venv/lib/python3.12/site-packages/neutron_lib/callbacks/manager.py:52}}
Jul 21 14:19:12.081743 np0000005564 devstack@neutron-api.service[90746]: INFO neutron.api.extensions [None req-88bb944f-55e7-44cb-a37b-1c5fc5fe1d69 None None] Extension l3-ext-ndp-proxy not supported by any of loaded plugins
Jul 21 14:19:12.081817 np0000005564 devstack@neutron-api.service[90747]: DEBUG neutron_lib.callbacks.manager [None req-cdc53eef-7d2e-4cc2-8478-76b5ac0e58b5 None None] Subscribe: > trunk_plugin after_init 55550000, False {{(pid=90747) subscribe /opt/stack/data/venv/lib/python3.12/site-packages/neutron_lib/callbacks/manager.py:52}}
Jul 21 14:19:12.081862 np0000005564 devstack@neutron-api.service[90746]: DEBUG neutron.api.extensions [None req-88bb944f-55e7-44cb-a37b-1c5fc5fe1d69 None None] Loading extension file: l3_extra_gws.py {{(pid=90746) _load_all_extensions_from_path /opt/stack/neutron/neutron/api/extensions.py:449}}
Jul 21 14:19:12.082013 np0000005564 devstack@neutron-api.service[90747]: DEBUG neutron_lib.callbacks.manager [None req-cdc53eef-7d2e-4cc2-8478-76b5ac0e58b5 None None] Subscribe: > logging-plugin after_init 55550000, False {{(pid=90747) subscribe /opt/stack/data/venv/lib/python3.12/site-packages/neutron_lib/callbacks/manager.py:52}}
Jul 21 14:19:12.082257 np0000005564 devstack@neutron-api.service[90746]: DEBUG neutron.api.extensions [None req-88bb944f-55e7-44cb-a37b-1c5fc5fe1d69 None None] Ext name="Neutron L3 External Gateway Multihoming" alias="external-gateway-multihoming" description="Allow multiple external gateway ports per router" updated="2023-01-18T00:00:00-00:00" {{(pid=90746) _check_extension /opt/stack/neutron/neutron/api/extensions.py:415}}
Jul 21 14:19:12.082487 np0000005564 devstack@neutron-api.service[90746]: INFO neutron.api.extensions [None req-88bb944f-55e7-44cb-a37b-1c5fc5fe1d69 None None] Loaded extension: external-gateway-multihoming
Jul 21 14:19:12.082560 np0000005564 devstack@neutron-api.service[90747]: INFO neutron.services.logapi.drivers.ovn.driver [None req-cdc53eef-7d2e-4cc2-8478-76b5ac0e58b5 None None] OVN logging driver registered
Jul 21 14:19:12.082596 np0000005564 devstack@neutron-api.service[90747]: DEBUG neutron_lib.callbacks.manager [None req-cdc53eef-7d2e-4cc2-8478-76b5ac0e58b5 None None] Subscribe: ._register_pvlan_driver at 0x747743083600> pvlan_plugin before_spawn 55550000, False {{(pid=90747) subscribe /opt/stack/data/venv/lib/python3.12/site-packages/neutron_lib/callbacks/manager.py:52}}
Jul 21 14:19:12.082702 np0000005564 devstack@neutron-api.service[90746]: DEBUG neutron.api.extensions [None req-88bb944f-55e7-44cb-a37b-1c5fc5fe1d69 None None] Loading extension file: l3_flavors.py {{(pid=90746) _load_all_extensions_from_path /opt/stack/neutron/neutron/api/extensions.py:449}}
Jul 21 14:19:12.082740 np0000005564 devstack@neutron-api.service[90747]: DEBUG neutron_lib.callbacks.manager [None req-cdc53eef-7d2e-4cc2-8478-76b5ac0e58b5 None None] Subscribe: process after_init 55550000, False {{(pid=90747) subscribe /opt/stack/data/venv/lib/python3.12/site-packages/neutron_lib/callbacks/manager.py:52}}
Jul 21 14:19:12.083210 np0000005564 devstack@neutron-api.service[90745]: DEBUG neutron_lib.callbacks.manager [None req-f2413047-736a-42da-baa1-b22f96aa44ec None None] Subscribe: > process before_spawn 55550000, False {{(pid=90745) subscribe /opt/stack/data/venv/lib/python3.12/site-packages/neutron_lib/callbacks/manager.py:52}}
Jul 21 14:19:12.083316 np0000005564 devstack@neutron-api.service[90746]: DEBUG neutron.api.extensions [None req-88bb944f-55e7-44cb-a37b-1c5fc5fe1d69 None None] Ext name="Router Flavor Extension" alias="l3-flavors" description="Flavor support for routers." updated="2016-05-17T00:00:00-00:00" {{(pid=90746) _check_extension /opt/stack/neutron/neutron/api/extensions.py:415}}
Jul 21 14:19:12.083405 np0000005564 devstack@neutron-api.service[90745]: DEBUG neutron_lib.callbacks.manager [None req-f2413047-736a-42da-baa1-b22f96aa44ec None None] Subscribe: > process after_init 55550000, True {{(pid=90745) subscribe /opt/stack/data/venv/lib/python3.12/site-packages/neutron_lib/callbacks/manager.py:52}}
Jul 21 14:19:12.083405 np0000005564 devstack@neutron-api.service[90745]: DEBUG neutron_lib.callbacks.manager [None req-f2413047-736a-42da-baa1-b22f96aa44ec None None] Subscribe: > segment after_create 55550000, False {{(pid=90745) subscribe /opt/stack/data/venv/lib/python3.12/site-packages/neutron_lib/callbacks/manager.py:52}}
Jul 21 14:19:12.083525 np0000005564 devstack@neutron-api.service[90746]: INFO neutron.api.extensions [None req-88bb944f-55e7-44cb-a37b-1c5fc5fe1d69 None None] Loaded extension: l3-flavors
Jul 21 14:19:12.083620 np0000005564 devstack@neutron-api.service[90745]: DEBUG neutron_lib.callbacks.manager [None req-f2413047-736a-42da-baa1-b22f96aa44ec None None] Subscribe: > segment after_create 55550000, False {{(pid=90745) subscribe /opt/stack/data/venv/lib/python3.12/site-packages/neutron_lib/callbacks/manager.py:52}}
Jul 21 14:19:12.083711 np0000005564 devstack@neutron-api.service[90746]: DEBUG neutron.api.extensions [None req-88bb944f-55e7-44cb-a37b-1c5fc5fe1d69 None None] Loading extension file: l3_ndp_proxy.py {{(pid=90746) _load_all_extensions_from_path /opt/stack/neutron/neutron/api/extensions.py:449}}
Jul 21 14:19:12.083792 np0000005564 devstack@neutron-api.service[90745]: DEBUG neutron_lib.callbacks.manager [None req-f2413047-736a-42da-baa1-b22f96aa44ec None None] Subscribe: > segment after_delete 55550000, False {{(pid=90745) subscribe /opt/stack/data/venv/lib/python3.12/site-packages/neutron_lib/callbacks/manager.py:52}}
Jul 21 14:19:12.083792 np0000005564 devstack@neutron-api.service[90745]: DEBUG neutron_lib.callbacks.manager [None req-f2413047-736a-42da-baa1-b22f96aa44ec None None] Subscribe: > allowed_address_pair before_create 55550000, False {{(pid=90745) subscribe /opt/stack/data/venv/lib/python3.12/site-packages/neutron_lib/callbacks/manager.py:52}}
Jul 21 14:19:12.083792 np0000005564 devstack@neutron-api.service[90745]: DEBUG neutron_lib.callbacks.manager [None req-f2413047-736a-42da-baa1-b22f96aa44ec None None] Subscribe: > security_group precommit_create 55550000, False {{(pid=90745) subscribe /opt/stack/data/venv/lib/python3.12/site-packages/neutron_lib/callbacks/manager.py:52}}
Jul 21 14:19:12.083792 np0000005564 devstack@neutron-api.service[90745]: DEBUG neutron_lib.callbacks.manager [None req-f2413047-736a-42da-baa1-b22f96aa44ec None None] Subscribe: > security_group after_update 55550000, False {{(pid=90745) subscribe /opt/stack/data/venv/lib/python3.12/site-packages/neutron_lib/callbacks/manager.py:52}}
Jul 21 14:19:12.084220 np0000005564 devstack@neutron-api.service[90745]: DEBUG neutron_lib.callbacks.manager [None req-f2413047-736a-42da-baa1-b22f96aa44ec None None] Subscribe: > security_group after_create 55550000, False {{(pid=90745) subscribe /opt/stack/data/venv/lib/python3.12/site-packages/neutron_lib/callbacks/manager.py:52}}
Jul 21 14:19:12.084317 np0000005564 devstack@neutron-api.service[90746]: DEBUG neutron.api.extensions [None req-88bb944f-55e7-44cb-a37b-1c5fc5fe1d69 None None] Ext name="name" alias="l3-ndp-proxy" description="description" updated="2021-06-29T10:00:00-00:00" {{(pid=90746) _check_extension /opt/stack/neutron/neutron/api/extensions.py:415}}
Jul 21 14:19:12.084395 np0000005564 devstack@neutron-api.service[90745]: DEBUG neutron_lib.callbacks.manager [None req-f2413047-736a-42da-baa1-b22f96aa44ec None None] Subscribe: > security_group precommit_delete 55550000, False {{(pid=90745) subscribe /opt/stack/data/venv/lib/python3.12/site-packages/neutron_lib/callbacks/manager.py:52}}
Jul 21 14:19:12.084395 np0000005564 devstack@neutron-api.service[90745]: DEBUG neutron_lib.callbacks.manager [None req-f2413047-736a-42da-baa1-b22f96aa44ec None None] Subscribe: > security_group after_delete 55550000, False {{(pid=90745) subscribe /opt/stack/data/venv/lib/python3.12/site-packages/neutron_lib/callbacks/manager.py:52}}
Jul 21 14:19:12.084527 np0000005564 devstack@neutron-api.service[90747]: DEBUG neutron.plugins.ml2.plugin [None req-cdc53eef-7d2e-4cc2-8478-76b5ac0e58b5 None None] neutron.plugins.ml2.plugin.Ml2Plugin method _start_rpc_notifiers called with arguments () {} {{(pid=90747) wrapper /opt/stack/data/venv/lib/python3.12/site-packages/oslo_log/helpers.py:77}}
Jul 21 14:19:12.084598 np0000005564 devstack@neutron-api.service[90745]: DEBUG neutron_lib.callbacks.manager [None req-f2413047-736a-42da-baa1-b22f96aa44ec None None] Subscribe: > security_group_rule precommit_create 55550000, False {{(pid=90745) subscribe /opt/stack/data/venv/lib/python3.12/site-packages/neutron_lib/callbacks/manager.py:52}}
Jul 21 14:19:12.084702 np0000005564 devstack@neutron-api.service[90746]: INFO neutron.api.extensions [None req-88bb944f-55e7-44cb-a37b-1c5fc5fe1d69 None None] Extension l3-ndp-proxy not supported by any of loaded plugins
Jul 21 14:19:12.084770 np0000005564 devstack@neutron-api.service[90745]: DEBUG neutron_lib.callbacks.manager [None req-f2413047-736a-42da-baa1-b22f96aa44ec None None] Subscribe: > security_group_rule after_create 55550000, False {{(pid=90745) subscribe /opt/stack/data/venv/lib/python3.12/site-packages/neutron_lib/callbacks/manager.py:52}}
Jul 21 14:19:12.084875 np0000005564 devstack@neutron-api.service[90746]: DEBUG neutron.api.extensions [None req-88bb944f-55e7-44cb-a37b-1c5fc5fe1d69 None None] Loading extension file: l3_port_ip_change_not_allowed.py {{(pid=90746) _load_all_extensions_from_path /opt/stack/neutron/neutron/api/extensions.py:449}}
Jul 21 14:19:12.084952 np0000005564 devstack@neutron-api.service[90745]: DEBUG neutron_lib.callbacks.manager [None req-f2413047-736a-42da-baa1-b22f96aa44ec None None] Subscribe: > security_group_rule before_delete 55550000, False {{(pid=90745) subscribe /opt/stack/data/venv/lib/python3.12/site-packages/neutron_lib/callbacks/manager.py:52}}
Jul 21 14:19:12.085096 np0000005564 devstack@neutron-api.service[90747]: DEBUG neutron_lib.callbacks.manager [None req-cdc53eef-7d2e-4cc2-8478-76b5ac0e58b5 None None] Subscribe: > port after_create 55550000, False {{(pid=90747) subscribe /opt/stack/data/venv/lib/python3.12/site-packages/neutron_lib/callbacks/manager.py:52}}
Jul 21 14:19:12.085186 np0000005564 devstack@neutron-api.service[90745]: DEBUG neutron_lib.callbacks.manager [None req-f2413047-736a-42da-baa1-b22f96aa44ec None None] Subscribe: > address_group after_create 55550000, False {{(pid=90745) subscribe /opt/stack/data/venv/lib/python3.12/site-packages/neutron_lib/callbacks/manager.py:52}}
Jul 21 14:19:12.085324 np0000005564 devstack@neutron-api.service[90747]: DEBUG neutron_lib.callbacks.manager [None req-cdc53eef-7d2e-4cc2-8478-76b5ac0e58b5 None None] Subscribe: > port after_update 55550000, False {{(pid=90747) subscribe /opt/stack/data/venv/lib/python3.12/site-packages/neutron_lib/callbacks/manager.py:52}}
Jul 21 14:19:12.085411 np0000005564 devstack@neutron-api.service[90745]: DEBUG neutron_lib.callbacks.manager [None req-f2413047-736a-42da-baa1-b22f96aa44ec None None] Subscribe: > address_group after_update 55550000, False {{(pid=90745) subscribe /opt/stack/data/venv/lib/python3.12/site-packages/neutron_lib/callbacks/manager.py:52}}
Jul 21 14:19:12.085508 np0000005564 devstack@neutron-api.service[90747]: DEBUG neutron_lib.callbacks.manager [None req-cdc53eef-7d2e-4cc2-8478-76b5ac0e58b5 None None] Subscribe: > port after_delete 55550000, False {{(pid=90747) subscribe /opt/stack/data/venv/lib/python3.12/site-packages/neutron_lib/callbacks/manager.py:52}}
Jul 21 14:19:12.085597 np0000005564 devstack@neutron-api.service[90745]: DEBUG neutron_lib.callbacks.manager [None req-f2413047-736a-42da-baa1-b22f96aa44ec None None] Subscribe: > address_group after_delete 55550000, False {{(pid=90745) subscribe /opt/stack/data/venv/lib/python3.12/site-packages/neutron_lib/callbacks/manager.py:52}}
Jul 21 14:19:12.085702 np0000005564 devstack@neutron-api.service[90747]: DEBUG neutron_lib.callbacks.manager [None req-cdc53eef-7d2e-4cc2-8478-76b5ac0e58b5 None None] Subscribe: > subnet after_create 55550000, False {{(pid=90747) subscribe /opt/stack/data/venv/lib/python3.12/site-packages/neutron_lib/callbacks/manager.py:52}}
Jul 21 14:19:12.085777 np0000005564 devstack@neutron-api.service[90746]: DEBUG neutron.api.extensions [None req-88bb944f-55e7-44cb-a37b-1c5fc5fe1d69 None None] Ext name="Prevent L3 router ports IP address change extension" alias="l3-port-ip-change-not-allowed" description="Prevent change of IP address for some L3 router ports" updated="2018-10-09T10:00:00-00:00" {{(pid=90746) _check_extension /opt/stack/neutron/neutron/api/extensions.py:415}}
Jul 21 14:19:12.085860 np0000005564 devstack@neutron-api.service[90745]: DEBUG neutron_lib.callbacks.manager [None req-f2413047-736a-42da-baa1-b22f96aa44ec None None] Subscribe: > qos_plugin after_init 55550000, False {{(pid=90745) subscribe /opt/stack/data/venv/lib/python3.12/site-packages/neutron_lib/callbacks/manager.py:52}}
Jul 21 14:19:12.085934 np0000005564 devstack@neutron-api.service[90747]: DEBUG neutron_lib.callbacks.manager [None req-cdc53eef-7d2e-4cc2-8478-76b5ac0e58b5 None None] Subscribe: > subnet after_update 55550000, False {{(pid=90747) subscribe /opt/stack/data/venv/lib/python3.12/site-packages/neutron_lib/callbacks/manager.py:52}}
Jul 21 14:19:12.085934 np0000005564 devstack@neutron-api.service[90747]: DEBUG neutron_lib.callbacks.manager [None req-cdc53eef-7d2e-4cc2-8478-76b5ac0e58b5 None None] Subscribe: > subnet after_delete 55550000, False {{(pid=90747) subscribe /opt/stack/data/venv/lib/python3.12/site-packages/neutron_lib/callbacks/manager.py:52}}
Jul 21 14:19:12.086078 np0000005564 devstack@neutron-api.service[90745]: DEBUG neutron_lib.callbacks.manager [None req-f2413047-736a-42da-baa1-b22f96aa44ec None None] Subscribe: > trunk_plugin after_init 55550000, False {{(pid=90745) subscribe /opt/stack/data/venv/lib/python3.12/site-packages/neutron_lib/callbacks/manager.py:52}}
Jul 21 14:19:12.086152 np0000005564 devstack@neutron-api.service[90747]: DEBUG neutron_lib.callbacks.manager [None req-cdc53eef-7d2e-4cc2-8478-76b5ac0e58b5 None None] Subscribe: > network after_create 55550000, False {{(pid=90747) subscribe /opt/stack/data/venv/lib/python3.12/site-packages/neutron_lib/callbacks/manager.py:52}}
Jul 21 14:19:12.086271 np0000005564 devstack@neutron-api.service[90746]: INFO neutron.api.extensions [None req-88bb944f-55e7-44cb-a37b-1c5fc5fe1d69 None None] Extension l3-port-ip-change-not-allowed not supported by any of loaded plugins
Jul 21 14:19:12.086347 np0000005564 devstack@neutron-api.service[90747]: DEBUG neutron_lib.callbacks.manager [None req-cdc53eef-7d2e-4cc2-8478-76b5ac0e58b5 None None] Subscribe: > network after_update 55550000, False {{(pid=90747) subscribe /opt/stack/data/venv/lib/python3.12/site-packages/neutron_lib/callbacks/manager.py:52}}
Jul 21 14:19:12.086347 np0000005564 devstack@neutron-api.service[90747]: DEBUG neutron_lib.callbacks.manager [None req-cdc53eef-7d2e-4cc2-8478-76b5ac0e58b5 None None] Subscribe: > network after_delete 55550000, False {{(pid=90747) subscribe /opt/stack/data/venv/lib/python3.12/site-packages/neutron_lib/callbacks/manager.py:52}}
Jul 21 14:19:12.086470 np0000005564 devstack@neutron-api.service[90746]: DEBUG neutron.api.extensions [None req-88bb944f-55e7-44cb-a37b-1c5fc5fe1d69 None None] Loading extension file: l3agentscheduler.py {{(pid=90746) _load_all_extensions_from_path /opt/stack/neutron/neutron/api/extensions.py:449}}
Jul 21 14:19:12.086542 np0000005564 devstack@neutron-api.service[90745]: DEBUG neutron_lib.callbacks.manager [None req-f2413047-736a-42da-baa1-b22f96aa44ec None None] Subscribe: > logging-plugin after_init 55550000, False {{(pid=90745) subscribe /opt/stack/data/venv/lib/python3.12/site-packages/neutron_lib/callbacks/manager.py:52}}
Jul 21 14:19:12.086627 np0000005564 devstack@neutron-api.service[90747]: DEBUG neutron_lib.callbacks.manager [None req-cdc53eef-7d2e-4cc2-8478-76b5ac0e58b5 None None] Subscribe: > security_group after_create 55550000, False {{(pid=90747) subscribe /opt/stack/data/venv/lib/python3.12/site-packages/neutron_lib/callbacks/manager.py:52}}
Jul 21 14:19:12.086627 np0000005564 devstack@neutron-api.service[90747]: DEBUG neutron_lib.callbacks.manager [None req-cdc53eef-7d2e-4cc2-8478-76b5ac0e58b5 None None] Subscribe: > security_group after_update 55550000, False {{(pid=90747) subscribe /opt/stack/data/venv/lib/python3.12/site-packages/neutron_lib/callbacks/manager.py:52}}
Jul 21 14:19:12.086627 np0000005564 devstack@neutron-api.service[90747]: DEBUG neutron_lib.callbacks.manager [None req-cdc53eef-7d2e-4cc2-8478-76b5ac0e58b5 None None] Subscribe: > security_group after_delete 55550000, False {{(pid=90747) subscribe /opt/stack/data/venv/lib/python3.12/site-packages/neutron_lib/callbacks/manager.py:52}}
Jul 21 14:19:12.086627 np0000005564 devstack@neutron-api.service[90747]: DEBUG neutron_lib.callbacks.manager [None req-cdc53eef-7d2e-4cc2-8478-76b5ac0e58b5 None None] Subscribe: > security_group_rule after_create 55550000, False {{(pid=90747) subscribe /opt/stack/data/venv/lib/python3.12/site-packages/neutron_lib/callbacks/manager.py:52}}
Jul 21 14:19:12.086788 np0000005564 devstack@neutron-api.service[90747]: DEBUG neutron_lib.callbacks.manager [None req-cdc53eef-7d2e-4cc2-8478-76b5ac0e58b5 None None] Subscribe: > security_group_rule after_update 55550000, False {{(pid=90747) subscribe /opt/stack/data/venv/lib/python3.12/site-packages/neutron_lib/callbacks/manager.py:52}}
Jul 21 14:19:12.086788 np0000005564 devstack@neutron-api.service[90747]: DEBUG neutron_lib.callbacks.manager [None req-cdc53eef-7d2e-4cc2-8478-76b5ac0e58b5 None None] Subscribe: > security_group_rule after_delete 55550000, False {{(pid=90747) subscribe /opt/stack/data/venv/lib/python3.12/site-packages/neutron_lib/callbacks/manager.py:52}}
Jul 21 14:19:12.086927 np0000005564 devstack@neutron-api.service[90745]: INFO neutron.services.logapi.drivers.ovn.driver [None req-f2413047-736a-42da-baa1-b22f96aa44ec None None] OVN logging driver registered
Jul 21 14:19:12.086999 np0000005564 devstack@neutron-api.service[90747]: DEBUG neutron_lib.callbacks.manager [None req-cdc53eef-7d2e-4cc2-8478-76b5ac0e58b5 None None] Subscribe: > address_group after_create 55550000, False {{(pid=90747) subscribe /opt/stack/data/venv/lib/python3.12/site-packages/neutron_lib/callbacks/manager.py:52}}
Jul 21 14:19:12.087139 np0000005564 devstack@neutron-api.service[90745]: DEBUG neutron_lib.callbacks.manager [None req-f2413047-736a-42da-baa1-b22f96aa44ec None None] Subscribe: ._register_pvlan_driver at 0x7477430acfe0> pvlan_plugin before_spawn 55550000, False {{(pid=90745) subscribe /opt/stack/data/venv/lib/python3.12/site-packages/neutron_lib/callbacks/manager.py:52}}
Jul 21 14:19:12.087224 np0000005564 devstack@neutron-api.service[90747]: DEBUG neutron_lib.callbacks.manager [None req-cdc53eef-7d2e-4cc2-8478-76b5ac0e58b5 None None] Subscribe: > address_group after_update 55550000, False {{(pid=90747) subscribe /opt/stack/data/venv/lib/python3.12/site-packages/neutron_lib/callbacks/manager.py:52}}
Jul 21 14:19:12.087323 np0000005564 devstack@neutron-api.service[90745]: DEBUG neutron_lib.callbacks.manager [None req-f2413047-736a-42da-baa1-b22f96aa44ec None None] Subscribe: process after_init 55550000, False {{(pid=90745) subscribe /opt/stack/data/venv/lib/python3.12/site-packages/neutron_lib/callbacks/manager.py:52}}
Jul 21 14:19:12.087412 np0000005564 devstack@neutron-api.service[90747]: DEBUG neutron_lib.callbacks.manager [None req-cdc53eef-7d2e-4cc2-8478-76b5ac0e58b5 None None] Subscribe: > address_group after_delete 55550000, False {{(pid=90747) subscribe /opt/stack/data/venv/lib/python3.12/site-packages/neutron_lib/callbacks/manager.py:52}}
Jul 21 14:19:12.087412 np0000005564 devstack@neutron-api.service[90747]: DEBUG neutron.plugins.ml2.ovo_rpc [None req-cdc53eef-7d2e-4cc2-8478-76b5ac0e58b5 None None] ML2 OVO RPC backend initialized. {{(pid=90747) __init__ /opt/stack/neutron/neutron/plugins/ml2/ovo_rpc.py:117}}
Jul 21 14:19:12.087552 np0000005564 devstack@neutron-api.service[90746]: DEBUG neutron.api.extensions [None req-88bb944f-55e7-44cb-a37b-1c5fc5fe1d69 None None] Ext name="L3 Agent Scheduler" alias="l3_agent_scheduler" description="Schedule routers among l3 agents" updated="2013-02-07T10:00:00-00:00" {{(pid=90746) _check_extension /opt/stack/neutron/neutron/api/extensions.py:415}}
Jul 21 14:19:12.087552 np0000005564 devstack@neutron-api.service[90746]: INFO neutron.api.extensions [None req-88bb944f-55e7-44cb-a37b-1c5fc5fe1d69 None None] Loaded extension: l3_agent_scheduler
Jul 21 14:19:12.087552 np0000005564 devstack@neutron-api.service[90746]: DEBUG neutron.api.extensions [None req-88bb944f-55e7-44cb-a37b-1c5fc5fe1d69 None None] Loading extension file: local_ip.py {{(pid=90746) _load_all_extensions_from_path /opt/stack/neutron/neutron/api/extensions.py:449}}
Jul 21 14:19:12.087694 np0000005564 devstack@neutron-api.service[90747]: INFO neutron.quota [None req-cdc53eef-7d2e-4cc2-8478-76b5ac0e58b5 None None] Loaded quota_driver: .
Jul 21 14:19:12.087694 np0000005564 devstack@neutron-api.service[90747]: INFO neutron.plugins.ml2.plugin [None req-cdc53eef-7d2e-4cc2-8478-76b5ac0e58b5 None None] Modular L2 Plugin initialization complete
Jul 21 14:19:12.087694 np0000005564 devstack@neutron-api.service[90747]: DEBUG neutron.manager [None req-cdc53eef-7d2e-4cc2-8478-76b5ac0e58b5 None None] Loading services supported by the core plugin {{(pid=90747) _load_services_from_core_plugin /opt/stack/neutron/neutron/manager.py:167}}
Jul 21 14:19:12.087694 np0000005564 devstack@neutron-api.service[90747]: INFO neutron.plugins.ml2.managers [None req-cdc53eef-7d2e-4cc2-8478-76b5ac0e58b5 None None] Got port-security extension from driver 'port_security'
Jul 21 14:19:12.087892 np0000005564 devstack@neutron-api.service[90746]: DEBUG neutron.api.extensions [None req-88bb944f-55e7-44cb-a37b-1c5fc5fe1d69 None None] Ext name="Local IP" alias="local_ip" description="Support Node Local Virtual IP" updated="2021-07-26T10:00:00-00:00" {{(pid=90746) _check_extension /opt/stack/neutron/neutron/api/extensions.py:415}}
Jul 21 14:19:12.087980 np0000005564 devstack@neutron-api.service[90747]: DEBUG neutron.manager [None req-cdc53eef-7d2e-4cc2-8478-76b5ac0e58b5 None None] Loading service plugins: ['ovn-router', 'auto_allocate', 'tag', 'timestamp', 'network_ip_availability', 'flavors', 'revisions'] {{(pid=90747) _load_service_plugins /opt/stack/neutron/neutron/manager.py:192}}
Jul 21 14:19:12.088077 np0000005564 devstack@neutron-api.service[90746]: INFO neutron.api.extensions [None req-88bb944f-55e7-44cb-a37b-1c5fc5fe1d69 None None] Extension local_ip not supported by any of loaded plugins
Jul 21 14:19:12.088176 np0000005564 devstack@neutron-api.service[90745]: DEBUG neutron.plugins.ml2.plugin [None req-f2413047-736a-42da-baa1-b22f96aa44ec None None] neutron.plugins.ml2.plugin.Ml2Plugin method _start_rpc_notifiers called with arguments () {} {{(pid=90745) wrapper /opt/stack/data/venv/lib/python3.12/site-packages/oslo_log/helpers.py:77}}
Jul 21 14:19:12.088308 np0000005564 devstack@neutron-api.service[90747]: INFO neutron.manager [None req-cdc53eef-7d2e-4cc2-8478-76b5ac0e58b5 None None] Loading Plugin: ovn-router
Jul 21 14:19:12.088395 np0000005564 devstack@neutron-api.service[90746]: DEBUG neutron.api.extensions [None req-88bb944f-55e7-44cb-a37b-1c5fc5fe1d69 None None] Loading extension file: logging.py {{(pid=90746) _load_all_extensions_from_path /opt/stack/neutron/neutron/api/extensions.py:449}}
Jul 21 14:19:12.088520 np0000005564 devstack@neutron-api.service[90745]: DEBUG neutron_lib.callbacks.manager [None req-f2413047-736a-42da-baa1-b22f96aa44ec None None] Subscribe: > port after_create 55550000, False {{(pid=90745) subscribe /opt/stack/data/venv/lib/python3.12/site-packages/neutron_lib/callbacks/manager.py:52}}
Jul 21 14:19:12.088520 np0000005564 devstack@neutron-api.service[90745]: DEBUG neutron_lib.callbacks.manager [None req-f2413047-736a-42da-baa1-b22f96aa44ec None None] Subscribe: > port after_update 55550000, False {{(pid=90745) subscribe /opt/stack/data/venv/lib/python3.12/site-packages/neutron_lib/callbacks/manager.py:52}}
Jul 21 14:19:12.088520 np0000005564 devstack@neutron-api.service[90745]: DEBUG neutron_lib.callbacks.manager [None req-f2413047-736a-42da-baa1-b22f96aa44ec None None] Subscribe: > port after_delete 55550000, False {{(pid=90745) subscribe /opt/stack/data/venv/lib/python3.12/site-packages/neutron_lib/callbacks/manager.py:52}}
Jul 21 14:19:12.088684 np0000005564 devstack@neutron-api.service[90746]: DEBUG neutron.api.extensions [None req-88bb944f-55e7-44cb-a37b-1c5fc5fe1d69 None None] Ext name="Logging API Extension" alias="logging" description="Provides a logging API for resources such as security group and firewall." updated="2017-01-01T10:00:00-00:00" {{(pid=90746) _check_extension /opt/stack/neutron/neutron/api/extensions.py:415}}
Jul 21 14:19:12.088806 np0000005564 devstack@neutron-api.service[90745]: DEBUG neutron_lib.callbacks.manager [None req-f2413047-736a-42da-baa1-b22f96aa44ec None None] Subscribe: > subnet after_create 55550000, False {{(pid=90745) subscribe /opt/stack/data/venv/lib/python3.12/site-packages/neutron_lib/callbacks/manager.py:52}}
Jul 21 14:19:12.088806 np0000005564 devstack@neutron-api.service[90745]: DEBUG neutron_lib.callbacks.manager [None req-f2413047-736a-42da-baa1-b22f96aa44ec None None] Subscribe: > subnet after_update 55550000, False {{(pid=90745) subscribe /opt/stack/data/venv/lib/python3.12/site-packages/neutron_lib/callbacks/manager.py:52}}
Jul 21 14:19:12.088940 np0000005564 devstack@neutron-api.service[90746]: INFO neutron.api.extensions [None req-88bb944f-55e7-44cb-a37b-1c5fc5fe1d69 None None] Extension logging not supported by any of loaded plugins
Jul 21 14:19:12.089080 np0000005564 devstack@neutron-api.service[90745]: DEBUG neutron_lib.callbacks.manager [None req-f2413047-736a-42da-baa1-b22f96aa44ec None None] Subscribe: > subnet after_delete 55550000, False {{(pid=90745) subscribe /opt/stack/data/venv/lib/python3.12/site-packages/neutron_lib/callbacks/manager.py:52}}
Jul 21 14:19:12.089080 np0000005564 devstack@neutron-api.service[90745]: DEBUG neutron_lib.callbacks.manager [None req-f2413047-736a-42da-baa1-b22f96aa44ec None None] Subscribe: > network after_create 55550000, False {{(pid=90745) subscribe /opt/stack/data/venv/lib/python3.12/site-packages/neutron_lib/callbacks/manager.py:52}}
Jul 21 14:19:12.089228 np0000005564 devstack@neutron-api.service[90746]: DEBUG neutron.api.extensions [None req-88bb944f-55e7-44cb-a37b-1c5fc5fe1d69 None None] Loading extension file: metering.py {{(pid=90746) _load_all_extensions_from_path /opt/stack/neutron/neutron/api/extensions.py:449}}
Jul 21 14:19:12.089370 np0000005564 devstack@neutron-api.service[90745]: DEBUG neutron_lib.callbacks.manager [None req-f2413047-736a-42da-baa1-b22f96aa44ec None None] Subscribe: > network after_update 55550000, False {{(pid=90745) subscribe /opt/stack/data/venv/lib/python3.12/site-packages/neutron_lib/callbacks/manager.py:52}}
Jul 21 14:19:12.089370 np0000005564 devstack@neutron-api.service[90745]: DEBUG neutron_lib.callbacks.manager [None req-f2413047-736a-42da-baa1-b22f96aa44ec None None] Subscribe: > network after_delete 55550000, False {{(pid=90745) subscribe /opt/stack/data/venv/lib/python3.12/site-packages/neutron_lib/callbacks/manager.py:52}}
Jul 21 14:19:12.089370 np0000005564 devstack@neutron-api.service[90745]: DEBUG neutron_lib.callbacks.manager [None req-f2413047-736a-42da-baa1-b22f96aa44ec None None] Subscribe: > security_group after_create 55550000, False {{(pid=90745) subscribe /opt/stack/data/venv/lib/python3.12/site-packages/neutron_lib/callbacks/manager.py:52}}
Jul 21 14:19:12.089370 np0000005564 devstack@neutron-api.service[90745]: DEBUG neutron_lib.callbacks.manager [None req-f2413047-736a-42da-baa1-b22f96aa44ec None None] Subscribe: > security_group after_update 55550000, False {{(pid=90745) subscribe /opt/stack/data/venv/lib/python3.12/site-packages/neutron_lib/callbacks/manager.py:52}}
Jul 21 14:19:12.089565 np0000005564 devstack@neutron-api.service[90745]: DEBUG neutron_lib.callbacks.manager [None req-f2413047-736a-42da-baa1-b22f96aa44ec None None] Subscribe: > security_group after_delete 55550000, False {{(pid=90745) subscribe /opt/stack/data/venv/lib/python3.12/site-packages/neutron_lib/callbacks/manager.py:52}}
Jul 21 14:19:12.089693 np0000005564 devstack@neutron-api.service[90746]: DEBUG neutron.api.extensions [None req-88bb944f-55e7-44cb-a37b-1c5fc5fe1d69 None None] Ext name="Neutron Metering" alias="metering" description="Neutron Metering extension." updated="2013-06-12T10:00:00-00:00" {{(pid=90746) _check_extension /opt/stack/neutron/neutron/api/extensions.py:415}}
Jul 21 14:19:12.089782 np0000005564 devstack@neutron-api.service[90745]: DEBUG neutron_lib.callbacks.manager [None req-f2413047-736a-42da-baa1-b22f96aa44ec None None] Subscribe: > security_group_rule after_create 55550000, False {{(pid=90745) subscribe /opt/stack/data/venv/lib/python3.12/site-packages/neutron_lib/callbacks/manager.py:52}}
Jul 21 14:19:12.089782 np0000005564 devstack@neutron-api.service[90745]: DEBUG neutron_lib.callbacks.manager [None req-f2413047-736a-42da-baa1-b22f96aa44ec None None] Subscribe: > security_group_rule after_update 55550000, False {{(pid=90745) subscribe /opt/stack/data/venv/lib/python3.12/site-packages/neutron_lib/callbacks/manager.py:52}}
Jul 21 14:19:12.089782 np0000005564 devstack@neutron-api.service[90745]: DEBUG neutron_lib.callbacks.manager [None req-f2413047-736a-42da-baa1-b22f96aa44ec None None] Subscribe: > security_group_rule after_delete 55550000, False {{(pid=90745) subscribe /opt/stack/data/venv/lib/python3.12/site-packages/neutron_lib/callbacks/manager.py:52}}
Jul 21 14:19:12.089782 np0000005564 devstack@neutron-api.service[90745]: DEBUG neutron_lib.callbacks.manager [None req-f2413047-736a-42da-baa1-b22f96aa44ec None None] Subscribe: > address_group after_create 55550000, False {{(pid=90745) subscribe /opt/stack/data/venv/lib/python3.12/site-packages/neutron_lib/callbacks/manager.py:52}}
Jul 21 14:19:12.090003 np0000005564 devstack@neutron-api.service[90746]: INFO neutron.api.extensions [None req-88bb944f-55e7-44cb-a37b-1c5fc5fe1d69 None None] Extension metering not supported by any of loaded plugins
Jul 21 14:19:12.090111 np0000005564 devstack@neutron-api.service[90745]: DEBUG neutron_lib.callbacks.manager [None req-f2413047-736a-42da-baa1-b22f96aa44ec None None] Subscribe: > address_group after_update 55550000, False {{(pid=90745) subscribe /opt/stack/data/venv/lib/python3.12/site-packages/neutron_lib/callbacks/manager.py:52}}
Jul 21 14:19:12.090211 np0000005564 devstack@neutron-api.service[90746]: DEBUG neutron.api.extensions [None req-88bb944f-55e7-44cb-a37b-1c5fc5fe1d69 None None] Loading extension file: metering_source_and_destination_fields.py {{(pid=90746) _load_all_extensions_from_path /opt/stack/neutron/neutron/api/extensions.py:449}}
Jul 21 14:19:12.090742 np0000005564 devstack@neutron-api.service[90745]: DEBUG neutron_lib.callbacks.manager [None req-f2413047-736a-42da-baa1-b22f96aa44ec None None] Subscribe: > address_group after_delete 55550000, False {{(pid=90745) subscribe /opt/stack/data/venv/lib/python3.12/site-packages/neutron_lib/callbacks/manager.py:52}}
Jul 21 14:19:12.090742 np0000005564 devstack@neutron-api.service[90745]: DEBUG neutron.plugins.ml2.ovo_rpc [None req-f2413047-736a-42da-baa1-b22f96aa44ec None None] ML2 OVO RPC backend initialized. {{(pid=90745) __init__ /opt/stack/neutron/neutron/plugins/ml2/ovo_rpc.py:117}}
Jul 21 14:19:12.090923 np0000005564 devstack@neutron-api.service[90746]: DEBUG neutron.api.extensions [None req-88bb944f-55e7-44cb-a37b-1c5fc5fe1d69 None None] Ext name="Neutron Metering with source and destination filtering" alias="metering_source_and_destination_fields" description="Neutron Metering extension that enables the use of source and destination IP prefixes to create metering label rules." updated="2020-08-21T08:12:00-00:00" {{(pid=90746) _check_extension /opt/stack/neutron/neutron/api/extensions.py:415}}
Jul 21 14:19:12.090923 np0000005564 devstack@neutron-api.service[90746]: INFO neutron.api.extensions [None req-88bb944f-55e7-44cb-a37b-1c5fc5fe1d69 None None] Extension metering_source_and_destination_fields not supported by any of loaded plugins
Jul 21 14:19:12.090923 np0000005564 devstack@neutron-api.service[90746]: DEBUG neutron.api.extensions [None req-88bb944f-55e7-44cb-a37b-1c5fc5fe1d69 None None] Loading extension file: multiprovidernet.py {{(pid=90746) _load_all_extensions_from_path /opt/stack/neutron/neutron/api/extensions.py:449}}
Jul 21 14:19:12.091096 np0000005564 devstack@neutron-api.service[90745]: INFO neutron.quota [None req-f2413047-736a-42da-baa1-b22f96aa44ec None None] Loaded quota_driver: .
Jul 21 14:19:12.091096 np0000005564 devstack@neutron-api.service[90745]: INFO neutron.plugins.ml2.plugin [None req-f2413047-736a-42da-baa1-b22f96aa44ec None None] Modular L2 Plugin initialization complete
Jul 21 14:19:12.091687 np0000005564 devstack@neutron-api.service[90746]: DEBUG neutron.api.extensions [None req-88bb944f-55e7-44cb-a37b-1c5fc5fe1d69 None None] Ext name="Multi Provider Network" alias="multi-provider" description="Expose mapping of virtual networks to multiple physical networks" updated="2013-06-27T10:00:00-00:00" {{(pid=90746) _check_extension /opt/stack/neutron/neutron/api/extensions.py:415}}
Jul 21 14:19:12.091750 np0000005564 devstack@neutron-api.service[90745]: DEBUG neutron.manager [None req-f2413047-736a-42da-baa1-b22f96aa44ec None None] Loading services supported by the core plugin {{(pid=90745) _load_services_from_core_plugin /opt/stack/neutron/neutron/manager.py:167}}
Jul 21 14:19:12.091750 np0000005564 devstack@neutron-api.service[90745]: INFO neutron.plugins.ml2.managers [None req-f2413047-736a-42da-baa1-b22f96aa44ec None None] Got port-security extension from driver 'port_security'
Jul 21 14:19:12.091829 np0000005564 devstack@neutron-api.service[90746]: INFO neutron.api.extensions [None req-88bb944f-55e7-44cb-a37b-1c5fc5fe1d69 None None] Loaded extension: multi-provider
Jul 21 14:19:12.091829 np0000005564 devstack@neutron-api.service[90746]: DEBUG neutron.api.extensions [None req-88bb944f-55e7-44cb-a37b-1c5fc5fe1d69 None None] Loading extension file: netmtu.py {{(pid=90746) _load_all_extensions_from_path /opt/stack/neutron/neutron/api/extensions.py:449}}
Jul 21 14:19:12.091903 np0000005564 devstack@neutron-api.service[90745]: DEBUG neutron.manager [None req-f2413047-736a-42da-baa1-b22f96aa44ec None None] Loading service plugins: ['ovn-router', 'auto_allocate', 'tag', 'timestamp', 'network_ip_availability', 'flavors', 'revisions'] {{(pid=90745) _load_service_plugins /opt/stack/neutron/neutron/manager.py:192}}
Jul 21 14:19:12.091903 np0000005564 devstack@neutron-api.service[90745]: INFO neutron.manager [None req-f2413047-736a-42da-baa1-b22f96aa44ec None None] Loading Plugin: ovn-router
Jul 21 14:19:12.091989 np0000005564 devstack@neutron-api.service[90746]: DEBUG neutron.api.extensions [None req-88bb944f-55e7-44cb-a37b-1c5fc5fe1d69 None None] Ext name="Network MTU" alias="net-mtu" description="Provides MTU attribute for a network resource." updated="2015-03-25T10:00:00-00:00" {{(pid=90746) _check_extension /opt/stack/neutron/neutron/api/extensions.py:415}}
Jul 21 14:19:12.091989 np0000005564 devstack@neutron-api.service[90746]: INFO neutron.api.extensions [None req-88bb944f-55e7-44cb-a37b-1c5fc5fe1d69 None None] Loaded extension: net-mtu
Jul 21 14:19:12.091989 np0000005564 devstack@neutron-api.service[90746]: DEBUG neutron.api.extensions [None req-88bb944f-55e7-44cb-a37b-1c5fc5fe1d69 None None] Loading extension file: netmtu_writable.py {{(pid=90746) _load_all_extensions_from_path /opt/stack/neutron/neutron/api/extensions.py:449}}
Jul 21 14:19:12.091989 np0000005564 devstack@neutron-api.service[90746]: DEBUG neutron.api.extensions [None req-88bb944f-55e7-44cb-a37b-1c5fc5fe1d69 None None] Ext name="Network MTU (writable)" alias="net-mtu-writable" description="Provides a writable MTU attribute for a network resource." updated="2017-07-12T00:00:00-00:00" {{(pid=90746) _check_extension /opt/stack/neutron/neutron/api/extensions.py:415}}
Jul 21 14:19:12.091989 np0000005564 devstack@neutron-api.service[90746]: INFO neutron.api.extensions [None req-88bb944f-55e7-44cb-a37b-1c5fc5fe1d69 None None] Loaded extension: net-mtu-writable
Jul 21 14:19:12.092159 np0000005564 devstack@neutron-api.service[90746]: DEBUG neutron.api.extensions [None req-88bb944f-55e7-44cb-a37b-1c5fc5fe1d69 None None] Loading extension file: network_availability_zone.py {{(pid=90746) _load_all_extensions_from_path /opt/stack/neutron/neutron/api/extensions.py:449}}
Jul 21 14:19:12.092542 np0000005564 devstack@neutron-api.service[90746]: DEBUG neutron.api.extensions [None req-88bb944f-55e7-44cb-a37b-1c5fc5fe1d69 None None] Ext name="Network Availability Zone" alias="network_availability_zone" description="Availability zone support for network." updated="2015-01-01T10:00:00-00:00" {{(pid=90746) _check_extension /opt/stack/neutron/neutron/api/extensions.py:415}}
Jul 21 14:19:12.092817 np0000005564 devstack@neutron-api.service[90746]: INFO neutron.api.extensions [None req-88bb944f-55e7-44cb-a37b-1c5fc5fe1d69 None None] Loaded extension: network_availability_zone
Jul 21 14:19:12.093148 np0000005564 devstack@neutron-api.service[90746]: DEBUG neutron.api.extensions [None req-88bb944f-55e7-44cb-a37b-1c5fc5fe1d69 None None] Loading extension file: network_ha.py {{(pid=90746) _load_all_extensions_from_path /opt/stack/neutron/neutron/api/extensions.py:449}}
Jul 21 14:19:12.093490 np0000005564 devstack@neutron-api.service[90746]: DEBUG neutron.api.extensions [None req-88bb944f-55e7-44cb-a37b-1c5fc5fe1d69 None None] Ext name="Network HA creation flag" alias="network_ha" description="Network high availability creation flag." updated="2023-04-27T10:00:00-00:00" {{(pid=90746) _check_extension /opt/stack/neutron/neutron/api/extensions.py:415}}
Jul 21 14:19:12.093606 np0000005564 devstack@neutron-api.service[90746]: INFO neutron.api.extensions [None req-88bb944f-55e7-44cb-a37b-1c5fc5fe1d69 None None] Extension network_ha not supported by any of loaded plugins
Jul 21 14:19:12.093679 np0000005564 devstack@neutron-api.service[90746]: DEBUG neutron.api.extensions [None req-88bb944f-55e7-44cb-a37b-1c5fc5fe1d69 None None] Loading extension file: network_ip_availability.py {{(pid=90746) _load_all_extensions_from_path /opt/stack/neutron/neutron/api/extensions.py:449}}
Jul 21 14:19:12.094182 np0000005564 devstack@neutron-api.service[90746]: DEBUG neutron.api.extensions [None req-88bb944f-55e7-44cb-a37b-1c5fc5fe1d69 None None] Ext name="Network IP Availability" alias="network-ip-availability" description="Provides IP availability data for each network and subnet." updated="2015-09-24T00:00:00-00:00" {{(pid=90746) _check_extension /opt/stack/neutron/neutron/api/extensions.py:415}}
Jul 21 14:19:12.094374 np0000005564 devstack@neutron-api.service[90746]: INFO neutron.api.extensions [None req-88bb944f-55e7-44cb-a37b-1c5fc5fe1d69 None None] Loaded extension: network-ip-availability
Jul 21 14:19:12.094627 np0000005564 devstack@neutron-api.service[90746]: DEBUG neutron.api.extensions [None req-88bb944f-55e7-44cb-a37b-1c5fc5fe1d69 None None] Loading extension file: network_ip_availability_details.py {{(pid=90746) _load_all_extensions_from_path /opt/stack/neutron/neutron/api/extensions.py:449}}
Jul 21 14:19:12.094879 np0000005564 devstack@neutron-api.service[90746]: DEBUG neutron.api.extensions [None req-88bb944f-55e7-44cb-a37b-1c5fc5fe1d69 None None] Ext name="Network IP Availability Details Extension" alias="network-ip-availability-details" description="Add ip_availability_details attribute to network-ip-availabilities resource." updated="2025-10-31T00:00:00-00:00" {{(pid=90746) _check_extension /opt/stack/neutron/neutron/api/extensions.py:415}}
Jul 21 14:19:12.095181 np0000005564 devstack@neutron-api.service[90746]: INFO neutron.api.extensions [None req-88bb944f-55e7-44cb-a37b-1c5fc5fe1d69 None None] Loaded extension: network-ip-availability-details
Jul 21 14:19:12.095379 np0000005564 devstack@neutron-api.service[90746]: DEBUG neutron.api.extensions [None req-88bb944f-55e7-44cb-a37b-1c5fc5fe1d69 None None] Loading extension file: network_segment_range.py {{(pid=90746) _load_all_extensions_from_path /opt/stack/neutron/neutron/api/extensions.py:449}}
Jul 21 14:19:12.095776 np0000005564 devstack@neutron-api.service[90746]: DEBUG neutron.api.extensions [None req-88bb944f-55e7-44cb-a37b-1c5fc5fe1d69 None None] Ext name="Neutron Network Segment Range" alias="network-segment-range" description="Provides support for the network segment range management" updated="2018-11-29T00:00:00-00:00" {{(pid=90746) _check_extension /opt/stack/neutron/neutron/api/extensions.py:415}}
Jul 21 14:19:12.096320 np0000005564 devstack@neutron-api.service[90746]: INFO neutron.api.extensions [None req-88bb944f-55e7-44cb-a37b-1c5fc5fe1d69 None None] Extension network-segment-range not supported by any of loaded plugins
Jul 21 14:19:12.096320 np0000005564 devstack@neutron-api.service[90746]: DEBUG neutron.api.extensions [None req-88bb944f-55e7-44cb-a37b-1c5fc5fe1d69 None None] Loading extension file: pagination.py {{(pid=90746) _load_all_extensions_from_path /opt/stack/neutron/neutron/api/extensions.py:449}}
Jul 21 14:19:12.096614 np0000005564 devstack@neutron-api.service[90746]: DEBUG neutron.api.extensions [None req-88bb944f-55e7-44cb-a37b-1c5fc5fe1d69 None None] Ext name="Pagination support" alias="pagination" description="Extension that indicates that pagination is enabled." updated="2016-06-12T00:00:00-00:00" {{(pid=90746) _check_extension /opt/stack/neutron/neutron/api/extensions.py:415}}
Jul 21 14:19:12.096743 np0000005564 devstack@neutron-api.service[90746]: INFO neutron.api.extensions [None req-88bb944f-55e7-44cb-a37b-1c5fc5fe1d69 None None] Loaded extension: pagination
Jul 21 14:19:12.096824 np0000005564 devstack@neutron-api.service[90747]: DEBUG neutron_lib.callbacks.manager [None req-cdc53eef-7d2e-4cc2-8478-76b5ac0e58b5 None None] Subscribe: > router before_delete 55550000, False {{(pid=90747) subscribe /opt/stack/data/venv/lib/python3.12/site-packages/neutron_lib/callbacks/manager.py:52}}
Jul 21 14:19:12.096904 np0000005564 devstack@neutron-api.service[90746]: DEBUG neutron.api.extensions [None req-88bb944f-55e7-44cb-a37b-1c5fc5fe1d69 None None] Loading extension file: port_device_profile.py {{(pid=90746) _load_all_extensions_from_path /opt/stack/neutron/neutron/api/extensions.py:449}}
