Jul 28 17:39:32.649557 np0000006032 devstack@g-api.service[99720]: [pid: 99720|app: 0|req: 159/472] 127.0.0.1 () {40 vars in 838 bytes} [Tue Jul 28 17:39:32 2026] GET /v2/images/29642447-e3bc-4ccf-a9c5-fb0ae5b707c0 => generated 650 bytes in 15 msecs (HTTP/1.1 200) 4 headers in 157 bytes (1 switches on core 0)
Jul 28 17:39:33.660493 np0000006032 devstack@g-api.service[99721]: DEBUG glance.api.middleware.version_negotiation [None req-a3599c01-6be2-4db6-a6a3-a1e375525d91 tempest-VolumesSnapshotTestJSON-1312510336 tempest-VolumesSnapshotTestJSON-1312510336-project-member] Determining version of request: GET /v2/images/29642447-e3bc-4ccf-a9c5-fb0ae5b707c0 Accept: application/json {{(pid=99721) process_request /opt/stack/glance/glance/api/middleware/version_negotiation.py:44}}
Jul 28 17:39:33.660947 np0000006032 devstack@g-api.service[99721]: DEBUG glance.api.middleware.version_negotiation [None req-a3599c01-6be2-4db6-a6a3-a1e375525d91 tempest-VolumesSnapshotTestJSON-1312510336 tempest-VolumesSnapshotTestJSON-1312510336-project-member] Using url versioning {{(pid=99721) process_request /opt/stack/glance/glance/api/middleware/version_negotiation.py:57}}
Jul 28 17:39:33.660947 np0000006032 devstack@g-api.service[99721]: DEBUG glance.api.middleware.version_negotiation [None req-a3599c01-6be2-4db6-a6a3-a1e375525d91 tempest-VolumesSnapshotTestJSON-1312510336 tempest-VolumesSnapshotTestJSON-1312510336-project-member] Matched version: v2 {{(pid=99721) process_request /opt/stack/glance/glance/api/middleware/version_negotiation.py:69}}
Jul 28 17:39:33.660947 np0000006032 devstack@g-api.service[99721]: DEBUG glance.api.middleware.version_negotiation [None req-a3599c01-6be2-4db6-a6a3-a1e375525d91 tempest-VolumesSnapshotTestJSON-1312510336 tempest-VolumesSnapshotTestJSON-1312510336-project-member] new path /v2/images/29642447-e3bc-4ccf-a9c5-fb0ae5b707c0 {{(pid=99721) process_request /opt/stack/glance/glance/api/middleware/version_negotiation.py:70}}
Jul 28 17:39:33.672288 np0000006032 devstack@g-api.service[99721]: [pid: 99721|app: 0|req: 169/473] 127.0.0.1 () {40 vars in 838 bytes} [Tue Jul 28 17:39:33 2026] GET /v2/images/29642447-e3bc-4ccf-a9c5-fb0ae5b707c0 => generated 650 bytes in 12 msecs (HTTP/1.1 200) 4 headers in 157 bytes (1 switches on core 0)
Jul 28 17:39:34.250098 np0000006032 devstack@g-api.service[99719]: DEBUG swiftclient [None req-b9c4c0bd-e03b-4bb4-b82b-f5b2b4cc2c1e tempest-VolumesActionsTest-515102989 tempest-VolumesActionsTest-515102989-project-member] REQ: curl -i https://10.4.3.102:8080/v1/AUTH_1da7f5d826d243e7b05f4ddf14f31577/glance/29642447-e3bc-4ccf-a9c5-fb0ae5b707c0-00002 -X PUT -H "X-Auth-Token: gAAAAABqaOlRwJ3z..." {{(pid=99719) http_log /opt/stack/data/venv/lib/python3.12/site-packages/swiftclient/client.py:160}}
Jul 28 17:39:34.250461 np0000006032 devstack@g-api.service[99719]: DEBUG swiftclient [None req-b9c4c0bd-e03b-4bb4-b82b-f5b2b4cc2c1e tempest-VolumesActionsTest-515102989 tempest-VolumesActionsTest-515102989-project-member] RESP STATUS: 201 Created {{(pid=99719) http_log /opt/stack/data/venv/lib/python3.12/site-packages/swiftclient/client.py:161}}
Jul 28 17:39:34.250461 np0000006032 devstack@g-api.service[99719]: DEBUG swiftclient [None req-b9c4c0bd-e03b-4bb4-b82b-f5b2b4cc2c1e tempest-VolumesActionsTest-515102989 tempest-VolumesActionsTest-515102989-project-member] RESP HEADERS: {'Date': 'Tue, 28 Jul 2026 17:39:34 GMT', 'Server': 'Apache/2.4.58 (Ubuntu)', 'Content-Type': 'text/html; charset=UTF-8', 'Content-Length': '0', 'Etag': 'eda9a9889837ac4bc81d6387d92c1bec', 'Last-Modified': 'Tue, 28 Jul 2026 17:39:33 GMT', 'X-Trans-Id': 'txf4bc8f1b518c4225abe7f-006a68e954', 'X-Openstack-Request-Id': 'txf4bc8f1b518c4225abe7f-006a68e954', 'Connection': 'close'} {{(pid=99719) http_log /opt/stack/data/venv/lib/python3.12/site-packages/swiftclient/client.py:162}}
Jul 28 17:39:34.250585 np0000006032 devstack@g-api.service[99719]: DEBUG glance_store._drivers.swift.store [None req-b9c4c0bd-e03b-4bb4-b82b-f5b2b4cc2c1e tempest-VolumesActionsTest-515102989 tempest-VolumesActionsTest-515102989-project-member] Wrote chunk 29642447-e3bc-4ccf-a9c5-fb0ae5b707c0-00002 (2/?) of length 204800000 to Swift returning MD5 of content: eda9a9889837ac4bc81d6387d92c1bec {{(pid=99719) add /opt/stack/data/venv/lib/python3.12/site-packages/glance_store/_drivers/swift/store.py:1059}}
Jul 28 17:39:34.697267 np0000006032 devstack@g-api.service[99720]: DEBUG glance.api.middleware.version_negotiation [None req-4b3b8a37-3ebb-48b9-9aaa-ff789fcde4a3 tempest-VolumesActionsTest-515102989 tempest-VolumesActionsTest-515102989-project-member] Determining version of request: GET /v2/images/29642447-e3bc-4ccf-a9c5-fb0ae5b707c0 Accept: application/json {{(pid=99720) process_request /opt/stack/glance/glance/api/middleware/version_negotiation.py:44}}
Jul 28 17:39:34.697267 np0000006032 devstack@g-api.service[99720]: DEBUG glance.api.middleware.version_negotiation [None req-4b3b8a37-3ebb-48b9-9aaa-ff789fcde4a3 tempest-VolumesActionsTest-515102989 tempest-VolumesActionsTest-515102989-project-member] Using url versioning {{(pid=99720) process_request /opt/stack/glance/glance/api/middleware/version_negotiation.py:57}}
Jul 28 17:39:34.697267 np0000006032 devstack@g-api.service[99720]: DEBUG glance.api.middleware.version_negotiation [None req-4b3b8a37-3ebb-48b9-9aaa-ff789fcde4a3 tempest-VolumesActionsTest-515102989 tempest-VolumesActionsTest-515102989-project-member] Matched version: v2 {{(pid=99720) process_request /opt/stack/glance/glance/api/middleware/version_negotiation.py:69}}
Jul 28 17:39:34.697267 np0000006032 devstack@g-api.service[99720]: DEBUG glance.api.middleware.version_negotiation [None req-4b3b8a37-3ebb-48b9-9aaa-ff789fcde4a3 tempest-VolumesActionsTest-515102989 tempest-VolumesActionsTest-515102989-project-member] new path /v2/images/29642447-e3bc-4ccf-a9c5-fb0ae5b707c0 {{(pid=99720) process_request /opt/stack/glance/glance/api/middleware/version_negotiation.py:70}}
Jul 28 17:39:34.697267 np0000006032 devstack@g-api.service[99720]: [pid: 99720|app: 0|req: 160/474] 127.0.0.1 () {40 vars in 838 bytes} [Tue Jul 28 17:39:34 2026] GET /v2/images/29642447-e3bc-4ccf-a9c5-fb0ae5b707c0 => generated 650 bytes in 9 msecs (HTTP/1.1 200) 4 headers in 157 bytes (1 switches on core 0)
Jul 28 17:39:35.710026 np0000006032 devstack@g-api.service[99721]: DEBUG glance.api.middleware.version_negotiation [None req-e46c32be-e37e-46fd-8ead-c675ec24ee07 tempest-VolumesActionsTest-515102989 tempest-VolumesActionsTest-515102989-project-member] Determining version of request: GET /v2/images/29642447-e3bc-4ccf-a9c5-fb0ae5b707c0 Accept: application/json {{(pid=99721) process_request /opt/stack/glance/glance/api/middleware/version_negotiation.py:44}}
Jul 28 17:39:35.710026 np0000006032 devstack@g-api.service[99721]: DEBUG glance.api.middleware.version_negotiation [None req-e46c32be-e37e-46fd-8ead-c675ec24ee07 tempest-VolumesActionsTest-515102989 tempest-VolumesActionsTest-515102989-project-member] Using url versioning {{(pid=99721) process_request /opt/stack/glance/glance/api/middleware/version_negotiation.py:57}}
Jul 28 17:39:35.710026 np0000006032 devstack@g-api.service[99721]: DEBUG glance.api.middleware.version_negotiation [None req-e46c32be-e37e-46fd-8ead-c675ec24ee07 tempest-VolumesActionsTest-515102989 tempest-VolumesActionsTest-515102989-project-member] Matched version: v2 {{(pid=99721) process_request /opt/stack/glance/glance/api/middleware/version_negotiation.py:69}}
Jul 28 17:39:35.710026 np0000006032 devstack@g-api.service[99721]: DEBUG glance.api.middleware.version_negotiation [None req-e46c32be-e37e-46fd-8ead-c675ec24ee07 tempest-VolumesActionsTest-515102989 tempest-VolumesActionsTest-515102989-project-member] new path /v2/images/29642447-e3bc-4ccf-a9c5-fb0ae5b707c0 {{(pid=99721) process_request /opt/stack/glance/glance/api/middleware/version_negotiation.py:70}}
Jul 28 17:39:35.726623 np0000006032 devstack@g-api.service[99721]: [pid: 99721|app: 0|req: 170/475] 127.0.0.1 () {40 vars in 838 bytes} [Tue Jul 28 17:39:35 2026] GET /v2/images/29642447-e3bc-4ccf-a9c5-fb0ae5b707c0 => generated 650 bytes in 17 msecs (HTTP/1.1 200) 4 headers in 157 bytes (1 switches on core 0)
Jul 28 17:39:36.361166 np0000006032 devstack@g-api.service[99719]: DEBUG swiftclient [None req-b9c4c0bd-e03b-4bb4-b82b-f5b2b4cc2c1e tempest-VolumesActionsTest-515102989 tempest-VolumesActionsTest-515102989-project-member] REQ: curl -i https://10.4.3.102:8080/v1/AUTH_1da7f5d826d243e7b05f4ddf14f31577/glance/29642447-e3bc-4ccf-a9c5-fb0ae5b707c0-00003 -X PUT -H "X-Auth-Token: gAAAAABqaOlRwJ3z..." {{(pid=99719) http_log /opt/stack/data/venv/lib/python3.12/site-packages/swiftclient/client.py:160}}
Jul 28 17:39:36.361549 np0000006032 devstack@g-api.service[99719]: DEBUG swiftclient [None req-b9c4c0bd-e03b-4bb4-b82b-f5b2b4cc2c1e tempest-VolumesActionsTest-515102989 tempest-VolumesActionsTest-515102989-project-member] RESP STATUS: 201 Created {{(pid=99719) http_log /opt/stack/data/venv/lib/python3.12/site-packages/swiftclient/client.py:161}}
Jul 28 17:39:36.361549 np0000006032 devstack@g-api.service[99719]: DEBUG swiftclient [None req-b9c4c0bd-e03b-4bb4-b82b-f5b2b4cc2c1e tempest-VolumesActionsTest-515102989 tempest-VolumesActionsTest-515102989-project-member] RESP HEADERS: {'Date': 'Tue, 28 Jul 2026 17:39:36 GMT', 'Server': 'Apache/2.4.58 (Ubuntu)', 'Content-Type': 'text/html; charset=UTF-8', 'Content-Length': '0', 'Etag': 'eda9a9889837ac4bc81d6387d92c1bec', 'Last-Modified': 'Tue, 28 Jul 2026 17:39:35 GMT', 'X-Trans-Id': 'tx8c94f6af33d340c4900a6-006a68e956', 'X-Openstack-Request-Id': 'tx8c94f6af33d340c4900a6-006a68e956', 'Connection': 'close'} {{(pid=99719) http_log /opt/stack/data/venv/lib/python3.12/site-packages/swiftclient/client.py:162}}
Jul 28 17:39:36.361679 np0000006032 devstack@g-api.service[99719]: DEBUG glance_store._drivers.swift.store [None req-b9c4c0bd-e03b-4bb4-b82b-f5b2b4cc2c1e tempest-VolumesActionsTest-515102989 tempest-VolumesActionsTest-515102989-project-member] Wrote chunk 29642447-e3bc-4ccf-a9c5-fb0ae5b707c0-00003 (3/?) of length 204800000 to Swift returning MD5 of content: eda9a9889837ac4bc81d6387d92c1bec {{(pid=99719) add /opt/stack/data/venv/lib/python3.12/site-packages/glance_store/_drivers/swift/store.py:1059}}
Jul 28 17:39:36.735223 np0000006032 devstack@g-api.service[99720]: DEBUG glance.api.middleware.version_negotiation [None req-1574d123-e12b-43ce-9541-317f7bec09da tempest-VolumesActionsTest-515102989 tempest-VolumesActionsTest-515102989-project-member] Determining version of request: GET /v2/images/29642447-e3bc-4ccf-a9c5-fb0ae5b707c0 Accept: application/json {{(pid=99720) process_request /opt/stack/glance/glance/api/middleware/version_negotiation.py:44}}
Jul 28 17:39:36.735737 np0000006032 devstack@g-api.service[99720]: DEBUG glance.api.middleware.version_negotiation [None req-1574d123-e12b-43ce-9541-317f7bec09da tempest-VolumesActionsTest-515102989 tempest-VolumesActionsTest-515102989-project-member] Using url versioning {{(pid=99720) process_request /opt/stack/glance/glance/api/middleware/version_negotiation.py:57}}
Jul 28 17:39:36.735737 np0000006032 devstack@g-api.service[99720]: DEBUG glance.api.middleware.version_negotiation [None req-1574d123-e12b-43ce-9541-317f7bec09da tempest-VolumesActionsTest-515102989 tempest-VolumesActionsTest-515102989-project-member] Matched version: v2 {{(pid=99720) process_request /opt/stack/glance/glance/api/middleware/version_negotiation.py:69}}
Jul 28 17:39:36.735839 np0000006032 devstack@g-api.service[99720]: DEBUG glance.api.middleware.version_negotiation [None req-1574d123-e12b-43ce-9541-317f7bec09da tempest-VolumesActionsTest-515102989 tempest-VolumesActionsTest-515102989-project-member] new path /v2/images/29642447-e3bc-4ccf-a9c5-fb0ae5b707c0 {{(pid=99720) process_request /opt/stack/glance/glance/api/middleware/version_negotiation.py:70}}
Jul 28 17:39:36.755326 np0000006032 devstack@g-api.service[99720]: [pid: 99720|app: 0|req: 161/476] 127.0.0.1 () {40 vars in 838 bytes} [Tue Jul 28 17:39:36 2026] GET /v2/images/29642447-e3bc-4ccf-a9c5-fb0ae5b707c0 => generated 650 bytes in 20 msecs (HTTP/1.1 200) 4 headers in 157 bytes (1 switches on core 0)
Jul 28 17:39:37.767022 np0000006032 devstack@g-api.service[99721]: DEBUG glance.api.middleware.version_negotiation [None req-99a301b8-b0fb-46ac-8f47-8e72e2e81617 tempest-VolumesActionsTest-515102989 tempest-VolumesActionsTest-515102989-project-member] Determining version of request: GET /v2/images/29642447-e3bc-4ccf-a9c5-fb0ae5b707c0 Accept: application/json {{(pid=99721) process_request /opt/stack/glance/glance/api/middleware/version_negotiation.py:44}}
Jul 28 17:39:37.767523 np0000006032 devstack@g-api.service[99721]: DEBUG glance.api.middleware.version_negotiation [None req-99a301b8-b0fb-46ac-8f47-8e72e2e81617 tempest-VolumesActionsTest-515102989 tempest-VolumesActionsTest-515102989-project-member] Using url versioning {{(pid=99721) process_request /opt/stack/glance/glance/api/middleware/version_negotiation.py:57}}
Jul 28 17:39:37.771007 np0000006032 devstack@g-api.service[99721]: DEBUG glance.api.middleware.version_negotiation [None req-99a301b8-b0fb-46ac-8f47-8e72e2e81617 tempest-VolumesActionsTest-515102989 tempest-VolumesActionsTest-515102989-project-member] Matched version: v2 {{(pid=99721) process_request /opt/stack/glance/glance/api/middleware/version_negotiation.py:69}}
Jul 28 17:39:37.772122 np0000006032 devstack@g-api.service[99721]: DEBUG glance.api.middleware.version_negotiation [None req-99a301b8-b0fb-46ac-8f47-8e72e2e81617 tempest-VolumesActionsTest-515102989 tempest-VolumesActionsTest-515102989-project-member] new path /v2/images/29642447-e3bc-4ccf-a9c5-fb0ae5b707c0 {{(pid=99721) process_request /opt/stack/glance/glance/api/middleware/version_negotiation.py:70}}
Jul 28 17:39:37.790564 np0000006032 devstack@g-api.service[99721]: [pid: 99721|app: 0|req: 171/477] 127.0.0.1 () {40 vars in 838 bytes} [Tue Jul 28 17:39:37 2026] GET /v2/images/29642447-e3bc-4ccf-a9c5-fb0ae5b707c0 => generated 650 bytes in 23 msecs (HTTP/1.1 200) 4 headers in 157 bytes (1 switches on core 0)
Jul 28 17:39:38.620156 np0000006032 devstack@g-api.service[99719]: DEBUG swiftclient [None req-b9c4c0bd-e03b-4bb4-b82b-f5b2b4cc2c1e tempest-VolumesActionsTest-515102989 tempest-VolumesActionsTest-515102989-project-member] REQ: curl -i https://10.4.3.102:8080/v1/AUTH_1da7f5d826d243e7b05f4ddf14f31577/glance/29642447-e3bc-4ccf-a9c5-fb0ae5b707c0-00004 -X PUT -H "X-Auth-Token: gAAAAABqaOlRwJ3z..." {{(pid=99719) http_log /opt/stack/data/venv/lib/python3.12/site-packages/swiftclient/client.py:160}}
Jul 28 17:39:38.620482 np0000006032 devstack@g-api.service[99719]: DEBUG swiftclient [None req-b9c4c0bd-e03b-4bb4-b82b-f5b2b4cc2c1e tempest-VolumesActionsTest-515102989 tempest-VolumesActionsTest-515102989-project-member] RESP STATUS: 201 Created {{(pid=99719) http_log /opt/stack/data/venv/lib/python3.12/site-packages/swiftclient/client.py:161}}
Jul 28 17:39:38.620528 np0000006032 devstack@g-api.service[99719]: DEBUG swiftclient [None req-b9c4c0bd-e03b-4bb4-b82b-f5b2b4cc2c1e tempest-VolumesActionsTest-515102989 tempest-VolumesActionsTest-515102989-project-member] RESP HEADERS: {'Date': 'Tue, 28 Jul 2026 17:39:38 GMT', 'Server': 'Apache/2.4.58 (Ubuntu)', 'Content-Type': 'text/html; charset=UTF-8', 'Content-Length': '0', 'Etag': 'eda9a9889837ac4bc81d6387d92c1bec', 'Last-Modified': 'Tue, 28 Jul 2026 17:39:37 GMT', 'X-Trans-Id': 'tx87f71696bd2a47eab443f-006a68e958', 'X-Openstack-Request-Id': 'tx87f71696bd2a47eab443f-006a68e958', 'Connection': 'close'} {{(pid=99719) http_log /opt/stack/data/venv/lib/python3.12/site-packages/swiftclient/client.py:162}}
Jul 28 17:39:38.620674 np0000006032 devstack@g-api.service[99719]: DEBUG glance_store._drivers.swift.store [None req-b9c4c0bd-e03b-4bb4-b82b-f5b2b4cc2c1e tempest-VolumesActionsTest-515102989 tempest-VolumesActionsTest-515102989-project-member] Wrote chunk 29642447-e3bc-4ccf-a9c5-fb0ae5b707c0-00004 (4/?) of length 204800000 to Swift returning MD5 of content: eda9a9889837ac4bc81d6387d92c1bec {{(pid=99719) add /opt/stack/data/venv/lib/python3.12/site-packages/glance_store/_drivers/swift/store.py:1059}}
Jul 28 17:39:38.799173 np0000006032 devstack@g-api.service[99720]: DEBUG glance.api.middleware.version_negotiation [None req-3d56fed6-6f1c-4176-b2e1-4e8b089e9e88 tempest-VolumesActionsTest-515102989 tempest-VolumesActionsTest-515102989-project-member] Determining version of request: GET /v2/images/29642447-e3bc-4ccf-a9c5-fb0ae5b707c0 Accept: application/json {{(pid=99720) process_request /opt/stack/glance/glance/api/middleware/version_negotiation.py:44}}
Jul 28 17:39:38.799173 np0000006032 devstack@g-api.service[99720]: DEBUG glance.api.middleware.version_negotiation [None req-3d56fed6-6f1c-4176-b2e1-4e8b089e9e88 tempest-VolumesActionsTest-515102989 tempest-VolumesActionsTest-515102989-project-member] Using url versioning {{(pid=99720) process_request /opt/stack/glance/glance/api/middleware/version_negotiation.py:57}}
Jul 28 17:39:38.799173 np0000006032 devstack@g-api.service[99720]: DEBUG glance.api.middleware.version_negotiation [None req-3d56fed6-6f1c-4176-b2e1-4e8b089e9e88 tempest-VolumesActionsTest-515102989 tempest-VolumesActionsTest-515102989-project-member] Matched version: v2 {{(pid=99720) process_request /opt/stack/glance/glance/api/middleware/version_negotiation.py:69}}
Jul 28 17:39:38.799173 np0000006032 devstack@g-api.service[99720]: DEBUG glance.api.middleware.version_negotiation [None req-3d56fed6-6f1c-4176-b2e1-4e8b089e9e88 tempest-VolumesActionsTest-515102989 tempest-VolumesActionsTest-515102989-project-member] new path /v2/images/29642447-e3bc-4ccf-a9c5-fb0ae5b707c0 {{(pid=99720) process_request /opt/stack/glance/glance/api/middleware/version_negotiation.py:70}}
Jul 28 17:39:38.811344 np0000006032 devstack@g-api.service[99720]: [pid: 99720|app: 0|req: 162/478] 127.0.0.1 () {40 vars in 838 bytes} [Tue Jul 28 17:39:38 2026] GET /v2/images/29642447-e3bc-4ccf-a9c5-fb0ae5b707c0 => generated 650 bytes in 16 msecs (HTTP/1.1 200) 4 headers in 157 bytes (1 switches on core 0)
Jul 28 17:39:39.749730 np0000006032 devstack@g-api.service[99719]: DEBUG dbcounter [-] [99719] Writing DB stats glance:SELECT=80,glance:UPDATE=28,glance:INSERT=16,glance:DELETE=1 {{(pid=99719) stat_writer /opt/stack/data/venv/lib/python3.12/site-packages/dbcounter.py:115}}
Jul 28 17:39:39.819594 np0000006032 devstack@g-api.service[99721]: DEBUG glance.api.middleware.version_negotiation [None req-73049d6c-eb9c-40b1-be28-f9aca24d8fa6 tempest-VolumesActionsTest-515102989 tempest-VolumesActionsTest-515102989-project-member] Determining version of request: GET /v2/images/29642447-e3bc-4ccf-a9c5-fb0ae5b707c0 Accept: application/json {{(pid=99721) process_request /opt/stack/glance/glance/api/middleware/version_negotiation.py:44}}
Jul 28 17:39:39.819977 np0000006032 devstack@g-api.service[99721]: DEBUG glance.api.middleware.version_negotiation [None req-73049d6c-eb9c-40b1-be28-f9aca24d8fa6 tempest-VolumesActionsTest-515102989 tempest-VolumesActionsTest-515102989-project-member] Using url versioning {{(pid=99721) process_request /opt/stack/glance/glance/api/middleware/version_negotiation.py:57}}
Jul 28 17:39:39.819977 np0000006032 devstack@g-api.service[99721]: DEBUG glance.api.middleware.version_negotiation [None req-73049d6c-eb9c-40b1-be28-f9aca24d8fa6 tempest-VolumesActionsTest-515102989 tempest-VolumesActionsTest-515102989-project-member] Matched version: v2 {{(pid=99721) process_request /opt/stack/glance/glance/api/middleware/version_negotiation.py:69}}
Jul 28 17:39:39.820107 np0000006032 devstack@g-api.service[99721]: DEBUG glance.api.middleware.version_negotiation [None req-73049d6c-eb9c-40b1-be28-f9aca24d8fa6 tempest-VolumesActionsTest-515102989 tempest-VolumesActionsTest-515102989-project-member] new path /v2/images/29642447-e3bc-4ccf-a9c5-fb0ae5b707c0 {{(pid=99721) process_request /opt/stack/glance/glance/api/middleware/version_negotiation.py:70}}
Jul 28 17:39:39.838955 np0000006032 devstack@g-api.service[99721]: [pid: 99721|app: 0|req: 172/479] 127.0.0.1 () {40 vars in 838 bytes} [Tue Jul 28 17:39:39 2026] GET /v2/images/29642447-e3bc-4ccf-a9c5-fb0ae5b707c0 => generated 650 bytes in 19 msecs (HTTP/1.1 200) 4 headers in 157 bytes (1 switches on core 0)
Jul 28 17:39:40.692938 np0000006032 devstack@g-api.service[99719]: DEBUG swiftclient [None req-b9c4c0bd-e03b-4bb4-b82b-f5b2b4cc2c1e tempest-VolumesActionsTest-515102989 tempest-VolumesActionsTest-515102989-project-member] REQ: curl -i https://10.4.3.102:8080/v1/AUTH_1da7f5d826d243e7b05f4ddf14f31577/glance/29642447-e3bc-4ccf-a9c5-fb0ae5b707c0-00005 -X PUT -H "X-Auth-Token: gAAAAABqaOlRwJ3z..." {{(pid=99719) http_log /opt/stack/data/venv/lib/python3.12/site-packages/swiftclient/client.py:160}}
Jul 28 17:39:40.692938 np0000006032 devstack@g-api.service[99719]: DEBUG swiftclient [None req-b9c4c0bd-e03b-4bb4-b82b-f5b2b4cc2c1e tempest-VolumesActionsTest-515102989 tempest-VolumesActionsTest-515102989-project-member] RESP STATUS: 201 Created {{(pid=99719) http_log /opt/stack/data/venv/lib/python3.12/site-packages/swiftclient/client.py:161}}
Jul 28 17:39:40.693131 np0000006032 devstack@g-api.service[99719]: DEBUG swiftclient [None req-b9c4c0bd-e03b-4bb4-b82b-f5b2b4cc2c1e tempest-VolumesActionsTest-515102989 tempest-VolumesActionsTest-515102989-project-member] RESP HEADERS: {'Date': 'Tue, 28 Jul 2026 17:39:40 GMT', 'Server': 'Apache/2.4.58 (Ubuntu)', 'Content-Type': 'text/html; charset=UTF-8', 'Content-Length': '0', 'Etag': 'eda9a9889837ac4bc81d6387d92c1bec', 'Last-Modified': 'Tue, 28 Jul 2026 17:39:39 GMT', 'X-Trans-Id': 'tx6ea264a01e4741d787013-006a68e95a', 'X-Openstack-Request-Id': 'tx6ea264a01e4741d787013-006a68e95a', 'Connection': 'close'} {{(pid=99719) http_log /opt/stack/data/venv/lib/python3.12/site-packages/swiftclient/client.py:162}}
Jul 28 17:39:40.693131 np0000006032 devstack@g-api.service[99719]: DEBUG glance_store._drivers.swift.store [None req-b9c4c0bd-e03b-4bb4-b82b-f5b2b4cc2c1e tempest-VolumesActionsTest-515102989 tempest-VolumesActionsTest-515102989-project-member] Wrote chunk 29642447-e3bc-4ccf-a9c5-fb0ae5b707c0-00005 (5/?) of length 204800000 to Swift returning MD5 of content: eda9a9889837ac4bc81d6387d92c1bec {{(pid=99719) add /opt/stack/data/venv/lib/python3.12/site-packages/glance_store/_drivers/swift/store.py:1059}}
Jul 28 17:39:40.848805 np0000006032 devstack@g-api.service[99720]: DEBUG glance.api.middleware.version_negotiation [None req-63910ce2-2f7d-41b7-8ebf-7114d017dcbe tempest-VolumesActionsTest-515102989 tempest-VolumesActionsTest-515102989-project-member] Determining version of request: GET /v2/images/29642447-e3bc-4ccf-a9c5-fb0ae5b707c0 Accept: application/json {{(pid=99720) process_request /opt/stack/glance/glance/api/middleware/version_negotiation.py:44}}
Jul 28 17:39:40.849350 np0000006032 devstack@g-api.service[99720]: DEBUG glance.api.middleware.version_negotiation [None req-63910ce2-2f7d-41b7-8ebf-7114d017dcbe tempest-VolumesActionsTest-515102989 tempest-VolumesActionsTest-515102989-project-member] Using url versioning {{(pid=99720) process_request /opt/stack/glance/glance/api/middleware/version_negotiation.py:57}}
Jul 28 17:39:40.849350 np0000006032 devstack@g-api.service[99720]: DEBUG glance.api.middleware.version_negotiation [None req-63910ce2-2f7d-41b7-8ebf-7114d017dcbe tempest-VolumesActionsTest-515102989 tempest-VolumesActionsTest-515102989-project-member] Matched version: v2 {{(pid=99720) process_request /opt/stack/glance/glance/api/middleware/version_negotiation.py:69}}
Jul 28 17:39:40.849350 np0000006032 devstack@g-api.service[99720]: DEBUG glance.api.middleware.version_negotiation [None req-63910ce2-2f7d-41b7-8ebf-7114d017dcbe tempest-VolumesActionsTest-515102989 tempest-VolumesActionsTest-515102989-project-member] new path /v2/images/29642447-e3bc-4ccf-a9c5-fb0ae5b707c0 {{(pid=99720) process_request /opt/stack/glance/glance/api/middleware/version_negotiation.py:70}}
Jul 28 17:39:40.863895 np0000006032 devstack@g-api.service[99720]: [pid: 99720|app: 0|req: 163/480] 127.0.0.1 () {40 vars in 838 bytes} [Tue Jul 28 17:39:40 2026] GET /v2/images/29642447-e3bc-4ccf-a9c5-fb0ae5b707c0 => generated 650 bytes in 15 msecs (HTTP/1.1 200) 4 headers in 157 bytes (1 switches on core 0)
Jul 28 17:39:41.185651 np0000006032 devstack@g-api.service[99719]: DEBUG swiftclient [None req-b9c4c0bd-e03b-4bb4-b82b-f5b2b4cc2c1e tempest-VolumesActionsTest-515102989 tempest-VolumesActionsTest-515102989-project-member] REQ: curl -i https://10.4.3.102:8080/v1/AUTH_1da7f5d826d243e7b05f4ddf14f31577/glance/29642447-e3bc-4ccf-a9c5-fb0ae5b707c0-00006 -X PUT -H "X-Auth-Token: gAAAAABqaOlRwJ3z..." {{(pid=99719) http_log /opt/stack/data/venv/lib/python3.12/site-packages/swiftclient/client.py:160}}
Jul 28 17:39:41.185940 np0000006032 devstack@g-api.service[99719]: DEBUG swiftclient [None req-b9c4c0bd-e03b-4bb4-b82b-f5b2b4cc2c1e tempest-VolumesActionsTest-515102989 tempest-VolumesActionsTest-515102989-project-member] RESP STATUS: 201 Created {{(pid=99719) http_log /opt/stack/data/venv/lib/python3.12/site-packages/swiftclient/client.py:161}}
Jul 28 17:39:41.185940 np0000006032 devstack@g-api.service[99719]: DEBUG swiftclient [None req-b9c4c0bd-e03b-4bb4-b82b-f5b2b4cc2c1e tempest-VolumesActionsTest-515102989 tempest-VolumesActionsTest-515102989-project-member] RESP HEADERS: {'Date': 'Tue, 28 Jul 2026 17:39:41 GMT', 'Server': 'Apache/2.4.58 (Ubuntu)', 'Content-Type': 'text/html; charset=UTF-8', 'Content-Length': '0', 'Etag': '708761f3b8777ec77058e63da08eeeb6', 'Last-Modified': 'Tue, 28 Jul 2026 17:39:41 GMT', 'X-Trans-Id': 'tx8fd4e758449b423a82be6-006a68e95c', 'X-Openstack-Request-Id': 'tx8fd4e758449b423a82be6-006a68e95c', 'Connection': 'close'} {{(pid=99719) http_log /opt/stack/data/venv/lib/python3.12/site-packages/swiftclient/client.py:162}}
Jul 28 17:39:41.186068 np0000006032 devstack@g-api.service[99719]: DEBUG glance_store._drivers.swift.store [None req-b9c4c0bd-e03b-4bb4-b82b-f5b2b4cc2c1e tempest-VolumesActionsTest-515102989 tempest-VolumesActionsTest-515102989-project-member] Wrote chunk 29642447-e3bc-4ccf-a9c5-fb0ae5b707c0-00006 (6/?) of length 49741824 to Swift returning MD5 of content: 708761f3b8777ec77058e63da08eeeb6 {{(pid=99719) add /opt/stack/data/venv/lib/python3.12/site-packages/glance_store/_drivers/swift/store.py:1059}}
Jul 28 17:39:41.186399 np0000006032 devstack@g-api.service[99719]: DEBUG glance_store._drivers.swift.store [None req-b9c4c0bd-e03b-4bb4-b82b-f5b2b4cc2c1e tempest-VolumesActionsTest-515102989 tempest-VolumesActionsTest-515102989-project-member] Not writing zero-length chunk. {{(pid=99719) add /opt/stack/data/venv/lib/python3.12/site-packages/glance_store/_drivers/swift/store.py:1028}}
Jul 28 17:39:41.212695 np0000006032 devstack@g-api.service[99719]: DEBUG swiftclient [None req-b9c4c0bd-e03b-4bb4-b82b-f5b2b4cc2c1e tempest-VolumesActionsTest-515102989 tempest-VolumesActionsTest-515102989-project-member] REQ: curl -i https://10.4.3.102:8080/v1/AUTH_1da7f5d826d243e7b05f4ddf14f31577/glance/29642447-e3bc-4ccf-a9c5-fb0ae5b707c0 -X PUT -H "X-Object-Manifest: glance/29642447-e3bc-4ccf-a9c5-fb0ae5b707c0-" -H "X-Auth-Token: gAAAAABqaOlRwJ3z..." -H "Content-Length: 0" {{(pid=99719) http_log /opt/stack/data/venv/lib/python3.12/site-packages/swiftclient/client.py:160}}
Jul 28 17:39:41.212877 np0000006032 devstack@g-api.service[99719]: DEBUG swiftclient [None req-b9c4c0bd-e03b-4bb4-b82b-f5b2b4cc2c1e tempest-VolumesActionsTest-515102989 tempest-VolumesActionsTest-515102989-project-member] RESP STATUS: 201 Created {{(pid=99719) http_log /opt/stack/data/venv/lib/python3.12/site-packages/swiftclient/client.py:161}}
Jul 28 17:39:41.213049 np0000006032 devstack@g-api.service[99719]: DEBUG swiftclient [None req-b9c4c0bd-e03b-4bb4-b82b-f5b2b4cc2c1e tempest-VolumesActionsTest-515102989 tempest-VolumesActionsTest-515102989-project-member] RESP HEADERS: {'Date': 'Tue, 28 Jul 2026 17:39:41 GMT', 'Server': 'Apache/2.4.58 (Ubuntu)', 'Content-Type': 'text/html; charset=UTF-8', 'Content-Length': '0', 'Etag': 'd41d8cd98f00b204e9800998ecf8427e', 'Last-Modified': 'Tue, 28 Jul 2026 17:39:42 GMT', 'X-Trans-Id': 'txd3b3b9de1066499e88d0a-006a68e95d', 'X-Openstack-Request-Id': 'txd3b3b9de1066499e88d0a-006a68e95d', 'Connection': 'close'} {{(pid=99719) http_log /opt/stack/data/venv/lib/python3.12/site-packages/swiftclient/client.py:162}}
Jul 28 17:39:41.213650 np0000006032 devstack@g-api.service[99719]: INFO glance.location [None req-b9c4c0bd-e03b-4bb4-b82b-f5b2b4cc2c1e tempest-VolumesActionsTest-515102989 tempest-VolumesActionsTest-515102989-project-member] Image format matched and virtual size computed: 1073741824
Jul 28 17:39:41.244679 np0000006032 devstack@g-api.service[99719]: DEBUG glance_store.backend [None req-b9c4c0bd-e03b-4bb4-b82b-f5b2b4cc2c1e tempest-VolumesActionsTest-515102989 tempest-VolumesActionsTest-515102989-project-member] Attempting to import store swift {{(pid=99719) _load_store /opt/stack/data/venv/lib/python3.12/site-packages/glance_store/backend.py:215}}
Jul 28 17:39:41.246228 np0000006032 devstack@g-api.service[99719]: DEBUG glance_store.capabilities [None req-b9c4c0bd-e03b-4bb4-b82b-f5b2b4cc2c1e tempest-VolumesActionsTest-515102989 tempest-VolumesActionsTest-515102989-project-member] Store glance_store._drivers.swift.store.SingleTenantStore doesn't support updating dynamic storage capabilities. Please overwrite 'update_capabilities' method of the store to implement updating logics if needed. {{(pid=99719) update_capabilities /opt/stack/data/venv/lib/python3.12/site-packages/glance_store/capabilities.py:91}}
Jul 28 17:39:41.246377 np0000006032 devstack@g-api.service[99719]: DEBUG glance_store.driver [None req-b9c4c0bd-e03b-4bb4-b82b-f5b2b4cc2c1e tempest-VolumesActionsTest-515102989 tempest-VolumesActionsTest-515102989-project-member] Late loading location class glance_store._drivers.swift.store.StoreLocation {{(pid=99719) get_store_location_class /opt/stack/data/venv/lib/python3.12/site-packages/glance_store/driver.py:134}}
Jul 28 17:39:41.246377 np0000006032 devstack@g-api.service[99719]: DEBUG glance_store.location [None req-b9c4c0bd-e03b-4bb4-b82b-f5b2b4cc2c1e tempest-VolumesActionsTest-515102989 tempest-VolumesActionsTest-515102989-project-member] Registering scheme swift+https with {'store': , 'location_class': , 'store_entry': 'swift'} {{(pid=99719) register_scheme_map /opt/stack/data/venv/lib/python3.12/site-packages/glance_store/location.py:146}}
Jul 28 17:39:41.246495 np0000006032 devstack@g-api.service[99719]: DEBUG glance_store.location [None req-b9c4c0bd-e03b-4bb4-b82b-f5b2b4cc2c1e tempest-VolumesActionsTest-515102989 tempest-VolumesActionsTest-515102989-project-member] Registering scheme swift+https with {'store': , 'location_class': , 'store_entry': 'swift'} {{(pid=99719) register_scheme_map /opt/stack/data/venv/lib/python3.12/site-packages/glance_store/location.py:146}}
Jul 28 17:39:41.246629 np0000006032 devstack@g-api.service[99719]: DEBUG glance_store.location [None req-b9c4c0bd-e03b-4bb4-b82b-f5b2b4cc2c1e tempest-VolumesActionsTest-515102989 tempest-VolumesActionsTest-515102989-project-member] Registering scheme swift with {'store': , 'location_class': , 'store_entry': 'swift'} {{(pid=99719) register_scheme_map /opt/stack/data/venv/lib/python3.12/site-packages/glance_store/location.py:146}}
Jul 28 17:39:41.246629 np0000006032 devstack@g-api.service[99719]: DEBUG glance_store.location [None req-b9c4c0bd-e03b-4bb4-b82b-f5b2b4cc2c1e tempest-VolumesActionsTest-515102989 tempest-VolumesActionsTest-515102989-project-member] Registering scheme swift+https with {'store': , 'location_class': , 'store_entry': 'swift'} {{(pid=99719) register_scheme_map /opt/stack/data/venv/lib/python3.12/site-packages/glance_store/location.py:146}}
Jul 28 17:39:41.247464 np0000006032 devstack@g-api.service[99719]: DEBUG glance_store.location [None req-b9c4c0bd-e03b-4bb4-b82b-f5b2b4cc2c1e tempest-VolumesActionsTest-515102989 tempest-VolumesActionsTest-515102989-project-member] Registering scheme swift with {'store': , 'location_class': , 'store_entry': 'swift'} {{(pid=99719) register_scheme_map /opt/stack/data/venv/lib/python3.12/site-packages/glance_store/location.py:146}}
Jul 28 17:39:41.247464 np0000006032 devstack@g-api.service[99719]: DEBUG glance_store.location [None req-b9c4c0bd-e03b-4bb4-b82b-f5b2b4cc2c1e tempest-VolumesActionsTest-515102989 tempest-VolumesActionsTest-515102989-project-member] Registering scheme swift+http with {'store': , 'location_class': , 'store_entry': 'swift'} {{(pid=99719) register_scheme_map /opt/stack/data/venv/lib/python3.12/site-packages/glance_store/location.py:146}}
Jul 28 17:39:41.247464 np0000006032 devstack@g-api.service[99719]: DEBUG glance_store.location [None req-b9c4c0bd-e03b-4bb4-b82b-f5b2b4cc2c1e tempest-VolumesActionsTest-515102989 tempest-VolumesActionsTest-515102989-project-member] Registering scheme swift+https with {'store': , 'location_class': , 'store_entry': 'swift'} {{(pid=99719) register_scheme_map /opt/stack/data/venv/lib/python3.12/site-packages/glance_store/location.py:146}}
Jul 28 17:39:41.247464 np0000006032 devstack@g-api.service[99719]: DEBUG glance_store.location [None req-b9c4c0bd-e03b-4bb4-b82b-f5b2b4cc2c1e tempest-VolumesActionsTest-515102989 tempest-VolumesActionsTest-515102989-project-member] Registering scheme swift with {'store': , 'location_class': , 'store_entry': 'swift'} {{(pid=99719) register_scheme_map /opt/stack/data/venv/lib/python3.12/site-packages/glance_store/location.py:146}}
Jul 28 17:39:41.247464 np0000006032 devstack@g-api.service[99719]: DEBUG glance_store.location [None req-b9c4c0bd-e03b-4bb4-b82b-f5b2b4cc2c1e tempest-VolumesActionsTest-515102989 tempest-VolumesActionsTest-515102989-project-member] Registering scheme swift+http with {'store': , 'location_class': , 'store_entry': 'swift'} {{(pid=99719) register_scheme_map /opt/stack/data/venv/lib/python3.12/site-packages/glance_store/location.py:146}}
Jul 28 17:39:41.247464 np0000006032 devstack@g-api.service[99719]: DEBUG glance_store.location [None req-b9c4c0bd-e03b-4bb4-b82b-f5b2b4cc2c1e tempest-VolumesActionsTest-515102989 tempest-VolumesActionsTest-515102989-project-member] Registering scheme swift+config with {'store': , 'location_class': , 'store_entry': 'swift'} {{(pid=99719) register_scheme_map /opt/stack/data/venv/lib/python3.12/site-packages/glance_store/location.py:146}}
Jul 28 17:39:41.247464 np0000006032 devstack@g-api.service[99719]: DEBUG glance_store.backend [None req-b9c4c0bd-e03b-4bb4-b82b-f5b2b4cc2c1e tempest-VolumesActionsTest-515102989 tempest-VolumesActionsTest-515102989-project-member] Skipping store.set_acls... not implemented. {{(pid=99719) set_acls /opt/stack/data/venv/lib/python3.12/site-packages/glance_store/backend.py:507}}
Jul 28 17:39:41.249233 np0000006032 devstack@g-api.service[99719]: [pid: 99719|app: 0|req: 146/481] 127.0.0.1 () {46 vars in 1158 bytes} [Tue Jul 28 17:39:28 2026] PUT /v2/images/29642447-e3bc-4ccf-a9c5-fb0ae5b707c0/file => generated 0 bytes in 12454 msecs (HTTP/1.1 204) 4 headers in 171 bytes (1 switches on core 0)
Jul 28 17:39:41.257747 np0000006032 devstack@g-api.service[99721]: DEBUG glance.api.middleware.version_negotiation [None req-65b63ce6-bfa0-416c-bdd9-35578dc95624 tempest-VolumesActionsTest-515102989 tempest-VolumesActionsTest-515102989-project-member] Determining version of request: GET /v2/images/29642447-e3bc-4ccf-a9c5-fb0ae5b707c0 Accept: */* {{(pid=99721) process_request /opt/stack/glance/glance/api/middleware/version_negotiation.py:44}}
Jul 28 17:39:41.257747 np0000006032 devstack@g-api.service[99721]: DEBUG glance.api.middleware.version_negotiation [None req-65b63ce6-bfa0-416c-bdd9-35578dc95624 tempest-VolumesActionsTest-515102989 tempest-VolumesActionsTest-515102989-project-member] Using url versioning {{(pid=99721) process_request /opt/stack/glance/glance/api/middleware/version_negotiation.py:57}}
Jul 28 17:39:41.257747 np0000006032 devstack@g-api.service[99721]: DEBUG glance.api.middleware.version_negotiation [None req-65b63ce6-bfa0-416c-bdd9-35578dc95624 tempest-VolumesActionsTest-515102989 tempest-VolumesActionsTest-515102989-project-member] Matched version: v2 {{(pid=99721) process_request /opt/stack/glance/glance/api/middleware/version_negotiation.py:69}}
Jul 28 17:39:41.257747 np0000006032 devstack@g-api.service[99721]: DEBUG glance.api.middleware.version_negotiation [None req-65b63ce6-bfa0-416c-bdd9-35578dc95624 tempest-VolumesActionsTest-515102989 tempest-VolumesActionsTest-515102989-project-member] new path /v2/images/29642447-e3bc-4ccf-a9c5-fb0ae5b707c0 {{(pid=99721) process_request /opt/stack/glance/glance/api/middleware/version_negotiation.py:70}}
Jul 28 17:39:41.267742 np0000006032 devstack@g-api.service[99721]: [pid: 99721|app: 0|req: 173/482] 127.0.0.1 () {44 vars in 1115 bytes} [Tue Jul 28 17:39:41 2026] GET /v2/images/29642447-e3bc-4ccf-a9c5-fb0ae5b707c0 => generated 822 bytes in 11 msecs (HTTP/1.1 200) 4 headers in 157 bytes (1 switches on core 0)
Jul 28 17:39:41.276519 np0000006032 devstack@g-api.service[99720]: DEBUG glance.api.middleware.version_negotiation [None req-3b617fd4-4c42-46a0-a5bd-d5e673e32b08 tempest-VolumesActionsTest-515102989 tempest-VolumesActionsTest-515102989-project-member] Determining version of request: GET /v2/schemas/image Accept: */* {{(pid=99720) process_request /opt/stack/glance/glance/api/middleware/version_negotiation.py:44}}
Jul 28 17:39:41.276920 np0000006032 devstack@g-api.service[99720]: DEBUG glance.api.middleware.version_negotiation [None req-3b617fd4-4c42-46a0-a5bd-d5e673e32b08 tempest-VolumesActionsTest-515102989 tempest-VolumesActionsTest-515102989-project-member] Using url versioning {{(pid=99720) process_request /opt/stack/glance/glance/api/middleware/version_negotiation.py:57}}
Jul 28 17:39:41.276920 np0000006032 devstack@g-api.service[99720]: DEBUG glance.api.middleware.version_negotiation [None req-3b617fd4-4c42-46a0-a5bd-d5e673e32b08 tempest-VolumesActionsTest-515102989 tempest-VolumesActionsTest-515102989-project-member] Matched version: v2 {{(pid=99720) process_request /opt/stack/glance/glance/api/middleware/version_negotiation.py:69}}
Jul 28 17:39:41.277089 np0000006032 devstack@g-api.service[99720]: DEBUG glance.api.middleware.version_negotiation [None req-3b617fd4-4c42-46a0-a5bd-d5e673e32b08 tempest-VolumesActionsTest-515102989 tempest-VolumesActionsTest-515102989-project-member] new path /v2/schemas/image {{(pid=99720) process_request /opt/stack/glance/glance/api/middleware/version_negotiation.py:70}}
Jul 28 17:39:41.279252 np0000006032 devstack@g-api.service[99720]: [pid: 99720|app: 0|req: 164/483] 127.0.0.1 () {44 vars in 1055 bytes} [Tue Jul 28 17:39:41 2026] GET /v2/schemas/image => generated 6083 bytes in 3 msecs (HTTP/1.1 200) 4 headers in 158 bytes (1 switches on core 0)
Jul 28 17:39:41.289959 np0000006032 devstack@g-api.service[99719]: DEBUG glance.api.middleware.version_negotiation [None req-b9c4c0bd-e03b-4bb4-b82b-f5b2b4cc2c1e tempest-VolumesActionsTest-515102989 tempest-VolumesActionsTest-515102989-project-member] Determining version of request: GET /v2/schemas/image Accept: */* {{(pid=99719) process_request /opt/stack/glance/glance/api/middleware/version_negotiation.py:44}}
Jul 28 17:39:41.290117 np0000006032 devstack@g-api.service[99719]: DEBUG glance.api.middleware.version_negotiation [None req-b9c4c0bd-e03b-4bb4-b82b-f5b2b4cc2c1e tempest-VolumesActionsTest-515102989 tempest-VolumesActionsTest-515102989-project-member] Using url versioning {{(pid=99719) process_request /opt/stack/glance/glance/api/middleware/version_negotiation.py:57}}
Jul 28 17:39:41.290301 np0000006032 devstack@g-api.service[99719]: DEBUG glance.api.middleware.version_negotiation [None req-b9c4c0bd-e03b-4bb4-b82b-f5b2b4cc2c1e tempest-VolumesActionsTest-515102989 tempest-VolumesActionsTest-515102989-project-member] Matched version: v2 {{(pid=99719) process_request /opt/stack/glance/glance/api/middleware/version_negotiation.py:69}}
Jul 28 17:39:41.290465 np0000006032 devstack@g-api.service[99719]: DEBUG glance.api.middleware.version_negotiation [None req-b9c4c0bd-e03b-4bb4-b82b-f5b2b4cc2c1e tempest-VolumesActionsTest-515102989 tempest-VolumesActionsTest-515102989-project-member] new path /v2/schemas/image {{(pid=99719) process_request /opt/stack/glance/glance/api/middleware/version_negotiation.py:70}}
Jul 28 17:39:41.293134 np0000006032 devstack@g-api.service[99719]: [pid: 99719|app: 0|req: 147/484] 127.0.0.1 () {44 vars in 1055 bytes} [Tue Jul 28 17:39:41 2026] GET /v2/schemas/image => generated 6083 bytes in 3 msecs (HTTP/1.1 200) 4 headers in 158 bytes (1 switches on core 0)
Jul 28 17:39:41.873585 np0000006032 devstack@g-api.service[99721]: DEBUG glance.api.middleware.version_negotiation [None req-b9c4c0bd-e03b-4bb4-b82b-f5b2b4cc2c1e tempest-VolumesActionsTest-515102989 tempest-VolumesActionsTest-515102989-project-member] Determining version of request: GET /v2/images/29642447-e3bc-4ccf-a9c5-fb0ae5b707c0 Accept: application/json {{(pid=99721) process_request /opt/stack/glance/glance/api/middleware/version_negotiation.py:44}}
Jul 28 17:39:41.873717 np0000006032 devstack@g-api.service[99721]: DEBUG glance.api.middleware.version_negotiation [None req-b9c4c0bd-e03b-4bb4-b82b-f5b2b4cc2c1e tempest-VolumesActionsTest-515102989 tempest-VolumesActionsTest-515102989-project-member] Using url versioning {{(pid=99721) process_request /opt/stack/glance/glance/api/middleware/version_negotiation.py:57}}
Jul 28 17:39:41.873869 np0000006032 devstack@g-api.service[99721]: DEBUG glance.api.middleware.version_negotiation [None req-b9c4c0bd-e03b-4bb4-b82b-f5b2b4cc2c1e tempest-VolumesActionsTest-515102989 tempest-VolumesActionsTest-515102989-project-member] Matched version: v2 {{(pid=99721) process_request /opt/stack/glance/glance/api/middleware/version_negotiation.py:69}}
Jul 28 17:39:41.873946 np0000006032 devstack@g-api.service[99721]: DEBUG glance.api.middleware.version_negotiation [None req-b9c4c0bd-e03b-4bb4-b82b-f5b2b4cc2c1e tempest-VolumesActionsTest-515102989 tempest-VolumesActionsTest-515102989-project-member] new path /v2/images/29642447-e3bc-4ccf-a9c5-fb0ae5b707c0 {{(pid=99721) process_request /opt/stack/glance/glance/api/middleware/version_negotiation.py:70}}
Jul 28 17:39:41.893532 np0000006032 devstack@g-api.service[99721]: [pid: 99721|app: 0|req: 174/485] 127.0.0.1 () {40 vars in 838 bytes} [Tue Jul 28 17:39:41 2026] GET /v2/images/29642447-e3bc-4ccf-a9c5-fb0ae5b707c0 => generated 822 bytes in 20 msecs (HTTP/1.1 200) 4 headers in 157 bytes (1 switches on core 0)
Jul 28 17:39:41.938834 np0000006032 devstack@g-api.service[99720]: DEBUG glance.api.middleware.version_negotiation [None req-b9c4c0bd-e03b-4bb4-b82b-f5b2b4cc2c1e tempest-VolumesActionsTest-515102989 tempest-VolumesActionsTest-515102989-project-member] Determining version of request: GET /v2/images/29642447-e3bc-4ccf-a9c5-fb0ae5b707c0 Accept: application/json {{(pid=99720) process_request /opt/stack/glance/glance/api/middleware/version_negotiation.py:44}}
Jul 28 17:39:41.939206 np0000006032 devstack@g-api.service[99720]: DEBUG glance.api.middleware.version_negotiation [None req-b9c4c0bd-e03b-4bb4-b82b-f5b2b4cc2c1e tempest-VolumesActionsTest-515102989 tempest-VolumesActionsTest-515102989-project-member] Using url versioning {{(pid=99720) process_request /opt/stack/glance/glance/api/middleware/version_negotiation.py:57}}
Jul 28 17:39:41.939206 np0000006032 devstack@g-api.service[99720]: DEBUG glance.api.middleware.version_negotiation [None req-b9c4c0bd-e03b-4bb4-b82b-f5b2b4cc2c1e tempest-VolumesActionsTest-515102989 tempest-VolumesActionsTest-515102989-project-member] Matched version: v2 {{(pid=99720) process_request /opt/stack/glance/glance/api/middleware/version_negotiation.py:69}}
Jul 28 17:39:41.939206 np0000006032 devstack@g-api.service[99720]: DEBUG glance.api.middleware.version_negotiation [None req-b9c4c0bd-e03b-4bb4-b82b-f5b2b4cc2c1e tempest-VolumesActionsTest-515102989 tempest-VolumesActionsTest-515102989-project-member] new path /v2/images/29642447-e3bc-4ccf-a9c5-fb0ae5b707c0 {{(pid=99720) process_request /opt/stack/glance/glance/api/middleware/version_negotiation.py:70}}
Jul 28 17:39:41.946372 np0000006032 devstack@g-api.service[99720]: [pid: 99720|app: 0|req: 165/486] 127.0.0.1 () {40 vars in 838 bytes} [Tue Jul 28 17:39:41 2026] GET /v2/images/29642447-e3bc-4ccf-a9c5-fb0ae5b707c0 => generated 822 bytes in 7 msecs (HTTP/1.1 200) 4 headers in 157 bytes (1 switches on core 0)
Jul 28 17:39:42.008510 np0000006032 devstack@g-api.service[99719]: DEBUG glance.api.middleware.version_negotiation [None req-b9c4c0bd-e03b-4bb4-b82b-f5b2b4cc2c1e tempest-VolumesActionsTest-515102989 tempest-VolumesActionsTest-515102989-project-member] Determining version of request: GET /v2/schemas/image Accept: */* {{(pid=99719) process_request /opt/stack/glance/glance/api/middleware/version_negotiation.py:44}}
Jul 28 17:39:42.008510 np0000006032 devstack@g-api.service[99719]: DEBUG glance.api.middleware.version_negotiation [None req-b9c4c0bd-e03b-4bb4-b82b-f5b2b4cc2c1e tempest-VolumesActionsTest-515102989 tempest-VolumesActionsTest-515102989-project-member] Using url versioning {{(pid=99719) process_request /opt/stack/glance/glance/api/middleware/version_negotiation.py:57}}
Jul 28 17:39:42.008510 np0000006032 devstack@g-api.service[99719]: DEBUG glance.api.middleware.version_negotiation [None req-b9c4c0bd-e03b-4bb4-b82b-f5b2b4cc2c1e tempest-VolumesActionsTest-515102989 tempest-VolumesActionsTest-515102989-project-member] Matched version: v2 {{(pid=99719) process_request /opt/stack/glance/glance/api/middleware/version_negotiation.py:69}}
Jul 28 17:39:42.008510 np0000006032 devstack@g-api.service[99719]: DEBUG glance.api.middleware.version_negotiation [None req-b9c4c0bd-e03b-4bb4-b82b-f5b2b4cc2c1e tempest-VolumesActionsTest-515102989 tempest-VolumesActionsTest-515102989-project-member] new path /v2/schemas/image {{(pid=99719) process_request /opt/stack/glance/glance/api/middleware/version_negotiation.py:70}}
Jul 28 17:39:42.013105 np0000006032 devstack@g-api.service[99719]: [pid: 99719|app: 0|req: 148/487] 127.0.0.1 () {44 vars in 1055 bytes} [Tue Jul 28 17:39:42 2026] GET /v2/schemas/image => generated 6083 bytes in 5 msecs (HTTP/1.1 200) 4 headers in 158 bytes (1 switches on core 0)
Jul 28 17:39:42.022865 np0000006032 devstack@g-api.service[99721]: DEBUG glance.api.middleware.version_negotiation [None req-a729c84a-22d6-41f0-95cb-2f3e12da8517 tempest-VolumesActionsTest-515102989 tempest-VolumesActionsTest-515102989-project-member] Determining version of request: POST /v2/images Accept: */* {{(pid=99721) process_request /opt/stack/glance/glance/api/middleware/version_negotiation.py:44}}
Jul 28 17:39:42.023021 np0000006032 devstack@g-api.service[99721]: DEBUG glance.api.middleware.version_negotiation [None req-a729c84a-22d6-41f0-95cb-2f3e12da8517 tempest-VolumesActionsTest-515102989 tempest-VolumesActionsTest-515102989-project-member] Using url versioning {{(pid=99721) process_request /opt/stack/glance/glance/api/middleware/version_negotiation.py:57}}
Jul 28 17:39:42.023126 np0000006032 devstack@g-api.service[99721]: DEBUG glance.api.middleware.version_negotiation [None req-a729c84a-22d6-41f0-95cb-2f3e12da8517 tempest-VolumesActionsTest-515102989 tempest-VolumesActionsTest-515102989-project-member] Matched version: v2 {{(pid=99721) process_request /opt/stack/glance/glance/api/middleware/version_negotiation.py:69}}
Jul 28 17:39:42.023236 np0000006032 devstack@g-api.service[99721]: DEBUG glance.api.middleware.version_negotiation [None req-a729c84a-22d6-41f0-95cb-2f3e12da8517 tempest-VolumesActionsTest-515102989 tempest-VolumesActionsTest-515102989-project-member] new path /v2/images {{(pid=99721) process_request /opt/stack/glance/glance/api/middleware/version_negotiation.py:70}}
Jul 28 17:39:42.623969 np0000006032 devstack@g-api.service[99721]: [pid: 99721|app: 0|req: 175/488] 127.0.0.1 () {46 vars in 1055 bytes} [Tue Jul 28 17:39:42 2026] POST /v2/images => generated 652 bytes in 601 msecs (HTTP/1.1 201) 6 headers in 315 bytes (1 switches on core 0)
Jul 28 17:39:42.639685 np0000006032 devstack@g-api.service[99720]: DEBUG glance.api.middleware.version_negotiation [None req-e1b325d8-c3cc-469b-b76f-84f2825c776a tempest-VolumesActionsTest-515102989 tempest-VolumesActionsTest-515102989-project-member] Determining version of request: GET /v2/images/dccfe249-3705-47e0-98ac-dd2186ca6210 Accept: application/json {{(pid=99720) process_request /opt/stack/glance/glance/api/middleware/version_negotiation.py:44}}
Jul 28 17:39:42.639892 np0000006032 devstack@g-api.service[99720]: DEBUG glance.api.middleware.version_negotiation [None req-e1b325d8-c3cc-469b-b76f-84f2825c776a tempest-VolumesActionsTest-515102989 tempest-VolumesActionsTest-515102989-project-member] Using url versioning {{(pid=99720) process_request /opt/stack/glance/glance/api/middleware/version_negotiation.py:57}}
Jul 28 17:39:42.640049 np0000006032 devstack@g-api.service[99720]: DEBUG glance.api.middleware.version_negotiation [None req-e1b325d8-c3cc-469b-b76f-84f2825c776a tempest-VolumesActionsTest-515102989 tempest-VolumesActionsTest-515102989-project-member] Matched version: v2 {{(pid=99720) process_request /opt/stack/glance/glance/api/middleware/version_negotiation.py:69}}
Jul 28 17:39:42.640346 np0000006032 devstack@g-api.service[99720]: DEBUG glance.api.middleware.version_negotiation [None req-e1b325d8-c3cc-469b-b76f-84f2825c776a tempest-VolumesActionsTest-515102989 tempest-VolumesActionsTest-515102989-project-member] new path /v2/images/dccfe249-3705-47e0-98ac-dd2186ca6210 {{(pid=99720) process_request /opt/stack/glance/glance/api/middleware/version_negotiation.py:70}}
Jul 28 17:39:42.654453 np0000006032 devstack@g-api.service[99720]: [pid: 99720|app: 0|req: 166/489] 127.0.0.1 () {40 vars in 838 bytes} [Tue Jul 28 17:39:42 2026] GET /v2/images/dccfe249-3705-47e0-98ac-dd2186ca6210 => generated 652 bytes in 15 msecs (HTTP/1.1 200) 4 headers in 157 bytes (1 switches on core 0)
