Jul 28 17:35:02.638033 np0000006032 devstack@g-api.service[99720]: DEBUG glance_store.location [None req-20c9dcfd-760e-42c9-bbb8-3998eb40c649 tempest-AttachSCSIVolumeTestJSON-978550206 tempest-AttachSCSIVolumeTestJSON-978550206-project-admin] Registering scheme swift with {'store': , 'location_class': , 'store_entry': 'swift'} {{(pid=99720) register_scheme_map /opt/stack/data/venv/lib/python3.12/site-packages/glance_store/location.py:146}}
Jul 28 17:35:02.638211 np0000006032 devstack@g-api.service[99720]: DEBUG glance_store.location [None req-20c9dcfd-760e-42c9-bbb8-3998eb40c649 tempest-AttachSCSIVolumeTestJSON-978550206 tempest-AttachSCSIVolumeTestJSON-978550206-project-admin] Registering scheme swift+http with {'store': , 'location_class': , 'store_entry': 'swift'} {{(pid=99720) register_scheme_map /opt/stack/data/venv/lib/python3.12/site-packages/glance_store/location.py:146}}
Jul 28 17:35:02.638211 np0000006032 devstack@g-api.service[99720]: DEBUG glance_store.location [None req-20c9dcfd-760e-42c9-bbb8-3998eb40c649 tempest-AttachSCSIVolumeTestJSON-978550206 tempest-AttachSCSIVolumeTestJSON-978550206-project-admin] Registering scheme swift+https with {'store': , 'location_class': , 'store_entry': 'swift'} {{(pid=99720) register_scheme_map /opt/stack/data/venv/lib/python3.12/site-packages/glance_store/location.py:146}}
Jul 28 17:35:02.638211 np0000006032 devstack@g-api.service[99720]: DEBUG glance_store.location [None req-20c9dcfd-760e-42c9-bbb8-3998eb40c649 tempest-AttachSCSIVolumeTestJSON-978550206 tempest-AttachSCSIVolumeTestJSON-978550206-project-admin] Registering scheme swift with {'store': , 'location_class': , 'store_entry': 'swift'} {{(pid=99720) register_scheme_map /opt/stack/data/venv/lib/python3.12/site-packages/glance_store/location.py:146}}
Jul 28 17:35:02.638368 np0000006032 devstack@g-api.service[99720]: DEBUG glance_store.location [None req-20c9dcfd-760e-42c9-bbb8-3998eb40c649 tempest-AttachSCSIVolumeTestJSON-978550206 tempest-AttachSCSIVolumeTestJSON-978550206-project-admin] Registering scheme swift+http with {'store': , 'location_class': , 'store_entry': 'swift'} {{(pid=99720) register_scheme_map /opt/stack/data/venv/lib/python3.12/site-packages/glance_store/location.py:146}}
Jul 28 17:35:02.638368 np0000006032 devstack@g-api.service[99720]: DEBUG glance_store.location [None req-20c9dcfd-760e-42c9-bbb8-3998eb40c649 tempest-AttachSCSIVolumeTestJSON-978550206 tempest-AttachSCSIVolumeTestJSON-978550206-project-admin] Registering scheme swift+config with {'store': , 'location_class': , 'store_entry': 'swift'} {{(pid=99720) register_scheme_map /opt/stack/data/venv/lib/python3.12/site-packages/glance_store/location.py:146}}
Jul 28 17:35:02.738732 np0000006032 devstack@g-api.service[99719]: DEBUG glance.api.middleware.version_negotiation [None req-b126b7b4-bb67-4dde-aed8-783d3917ad98 tempest-TaggedBootDevicesTest-1795501363 tempest-TaggedBootDevicesTest-1795501363-project-member] Determining version of request: GET /versions Accept: */* {{(pid=99719) process_request /opt/stack/glance/glance/api/middleware/version_negotiation.py:44}}
Jul 28 17:35:02.739432 np0000006032 devstack@g-api.service[99719]: [pid: 99719|app: 0|req: 14/52] 127.0.0.1 () {44 vars in 1039 bytes} [Tue Jul 28 17:35:02 2026] GET /versions => generated 1515 bytes in 1 msecs (HTTP/1.1 200) 3 headers in 92 bytes (1 switches on core 0)
Jul 28 17:35:02.753471 np0000006032 devstack@g-api.service[99721]: DEBUG glance.api.middleware.version_negotiation [None req-b126b7b4-bb67-4dde-aed8-783d3917ad98 tempest-TaggedBootDevicesTest-1795501363 tempest-TaggedBootDevicesTest-1795501363-project-member] Determining version of request: GET /v2/images/93750563-751c-430f-8eb5-96fc8639a0b5/locations Accept: */* {{(pid=99721) process_request /opt/stack/glance/glance/api/middleware/version_negotiation.py:44}}
Jul 28 17:35:02.753471 np0000006032 devstack@g-api.service[99721]: DEBUG glance.api.middleware.version_negotiation [None req-b126b7b4-bb67-4dde-aed8-783d3917ad98 tempest-TaggedBootDevicesTest-1795501363 tempest-TaggedBootDevicesTest-1795501363-project-member] Using url versioning {{(pid=99721) process_request /opt/stack/glance/glance/api/middleware/version_negotiation.py:57}}
Jul 28 17:35:02.753471 np0000006032 devstack@g-api.service[99721]: DEBUG glance.api.middleware.version_negotiation [None req-b126b7b4-bb67-4dde-aed8-783d3917ad98 tempest-TaggedBootDevicesTest-1795501363 tempest-TaggedBootDevicesTest-1795501363-project-member] Matched version: v2 {{(pid=99721) process_request /opt/stack/glance/glance/api/middleware/version_negotiation.py:69}}
Jul 28 17:35:02.753471 np0000006032 devstack@g-api.service[99721]: DEBUG glance.api.middleware.version_negotiation [None req-b126b7b4-bb67-4dde-aed8-783d3917ad98 tempest-TaggedBootDevicesTest-1795501363 tempest-TaggedBootDevicesTest-1795501363-project-member] new path /v2/images/93750563-751c-430f-8eb5-96fc8639a0b5/locations {{(pid=99721) process_request /opt/stack/glance/glance/api/middleware/version_negotiation.py:70}}
Jul 28 17:35:03.032397 np0000006032 devstack@g-api.service[99721]: [pid: 99721|app: 0|req: 24/53] 127.0.0.1 () {44 vars in 1135 bytes} [Tue Jul 28 17:35:02 2026] GET /v2/images/93750563-751c-430f-8eb5-96fc8639a0b5/locations => generated 92 bytes in 281 msecs (HTTP/1.1 200) 4 headers in 156 bytes (1 switches on core 0)
Jul 28 17:35:03.041193 np0000006032 devstack@g-api.service[99719]: DEBUG glance.api.middleware.version_negotiation [None req-b126b7b4-bb67-4dde-aed8-783d3917ad98 tempest-TaggedBootDevicesTest-1795501363 tempest-TaggedBootDevicesTest-1795501363-project-member] Determining version of request: GET /v2/images/93750563-751c-430f-8eb5-96fc8639a0b5 Accept: */* {{(pid=99719) process_request /opt/stack/glance/glance/api/middleware/version_negotiation.py:44}}
Jul 28 17:35:03.041717 np0000006032 devstack@g-api.service[99719]: DEBUG glance.api.middleware.version_negotiation [None req-b126b7b4-bb67-4dde-aed8-783d3917ad98 tempest-TaggedBootDevicesTest-1795501363 tempest-TaggedBootDevicesTest-1795501363-project-member] Using url versioning {{(pid=99719) process_request /opt/stack/glance/glance/api/middleware/version_negotiation.py:57}}
Jul 28 17:35:03.041923 np0000006032 devstack@g-api.service[99719]: DEBUG glance.api.middleware.version_negotiation [None req-b126b7b4-bb67-4dde-aed8-783d3917ad98 tempest-TaggedBootDevicesTest-1795501363 tempest-TaggedBootDevicesTest-1795501363-project-member] Matched version: v2 {{(pid=99719) process_request /opt/stack/glance/glance/api/middleware/version_negotiation.py:69}}
Jul 28 17:35:03.042031 np0000006032 devstack@g-api.service[99719]: DEBUG glance.api.middleware.version_negotiation [None req-b126b7b4-bb67-4dde-aed8-783d3917ad98 tempest-TaggedBootDevicesTest-1795501363 tempest-TaggedBootDevicesTest-1795501363-project-member] new path /v2/images/93750563-751c-430f-8eb5-96fc8639a0b5 {{(pid=99719) process_request /opt/stack/glance/glance/api/middleware/version_negotiation.py:70}}
Jul 28 17:35:03.055016 np0000006032 devstack@g-api.service[99719]: [pid: 99719|app: 0|req: 15/54] 127.0.0.1 () {44 vars in 1115 bytes} [Tue Jul 28 17:35:03 2026] GET /v2/images/93750563-751c-430f-8eb5-96fc8639a0b5 => generated 1044 bytes in 14 msecs (HTTP/1.1 200) 4 headers in 158 bytes (1 switches on core 0)
Jul 28 17:35:03.065069 np0000006032 devstack@g-api.service[99721]: DEBUG glance.api.middleware.version_negotiation [None req-6203558f-4428-463a-be40-00152f18a17a service glance] Determining version of request: GET /v2/schemas/image Accept: */* {{(pid=99721) process_request /opt/stack/glance/glance/api/middleware/version_negotiation.py:44}}
Jul 28 17:35:03.066788 np0000006032 devstack@g-api.service[99721]: DEBUG glance.api.middleware.version_negotiation [None req-6203558f-4428-463a-be40-00152f18a17a service glance] Using url versioning {{(pid=99721) process_request /opt/stack/glance/glance/api/middleware/version_negotiation.py:57}}
Jul 28 17:35:03.066788 np0000006032 devstack@g-api.service[99721]: DEBUG glance.api.middleware.version_negotiation [None req-6203558f-4428-463a-be40-00152f18a17a service glance] Matched version: v2 {{(pid=99721) process_request /opt/stack/glance/glance/api/middleware/version_negotiation.py:69}}
Jul 28 17:35:03.066788 np0000006032 devstack@g-api.service[99721]: DEBUG glance.api.middleware.version_negotiation [None req-6203558f-4428-463a-be40-00152f18a17a service glance] new path /v2/schemas/image {{(pid=99721) process_request /opt/stack/glance/glance/api/middleware/version_negotiation.py:70}}
Jul 28 17:35:03.068871 np0000006032 devstack@g-api.service[99721]: [pid: 99721|app: 0|req: 25/55] 127.0.0.1 () {44 vars in 1055 bytes} [Tue Jul 28 17:35:03 2026] GET /v2/schemas/image => generated 6083 bytes in 3 msecs (HTTP/1.1 200) 4 headers in 158 bytes (1 switches on core 0)
Jul 28 17:35:03.077675 np0000006032 devstack@g-api.service[99719]: DEBUG glance.api.middleware.version_negotiation [None req-6203558f-4428-463a-be40-00152f18a17a tempest-ServerActionsV293TestJSON-1238439848 tempest-ServerActionsV293TestJSON-1238439848-project-member] Determining version of request: GET /v2/schemas/image Accept: */* {{(pid=99719) process_request /opt/stack/glance/glance/api/middleware/version_negotiation.py:44}}
Jul 28 17:35:03.077675 np0000006032 devstack@g-api.service[99719]: DEBUG glance.api.middleware.version_negotiation [None req-6203558f-4428-463a-be40-00152f18a17a tempest-ServerActionsV293TestJSON-1238439848 tempest-ServerActionsV293TestJSON-1238439848-project-member] Using url versioning {{(pid=99719) process_request /opt/stack/glance/glance/api/middleware/version_negotiation.py:57}}
Jul 28 17:35:03.078050 np0000006032 devstack@g-api.service[99719]: DEBUG glance.api.middleware.version_negotiation [None req-6203558f-4428-463a-be40-00152f18a17a tempest-ServerActionsV293TestJSON-1238439848 tempest-ServerActionsV293TestJSON-1238439848-project-member] Matched version: v2 {{(pid=99719) process_request /opt/stack/glance/glance/api/middleware/version_negotiation.py:69}}
Jul 28 17:35:03.078247 np0000006032 devstack@g-api.service[99719]: DEBUG glance.api.middleware.version_negotiation [None req-6203558f-4428-463a-be40-00152f18a17a tempest-ServerActionsV293TestJSON-1238439848 tempest-ServerActionsV293TestJSON-1238439848-project-member] new path /v2/schemas/image {{(pid=99719) process_request /opt/stack/glance/glance/api/middleware/version_negotiation.py:70}}
Jul 28 17:35:03.082725 np0000006032 devstack@g-api.service[99719]: [pid: 99719|app: 0|req: 16/56] 127.0.0.1 () {44 vars in 1055 bytes} [Tue Jul 28 17:35:03 2026] GET /v2/schemas/image => generated 6083 bytes in 5 msecs (HTTP/1.1 200) 4 headers in 158 bytes (1 switches on core 0)
Jul 28 17:35:03.242981 np0000006032 devstack@g-api.service[99720]: DEBUG swiftclient [None req-20c9dcfd-760e-42c9-bbb8-3998eb40c649 tempest-AttachSCSIVolumeTestJSON-978550206 tempest-AttachSCSIVolumeTestJSON-978550206-project-admin] REQ: curl -i https://10.4.3.102:8080/v1/AUTH_1da7f5d826d243e7b05f4ddf14f31577/glance -I -H "X-Auth-Token: gAAAAABqaOhGzZGx..." {{(pid=99720) http_log /opt/stack/data/venv/lib/python3.12/site-packages/swiftclient/client.py:160}}
Jul 28 17:35:03.243284 np0000006032 devstack@g-api.service[99720]: DEBUG swiftclient [None req-20c9dcfd-760e-42c9-bbb8-3998eb40c649 tempest-AttachSCSIVolumeTestJSON-978550206 tempest-AttachSCSIVolumeTestJSON-978550206-project-admin] RESP STATUS: 204 No Content {{(pid=99720) http_log /opt/stack/data/venv/lib/python3.12/site-packages/swiftclient/client.py:161}}
Jul 28 17:35:03.243284 np0000006032 devstack@g-api.service[99720]: DEBUG swiftclient [None req-20c9dcfd-760e-42c9-bbb8-3998eb40c649 tempest-AttachSCSIVolumeTestJSON-978550206 tempest-AttachSCSIVolumeTestJSON-978550206-project-admin] RESP HEADERS: {'Date': 'Tue, 28 Jul 2026 17:35:03 GMT', 'Server': 'Apache/2.4.58 (Ubuntu)', 'Content-Type': 'text/plain; charset=utf-8', 'X-Container-Object-Count': '3', 'X-Container-Bytes-Used': '64356352', 'X-Timestamp': '1785259992.19257', 'Last-Modified': 'Tue, 28 Jul 2026 17:33:13 GMT', 'Accept-Ranges': 'bytes', 'X-Storage-Policy': 'Policy-0', 'X-Container-Sharding': 'False', 'Vary': 'Accept', 'X-Trans-Id': 'tx90cf297676af45cca376c-006a68e846', 'X-Openstack-Request-Id': 'tx90cf297676af45cca376c-006a68e846', 'Connection': 'close'} {{(pid=99720) http_log /opt/stack/data/venv/lib/python3.12/site-packages/swiftclient/client.py:162}}
Jul 28 17:35:03.243485 np0000006032 devstack@g-api.service[99720]: DEBUG glance_store._drivers.swift.store [None req-20c9dcfd-760e-42c9-bbb8-3998eb40c649 tempest-AttachSCSIVolumeTestJSON-978550206 tempest-AttachSCSIVolumeTestJSON-978550206-project-admin] Adding image object '21cac2a1-c445-4202-99a3-0f2a20b6bf9d' to Swift {{(pid=99720) add /opt/stack/data/venv/lib/python3.12/site-packages/glance_store/_drivers/swift/store.py:970}}
Jul 28 17:35:03.243574 np0000006032 devstack@g-api.service[99720]: DEBUG glance_store._drivers.swift.store [None req-20c9dcfd-760e-42c9-bbb8-3998eb40c649 tempest-AttachSCSIVolumeTestJSON-978550206 tempest-AttachSCSIVolumeTestJSON-978550206-project-admin] Cannot determine image size because it is either not provided in the request or chunked-transfer encoding is used. Adding image as a segmented object to Swift. {{(pid=99720) add /opt/stack/data/venv/lib/python3.12/site-packages/glance_store/_drivers/swift/store.py:994}}
Jul 28 17:35:03.251226 np0000006032 devstack@g-api.service[99720]: DEBUG oslo_utils.imageutils.format_inspector [None req-20c9dcfd-760e-42c9-bbb8-3998eb40c649 tempest-AttachSCSIVolumeTestJSON-978550206 tempest-AttachSCSIVolumeTestJSON-978550206-project-admin] Format inspector for vmdk does not match, excluding from consideration (Signature KDMV not found: b'QFI\xfb') {{(pid=99720) _process_chunk /opt/stack/data/venv/lib/python3.12/site-packages/oslo_utils/imageutils/format_inspector.py:1758}}
Jul 28 17:35:03.253932 np0000006032 devstack@g-api.service[99720]: DEBUG oslo_utils.imageutils.format_inspector [None req-20c9dcfd-760e-42c9-bbb8-3998eb40c649 tempest-AttachSCSIVolumeTestJSON-978550206 tempest-AttachSCSIVolumeTestJSON-978550206-project-admin] Format inspector for vhdx does not match, excluding from consideration (Region signature not found at 30000) {{(pid=99720) _process_chunk /opt/stack/data/venv/lib/python3.12/site-packages/oslo_utils/imageutils/format_inspector.py:1758}}
Jul 28 17:35:03.405854 np0000006032 devstack@g-api.service[99721]: DEBUG glance.api.middleware.version_negotiation [None req-6203558f-4428-463a-be40-00152f18a17a tempest-ServerActionsV293TestJSON-1238439848 tempest-ServerActionsV293TestJSON-1238439848-project-member] Determining version of request: GET /v2/images/93750563-751c-430f-8eb5-96fc8639a0b5 Accept: */* {{(pid=99721) process_request /opt/stack/glance/glance/api/middleware/version_negotiation.py:44}}
Jul 28 17:35:03.406103 np0000006032 devstack@g-api.service[99721]: DEBUG glance.api.middleware.version_negotiation [None req-6203558f-4428-463a-be40-00152f18a17a tempest-ServerActionsV293TestJSON-1238439848 tempest-ServerActionsV293TestJSON-1238439848-project-member] Using url versioning {{(pid=99721) process_request /opt/stack/glance/glance/api/middleware/version_negotiation.py:57}}
Jul 28 17:35:03.406421 np0000006032 devstack@g-api.service[99721]: DEBUG glance.api.middleware.version_negotiation [None req-6203558f-4428-463a-be40-00152f18a17a tempest-ServerActionsV293TestJSON-1238439848 tempest-ServerActionsV293TestJSON-1238439848-project-member] Matched version: v2 {{(pid=99721) process_request /opt/stack/glance/glance/api/middleware/version_negotiation.py:69}}
Jul 28 17:35:03.406567 np0000006032 devstack@g-api.service[99721]: DEBUG glance.api.middleware.version_negotiation [None req-6203558f-4428-463a-be40-00152f18a17a tempest-ServerActionsV293TestJSON-1238439848 tempest-ServerActionsV293TestJSON-1238439848-project-member] new path /v2/images/93750563-751c-430f-8eb5-96fc8639a0b5 {{(pid=99721) process_request /opt/stack/glance/glance/api/middleware/version_negotiation.py:70}}
Jul 28 17:35:03.431125 np0000006032 devstack@g-api.service[99721]: [pid: 99721|app: 0|req: 26/57] 127.0.0.1 () {44 vars in 1115 bytes} [Tue Jul 28 17:35:03 2026] GET /v2/images/93750563-751c-430f-8eb5-96fc8639a0b5 => generated 1044 bytes in 25 msecs (HTTP/1.1 200) 4 headers in 158 bytes (1 switches on core 0)
Jul 28 17:35:03.439018 np0000006032 devstack@g-api.service[99719]: DEBUG glance.api.middleware.version_negotiation [None req-6203558f-4428-463a-be40-00152f18a17a tempest-ServerActionsV293TestJSON-1238439848 tempest-ServerActionsV293TestJSON-1238439848-project-member] Determining version of request: GET /v2/schemas/image Accept: */* {{(pid=99719) process_request /opt/stack/glance/glance/api/middleware/version_negotiation.py:44}}
Jul 28 17:35:03.439360 np0000006032 devstack@g-api.service[99719]: DEBUG glance.api.middleware.version_negotiation [None req-6203558f-4428-463a-be40-00152f18a17a tempest-ServerActionsV293TestJSON-1238439848 tempest-ServerActionsV293TestJSON-1238439848-project-member] Using url versioning {{(pid=99719) process_request /opt/stack/glance/glance/api/middleware/version_negotiation.py:57}}
Jul 28 17:35:03.439360 np0000006032 devstack@g-api.service[99719]: DEBUG glance.api.middleware.version_negotiation [None req-6203558f-4428-463a-be40-00152f18a17a tempest-ServerActionsV293TestJSON-1238439848 tempest-ServerActionsV293TestJSON-1238439848-project-member] Matched version: v2 {{(pid=99719) process_request /opt/stack/glance/glance/api/middleware/version_negotiation.py:69}}
Jul 28 17:35:03.439463 np0000006032 devstack@g-api.service[99719]: DEBUG glance.api.middleware.version_negotiation [None req-6203558f-4428-463a-be40-00152f18a17a tempest-ServerActionsV293TestJSON-1238439848 tempest-ServerActionsV293TestJSON-1238439848-project-member] new path /v2/schemas/image {{(pid=99719) process_request /opt/stack/glance/glance/api/middleware/version_negotiation.py:70}}
Jul 28 17:35:03.442476 np0000006032 devstack@g-api.service[99719]: [pid: 99719|app: 0|req: 17/58] 127.0.0.1 () {44 vars in 1055 bytes} [Tue Jul 28 17:35:03 2026] GET /v2/schemas/image => generated 6083 bytes in 3 msecs (HTTP/1.1 200) 4 headers in 158 bytes (1 switches on core 0)
Jul 28 17:35:03.485855 np0000006032 devstack@g-api.service[99720]: DEBUG swiftclient [None req-20c9dcfd-760e-42c9-bbb8-3998eb40c649 tempest-AttachSCSIVolumeTestJSON-978550206 tempest-AttachSCSIVolumeTestJSON-978550206-project-admin] REQ: curl -i https://10.4.3.102:8080/v1/AUTH_1da7f5d826d243e7b05f4ddf14f31577/glance/21cac2a1-c445-4202-99a3-0f2a20b6bf9d-00001 -X PUT -H "X-Auth-Token: gAAAAABqaOhGzZGx..." {{(pid=99720) http_log /opt/stack/data/venv/lib/python3.12/site-packages/swiftclient/client.py:160}}
Jul 28 17:35:03.486431 np0000006032 devstack@g-api.service[99720]: DEBUG swiftclient [None req-20c9dcfd-760e-42c9-bbb8-3998eb40c649 tempest-AttachSCSIVolumeTestJSON-978550206 tempest-AttachSCSIVolumeTestJSON-978550206-project-admin] RESP STATUS: 201 Created {{(pid=99720) http_log /opt/stack/data/venv/lib/python3.12/site-packages/swiftclient/client.py:161}}
Jul 28 17:35:03.486431 np0000006032 devstack@g-api.service[99720]: DEBUG swiftclient [None req-20c9dcfd-760e-42c9-bbb8-3998eb40c649 tempest-AttachSCSIVolumeTestJSON-978550206 tempest-AttachSCSIVolumeTestJSON-978550206-project-admin] RESP HEADERS: {'Date': 'Tue, 28 Jul 2026 17:35:03 GMT', 'Server': 'Apache/2.4.58 (Ubuntu)', 'Content-Type': 'text/html; charset=UTF-8', 'Content-Length': '0', 'Etag': '87617e24a5e30cb3b87fda8c0764838f', 'Last-Modified': 'Tue, 28 Jul 2026 17:35:04 GMT', 'X-Trans-Id': 'txd92e3acc7fe94fe4af497-006a68e847', 'X-Openstack-Request-Id': 'txd92e3acc7fe94fe4af497-006a68e847', 'Connection': 'close'} {{(pid=99720) http_log /opt/stack/data/venv/lib/python3.12/site-packages/swiftclient/client.py:162}}
Jul 28 17:35:03.486431 np0000006032 devstack@g-api.service[99720]: DEBUG glance_store._drivers.swift.store [None req-20c9dcfd-760e-42c9-bbb8-3998eb40c649 tempest-AttachSCSIVolumeTestJSON-978550206 tempest-AttachSCSIVolumeTestJSON-978550206-project-admin] Wrote chunk 21cac2a1-c445-4202-99a3-0f2a20b6bf9d-00001 (1/?) of length 21692416 to Swift returning MD5 of content: 87617e24a5e30cb3b87fda8c0764838f {{(pid=99720) add /opt/stack/data/venv/lib/python3.12/site-packages/glance_store/_drivers/swift/store.py:1059}}
Jul 28 17:35:03.486755 np0000006032 devstack@g-api.service[99720]: DEBUG glance_store._drivers.swift.store [None req-20c9dcfd-760e-42c9-bbb8-3998eb40c649 tempest-AttachSCSIVolumeTestJSON-978550206 tempest-AttachSCSIVolumeTestJSON-978550206-project-admin] Not writing zero-length chunk. {{(pid=99720) add /opt/stack/data/venv/lib/python3.12/site-packages/glance_store/_drivers/swift/store.py:1028}}
Jul 28 17:35:03.528598 np0000006032 devstack@g-api.service[99720]: DEBUG swiftclient [None req-20c9dcfd-760e-42c9-bbb8-3998eb40c649 tempest-AttachSCSIVolumeTestJSON-978550206 tempest-AttachSCSIVolumeTestJSON-978550206-project-admin] REQ: curl -i https://10.4.3.102:8080/v1/AUTH_1da7f5d826d243e7b05f4ddf14f31577/glance/21cac2a1-c445-4202-99a3-0f2a20b6bf9d -X PUT -H "X-Object-Manifest: glance/21cac2a1-c445-4202-99a3-0f2a20b6bf9d-" -H "X-Auth-Token: gAAAAABqaOhGzZGx..." -H "Content-Length: 0" {{(pid=99720) http_log /opt/stack/data/venv/lib/python3.12/site-packages/swiftclient/client.py:160}}
Jul 28 17:35:03.528705 np0000006032 devstack@g-api.service[99720]: DEBUG swiftclient [None req-20c9dcfd-760e-42c9-bbb8-3998eb40c649 tempest-AttachSCSIVolumeTestJSON-978550206 tempest-AttachSCSIVolumeTestJSON-978550206-project-admin] RESP STATUS: 201 Created {{(pid=99720) http_log /opt/stack/data/venv/lib/python3.12/site-packages/swiftclient/client.py:161}}
Jul 28 17:35:03.528852 np0000006032 devstack@g-api.service[99720]: DEBUG swiftclient [None req-20c9dcfd-760e-42c9-bbb8-3998eb40c649 tempest-AttachSCSIVolumeTestJSON-978550206 tempest-AttachSCSIVolumeTestJSON-978550206-project-admin] RESP HEADERS: {'Date': 'Tue, 28 Jul 2026 17:35:03 GMT', 'Server': 'Apache/2.4.58 (Ubuntu)', 'Content-Type': 'text/html; charset=UTF-8', 'Content-Length': '0', 'Etag': 'd41d8cd98f00b204e9800998ecf8427e', 'Last-Modified': 'Tue, 28 Jul 2026 17:35:04 GMT', 'X-Trans-Id': 'tx64191d655e734abebd5af-006a68e847', 'X-Openstack-Request-Id': 'tx64191d655e734abebd5af-006a68e847', 'Connection': 'close'} {{(pid=99720) http_log /opt/stack/data/venv/lib/python3.12/site-packages/swiftclient/client.py:162}}
Jul 28 17:35:03.529324 np0000006032 devstack@g-api.service[99720]: INFO glance.location [None req-20c9dcfd-760e-42c9-bbb8-3998eb40c649 tempest-AttachSCSIVolumeTestJSON-978550206 tempest-AttachSCSIVolumeTestJSON-978550206-project-admin] Image format matched and virtual size computed: 117440512
Jul 28 17:35:03.556304 np0000006032 devstack@g-api.service[99720]: DEBUG glance_store.backend [None req-20c9dcfd-760e-42c9-bbb8-3998eb40c649 tempest-AttachSCSIVolumeTestJSON-978550206 tempest-AttachSCSIVolumeTestJSON-978550206-project-admin] Attempting to import store swift {{(pid=99720) _load_store /opt/stack/data/venv/lib/python3.12/site-packages/glance_store/backend.py:215}}
Jul 28 17:35:03.557630 np0000006032 devstack@g-api.service[99720]: DEBUG glance_store.capabilities [None req-20c9dcfd-760e-42c9-bbb8-3998eb40c649 tempest-AttachSCSIVolumeTestJSON-978550206 tempest-AttachSCSIVolumeTestJSON-978550206-project-admin] Store glance_store._drivers.swift.store.SingleTenantStore doesn't support updating dynamic storage capabilities. Please overwrite 'update_capabilities' method of the store to implement updating logics if needed. {{(pid=99720) update_capabilities /opt/stack/data/venv/lib/python3.12/site-packages/glance_store/capabilities.py:91}}
Jul 28 17:35:03.557763 np0000006032 devstack@g-api.service[99720]: DEBUG glance_store.driver [None req-20c9dcfd-760e-42c9-bbb8-3998eb40c649 tempest-AttachSCSIVolumeTestJSON-978550206 tempest-AttachSCSIVolumeTestJSON-978550206-project-admin] Late loading location class glance_store._drivers.swift.store.StoreLocation {{(pid=99720) get_store_location_class /opt/stack/data/venv/lib/python3.12/site-packages/glance_store/driver.py:134}}
Jul 28 17:35:03.557903 np0000006032 devstack@g-api.service[99720]: DEBUG glance_store.location [None req-20c9dcfd-760e-42c9-bbb8-3998eb40c649 tempest-AttachSCSIVolumeTestJSON-978550206 tempest-AttachSCSIVolumeTestJSON-978550206-project-admin] Registering scheme swift+https with {'store': , 'location_class': , 'store_entry': 'swift'} {{(pid=99720) register_scheme_map /opt/stack/data/venv/lib/python3.12/site-packages/glance_store/location.py:146}}
Jul 28 17:35:03.558042 np0000006032 devstack@g-api.service[99720]: DEBUG glance_store.location [None req-20c9dcfd-760e-42c9-bbb8-3998eb40c649 tempest-AttachSCSIVolumeTestJSON-978550206 tempest-AttachSCSIVolumeTestJSON-978550206-project-admin] Registering scheme swift+https with {'store': , 'location_class': , 'store_entry': 'swift'} {{(pid=99720) register_scheme_map /opt/stack/data/venv/lib/python3.12/site-packages/glance_store/location.py:146}}
Jul 28 17:35:03.558150 np0000006032 devstack@g-api.service[99720]: DEBUG glance_store.location [None req-20c9dcfd-760e-42c9-bbb8-3998eb40c649 tempest-AttachSCSIVolumeTestJSON-978550206 tempest-AttachSCSIVolumeTestJSON-978550206-project-admin] Registering scheme swift with {'store': , 'location_class': , 'store_entry': 'swift'} {{(pid=99720) register_scheme_map /opt/stack/data/venv/lib/python3.12/site-packages/glance_store/location.py:146}}
Jul 28 17:35:03.558271 np0000006032 devstack@g-api.service[99720]: DEBUG glance_store.location [None req-20c9dcfd-760e-42c9-bbb8-3998eb40c649 tempest-AttachSCSIVolumeTestJSON-978550206 tempest-AttachSCSIVolumeTestJSON-978550206-project-admin] Registering scheme swift+https with {'store': , 'location_class': , 'store_entry': 'swift'} {{(pid=99720) register_scheme_map /opt/stack/data/venv/lib/python3.12/site-packages/glance_store/location.py:146}}
Jul 28 17:35:03.558406 np0000006032 devstack@g-api.service[99720]: DEBUG glance_store.location [None req-20c9dcfd-760e-42c9-bbb8-3998eb40c649 tempest-AttachSCSIVolumeTestJSON-978550206 tempest-AttachSCSIVolumeTestJSON-978550206-project-admin] Registering scheme swift with {'store': , 'location_class': , 'store_entry': 'swift'} {{(pid=99720) register_scheme_map /opt/stack/data/venv/lib/python3.12/site-packages/glance_store/location.py:146}}
Jul 28 17:35:03.558572 np0000006032 devstack@g-api.service[99720]: DEBUG glance_store.location [None req-20c9dcfd-760e-42c9-bbb8-3998eb40c649 tempest-AttachSCSIVolumeTestJSON-978550206 tempest-AttachSCSIVolumeTestJSON-978550206-project-admin] Registering scheme swift+http with {'store': , 'location_class': , 'store_entry': 'swift'} {{(pid=99720) register_scheme_map /opt/stack/data/venv/lib/python3.12/site-packages/glance_store/location.py:146}}
Jul 28 17:35:03.558684 np0000006032 devstack@g-api.service[99720]: DEBUG glance_store.location [None req-20c9dcfd-760e-42c9-bbb8-3998eb40c649 tempest-AttachSCSIVolumeTestJSON-978550206 tempest-AttachSCSIVolumeTestJSON-978550206-project-admin] Registering scheme swift+https with {'store': , 'location_class': , 'store_entry': 'swift'} {{(pid=99720) register_scheme_map /opt/stack/data/venv/lib/python3.12/site-packages/glance_store/location.py:146}}
Jul 28 17:35:03.558951 np0000006032 devstack@g-api.service[99720]: DEBUG glance_store.location [None req-20c9dcfd-760e-42c9-bbb8-3998eb40c649 tempest-AttachSCSIVolumeTestJSON-978550206 tempest-AttachSCSIVolumeTestJSON-978550206-project-admin] Registering scheme swift with {'store': , 'location_class': , 'store_entry': 'swift'} {{(pid=99720) register_scheme_map /opt/stack/data/venv/lib/python3.12/site-packages/glance_store/location.py:146}}
Jul 28 17:35:03.558951 np0000006032 devstack@g-api.service[99720]: DEBUG glance_store.location [None req-20c9dcfd-760e-42c9-bbb8-3998eb40c649 tempest-AttachSCSIVolumeTestJSON-978550206 tempest-AttachSCSIVolumeTestJSON-978550206-project-admin] Registering scheme swift+http with {'store': , 'location_class': , 'store_entry': 'swift'} {{(pid=99720) register_scheme_map /opt/stack/data/venv/lib/python3.12/site-packages/glance_store/location.py:146}}
Jul 28 17:35:03.559065 np0000006032 devstack@g-api.service[99720]: DEBUG glance_store.location [None req-20c9dcfd-760e-42c9-bbb8-3998eb40c649 tempest-AttachSCSIVolumeTestJSON-978550206 tempest-AttachSCSIVolumeTestJSON-978550206-project-admin] Registering scheme swift+config with {'store': , 'location_class': , 'store_entry': 'swift'} {{(pid=99720) register_scheme_map /opt/stack/data/venv/lib/python3.12/site-packages/glance_store/location.py:146}}
Jul 28 17:35:03.559168 np0000006032 devstack@g-api.service[99720]: DEBUG glance_store.backend [None req-20c9dcfd-760e-42c9-bbb8-3998eb40c649 tempest-AttachSCSIVolumeTestJSON-978550206 tempest-AttachSCSIVolumeTestJSON-978550206-project-admin] Skipping store.set_acls... not implemented. {{(pid=99720) set_acls /opt/stack/data/venv/lib/python3.12/site-packages/glance_store/backend.py:507}}
Jul 28 17:35:03.561115 np0000006032 devstack@g-api.service[99720]: [pid: 99720|app: 0|req: 16/59] 127.0.0.1 () {40 vars in 858 bytes} [Tue Jul 28 17:35:01 2026] PUT /v2/images/21cac2a1-c445-4202-99a3-0f2a20b6bf9d/file => generated 0 bytes in 2405 msecs (HTTP/1.1 204) 4 headers in 171 bytes (1 switches on core 0)
Jul 28 17:35:03.656523 np0000006032 devstack@g-api.service[99721]: DEBUG glance.api.middleware.version_negotiation [None req-b126b7b4-bb67-4dde-aed8-783d3917ad98 tempest-TaggedBootDevicesTest-1795501363 tempest-TaggedBootDevicesTest-1795501363-project-member] Determining version of request: GET /v2/images/93750563-751c-430f-8eb5-96fc8639a0b5 Accept: */* {{(pid=99721) process_request /opt/stack/glance/glance/api/middleware/version_negotiation.py:44}}
Jul 28 17:35:03.656649 np0000006032 devstack@g-api.service[99721]: DEBUG glance.api.middleware.version_negotiation [None req-b126b7b4-bb67-4dde-aed8-783d3917ad98 tempest-TaggedBootDevicesTest-1795501363 tempest-TaggedBootDevicesTest-1795501363-project-member] Using url versioning {{(pid=99721) process_request /opt/stack/glance/glance/api/middleware/version_negotiation.py:57}}
Jul 28 17:35:03.656941 np0000006032 devstack@g-api.service[99721]: DEBUG glance.api.middleware.version_negotiation [None req-b126b7b4-bb67-4dde-aed8-783d3917ad98 tempest-TaggedBootDevicesTest-1795501363 tempest-TaggedBootDevicesTest-1795501363-project-member] Matched version: v2 {{(pid=99721) process_request /opt/stack/glance/glance/api/middleware/version_negotiation.py:69}}
Jul 28 17:35:03.657006 np0000006032 devstack@g-api.service[99721]: DEBUG glance.api.middleware.version_negotiation [None req-b126b7b4-bb67-4dde-aed8-783d3917ad98 tempest-TaggedBootDevicesTest-1795501363 tempest-TaggedBootDevicesTest-1795501363-project-member] new path /v2/images/93750563-751c-430f-8eb5-96fc8639a0b5 {{(pid=99721) process_request /opt/stack/glance/glance/api/middleware/version_negotiation.py:70}}
Jul 28 17:35:03.669298 np0000006032 devstack@g-api.service[99721]: [pid: 99721|app: 0|req: 27/60] 127.0.0.1 () {44 vars in 1115 bytes} [Tue Jul 28 17:35:03 2026] GET /v2/images/93750563-751c-430f-8eb5-96fc8639a0b5 => generated 1044 bytes in 13 msecs (HTTP/1.1 200) 4 headers in 158 bytes (1 switches on core 0)
Jul 28 17:35:03.704361 np0000006032 devstack@g-api.service[99719]: DEBUG glance.api.middleware.version_negotiation [None req-b126b7b4-bb67-4dde-aed8-783d3917ad98 tempest-TaggedBootDevicesTest-1795501363 tempest-TaggedBootDevicesTest-1795501363-project-member] Determining version of request: GET /v2/schemas/image Accept: */* {{(pid=99719) process_request /opt/stack/glance/glance/api/middleware/version_negotiation.py:44}}
Jul 28 17:35:03.705568 np0000006032 devstack@g-api.service[99719]: DEBUG glance.api.middleware.version_negotiation [None req-b126b7b4-bb67-4dde-aed8-783d3917ad98 tempest-TaggedBootDevicesTest-1795501363 tempest-TaggedBootDevicesTest-1795501363-project-member] Using url versioning {{(pid=99719) process_request /opt/stack/glance/glance/api/middleware/version_negotiation.py:57}}
Jul 28 17:35:03.705568 np0000006032 devstack@g-api.service[99719]: DEBUG glance.api.middleware.version_negotiation [None req-b126b7b4-bb67-4dde-aed8-783d3917ad98 tempest-TaggedBootDevicesTest-1795501363 tempest-TaggedBootDevicesTest-1795501363-project-member] Matched version: v2 {{(pid=99719) process_request /opt/stack/glance/glance/api/middleware/version_negotiation.py:69}}
Jul 28 17:35:03.705568 np0000006032 devstack@g-api.service[99719]: DEBUG glance.api.middleware.version_negotiation [None req-b126b7b4-bb67-4dde-aed8-783d3917ad98 tempest-TaggedBootDevicesTest-1795501363 tempest-TaggedBootDevicesTest-1795501363-project-member] new path /v2/schemas/image {{(pid=99719) process_request /opt/stack/glance/glance/api/middleware/version_negotiation.py:70}}
Jul 28 17:35:03.707480 np0000006032 devstack@g-api.service[99719]: [pid: 99719|app: 0|req: 18/61] 127.0.0.1 () {44 vars in 1055 bytes} [Tue Jul 28 17:35:03 2026] GET /v2/schemas/image => generated 6083 bytes in 3 msecs (HTTP/1.1 200) 4 headers in 158 bytes (1 switches on core 0)
Jul 28 17:35:04.541437 np0000006032 devstack@g-api.service[99720]: DEBUG glance.api.middleware.version_negotiation [None req-20c9dcfd-760e-42c9-bbb8-3998eb40c649 tempest-AttachSCSIVolumeTestJSON-978550206 tempest-AttachSCSIVolumeTestJSON-978550206-project-admin] Determining version of request: GET /versions Accept: */* {{(pid=99720) process_request /opt/stack/glance/glance/api/middleware/version_negotiation.py:44}}
Jul 28 17:35:04.543432 np0000006032 devstack@g-api.service[99720]: [pid: 99720|app: 0|req: 17/62] 127.0.0.1 () {44 vars in 1039 bytes} [Tue Jul 28 17:35:04 2026] GET /versions => generated 1515 bytes in 3 msecs (HTTP/1.1 200) 3 headers in 92 bytes (1 switches on core 0)
Jul 28 17:35:04.556816 np0000006032 devstack@g-api.service[99721]: DEBUG glance.api.middleware.version_negotiation [None req-02b8ae14-82d2-437e-8b54-10d86e0ae857 tempest-ServerRescueNegativeTestJSON-206670336 tempest-ServerRescueNegativeTestJSON-206670336-project-member] Determining version of request: GET /v2/images/93750563-751c-430f-8eb5-96fc8639a0b5/locations Accept: */* {{(pid=99721) process_request /opt/stack/glance/glance/api/middleware/version_negotiation.py:44}}
Jul 28 17:35:04.558440 np0000006032 devstack@g-api.service[99721]: DEBUG glance.api.middleware.version_negotiation [None req-02b8ae14-82d2-437e-8b54-10d86e0ae857 tempest-ServerRescueNegativeTestJSON-206670336 tempest-ServerRescueNegativeTestJSON-206670336-project-member] Using url versioning {{(pid=99721) process_request /opt/stack/glance/glance/api/middleware/version_negotiation.py:57}}
Jul 28 17:35:04.558585 np0000006032 devstack@g-api.service[99721]: DEBUG glance.api.middleware.version_negotiation [None req-02b8ae14-82d2-437e-8b54-10d86e0ae857 tempest-ServerRescueNegativeTestJSON-206670336 tempest-ServerRescueNegativeTestJSON-206670336-project-member] Matched version: v2 {{(pid=99721) process_request /opt/stack/glance/glance/api/middleware/version_negotiation.py:69}}
Jul 28 17:35:04.558676 np0000006032 devstack@g-api.service[99721]: DEBUG glance.api.middleware.version_negotiation [None req-02b8ae14-82d2-437e-8b54-10d86e0ae857 tempest-ServerRescueNegativeTestJSON-206670336 tempest-ServerRescueNegativeTestJSON-206670336-project-member] new path /v2/images/93750563-751c-430f-8eb5-96fc8639a0b5/locations {{(pid=99721) process_request /opt/stack/glance/glance/api/middleware/version_negotiation.py:70}}
Jul 28 17:35:04.690807 np0000006032 devstack@g-api.service[99719]: DEBUG glance.api.middleware.version_negotiation [None req-02b8ae14-82d2-437e-8b54-10d86e0ae857 tempest-ServerRescueNegativeTestJSON-206670336 tempest-ServerRescueNegativeTestJSON-206670336-project-member] Determining version of request: GET /v2/images/93750563-751c-430f-8eb5-96fc8639a0b5 Accept: */* {{(pid=99719) process_request /opt/stack/glance/glance/api/middleware/version_negotiation.py:44}}
Jul 28 17:35:04.691130 np0000006032 devstack@g-api.service[99719]: DEBUG glance.api.middleware.version_negotiation [None req-02b8ae14-82d2-437e-8b54-10d86e0ae857 tempest-ServerRescueNegativeTestJSON-206670336 tempest-ServerRescueNegativeTestJSON-206670336-project-member] Using url versioning {{(pid=99719) process_request /opt/stack/glance/glance/api/middleware/version_negotiation.py:57}}
Jul 28 17:35:04.691130 np0000006032 devstack@g-api.service[99719]: DEBUG glance.api.middleware.version_negotiation [None req-02b8ae14-82d2-437e-8b54-10d86e0ae857 tempest-ServerRescueNegativeTestJSON-206670336 tempest-ServerRescueNegativeTestJSON-206670336-project-member] Matched version: v2 {{(pid=99719) process_request /opt/stack/glance/glance/api/middleware/version_negotiation.py:69}}
Jul 28 17:35:04.691266 np0000006032 devstack@g-api.service[99719]: DEBUG glance.api.middleware.version_negotiation [None req-02b8ae14-82d2-437e-8b54-10d86e0ae857 tempest-ServerRescueNegativeTestJSON-206670336 tempest-ServerRescueNegativeTestJSON-206670336-project-member] new path /v2/images/93750563-751c-430f-8eb5-96fc8639a0b5 {{(pid=99719) process_request /opt/stack/glance/glance/api/middleware/version_negotiation.py:70}}
Jul 28 17:35:04.705328 np0000006032 devstack@g-api.service[99719]: [pid: 99719|app: 0|req: 19/63] 127.0.0.1 () {44 vars in 1115 bytes} [Tue Jul 28 17:35:04 2026] GET /v2/images/93750563-751c-430f-8eb5-96fc8639a0b5 => generated 1044 bytes in 14 msecs (HTTP/1.1 200) 4 headers in 158 bytes (1 switches on core 0)
Jul 28 17:35:04.715197 np0000006032 devstack@g-api.service[99720]: DEBUG glance.api.middleware.version_negotiation [None req-20c9dcfd-760e-42c9-bbb8-3998eb40c649 tempest-AttachSCSIVolumeTestJSON-978550206 tempest-AttachSCSIVolumeTestJSON-978550206-project-admin] Determining version of request: GET /v2/schemas/image Accept: */* {{(pid=99720) process_request /opt/stack/glance/glance/api/middleware/version_negotiation.py:44}}
Jul 28 17:35:04.715363 np0000006032 devstack@g-api.service[99720]: DEBUG glance.api.middleware.version_negotiation [None req-20c9dcfd-760e-42c9-bbb8-3998eb40c649 tempest-AttachSCSIVolumeTestJSON-978550206 tempest-AttachSCSIVolumeTestJSON-978550206-project-admin] Using url versioning {{(pid=99720) process_request /opt/stack/glance/glance/api/middleware/version_negotiation.py:57}}
Jul 28 17:35:04.715496 np0000006032 devstack@g-api.service[99720]: DEBUG glance.api.middleware.version_negotiation [None req-20c9dcfd-760e-42c9-bbb8-3998eb40c649 tempest-AttachSCSIVolumeTestJSON-978550206 tempest-AttachSCSIVolumeTestJSON-978550206-project-admin] Matched version: v2 {{(pid=99720) process_request /opt/stack/glance/glance/api/middleware/version_negotiation.py:69}}
Jul 28 17:35:04.715618 np0000006032 devstack@g-api.service[99720]: DEBUG glance.api.middleware.version_negotiation [None req-20c9dcfd-760e-42c9-bbb8-3998eb40c649 tempest-AttachSCSIVolumeTestJSON-978550206 tempest-AttachSCSIVolumeTestJSON-978550206-project-admin] new path /v2/schemas/image {{(pid=99720) process_request /opt/stack/glance/glance/api/middleware/version_negotiation.py:70}}
Jul 28 17:35:04.720428 np0000006032 devstack@g-api.service[99720]: [pid: 99720|app: 0|req: 18/64] 127.0.0.1 () {44 vars in 1055 bytes} [Tue Jul 28 17:35:04 2026] GET /v2/schemas/image => generated 6083 bytes in 5 msecs (HTTP/1.1 200) 4 headers in 158 bytes (1 switches on core 0)
Jul 28 17:35:04.765184 np0000006032 devstack@g-api.service[99721]: [pid: 99721|app: 0|req: 28/65] 127.0.0.1 () {44 vars in 1135 bytes} [Tue Jul 28 17:35:04 2026] GET /v2/images/93750563-751c-430f-8eb5-96fc8639a0b5/locations => generated 92 bytes in 208 msecs (HTTP/1.1 200) 4 headers in 156 bytes (1 switches on core 0)
Jul 28 17:35:04.786594 np0000006032 devstack@g-api.service[99719]: DEBUG glance.api.middleware.version_negotiation [None req-b126b7b4-bb67-4dde-aed8-783d3917ad98 tempest-TaggedBootDevicesTest-1795501363 tempest-TaggedBootDevicesTest-1795501363-project-member] Determining version of request: GET /v2/images/93750563-751c-430f-8eb5-96fc8639a0b5 Accept: */* {{(pid=99719) process_request /opt/stack/glance/glance/api/middleware/version_negotiation.py:44}}
Jul 28 17:35:04.787107 np0000006032 devstack@g-api.service[99719]: DEBUG glance.api.middleware.version_negotiation [None req-b126b7b4-bb67-4dde-aed8-783d3917ad98 tempest-TaggedBootDevicesTest-1795501363 tempest-TaggedBootDevicesTest-1795501363-project-member] Using url versioning {{(pid=99719) process_request /opt/stack/glance/glance/api/middleware/version_negotiation.py:57}}
Jul 28 17:35:04.787307 np0000006032 devstack@g-api.service[99719]: DEBUG glance.api.middleware.version_negotiation [None req-b126b7b4-bb67-4dde-aed8-783d3917ad98 tempest-TaggedBootDevicesTest-1795501363 tempest-TaggedBootDevicesTest-1795501363-project-member] Matched version: v2 {{(pid=99719) process_request /opt/stack/glance/glance/api/middleware/version_negotiation.py:69}}
Jul 28 17:35:04.787471 np0000006032 devstack@g-api.service[99719]: DEBUG glance.api.middleware.version_negotiation [None req-b126b7b4-bb67-4dde-aed8-783d3917ad98 tempest-TaggedBootDevicesTest-1795501363 tempest-TaggedBootDevicesTest-1795501363-project-member] new path /v2/images/93750563-751c-430f-8eb5-96fc8639a0b5 {{(pid=99719) process_request /opt/stack/glance/glance/api/middleware/version_negotiation.py:70}}
Jul 28 17:35:04.798584 np0000006032 devstack@g-api.service[99719]: [pid: 99719|app: 0|req: 20/66] 127.0.0.1 () {44 vars in 1115 bytes} [Tue Jul 28 17:35:04 2026] GET /v2/images/93750563-751c-430f-8eb5-96fc8639a0b5 => generated 1044 bytes in 12 msecs (HTTP/1.1 200) 4 headers in 158 bytes (1 switches on core 0)
Jul 28 17:35:04.811622 np0000006032 devstack@g-api.service[99720]: DEBUG glance.api.middleware.version_negotiation [None req-b126b7b4-bb67-4dde-aed8-783d3917ad98 tempest-TaggedBootDevicesTest-1795501363 tempest-TaggedBootDevicesTest-1795501363-project-member] Determining version of request: GET /v2/schemas/image Accept: */* {{(pid=99720) process_request /opt/stack/glance/glance/api/middleware/version_negotiation.py:44}}
Jul 28 17:35:04.811700 np0000006032 devstack@g-api.service[99720]: DEBUG glance.api.middleware.version_negotiation [None req-b126b7b4-bb67-4dde-aed8-783d3917ad98 tempest-TaggedBootDevicesTest-1795501363 tempest-TaggedBootDevicesTest-1795501363-project-member] Using url versioning {{(pid=99720) process_request /opt/stack/glance/glance/api/middleware/version_negotiation.py:57}}
Jul 28 17:35:04.811827 np0000006032 devstack@g-api.service[99720]: DEBUG glance.api.middleware.version_negotiation [None req-b126b7b4-bb67-4dde-aed8-783d3917ad98 tempest-TaggedBootDevicesTest-1795501363 tempest-TaggedBootDevicesTest-1795501363-project-member] Matched version: v2 {{(pid=99720) process_request /opt/stack/glance/glance/api/middleware/version_negotiation.py:69}}
Jul 28 17:35:04.811960 np0000006032 devstack@g-api.service[99720]: DEBUG glance.api.middleware.version_negotiation [None req-b126b7b4-bb67-4dde-aed8-783d3917ad98 tempest-TaggedBootDevicesTest-1795501363 tempest-TaggedBootDevicesTest-1795501363-project-member] new path /v2/schemas/image {{(pid=99720) process_request /opt/stack/glance/glance/api/middleware/version_negotiation.py:70}}
Jul 28 17:35:04.814750 np0000006032 devstack@g-api.service[99720]: [pid: 99720|app: 0|req: 19/67] 127.0.0.1 () {44 vars in 1055 bytes} [Tue Jul 28 17:35:04 2026] GET /v2/schemas/image => generated 6083 bytes in 3 msecs (HTTP/1.1 200) 4 headers in 158 bytes (1 switches on core 0)
Jul 28 17:35:04.826739 np0000006032 devstack@g-api.service[99721]: DEBUG glance.api.middleware.version_negotiation [None req-6203558f-4428-463a-be40-00152f18a17a service glance] Determining version of request: GET /v2/schemas/image Accept: */* {{(pid=99721) process_request /opt/stack/glance/glance/api/middleware/version_negotiation.py:44}}
Jul 28 17:35:04.826906 np0000006032 devstack@g-api.service[99721]: DEBUG glance.api.middleware.version_negotiation [None req-6203558f-4428-463a-be40-00152f18a17a service glance] Using url versioning {{(pid=99721) process_request /opt/stack/glance/glance/api/middleware/version_negotiation.py:57}}
Jul 28 17:35:04.827026 np0000006032 devstack@g-api.service[99721]: DEBUG glance.api.middleware.version_negotiation [None req-6203558f-4428-463a-be40-00152f18a17a service glance] Matched version: v2 {{(pid=99721) process_request /opt/stack/glance/glance/api/middleware/version_negotiation.py:69}}
Jul 28 17:35:04.827127 np0000006032 devstack@g-api.service[99721]: DEBUG glance.api.middleware.version_negotiation [None req-6203558f-4428-463a-be40-00152f18a17a service glance] new path /v2/schemas/image {{(pid=99721) process_request /opt/stack/glance/glance/api/middleware/version_negotiation.py:70}}
Jul 28 17:35:04.830412 np0000006032 devstack@g-api.service[99721]: [pid: 99721|app: 0|req: 29/68] 127.0.0.1 () {44 vars in 1055 bytes} [Tue Jul 28 17:35:04 2026] GET /v2/schemas/image => generated 6083 bytes in 4 msecs (HTTP/1.1 200) 4 headers in 158 bytes (1 switches on core 0)
Jul 28 17:35:04.971004 np0000006032 devstack@g-api.service[99719]: DEBUG glance.api.middleware.version_negotiation [None req-6203558f-4428-463a-be40-00152f18a17a tempest-ServerActionsV293TestJSON-1238439848 tempest-ServerActionsV293TestJSON-1238439848-project-member] Determining version of request: GET /v2/images/93750563-751c-430f-8eb5-96fc8639a0b5 Accept: */* {{(pid=99719) process_request /opt/stack/glance/glance/api/middleware/version_negotiation.py:44}}
Jul 28 17:35:04.971004 np0000006032 devstack@g-api.service[99719]: DEBUG glance.api.middleware.version_negotiation [None req-6203558f-4428-463a-be40-00152f18a17a tempest-ServerActionsV293TestJSON-1238439848 tempest-ServerActionsV293TestJSON-1238439848-project-member] Using url versioning {{(pid=99719) process_request /opt/stack/glance/glance/api/middleware/version_negotiation.py:57}}
Jul 28 17:35:04.971004 np0000006032 devstack@g-api.service[99719]: DEBUG glance.api.middleware.version_negotiation [None req-6203558f-4428-463a-be40-00152f18a17a tempest-ServerActionsV293TestJSON-1238439848 tempest-ServerActionsV293TestJSON-1238439848-project-member] Matched version: v2 {{(pid=99719) process_request /opt/stack/glance/glance/api/middleware/version_negotiation.py:69}}
Jul 28 17:35:04.971156 np0000006032 devstack@g-api.service[99719]: DEBUG glance.api.middleware.version_negotiation [None req-6203558f-4428-463a-be40-00152f18a17a tempest-ServerActionsV293TestJSON-1238439848 tempest-ServerActionsV293TestJSON-1238439848-project-member] new path /v2/images/93750563-751c-430f-8eb5-96fc8639a0b5 {{(pid=99719) process_request /opt/stack/glance/glance/api/middleware/version_negotiation.py:70}}
Jul 28 17:35:05.278723 np0000006032 devstack@g-api.service[99719]: [pid: 99719|app: 0|req: 21/69] 127.0.0.1 () {44 vars in 1115 bytes} [Tue Jul 28 17:35:04 2026] GET /v2/images/93750563-751c-430f-8eb5-96fc8639a0b5 => generated 1044 bytes in 308 msecs (HTTP/1.1 200) 4 headers in 158 bytes (1 switches on core 0)
Jul 28 17:35:05.308495 np0000006032 devstack@g-api.service[99720]: DEBUG glance.api.middleware.version_negotiation [None req-6203558f-4428-463a-be40-00152f18a17a tempest-ServerActionsV293TestJSON-1238439848 tempest-ServerActionsV293TestJSON-1238439848-project-member] Determining version of request: GET /v2/images/93750563-751c-430f-8eb5-96fc8639a0b5/file Accept: */* {{(pid=99720) process_request /opt/stack/glance/glance/api/middleware/version_negotiation.py:44}}
Jul 28 17:35:05.308658 np0000006032 devstack@g-api.service[99720]: DEBUG glance.api.middleware.version_negotiation [None req-6203558f-4428-463a-be40-00152f18a17a tempest-ServerActionsV293TestJSON-1238439848 tempest-ServerActionsV293TestJSON-1238439848-project-member] Using url versioning {{(pid=99720) process_request /opt/stack/glance/glance/api/middleware/version_negotiation.py:57}}
Jul 28 17:35:05.308781 np0000006032 devstack@g-api.service[99720]: DEBUG glance.api.middleware.version_negotiation [None req-6203558f-4428-463a-be40-00152f18a17a tempest-ServerActionsV293TestJSON-1238439848 tempest-ServerActionsV293TestJSON-1238439848-project-member] Matched version: v2 {{(pid=99720) process_request /opt/stack/glance/glance/api/middleware/version_negotiation.py:69}}
Jul 28 17:35:05.308873 np0000006032 devstack@g-api.service[99720]: DEBUG glance.api.middleware.version_negotiation [None req-6203558f-4428-463a-be40-00152f18a17a tempest-ServerActionsV293TestJSON-1238439848 tempest-ServerActionsV293TestJSON-1238439848-project-member] new path /v2/images/93750563-751c-430f-8eb5-96fc8639a0b5/file {{(pid=99720) process_request /opt/stack/glance/glance/api/middleware/version_negotiation.py:70}}
Jul 28 17:35:05.318222 np0000006032 devstack@g-api.service[99720]: DEBUG glance.api.middleware.cache [None req-fffa0128-54d1-4598-b6b0-c0346c135170 tempest-ServerRescueNegativeTestJSON-206670336 tempest-ServerRescueNegativeTestJSON-206670336-project-member] Cache hit for image '93750563-751c-430f-8eb5-96fc8639a0b5' {{(pid=99720) process_request /opt/stack/glance/glance/api/middleware/cache.py:160}}
Jul 28 17:35:05.433400 np0000006032 devstack@g-api.service[99720]: [pid: 99720|app: 0|req: 20/70] 127.0.0.1 () {44 vars in 1125 bytes} [Tue Jul 28 17:35:05 2026] GET /v2/images/93750563-751c-430f-8eb5-96fc8639a0b5/file => generated 21692416 bytes in 125 msecs (HTTP/1.1 200) 5 headers in 217 bytes (339 switches on core 0)
Jul 28 17:35:05.481474 np0000006032 devstack@g-api.service[99721]: DEBUG glance.api.middleware.version_negotiation [None req-6203558f-4428-463a-be40-00152f18a17a tempest-ServerActionsV293TestJSON-1238439848 tempest-ServerActionsV293TestJSON-1238439848-project-member] Determining version of request: GET /v2/images/93750563-751c-430f-8eb5-96fc8639a0b5 Accept: */* {{(pid=99721) process_request /opt/stack/glance/glance/api/middleware/version_negotiation.py:44}}
