Jul 28 17:32:44.030502 np0000006032 nova-scheduler[93503]: DEBUG cotyledon.oslo_config_glue [-] oslo_messaging_rabbit.rabbit_quorum_delivery_limit = 0 {{(pid=93503) log_opt_values /opt/stack/data/venv/lib/python3.12/site-packages/oslo_config/cfg.py:3253}}
Jul 28 17:32:44.030502 np0000006032 nova-scheduler[93503]: DEBUG cotyledon.oslo_config_glue [-] oslo_messaging_rabbit.rabbit_quorum_max_memory_bytes = 0 {{(pid=93503) log_opt_values /opt/stack/data/venv/lib/python3.12/site-packages/oslo_config/cfg.py:3253}}
Jul 28 17:32:44.030691 np0000006032 nova-scheduler[93503]: DEBUG cotyledon.oslo_config_glue [-] oslo_messaging_rabbit.rabbit_quorum_max_memory_length = 0 {{(pid=93503) log_opt_values /opt/stack/data/venv/lib/python3.12/site-packages/oslo_config/cfg.py:3253}}
Jul 28 17:32:44.030691 np0000006032 nova-scheduler[93503]: DEBUG cotyledon.oslo_config_glue [-] oslo_messaging_rabbit.rabbit_quorum_queue = False {{(pid=93503) log_opt_values /opt/stack/data/venv/lib/python3.12/site-packages/oslo_config/cfg.py:3253}}
Jul 28 17:32:44.030691 np0000006032 nova-scheduler[93503]: DEBUG cotyledon.oslo_config_glue [-] oslo_messaging_rabbit.rabbit_retry_backoff = 2 {{(pid=93503) log_opt_values /opt/stack/data/venv/lib/python3.12/site-packages/oslo_config/cfg.py:3253}}
Jul 28 17:32:44.030691 np0000006032 nova-scheduler[93503]: DEBUG cotyledon.oslo_config_glue [-] oslo_messaging_rabbit.rabbit_retry_interval = 1 {{(pid=93503) log_opt_values /opt/stack/data/venv/lib/python3.12/site-packages/oslo_config/cfg.py:3253}}
Jul 28 17:32:44.030691 np0000006032 nova-scheduler[93503]: DEBUG cotyledon.oslo_config_glue [-] oslo_messaging_rabbit.rabbit_stream_fanout = False {{(pid=93503) log_opt_values /opt/stack/data/venv/lib/python3.12/site-packages/oslo_config/cfg.py:3253}}
Jul 28 17:32:44.030691 np0000006032 nova-scheduler[93503]: DEBUG cotyledon.oslo_config_glue [-] oslo_messaging_rabbit.rabbit_transient_queues_ttl = 1800 {{(pid=93503) log_opt_values /opt/stack/data/venv/lib/python3.12/site-packages/oslo_config/cfg.py:3253}}
Jul 28 17:32:44.030691 np0000006032 nova-scheduler[93503]: DEBUG cotyledon.oslo_config_glue [-] oslo_messaging_rabbit.rabbit_transient_quorum_queue = False {{(pid=93503) log_opt_values /opt/stack/data/venv/lib/python3.12/site-packages/oslo_config/cfg.py:3253}}
Jul 28 17:32:44.030691 np0000006032 nova-scheduler[93503]: DEBUG cotyledon.oslo_config_glue [-] oslo_messaging_rabbit.rpc_conn_pool_size = 30 {{(pid=93503) log_opt_values /opt/stack/data/venv/lib/python3.12/site-packages/oslo_config/cfg.py:3253}}
Jul 28 17:32:44.030691 np0000006032 nova-scheduler[93503]: DEBUG cotyledon.oslo_config_glue [-] oslo_messaging_rabbit.ssl = False {{(pid=93503) log_opt_values /opt/stack/data/venv/lib/python3.12/site-packages/oslo_config/cfg.py:3253}}
Jul 28 17:32:44.030864 np0000006032 nova-scheduler[93503]: DEBUG cotyledon.oslo_config_glue [-] oslo_messaging_rabbit.ssl_ca_file = {{(pid=93503) log_opt_values /opt/stack/data/venv/lib/python3.12/site-packages/oslo_config/cfg.py:3253}}
Jul 28 17:32:44.030864 np0000006032 nova-scheduler[93503]: DEBUG cotyledon.oslo_config_glue [-] oslo_messaging_rabbit.ssl_cert_file = {{(pid=93503) log_opt_values /opt/stack/data/venv/lib/python3.12/site-packages/oslo_config/cfg.py:3253}}
Jul 28 17:32:44.030864 np0000006032 nova-scheduler[93503]: DEBUG cotyledon.oslo_config_glue [-] oslo_messaging_rabbit.ssl_enforce_fips_mode = False {{(pid=93503) log_opt_values /opt/stack/data/venv/lib/python3.12/site-packages/oslo_config/cfg.py:3253}}
Jul 28 17:32:44.030864 np0000006032 nova-scheduler[93503]: DEBUG cotyledon.oslo_config_glue [-] oslo_messaging_rabbit.ssl_enforce_hostname_verification = True {{(pid=93503) log_opt_values /opt/stack/data/venv/lib/python3.12/site-packages/oslo_config/cfg.py:3253}}
Jul 28 17:32:44.030864 np0000006032 nova-scheduler[93503]: DEBUG cotyledon.oslo_config_glue [-] oslo_messaging_rabbit.ssl_key_file = {{(pid=93503) log_opt_values /opt/stack/data/venv/lib/python3.12/site-packages/oslo_config/cfg.py:3253}}
Jul 28 17:32:44.030864 np0000006032 nova-scheduler[93503]: DEBUG cotyledon.oslo_config_glue [-] oslo_messaging_rabbit.ssl_version = {{(pid=93503) log_opt_values /opt/stack/data/venv/lib/python3.12/site-packages/oslo_config/cfg.py:3253}}
Jul 28 17:32:44.030864 np0000006032 nova-scheduler[93503]: DEBUG cotyledon.oslo_config_glue [-] oslo_messaging_rabbit.use_queue_manager = False {{(pid=93503) log_opt_values /opt/stack/data/venv/lib/python3.12/site-packages/oslo_config/cfg.py:3253}}
Jul 28 17:32:44.030864 np0000006032 nova-scheduler[93503]: DEBUG cotyledon.oslo_config_glue [-] oslo_messaging_notifications.driver = ['messagingv2'] {{(pid=93503) log_opt_values /opt/stack/data/venv/lib/python3.12/site-packages/oslo_config/cfg.py:3253}}
Jul 28 17:32:44.030864 np0000006032 nova-scheduler[93503]: DEBUG cotyledon.oslo_config_glue [-] oslo_messaging_notifications.retry = -1 {{(pid=93503) log_opt_values /opt/stack/data/venv/lib/python3.12/site-packages/oslo_config/cfg.py:3253}}
Jul 28 17:32:44.031024 np0000006032 nova-scheduler[93477]: INFO nova.service [-] Starting scheduler node (version 33.1.0)
Jul 28 17:32:44.031046 np0000006032 nova-scheduler[93503]: DEBUG cotyledon.oslo_config_glue [-] oslo_messaging_notifications.topics = ['notifications'] {{(pid=93503) log_opt_values /opt/stack/data/venv/lib/python3.12/site-packages/oslo_config/cfg.py:3253}}
Jul 28 17:32:44.031046 np0000006032 nova-scheduler[93503]: DEBUG cotyledon.oslo_config_glue [-] oslo_messaging_notifications.transport_url = **** {{(pid=93503) log_opt_values /opt/stack/data/venv/lib/python3.12/site-packages/oslo_config/cfg.py:3253}}
Jul 28 17:32:44.031046 np0000006032 nova-scheduler[93503]: DEBUG cotyledon.oslo_config_glue [-] oslo_limit.auth_section = None {{(pid=93503) log_opt_values /opt/stack/data/venv/lib/python3.12/site-packages/oslo_config/cfg.py:3253}}
Jul 28 17:32:44.031046 np0000006032 nova-scheduler[93503]: DEBUG cotyledon.oslo_config_glue [-] oslo_limit.auth_type = None {{(pid=93503) log_opt_values /opt/stack/data/venv/lib/python3.12/site-packages/oslo_config/cfg.py:3253}}
Jul 28 17:32:44.031046 np0000006032 nova-scheduler[93503]: DEBUG cotyledon.oslo_config_glue [-] oslo_limit.cafile = None {{(pid=93503) log_opt_values /opt/stack/data/venv/lib/python3.12/site-packages/oslo_config/cfg.py:3253}}
Jul 28 17:32:44.031046 np0000006032 nova-scheduler[93503]: DEBUG cotyledon.oslo_config_glue [-] oslo_limit.certfile = None {{(pid=93503) log_opt_values /opt/stack/data/venv/lib/python3.12/site-packages/oslo_config/cfg.py:3253}}
Jul 28 17:32:44.031046 np0000006032 nova-scheduler[93503]: DEBUG cotyledon.oslo_config_glue [-] oslo_limit.collect_timing = False {{(pid=93503) log_opt_values /opt/stack/data/venv/lib/python3.12/site-packages/oslo_config/cfg.py:3253}}
Jul 28 17:32:44.031046 np0000006032 nova-scheduler[93503]: DEBUG cotyledon.oslo_config_glue [-] oslo_limit.connect_retries = None {{(pid=93503) log_opt_values /opt/stack/data/venv/lib/python3.12/site-packages/oslo_config/cfg.py:3253}}
Jul 28 17:32:44.031046 np0000006032 nova-scheduler[93503]: DEBUG cotyledon.oslo_config_glue [-] oslo_limit.connect_retry_delay = None {{(pid=93503) log_opt_values /opt/stack/data/venv/lib/python3.12/site-packages/oslo_config/cfg.py:3253}}
Jul 28 17:32:44.031239 np0000006032 nova-scheduler[93503]: DEBUG cotyledon.oslo_config_glue [-] oslo_limit.endpoint_id = None {{(pid=93503) log_opt_values /opt/stack/data/venv/lib/python3.12/site-packages/oslo_config/cfg.py:3253}}
Jul 28 17:32:44.031239 np0000006032 nova-scheduler[93503]: DEBUG cotyledon.oslo_config_glue [-] oslo_limit.endpoint_interface = public {{(pid=93503) log_opt_values /opt/stack/data/venv/lib/python3.12/site-packages/oslo_config/cfg.py:3253}}
Jul 28 17:32:44.031239 np0000006032 nova-scheduler[93503]: DEBUG cotyledon.oslo_config_glue [-] oslo_limit.endpoint_override = None {{(pid=93503) log_opt_values /opt/stack/data/venv/lib/python3.12/site-packages/oslo_config/cfg.py:3253}}
Jul 28 17:32:44.031239 np0000006032 nova-scheduler[93503]: DEBUG cotyledon.oslo_config_glue [-] oslo_limit.endpoint_region_name = None {{(pid=93503) log_opt_values /opt/stack/data/venv/lib/python3.12/site-packages/oslo_config/cfg.py:3253}}
Jul 28 17:32:44.031239 np0000006032 nova-scheduler[93503]: DEBUG cotyledon.oslo_config_glue [-] oslo_limit.endpoint_service_name = None {{(pid=93503) log_opt_values /opt/stack/data/venv/lib/python3.12/site-packages/oslo_config/cfg.py:3253}}
Jul 28 17:32:44.031239 np0000006032 nova-scheduler[93503]: DEBUG cotyledon.oslo_config_glue [-] oslo_limit.endpoint_service_type = None {{(pid=93503) log_opt_values /opt/stack/data/venv/lib/python3.12/site-packages/oslo_config/cfg.py:3253}}
Jul 28 17:32:44.031239 np0000006032 nova-scheduler[93503]: DEBUG cotyledon.oslo_config_glue [-] oslo_limit.insecure = False {{(pid=93503) log_opt_values /opt/stack/data/venv/lib/python3.12/site-packages/oslo_config/cfg.py:3253}}
Jul 28 17:32:44.031239 np0000006032 nova-scheduler[93503]: DEBUG cotyledon.oslo_config_glue [-] oslo_limit.keyfile = None {{(pid=93503) log_opt_values /opt/stack/data/venv/lib/python3.12/site-packages/oslo_config/cfg.py:3253}}
Jul 28 17:32:44.031239 np0000006032 nova-scheduler[93503]: DEBUG cotyledon.oslo_config_glue [-] oslo_limit.max_version = None {{(pid=93503) log_opt_values /opt/stack/data/venv/lib/python3.12/site-packages/oslo_config/cfg.py:3253}}
Jul 28 17:32:44.031445 np0000006032 nova-scheduler[93503]: DEBUG cotyledon.oslo_config_glue [-] oslo_limit.min_version = None {{(pid=93503) log_opt_values /opt/stack/data/venv/lib/python3.12/site-packages/oslo_config/cfg.py:3253}}
Jul 28 17:32:44.031445 np0000006032 nova-scheduler[93503]: DEBUG cotyledon.oslo_config_glue [-] oslo_limit.region_name = None {{(pid=93503) log_opt_values /opt/stack/data/venv/lib/python3.12/site-packages/oslo_config/cfg.py:3253}}
Jul 28 17:32:44.031445 np0000006032 nova-scheduler[93503]: DEBUG cotyledon.oslo_config_glue [-] oslo_limit.retriable_status_codes = None {{(pid=93503) log_opt_values /opt/stack/data/venv/lib/python3.12/site-packages/oslo_config/cfg.py:3253}}
Jul 28 17:32:44.031445 np0000006032 nova-scheduler[93503]: DEBUG cotyledon.oslo_config_glue [-] oslo_limit.service_name = None {{(pid=93503) log_opt_values /opt/stack/data/venv/lib/python3.12/site-packages/oslo_config/cfg.py:3253}}
Jul 28 17:32:44.031445 np0000006032 nova-scheduler[93503]: DEBUG cotyledon.oslo_config_glue [-] oslo_limit.service_type = None {{(pid=93503) log_opt_values /opt/stack/data/venv/lib/python3.12/site-packages/oslo_config/cfg.py:3253}}
Jul 28 17:32:44.031445 np0000006032 nova-scheduler[93503]: DEBUG cotyledon.oslo_config_glue [-] oslo_limit.split_loggers = False {{(pid=93503) log_opt_values /opt/stack/data/venv/lib/python3.12/site-packages/oslo_config/cfg.py:3253}}
Jul 28 17:32:44.031445 np0000006032 nova-scheduler[93503]: DEBUG cotyledon.oslo_config_glue [-] oslo_limit.status_code_retries = None {{(pid=93503) log_opt_values /opt/stack/data/venv/lib/python3.12/site-packages/oslo_config/cfg.py:3253}}
Jul 28 17:32:44.031445 np0000006032 nova-scheduler[93503]: DEBUG cotyledon.oslo_config_glue [-] oslo_limit.status_code_retry_delay = None {{(pid=93503) log_opt_values /opt/stack/data/venv/lib/python3.12/site-packages/oslo_config/cfg.py:3253}}
Jul 28 17:32:44.031445 np0000006032 nova-scheduler[93503]: DEBUG cotyledon.oslo_config_glue [-] oslo_limit.timeout = None {{(pid=93503) log_opt_values /opt/stack/data/venv/lib/python3.12/site-packages/oslo_config/cfg.py:3253}}
Jul 28 17:32:44.031645 np0000006032 nova-scheduler[93503]: DEBUG cotyledon.oslo_config_glue [-] oslo_limit.valid_interfaces = None {{(pid=93503) log_opt_values /opt/stack/data/venv/lib/python3.12/site-packages/oslo_config/cfg.py:3253}}
Jul 28 17:32:44.031645 np0000006032 nova-scheduler[93503]: DEBUG cotyledon.oslo_config_glue [-] oslo_limit.version = None {{(pid=93503) log_opt_values /opt/stack/data/venv/lib/python3.12/site-packages/oslo_config/cfg.py:3253}}
Jul 28 17:32:44.031645 np0000006032 nova-scheduler[93503]: DEBUG cotyledon.oslo_config_glue [-] oslo_reports.file_event_handler = None {{(pid=93503) log_opt_values /opt/stack/data/venv/lib/python3.12/site-packages/oslo_config/cfg.py:3253}}
Jul 28 17:32:44.031645 np0000006032 nova-scheduler[93503]: DEBUG cotyledon.oslo_config_glue [-] oslo_reports.file_event_handler_interval = 1 {{(pid=93503) log_opt_values /opt/stack/data/venv/lib/python3.12/site-packages/oslo_config/cfg.py:3253}}
Jul 28 17:32:44.031645 np0000006032 nova-scheduler[93503]: DEBUG cotyledon.oslo_config_glue [-] oslo_reports.log_dir = None {{(pid=93503) log_opt_values /opt/stack/data/venv/lib/python3.12/site-packages/oslo_config/cfg.py:3253}}
Jul 28 17:32:44.031645 np0000006032 nova-scheduler[93503]: DEBUG cotyledon.oslo_config_glue [-] ******************************************************************************** {{(pid=93503) log_opt_values /opt/stack/data/venv/lib/python3.12/site-packages/oslo_config/cfg.py:3260}}
Jul 28 17:32:44.031645 np0000006032 nova-scheduler[93503]: DEBUG cotyledon._service_worker [-] Run service ServiceWrapper(2) [93503] {{(pid=93503) wait_forever /opt/stack/data/venv/lib/python3.12/site-packages/cotyledon/_service_worker.py:218}}
Jul 28 17:32:44.031645 np0000006032 nova-scheduler[93503]: INFO nova.service [-] Starting scheduler node (version 33.1.0)
Jul 28 17:32:44.031800 np0000006032 nova-scheduler[93477]: INFO dbcounter [None req-be5973c2-9105-4e41-9723-55f7bc620fa4 None None] Registered counter for database nova_cell0
Jul 28 17:32:44.031826 np0000006032 nova-scheduler[93503]: INFO dbcounter [None req-a54cadca-51a1-4835-9f4c-77fd595901de None None] Registered counter for database nova_cell0
Jul 28 17:32:44.031849 np0000006032 nova-scheduler[93472]: DEBUG oslo_db.sqlalchemy.engines [None req-dad08316-c8f7-40f8-9e46-ffb8846ab6d3 None None] MySQL server mode set to STRICT_TRANS_TABLES,STRICT_ALL_TABLES,NO_ZERO_IN_DATE,NO_ZERO_DATE,ERROR_FOR_DIVISION_BY_ZERO,TRADITIONAL,NO_ENGINE_SUBSTITUTION {{(pid=93472) _check_effective_sql_mode /opt/stack/data/venv/lib/python3.12/site-packages/oslo_db/sqlalchemy/engines.py:325}}
Jul 28 17:32:44.031849 np0000006032 nova-scheduler[93472]: DEBUG dbcounter [-] [93472] Writer thread running {{(pid=93472) stat_writer /opt/stack/data/venv/lib/python3.12/site-packages/dbcounter.py:102}}
Jul 28 17:32:44.034861 np0000006032 nova-scheduler[93477]: DEBUG oslo_db.sqlalchemy.engines [None req-be5973c2-9105-4e41-9723-55f7bc620fa4 None None] MySQL server mode set to STRICT_TRANS_TABLES,STRICT_ALL_TABLES,NO_ZERO_IN_DATE,NO_ZERO_DATE,ERROR_FOR_DIVISION_BY_ZERO,TRADITIONAL,NO_ENGINE_SUBSTITUTION {{(pid=93477) _check_effective_sql_mode /opt/stack/data/venv/lib/python3.12/site-packages/oslo_db/sqlalchemy/engines.py:325}}
Jul 28 17:32:44.038006 np0000006032 nova-scheduler[93503]: DEBUG oslo_db.sqlalchemy.engines [None req-a54cadca-51a1-4835-9f4c-77fd595901de None None] MySQL server mode set to STRICT_TRANS_TABLES,STRICT_ALL_TABLES,NO_ZERO_IN_DATE,NO_ZERO_DATE,ERROR_FOR_DIVISION_BY_ZERO,TRADITIONAL,NO_ENGINE_SUBSTITUTION {{(pid=93503) _check_effective_sql_mode /opt/stack/data/venv/lib/python3.12/site-packages/oslo_db/sqlalchemy/engines.py:325}}
Jul 28 17:32:44.038942 np0000006032 nova-scheduler[93472]: DEBUG nova.service [None req-dad08316-c8f7-40f8-9e46-ffb8846ab6d3 None None] Creating RPC server for service: nova-scheduler on topic: scheduler {{(pid=93472) start /opt/stack/nova/nova/service.py:196}}
Jul 28 17:32:44.043852 np0000006032 nova-scheduler[93477]: DEBUG dbcounter [-] [93477] Writer thread running {{(pid=93477) stat_writer /opt/stack/data/venv/lib/python3.12/site-packages/dbcounter.py:102}}
Jul 28 17:32:44.046672 np0000006032 nova-scheduler[93477]: DEBUG nova.service [None req-be5973c2-9105-4e41-9723-55f7bc620fa4 None None] Creating RPC server for service: nova-scheduler on topic: scheduler {{(pid=93477) start /opt/stack/nova/nova/service.py:196}}
Jul 28 17:32:44.046814 np0000006032 nova-scheduler[93503]: DEBUG dbcounter [-] [93503] Writer thread running {{(pid=93503) stat_writer /opt/stack/data/venv/lib/python3.12/site-packages/dbcounter.py:102}}
Jul 28 17:32:44.049622 np0000006032 nova-scheduler[93503]: DEBUG nova.service [None req-a54cadca-51a1-4835-9f4c-77fd595901de None None] Creating RPC server for service: nova-scheduler on topic: scheduler {{(pid=93503) start /opt/stack/nova/nova/service.py:196}}
Jul 28 17:32:44.060732 np0000006032 nova-scheduler[93472]: DEBUG nova.service [None req-dad08316-c8f7-40f8-9e46-ffb8846ab6d3 None None] Join ServiceGroup membership for this service scheduler {{(pid=93472) start /opt/stack/nova/nova/service.py:222}}
Jul 28 17:32:44.061037 np0000006032 nova-scheduler[93472]: DEBUG nova.servicegroup.drivers.db [None req-dad08316-c8f7-40f8-9e46-ffb8846ab6d3 None None] DB_Driver: join new ServiceGroup member np0000006032 to the scheduler group, service = {{(pid=93472) join /opt/stack/nova/nova/servicegroup/drivers/db.py:44}}
Jul 28 17:32:44.068051 np0000006032 nova-scheduler[93503]: DEBUG nova.service [None req-a54cadca-51a1-4835-9f4c-77fd595901de None None] Join ServiceGroup membership for this service scheduler {{(pid=93503) start /opt/stack/nova/nova/service.py:222}}
Jul 28 17:32:44.068316 np0000006032 nova-scheduler[93503]: DEBUG nova.servicegroup.drivers.db [None req-a54cadca-51a1-4835-9f4c-77fd595901de None None] DB_Driver: join new ServiceGroup member np0000006032 to the scheduler group, service = {{(pid=93503) join /opt/stack/nova/nova/servicegroup/drivers/db.py:44}}
Jul 28 17:32:44.070895 np0000006032 nova-scheduler[93477]: DEBUG nova.service [None req-be5973c2-9105-4e41-9723-55f7bc620fa4 None None] Join ServiceGroup membership for this service scheduler {{(pid=93477) start /opt/stack/nova/nova/service.py:222}}
Jul 28 17:32:44.071165 np0000006032 nova-scheduler[93477]: DEBUG nova.servicegroup.drivers.db [None req-be5973c2-9105-4e41-9723-55f7bc620fa4 None None] DB_Driver: join new ServiceGroup member np0000006032 to the scheduler group, service = {{(pid=93477) join /opt/stack/nova/nova/servicegroup/drivers/db.py:44}}
Jul 28 17:32:49.092958 np0000006032 nova-scheduler[93503]: DEBUG oslo.service.backend._threading.loopingcall [-] Fixed interval looping call 'nova.servicegroup.drivers.db.DbDriver._report_state' sleeping for 119.98 seconds {{(pid=93503) _run_loop /opt/stack/data/venv/lib/python3.12/site-packages/oslo_service/backend/_threading/loopingcall.py:125}}
Jul 28 17:32:49.095174 np0000006032 nova-scheduler[93477]: DEBUG oslo.service.backend._threading.loopingcall [-] Fixed interval looping call 'nova.servicegroup.drivers.db.DbDriver._report_state' sleeping for 119.98 seconds {{(pid=93477) _run_loop /opt/stack/data/venv/lib/python3.12/site-packages/oslo_service/backend/_threading/loopingcall.py:125}}
Jul 28 17:32:49.096359 np0000006032 nova-scheduler[93472]: DEBUG oslo.service.backend._threading.loopingcall [-] Fixed interval looping call 'nova.servicegroup.drivers.db.DbDriver._report_state' sleeping for 119.97 seconds {{(pid=93472) _run_loop /opt/stack/data/venv/lib/python3.12/site-packages/oslo_service/backend/_threading/loopingcall.py:125}}
Jul 28 17:32:52.655925 np0000006032 nova-scheduler[92229]: DEBUG dbcounter [-] [92229] Writing DB stats nova_api:SELECT=3 {{(pid=92229) stat_writer /opt/stack/data/venv/lib/python3.12/site-packages/dbcounter.py:115}}
Jul 28 17:32:52.778428 np0000006032 nova-scheduler[92229]: DEBUG dbcounter [-] [92229] Writing DB stats nova_cell0:SELECT=1 {{(pid=92229) stat_writer /opt/stack/data/venv/lib/python3.12/site-packages/dbcounter.py:115}}
Jul 28 17:32:52.783783 np0000006032 nova-scheduler[92229]: DEBUG dbcounter [-] [92229] Writing DB stats nova_cell1:SELECT=1 {{(pid=92229) stat_writer /opt/stack/data/venv/lib/python3.12/site-packages/dbcounter.py:115}}
Jul 28 17:32:59.081180 np0000006032 nova-scheduler[93503]: DEBUG dbcounter [-] [93503] Writing DB stats nova_cell0:SELECT=3,nova_cell0:UPDATE=1 {{(pid=93503) stat_writer /opt/stack/data/venv/lib/python3.12/site-packages/dbcounter.py:115}}
Jul 28 17:32:59.084575 np0000006032 nova-scheduler[93472]: DEBUG dbcounter [-] [93472] Writing DB stats nova_cell0:SELECT=4,nova_cell0:INSERT=1,nova_cell0:UPDATE=1 {{(pid=93472) stat_writer /opt/stack/data/venv/lib/python3.12/site-packages/dbcounter.py:115}}
Jul 28 17:32:59.084845 np0000006032 nova-scheduler[93477]: DEBUG dbcounter [-] [93477] Writing DB stats nova_cell0:SELECT=3,nova_cell0:UPDATE=1 {{(pid=93477) stat_writer /opt/stack/data/venv/lib/python3.12/site-packages/dbcounter.py:115}}
Jul 28 17:33:02.073861 np0000006032 nova-scheduler[93477]: DEBUG oslo.service.backend._threading.loopingcall [None req-1312a02e-a383-45b4-bf6d-dbefe7cbaf97 None None] Dynamic interval looping call 'nova.service.Service.periodic_tasks' sleeping for 60.00 seconds {{(pid=93477) _run_loop /opt/stack/data/venv/lib/python3.12/site-packages/oslo_service/backend/_threading/loopingcall.py:125}}
Jul 28 17:33:13.062980 np0000006032 nova-scheduler[93472]: DEBUG oslo.service.backend._threading.loopingcall [None req-cfad8d64-e4a0-452a-8c55-ee089ab84702 None None] Dynamic interval looping call 'nova.service.Service.periodic_tasks' sleeping for 60.00 seconds {{(pid=93472) _run_loop /opt/stack/data/venv/lib/python3.12/site-packages/oslo_service/backend/_threading/loopingcall.py:125}}
Jul 28 17:33:27.070687 np0000006032 nova-scheduler[93503]: DEBUG oslo.service.backend._threading.loopingcall [None req-db186fe1-74d7-4062-a01a-47dae5a0bbc6 None None] Dynamic interval looping call 'nova.service.Service.periodic_tasks' sleeping for 60.00 seconds {{(pid=93503) _run_loop /opt/stack/data/venv/lib/python3.12/site-packages/oslo_service/backend/_threading/loopingcall.py:125}}
Jul 28 17:34:02.074362 np0000006032 nova-scheduler[93477]: DEBUG oslo.service.backend._threading.loopingcall [None req-1312a02e-a383-45b4-bf6d-dbefe7cbaf97 None None] Dynamic interval looping call 'nova.service.Service.periodic_tasks' sleeping for 60.00 seconds {{(pid=93477) _run_loop /opt/stack/data/venv/lib/python3.12/site-packages/oslo_service/backend/_threading/loopingcall.py:125}}
Jul 28 17:34:13.063534 np0000006032 nova-scheduler[93472]: DEBUG oslo.service.backend._threading.loopingcall [None req-cfad8d64-e4a0-452a-8c55-ee089ab84702 None None] Dynamic interval looping call 'nova.service.Service.periodic_tasks' sleeping for 60.00 seconds {{(pid=93472) _run_loop /opt/stack/data/venv/lib/python3.12/site-packages/oslo_service/backend/_threading/loopingcall.py:125}}
Jul 28 17:34:27.071096 np0000006032 nova-scheduler[93503]: DEBUG oslo.service.backend._threading.loopingcall [None req-db186fe1-74d7-4062-a01a-47dae5a0bbc6 None None] Dynamic interval looping call 'nova.service.Service.periodic_tasks' sleeping for 60.00 seconds {{(pid=93503) _run_loop /opt/stack/data/venv/lib/python3.12/site-packages/oslo_service/backend/_threading/loopingcall.py:125}}
Jul 28 17:34:49.076245 np0000006032 nova-scheduler[93472]: DEBUG oslo.service.backend._threading.loopingcall [-] Fixed interval looping call 'nova.servicegroup.drivers.db.DbDriver._report_state' sleeping for 119.99 seconds {{(pid=93472) _run_loop /opt/stack/data/venv/lib/python3.12/site-packages/oslo_service/backend/_threading/loopingcall.py:125}}
Jul 28 17:34:49.080782 np0000006032 nova-scheduler[93503]: DEBUG oslo.service.backend._threading.loopingcall [-] Fixed interval looping call 'nova.servicegroup.drivers.db.DbDriver._report_state' sleeping for 119.99 seconds {{(pid=93503) _run_loop /opt/stack/data/venv/lib/python3.12/site-packages/oslo_service/backend/_threading/loopingcall.py:125}}
Jul 28 17:34:49.081178 np0000006032 nova-scheduler[93477]: DEBUG oslo.service.backend._threading.loopingcall [-] Fixed interval looping call 'nova.servicegroup.drivers.db.DbDriver._report_state' sleeping for 119.99 seconds {{(pid=93477) _run_loop /opt/stack/data/venv/lib/python3.12/site-packages/oslo_service/backend/_threading/loopingcall.py:125}}
Jul 28 17:34:59.071449 np0000006032 nova-scheduler[93472]: DEBUG dbcounter [-] [93472] Writing DB stats nova_cell0:SELECT=1,nova_cell0:UPDATE=1 {{(pid=93472) stat_writer /opt/stack/data/venv/lib/python3.12/site-packages/dbcounter.py:115}}
Jul 28 17:34:59.076758 np0000006032 nova-scheduler[93503]: DEBUG dbcounter [-] [93503] Writing DB stats nova_cell0:SELECT=1 {{(pid=93503) stat_writer /opt/stack/data/venv/lib/python3.12/site-packages/dbcounter.py:115}}
Jul 28 17:34:59.078022 np0000006032 nova-scheduler[93477]: DEBUG dbcounter [-] [93477] Writing DB stats nova_cell0:SELECT=1 {{(pid=93477) stat_writer /opt/stack/data/venv/lib/python3.12/site-packages/dbcounter.py:115}}
Jul 28 17:35:02.074815 np0000006032 nova-scheduler[93477]: DEBUG oslo.service.backend._threading.loopingcall [None req-1312a02e-a383-45b4-bf6d-dbefe7cbaf97 None None] Dynamic interval looping call 'nova.service.Service.periodic_tasks' sleeping for 60.00 seconds {{(pid=93477) _run_loop /opt/stack/data/venv/lib/python3.12/site-packages/oslo_service/backend/_threading/loopingcall.py:125}}
Jul 28 17:35:02.586709 np0000006032 nova-scheduler[93472]: DEBUG nova.scheduler.manager [None req-fffa0128-54d1-4598-b6b0-c0346c135170 tempest-ServerRescueNegativeTestJSON-206670336 tempest-ServerRescueNegativeTestJSON-206670336-project-member] Starting to schedule for instances: ['354b7b11-f9d5-472f-9be8-e01a0c5b3e1b'] {{(pid=93472) select_destinations /opt/stack/nova/nova/scheduler/manager.py:209}}
Jul 28 17:35:02.590917 np0000006032 nova-scheduler[93472]: DEBUG nova.scheduler.request_filter [None req-fffa0128-54d1-4598-b6b0-c0346c135170 tempest-ServerRescueNegativeTestJSON-206670336 tempest-ServerRescueNegativeTestJSON-206670336-project-member] compute_status_filter request filter added forbidden trait COMPUTE_STATUS_DISABLED {{(pid=93472) compute_status_filter /opt/stack/nova/nova/scheduler/request_filter.py:253}}
Jul 28 17:35:02.591186 np0000006032 nova-scheduler[93472]: DEBUG nova.scheduler.request_filter [None req-fffa0128-54d1-4598-b6b0-c0346c135170 tempest-ServerRescueNegativeTestJSON-206670336 tempest-ServerRescueNegativeTestJSON-206670336-project-member] Request filter 'compute_status_filter' took 0.0 seconds {{(pid=93472) wrapper /opt/stack/nova/nova/scheduler/request_filter.py:46}}
Jul 28 17:35:02.591566 np0000006032 nova-scheduler[93472]: DEBUG nova.scheduler.request_filter [None req-fffa0128-54d1-4598-b6b0-c0346c135170 tempest-ServerRescueNegativeTestJSON-206670336 tempest-ServerRescueNegativeTestJSON-206670336-project-member] Request filter 'accelerators_filter' took 0.0 seconds {{(pid=93472) wrapper /opt/stack/nova/nova/scheduler/request_filter.py:46}}
Jul 28 17:35:02.591909 np0000006032 nova-scheduler[93472]: DEBUG nova.scheduler.request_filter [None req-fffa0128-54d1-4598-b6b0-c0346c135170 tempest-ServerRescueNegativeTestJSON-206670336 tempest-ServerRescueNegativeTestJSON-206670336-project-member] Request filter 'packed_virtqueue_filter' took 0.0 seconds {{(pid=93472) wrapper /opt/stack/nova/nova/scheduler/request_filter.py:46}}
Jul 28 17:35:02.592353 np0000006032 nova-scheduler[93472]: DEBUG nova.scheduler.request_filter [None req-fffa0128-54d1-4598-b6b0-c0346c135170 tempest-ServerRescueNegativeTestJSON-206670336 tempest-ServerRescueNegativeTestJSON-206670336-project-member] Request filter 'remote_managed_ports_filter' took 0.0 seconds {{(pid=93472) wrapper /opt/stack/nova/nova/scheduler/request_filter.py:46}}
Jul 28 17:35:02.592776 np0000006032 nova-scheduler[93472]: DEBUG nova.scheduler.request_filter [None req-fffa0128-54d1-4598-b6b0-c0346c135170 tempest-ServerRescueNegativeTestJSON-206670336 tempest-ServerRescueNegativeTestJSON-206670336-project-member] ephemeral_encryption_filter skipped {{(pid=93472) ephemeral_encryption_filter /opt/stack/nova/nova/scheduler/request_filter.py:426}}
Jul 28 17:35:02.592874 np0000006032 nova-scheduler[93472]: DEBUG nova.scheduler.request_filter [None req-fffa0128-54d1-4598-b6b0-c0346c135170 tempest-ServerRescueNegativeTestJSON-206670336 tempest-ServerRescueNegativeTestJSON-206670336-project-member] virtio_sound_filter skipped {{(pid=93472) virtio_sound_filter /opt/stack/nova/nova/scheduler/request_filter.py:460}}
Jul 28 17:35:02.593146 np0000006032 nova-scheduler[93472]: DEBUG nova.scheduler.request_filter [None req-fffa0128-54d1-4598-b6b0-c0346c135170 tempest-ServerRescueNegativeTestJSON-206670336 tempest-ServerRescueNegativeTestJSON-206670336-project-member] tpm_secret_security_filter skipped {{(pid=93472) tpm_secret_security_filter /opt/stack/nova/nova/scheduler/request_filter.py:477}}
Jul 28 17:35:03.412312 np0000006032 nova-scheduler[93472]: INFO nova.utils [None req-fffa0128-54d1-4598-b6b0-c0346c135170 tempest-ServerRescueNegativeTestJSON-206670336 tempest-ServerRescueNegativeTestJSON-206670336-project-member] The cell worker thread pool ForkProcess-1.cell_worker is initialized
Jul 28 17:35:03.412731 np0000006032 nova-scheduler[93472]: DEBUG oslo_concurrency.lockutils [None req-fffa0128-54d1-4598-b6b0-c0346c135170 tempest-ServerRescueNegativeTestJSON-206670336 tempest-ServerRescueNegativeTestJSON-206670336-project-member] Acquiring lock "0a4af71b-d655-4a60-b670-2f1f6d666617" by "nova.context.set_target_cell..get_or_set_cached_cell_and_set_connections" {{(pid=93472) inner /opt/stack/data/venv/lib/python3.12/site-packages/oslo_concurrency/lockutils.py:512}}
Jul 28 17:35:03.412926 np0000006032 nova-scheduler[93472]: DEBUG oslo_concurrency.lockutils [None req-fffa0128-54d1-4598-b6b0-c0346c135170 tempest-ServerRescueNegativeTestJSON-206670336 tempest-ServerRescueNegativeTestJSON-206670336-project-member] Lock "0a4af71b-d655-4a60-b670-2f1f6d666617" acquired by "nova.context.set_target_cell..get_or_set_cached_cell_and_set_connections" :: waited 0.000s {{(pid=93472) inner /opt/stack/data/venv/lib/python3.12/site-packages/oslo_concurrency/lockutils.py:525}}
Jul 28 17:35:03.414257 np0000006032 nova-scheduler[93472]: DEBUG oslo_concurrency.lockutils [None req-fffa0128-54d1-4598-b6b0-c0346c135170 tempest-ServerRescueNegativeTestJSON-206670336 tempest-ServerRescueNegativeTestJSON-206670336-project-member] Lock "0a4af71b-d655-4a60-b670-2f1f6d666617" "released" by "nova.context.set_target_cell..get_or_set_cached_cell_and_set_connections" :: held 0.001s {{(pid=93472) inner /opt/stack/data/venv/lib/python3.12/site-packages/oslo_concurrency/lockutils.py:544}}
Jul 28 17:35:03.416241 np0000006032 nova-scheduler[93472]: INFO dbcounter [None req-fffa0128-54d1-4598-b6b0-c0346c135170 tempest-ServerRescueNegativeTestJSON-206670336 tempest-ServerRescueNegativeTestJSON-206670336-project-member] Registered counter for database nova_cell1
Jul 28 17:35:03.450428 np0000006032 nova-scheduler[93472]: DEBUG oslo_db.sqlalchemy.engines [None req-fffa0128-54d1-4598-b6b0-c0346c135170 tempest-ServerRescueNegativeTestJSON-206670336 tempest-ServerRescueNegativeTestJSON-206670336-project-member] MySQL server mode set to STRICT_TRANS_TABLES,STRICT_ALL_TABLES,NO_ZERO_IN_DATE,NO_ZERO_DATE,ERROR_FOR_DIVISION_BY_ZERO,TRADITIONAL,NO_ENGINE_SUBSTITUTION {{(pid=93472) _check_effective_sql_mode /opt/stack/data/venv/lib/python3.12/site-packages/oslo_db/sqlalchemy/engines.py:325}}
Jul 28 17:35:03.456720 np0000006032 nova-scheduler[93472]: DEBUG dbcounter [-] [93472] Writer thread running {{(pid=93472) stat_writer /opt/stack/data/venv/lib/python3.12/site-packages/dbcounter.py:102}}
Jul 28 17:35:03.474717 np0000006032 nova-scheduler[93472]: DEBUG oslo_db.sqlalchemy.engines [None req-fffa0128-54d1-4598-b6b0-c0346c135170 tempest-ServerRescueNegativeTestJSON-206670336 tempest-ServerRescueNegativeTestJSON-206670336-project-member] Parent process 92229 forked (93472) with an open database connection, which is being discarded and recreated. {{(pid=93472) checkout /opt/stack/data/venv/lib/python3.12/site-packages/oslo_db/sqlalchemy/engines.py:402}}
Jul 28 17:35:03.511673 np0000006032 nova-scheduler[93472]: DEBUG dbcounter [-] [93472] Writer thread running {{(pid=93472) stat_writer /opt/stack/data/venv/lib/python3.12/site-packages/dbcounter.py:102}}
Jul 28 17:35:03.516979 np0000006032 nova-scheduler[93472]: DEBUG oslo_concurrency.lockutils [None req-fffa0128-54d1-4598-b6b0-c0346c135170 tempest-ServerRescueNegativeTestJSON-206670336 tempest-ServerRescueNegativeTestJSON-206670336-project-member] Acquiring lock "0a4af71b-d655-4a60-b670-2f1f6d666617" by "nova.context.set_target_cell..get_or_set_cached_cell_and_set_connections" {{(pid=93472) inner /opt/stack/data/venv/lib/python3.12/site-packages/oslo_concurrency/lockutils.py:512}}
Jul 28 17:35:03.518631 np0000006032 nova-scheduler[93472]: DEBUG oslo_concurrency.lockutils [None req-fffa0128-54d1-4598-b6b0-c0346c135170 tempest-ServerRescueNegativeTestJSON-206670336 tempest-ServerRescueNegativeTestJSON-206670336-project-member] Lock "0a4af71b-d655-4a60-b670-2f1f6d666617" acquired by "nova.context.set_target_cell..get_or_set_cached_cell_and_set_connections" :: waited 0.003s {{(pid=93472) inner /opt/stack/data/venv/lib/python3.12/site-packages/oslo_concurrency/lockutils.py:525}}
Jul 28 17:35:03.518857 np0000006032 nova-scheduler[93472]: DEBUG oslo_concurrency.lockutils [None req-fffa0128-54d1-4598-b6b0-c0346c135170 tempest-ServerRescueNegativeTestJSON-206670336 tempest-ServerRescueNegativeTestJSON-206670336-project-member] Lock "0a4af71b-d655-4a60-b670-2f1f6d666617" "released" by "nova.context.set_target_cell..get_or_set_cached_cell_and_set_connections" :: held 0.000s {{(pid=93472) inner /opt/stack/data/venv/lib/python3.12/site-packages/oslo_concurrency/lockutils.py:544}}
Jul 28 17:35:03.528984 np0000006032 nova-scheduler[93472]: DEBUG oslo_concurrency.lockutils [None req-fffa0128-54d1-4598-b6b0-c0346c135170 tempest-ServerRescueNegativeTestJSON-206670336 tempest-ServerRescueNegativeTestJSON-206670336-project-member] Acquiring lock "np0000006032-np0000006032" by "nova.scheduler.host_manager.HostState.update.._locked_update" {{(pid=93472) inner /opt/stack/data/venv/lib/python3.12/site-packages/oslo_concurrency/lockutils.py:512}}
Jul 28 17:35:03.529188 np0000006032 nova-scheduler[93472]: DEBUG oslo_concurrency.lockutils [None req-fffa0128-54d1-4598-b6b0-c0346c135170 tempest-ServerRescueNegativeTestJSON-206670336 tempest-ServerRescueNegativeTestJSON-206670336-project-member] Lock "np0000006032-np0000006032" acquired by "nova.scheduler.host_manager.HostState.update.._locked_update" :: waited 0.000s {{(pid=93472) inner /opt/stack/data/venv/lib/python3.12/site-packages/oslo_concurrency/lockutils.py:525}}
Jul 28 17:35:03.531024 np0000006032 nova-scheduler[93472]: DEBUG nova.scheduler.host_manager [None req-fffa0128-54d1-4598-b6b0-c0346c135170 tempest-ServerRescueNegativeTestJSON-206670336 tempest-ServerRescueNegativeTestJSON-206670336-project-member] Update host state from compute node: ComputeNode(cpu_allocation_ratio=4.0,cpu_info='{"arch": "x86_64", "model": "EPYC-Milan", "vendor": "AMD", "topology": {"cells": 1, "sockets": 16, "cores": 1, "threads": 1}, "maxphysaddr": {"mode": "emulate", "bits": 40}, "features": ["umip", "pge", "svm", "amd-ssbd", "mds-no", "sse4a", "invpcid", "popcnt", "rdctl-no", "fsrm", "sse4.1", "npt", "rdseed", "mtrr", "rdtscp", "sse2", "sse4.2", "flushbyasid", "mce", "pse", "tsc-deadline", "null-sel-clr-base", "fsgsbase", "f16c", "cr8legacy", "misalignsse", "abm", "pdpe1gb", "erms", "x2apic", "rdrand", "mmx", "tsc", "vgif", "vmcb-clean", "pae", "fma", "movbe", "xsaveerptr", "avx2", "apic", "nx", "clwb", "cx16", "topoext", "sha-ni", "pcid", "msr", "stibp-always-on", "no-nested-data-bp", "xsavec", "ibrs", "cmov", "svme-addr-chk", "lahf_lm", "clflush", "pclmuldq", "pku", "spec-ctrl", "amd-psfd", "lfence-always-serializing", "ssbd", "arat", "aes", "bmi1", "vaes", "smap", "rdpid", "vme", "lbrv", "xsaveopt", "sep", "cx8", "avx", "ssse3", "smep", "gds-no", "pni", "cmp_legacy", "skip-l1dfl-vmentry", "hypervisor", "mca", "vpclmulqdq", "arch-capabilities", "virt-ssbd", "fxsr", "xgetbv1", "stibp", "xsave", "syscall", "wbnoinvd", "clzero", "tsc_adjust", "pause-filter", "pfthreshold", "osvw", "pse36", "adx", "v-vmsave-vmload", "bmi2", "fxsr_opt", "de", "fpu", "xsaves", "nrip-save", "3dnowprefetch", "mmxext", "pat", "pschange-mc-no", "sse", "lm", "tsc-scale", "perfctr_core", "amd-stibp", "ibpb", "clflushopt"]}',created_at=2026-07-28T17:33:05Z,current_workload=0,deleted=False,deleted_at=None,disk_allocation_ratio=1.0,disk_available_least=73,free_disk_gb=95,free_ram_mb=62765,host='np0000006032',host_ip=10.4.3.102,hypervisor_hostname='np0000006032',hypervisor_type='QEMU',hypervisor_version=8002002,id=1,local_gb=95,local_gb_used=0,mapped=1,memory_mb=63277,memory_mb_used=512,metrics='[]',numa_topology='{"nova_object.name": "NUMATopology", "nova_object.namespace": "nova", "nova_object.version": "1.2", "nova_object.data": {"cells": [{"nova_object.name": "NUMACell", "nova_object.namespace": "nova", "nova_object.version": "1.5", "nova_object.data": {"id": 0, "cpuset": [0, 1, 2, 3, 4, 5, 6, 7, 8, 9, 10, 11, 12, 13, 14, 15], "pcpuset": [0, 1, 2, 3, 4, 5, 6, 7, 8, 9, 10, 11, 12, 13, 14, 15], "memory": 63277, "cpu_usage": 0, "memory_usage": 0, "pinned_cpus": [], "siblings": [[6], [12], [2], [15], [5], [11], [8], [14], [4], [1], [7], [10], [0], [13], [3], [9]], "mempages": [{"nova_object.name": "NUMAPagesTopology", "nova_object.namespace": "nova", "nova_object.version": "1.1", "nova_object.data": {"size_kb": 4, "total": 16177929, "used": 0, "reserved": 0}, "nova_object.changes": ["reserved", "used", "total", "size_kb"]}, {"nova_object.name": "NUMAPagesTopology", "nova_object.namespace": "nova", "nova_object.version": "1.1", "nova_object.data": {"size_kb": 2048, "total": 41, "used": 0, "reserved": 0}, "nova_object.changes": ["reserved", "used", "total", "size_kb"]}, {"nova_object.name": "NUMAPagesTopology", "nova_object.namespace": "nova", "nova_object.version": "1.1", "nova_object.data": {"size_kb": 1048576, "total": 0, "used": 0, "reserved": 0}, "nova_object.changes": ["reserved", "used", "total", "size_kb"]}], "network_metadata": {"nova_object.name": "NetworkMetadata", "nova_object.namespace": "nova", "nova_object.version": "1.0", "nova_object.data": {"physnets": [], "tunneled": false}, "nova_object.changes": ["physnets", "tunneled"]}, "socket": null}, "nova_object.changes": ["socket", "siblings", "pcpuset", "id", "cpu_usage", "pinned_cpus", "network_metadata", "memory", "memory_usage", "cpuset", "mempages"]}]}, "nova_object.changes": ["cells"]}',pci_device_pools=PciDevicePoolList,ram_allocation_ratio=1.0,running_vms=0,service_id=2,stats={failed_builds='0',uptime=' 17:34:52 up 14 min, 2 users, load average: 2.79, 1.85, 0.99
Jul 28 17:35:03.531024 np0000006032 nova-scheduler[93472]: '},supported_hv_specs=[HVSpec,HVSpec,HVSpec,HVSpec,HVSpec,HVSpec,HVSpec,HVSpec,HVSpec,HVSpec,HVSpec,HVSpec,HVSpec,HVSpec,HVSpec,HVSpec,HVSpec,HVSpec,HVSpec,HVSpec,HVSpec,HVSpec,HVSpec,HVSpec,HVSpec],updated_at=2026-07-28T17:34:53Z,uuid=333db173-e377-49e3-87d2-50038b7ccdc9,vcpus=16,vcpus_used=0) {{(pid=93472) _locked_update /opt/stack/nova/nova/scheduler/host_manager.py:168}}
Jul 28 17:35:03.533413 np0000006032 nova-scheduler[93472]: DEBUG nova.scheduler.host_manager [None req-fffa0128-54d1-4598-b6b0-c0346c135170 tempest-ServerRescueNegativeTestJSON-206670336 tempest-ServerRescueNegativeTestJSON-206670336-project-member] Update host state with aggregates: [] {{(pid=93472) _locked_update /opt/stack/nova/nova/scheduler/host_manager.py:171}}
Jul 28 17:35:03.533413 np0000006032 nova-scheduler[93472]: DEBUG nova.scheduler.host_manager [None req-fffa0128-54d1-4598-b6b0-c0346c135170 tempest-ServerRescueNegativeTestJSON-206670336 tempest-ServerRescueNegativeTestJSON-206670336-project-member] Update host state with service dict: {'id': 2, 'uuid': '1558f735-3e69-4b88-83db-39d2e9b61ce3', 'host': 'np0000006032', 'binary': 'nova-compute', 'topic': 'compute', 'report_count': 1, 'disabled': False, 'disabled_reason': None, 'last_seen_up': datetime.datetime(2026, 7, 28, 17, 33, 11, tzinfo=datetime.timezone.utc), 'forced_down': False, 'version': 72, 'created_at': datetime.datetime(2026, 7, 28, 17, 33, 4, tzinfo=datetime.timezone.utc), 'updated_at': datetime.datetime(2026, 7, 28, 17, 33, 11, tzinfo=datetime.timezone.utc), 'deleted_at': None, 'deleted': False} {{(pid=93472) _locked_update /opt/stack/nova/nova/scheduler/host_manager.py:174}}
Jul 28 17:35:03.534134 np0000006032 nova-scheduler[93472]: DEBUG nova.scheduler.host_manager [None req-fffa0128-54d1-4598-b6b0-c0346c135170 tempest-ServerRescueNegativeTestJSON-206670336 tempest-ServerRescueNegativeTestJSON-206670336-project-member] Update host state with instances: [] {{(pid=93472) _locked_update /opt/stack/nova/nova/scheduler/host_manager.py:177}}
Jul 28 17:35:03.534307 np0000006032 nova-scheduler[93472]: DEBUG oslo_concurrency.lockutils [None req-fffa0128-54d1-4598-b6b0-c0346c135170 tempest-ServerRescueNegativeTestJSON-206670336 tempest-ServerRescueNegativeTestJSON-206670336-project-member] Lock "np0000006032-np0000006032" "released" by "nova.scheduler.host_manager.HostState.update.._locked_update" :: held 0.005s {{(pid=93472) inner /opt/stack/data/venv/lib/python3.12/site-packages/oslo_concurrency/lockutils.py:544}}
Jul 28 17:35:03.534818 np0000006032 nova-scheduler[93472]: DEBUG nova.filters [None req-fffa0128-54d1-4598-b6b0-c0346c135170 tempest-ServerRescueNegativeTestJSON-206670336 tempest-ServerRescueNegativeTestJSON-206670336-project-member] Starting with 1 host(s) {{(pid=93472) get_filtered_objects /opt/stack/nova/nova/filters.py:70}}
Jul 28 17:35:03.535187 np0000006032 nova-scheduler[93472]: DEBUG nova.filters [None req-fffa0128-54d1-4598-b6b0-c0346c135170 tempest-ServerRescueNegativeTestJSON-206670336 tempest-ServerRescueNegativeTestJSON-206670336-project-member] Filter ComputeFilter returned 1 host(s) {{(pid=93472) get_filtered_objects /opt/stack/nova/nova/filters.py:102}}
Jul 28 17:35:03.535301 np0000006032 nova-scheduler[93472]: DEBUG nova.filters [None req-fffa0128-54d1-4598-b6b0-c0346c135170 tempest-ServerRescueNegativeTestJSON-206670336 tempest-ServerRescueNegativeTestJSON-206670336-project-member] Filter ComputeCapabilitiesFilter returned 1 host(s) {{(pid=93472) get_filtered_objects /opt/stack/nova/nova/filters.py:102}}
Jul 28 17:35:03.535658 np0000006032 nova-scheduler[93472]: DEBUG nova.filters [None req-fffa0128-54d1-4598-b6b0-c0346c135170 tempest-ServerRescueNegativeTestJSON-206670336 tempest-ServerRescueNegativeTestJSON-206670336-project-member] Filter ImagePropertiesFilter returned 1 host(s) {{(pid=93472) get_filtered_objects /opt/stack/nova/nova/filters.py:102}}
Jul 28 17:35:03.535813 np0000006032 nova-scheduler[93472]: DEBUG nova.filters [None req-fffa0128-54d1-4598-b6b0-c0346c135170 tempest-ServerRescueNegativeTestJSON-206670336 tempest-ServerRescueNegativeTestJSON-206670336-project-member] Filter ServerGroupAntiAffinityFilter returned 1 host(s) {{(pid=93472) get_filtered_objects /opt/stack/nova/nova/filters.py:102}}
Jul 28 17:35:03.535967 np0000006032 nova-scheduler[93472]: DEBUG nova.filters [None req-fffa0128-54d1-4598-b6b0-c0346c135170 tempest-ServerRescueNegativeTestJSON-206670336 tempest-ServerRescueNegativeTestJSON-206670336-project-member] Filter ServerGroupAffinityFilter returned 1 host(s) {{(pid=93472) get_filtered_objects /opt/stack/nova/nova/filters.py:102}}
Jul 28 17:35:03.536166 np0000006032 nova-scheduler[93472]: DEBUG nova.filters [None req-fffa0128-54d1-4598-b6b0-c0346c135170 tempest-ServerRescueNegativeTestJSON-206670336 tempest-ServerRescueNegativeTestJSON-206670336-project-member] Filter SameHostFilter returned 1 host(s) {{(pid=93472) get_filtered_objects /opt/stack/nova/nova/filters.py:102}}
Jul 28 17:35:03.536338 np0000006032 nova-scheduler[93472]: DEBUG nova.filters [None req-fffa0128-54d1-4598-b6b0-c0346c135170 tempest-ServerRescueNegativeTestJSON-206670336 tempest-ServerRescueNegativeTestJSON-206670336-project-member] Filter DifferentHostFilter returned 1 host(s) {{(pid=93472) get_filtered_objects /opt/stack/nova/nova/filters.py:102}}
Jul 28 17:35:03.536564 np0000006032 nova-scheduler[93472]: DEBUG nova.scheduler.manager [None req-fffa0128-54d1-4598-b6b0-c0346c135170 tempest-ServerRescueNegativeTestJSON-206670336 tempest-ServerRescueNegativeTestJSON-206670336-project-member] Filtered [(np0000006032, np0000006032) ram: 62765MB disk: 74752MB io_ops: 0 instances: 0, allocation_candidates: 1] {{(pid=93472) _get_sorted_hosts /opt/stack/nova/nova/scheduler/manager.py:742}}
Jul 28 17:35:03.536885 np0000006032 nova-scheduler[93472]: DEBUG nova.scheduler.manager [None req-fffa0128-54d1-4598-b6b0-c0346c135170 tempest-ServerRescueNegativeTestJSON-206670336 tempest-ServerRescueNegativeTestJSON-206670336-project-member] Weighed [WeighedHost [host: (np0000006032, np0000006032) ram: 62765MB disk: 74752MB io_ops: 0 instances: 0, allocation_candidates: 1, weight: 0.0]] {{(pid=93472) _get_sorted_hosts /opt/stack/nova/nova/scheduler/manager.py:764}}
Jul 28 17:35:03.537176 np0000006032 nova-scheduler[93472]: DEBUG nova.scheduler.utils [None req-fffa0128-54d1-4598-b6b0-c0346c135170 tempest-ServerRescueNegativeTestJSON-206670336 tempest-ServerRescueNegativeTestJSON-206670336-project-member] Attempting to claim resources in the placement API for instance 354b7b11-f9d5-472f-9be8-e01a0c5b3e1b {{(pid=93472) claim_resources /opt/stack/nova/nova/scheduler/utils.py:1345}}
Jul 28 17:35:03.689597 np0000006032 nova-scheduler[93472]: DEBUG nova.scheduler.manager [None req-fffa0128-54d1-4598-b6b0-c0346c135170 tempest-ServerRescueNegativeTestJSON-206670336 tempest-ServerRescueNegativeTestJSON-206670336-project-member] [instance: 354b7b11-f9d5-472f-9be8-e01a0c5b3e1b] Selected host: (np0000006032, np0000006032) ram: 62765MB disk: 74752MB io_ops: 0 instances: 0, allocation_candidates: 1 {{(pid=93472) _consume_selected_host /opt/stack/nova/nova/scheduler/manager.py:624}}
Jul 28 17:35:03.689994 np0000006032 nova-scheduler[93472]: DEBUG oslo_concurrency.lockutils [None req-fffa0128-54d1-4598-b6b0-c0346c135170 tempest-ServerRescueNegativeTestJSON-206670336 tempest-ServerRescueNegativeTestJSON-206670336-project-member] Acquiring lock "np0000006032-np0000006032" by "nova.scheduler.host_manager.HostState.consume_from_request.._locked" {{(pid=93472) inner /opt/stack/data/venv/lib/python3.12/site-packages/oslo_concurrency/lockutils.py:512}}
Jul 28 17:35:03.690114 np0000006032 nova-scheduler[93472]: DEBUG oslo_concurrency.lockutils [None req-fffa0128-54d1-4598-b6b0-c0346c135170 tempest-ServerRescueNegativeTestJSON-206670336 tempest-ServerRescueNegativeTestJSON-206670336-project-member] Lock "np0000006032-np0000006032" acquired by "nova.scheduler.host_manager.HostState.consume_from_request.._locked" :: waited 0.000s {{(pid=93472) inner /opt/stack/data/venv/lib/python3.12/site-packages/oslo_concurrency/lockutils.py:525}}
Jul 28 17:35:03.690345 np0000006032 nova-scheduler[93472]: DEBUG oslo_concurrency.lockutils [None req-fffa0128-54d1-4598-b6b0-c0346c135170 tempest-ServerRescueNegativeTestJSON-206670336 tempest-ServerRescueNegativeTestJSON-206670336-project-member] Lock "np0000006032-np0000006032" "released" by "nova.scheduler.host_manager.HostState.consume_from_request.._locked" :: held 0.000s {{(pid=93472) inner /opt/stack/data/venv/lib/python3.12/site-packages/oslo_concurrency/lockutils.py:544}}
Jul 28 17:35:05.707601 np0000006032 nova-scheduler[93503]: DEBUG nova.scheduler.manager [None req-02b8ae14-82d2-437e-8b54-10d86e0ae857 tempest-ServerRescueNegativeTestJSON-206670336 tempest-ServerRescueNegativeTestJSON-206670336-project-member] Starting to schedule for instances: ['8afef288-4db5-4fd3-9ce0-17577498d7ad'] {{(pid=93503) select_destinations /opt/stack/nova/nova/scheduler/manager.py:209}}
Jul 28 17:35:05.711012 np0000006032 nova-scheduler[93503]: DEBUG nova.scheduler.request_filter [None req-02b8ae14-82d2-437e-8b54-10d86e0ae857 tempest-ServerRescueNegativeTestJSON-206670336 tempest-ServerRescueNegativeTestJSON-206670336-project-member] compute_status_filter request filter added forbidden trait COMPUTE_STATUS_DISABLED {{(pid=93503) compute_status_filter /opt/stack/nova/nova/scheduler/request_filter.py:253}}
Jul 28 17:35:05.711012 np0000006032 nova-scheduler[93503]: DEBUG nova.scheduler.request_filter [None req-02b8ae14-82d2-437e-8b54-10d86e0ae857 tempest-ServerRescueNegativeTestJSON-206670336 tempest-ServerRescueNegativeTestJSON-206670336-project-member] Request filter 'compute_status_filter' took 0.0 seconds {{(pid=93503) wrapper /opt/stack/nova/nova/scheduler/request_filter.py:46}}
Jul 28 17:35:05.711012 np0000006032 nova-scheduler[93503]: DEBUG nova.scheduler.request_filter [None req-02b8ae14-82d2-437e-8b54-10d86e0ae857 tempest-ServerRescueNegativeTestJSON-206670336 tempest-ServerRescueNegativeTestJSON-206670336-project-member] Request filter 'accelerators_filter' took 0.0 seconds {{(pid=93503) wrapper /opt/stack/nova/nova/scheduler/request_filter.py:46}}
Jul 28 17:35:05.711012 np0000006032 nova-scheduler[93503]: DEBUG nova.scheduler.request_filter [None req-02b8ae14-82d2-437e-8b54-10d86e0ae857 tempest-ServerRescueNegativeTestJSON-206670336 tempest-ServerRescueNegativeTestJSON-206670336-project-member] Request filter 'packed_virtqueue_filter' took 0.0 seconds {{(pid=93503) wrapper /opt/stack/nova/nova/scheduler/request_filter.py:46}}
Jul 28 17:35:05.711012 np0000006032 nova-scheduler[93503]: DEBUG nova.scheduler.request_filter [None req-02b8ae14-82d2-437e-8b54-10d86e0ae857 tempest-ServerRescueNegativeTestJSON-206670336 tempest-ServerRescueNegativeTestJSON-206670336-project-member] Request filter 'remote_managed_ports_filter' took 0.0 seconds {{(pid=93503) wrapper /opt/stack/nova/nova/scheduler/request_filter.py:46}}
Jul 28 17:35:05.711012 np0000006032 nova-scheduler[93503]: DEBUG nova.scheduler.request_filter [None req-02b8ae14-82d2-437e-8b54-10d86e0ae857 tempest-ServerRescueNegativeTestJSON-206670336 tempest-ServerRescueNegativeTestJSON-206670336-project-member] ephemeral_encryption_filter skipped {{(pid=93503) ephemeral_encryption_filter /opt/stack/nova/nova/scheduler/request_filter.py:426}}
