Jul 28 17:32:28.422108 np0000006032 devstack@neutron-api.service[87653]: DEBUG neutron.plugins.ml2.drivers.ovn.mech_driver.ovsdb.extensions.qos [None req-48964324-4d46-4480-88bd-340c0adee4d9 admin admin] Router 8422593c-f35c-4def-ba5a-fd7eadc00a51 does not have ID or gateway assigned {{(pid=87653) update_router /opt/stack/neutron/neutron/plugins/ml2/drivers/ovn/mech_driver/ovsdb/extensions/qos.py:527}}
Jul 28 17:32:28.423931 np0000006032 devstack@neutron-api.service[87653]: DEBUG ovsdbapp.backend.ovs_idl.transaction [-] Running txn n=1 command(idx=0): LrAddCommand(_result=None, router=neutron-8422593c-f35c-4def-ba5a-fd7eadc00a51, may_exist=True, columns={'external_ids': {'neutron:router_name': 'router1', 'neutron:revision_number': '1', 'neutron:availability_zone_hints': ''}, 'enabled': True, 'options': {'always_learn_from_arp_request': 'false', 'dynamic_neigh_routers': 'true', 'mac_binding_age_threshold': '300'}}) {{(pid=87653) do_commit /opt/stack/data/venv/lib/python3.12/site-packages/ovsdbapp/backend/ovs_idl/transaction.py:89}}
Jul 28 17:32:28.434502 np0000006032 devstack@neutron-api.service[87654]: DEBUG neutron.plugins.ml2.drivers.ovn.mech_driver.ovsdb.ovsdb_monitor [-] Hash Ring: Node 94e8fa2416ff5ae3a230f7f0910c3326 (host: np0000006032) handling event "create" for row fd737bab-4740-424b-86fc-cc886c563fda (table: Logical_Router) {{(pid=87654) notify /opt/stack/neutron/neutron/plugins/ml2/drivers/ovn/mech_driver/ovsdb/ovsdb_monitor.py:1013}}
Jul 28 17:32:28.434944 np0000006032 devstack@neutron-api.service[87653]: DEBUG neutron.plugins.ml2.drivers.ovn.mech_driver.ovsdb.ovsdb_monitor [-] Hash Ring: Node 4f3cb5e7a0f35709aae7cf9cc5899f02 (host: np0000006032) handling event "create" for row fd737bab-4740-424b-86fc-cc886c563fda (table: Logical_Router) {{(pid=87653) notify /opt/stack/neutron/neutron/plugins/ml2/drivers/ovn/mech_driver/ovsdb/ovsdb_monitor.py:1013}}
Jul 28 17:32:28.441343 np0000006032 devstack@neutron-api.service[87655]: DEBUG neutron.plugins.ml2.drivers.ovn.mech_driver.ovsdb.ovsdb_monitor [-] Hash Ring: Node dd8eccb14a585c1da90dfaa96a16cb8b (host: np0000006032) handling event "create" for row c3153889-ac78-4e8f-bb75-d3f33a287d30 (table: Datapath_Binding) {{(pid=87655) notify /opt/stack/neutron/neutron/plugins/ml2/drivers/ovn/mech_driver/ovsdb/ovsdb_monitor.py:1013}}
Jul 28 17:32:28.456677 np0000006032 devstack@neutron-api.service[87653]: DEBUG neutron.plugins.ml2.drivers.ovn.mech_driver.ovsdb.ovsdb_monitor [-] Hash Ring: Node 4f3cb5e7a0f35709aae7cf9cc5899f02 (host: np0000006032) handling event "create" for row c3153889-ac78-4e8f-bb75-d3f33a287d30 (table: Datapath_Binding) {{(pid=87653) notify /opt/stack/neutron/neutron/plugins/ml2/drivers/ovn/mech_driver/ovsdb/ovsdb_monitor.py:1013}}
Jul 28 17:32:28.524890 np0000006032 devstack@neutron-api.service[87653]: INFO neutron.db.ovn_revision_numbers_db [None req-48964324-4d46-4480-88bd-340c0adee4d9 admin admin] Successfully bumped revision number for resource 8422593c-f35c-4def-ba5a-fd7eadc00a51 (type: routers) to 1
Jul 28 17:32:28.540507 np0000006032 devstack@neutron-api.service[87653]: DEBUG neutron_lib.callbacks.manager [None req-48964324-4d46-4480-88bd-340c0adee4d9 admin admin] Publish callbacks [] for router (None), before_response {{(pid=87653) _notify_loop /opt/stack/data/venv/lib/python3.12/site-packages/neutron_lib/callbacks/manager.py:184}}
Jul 28 17:32:28.541022 np0000006032 devstack@neutron-api.service[87653]: [pid: 87653|app: 0|req: 6/14] 10.4.3.102 () {68 vars in 1323 bytes} [Tue Jul 28 17:32:28 2026] POST /networking/v2.0/routers => generated 599 bytes in 222 msecs (HTTP/1.1 201) 4 headers in 162 bytes (1 switches on core 0)
Jul 28 17:32:28.780267 np0000006032 devstack@neutron-api.service[87654]: DEBUG neutron.api.wsgi [None req-e5ae6828-dbc9-4839-a987-6f906620a909 admin admin] Missing Content-Type {{(pid=87654) get_content_type /opt/stack/neutron/neutron/api/wsgi.py:80}}
Jul 28 17:32:28.780647 np0000006032 devstack@neutron-api.service[87654]: DEBUG neutron.api.wsgi [None req-e5ae6828-dbc9-4839-a987-6f906620a909 admin admin] https://10.4.3.102/networking/v2.0/extensions returned with HTTP 200 {{(pid=87654) __call__ /opt/stack/neutron/neutron/api/wsgi.py:540}}
Jul 28 17:32:28.780946 np0000006032 devstack@neutron-api.service[87654]: [pid: 87654|app: 0|req: 5/15] 10.4.3.102 () {64 vars in 1292 bytes} [Tue Jul 28 17:32:28 2026] GET /networking/v2.0/extensions => generated 16171 bytes in 3 msecs (HTTP/1.1 200) 4 headers in 159 bytes (1 switches on core 0)
Jul 28 17:32:29.030958 np0000006032 devstack@neutron-api.service[87655]: DEBUG neutron.api.v2.base [None req-0fd35ff7-ad20-4be8-9b64-2da6da39370a admin admin] Request body: {'network': {'provider:network_type': 'flat', 'router:external': True, 'provider:physical_network': 'public', 'admin_state_up': True, 'name': 'public', 'is_default': True}} {{(pid=87655) prepare_request_body /opt/stack/neutron/neutron/api/v2/base.py:727}}
Jul 28 17:32:29.045255 np0000006032 devstack@neutron-api.service[87655]: DEBUG neutron.pecan_wsgi.hooks.quota_enforcement [None req-0fd35ff7-ad20-4be8-9b64-2da6da39370a admin admin] Made reservation on behalf of a3a4d2cf2c66409a8782bf6a8f75babe for: {'network': 1} {{(pid=87655) before /opt/stack/neutron/neutron/pecan_wsgi/hooks/quota_enforcement.py:66}}
Jul 28 17:32:29.048532 np0000006032 devstack@neutron-api.service[87655]: DEBUG neutron_lib.callbacks.manager [None req-0fd35ff7-ad20-4be8-9b64-2da6da39370a admin admin] Publish callbacks ['neutron.plugins.ml2.plugin.SecurityGroupDbMixin._ensure_default_security_group_handler-119114'] for network (None), before_create {{(pid=87655) _notify_loop /opt/stack/data/venv/lib/python3.12/site-packages/neutron_lib/callbacks/manager.py:184}}
Jul 28 17:32:29.083156 np0000006032 devstack@neutron-api.service[87655]: DEBUG neutron.plugins.ml2.drivers.type_flat [None req-0fd35ff7-ad20-4be8-9b64-2da6da39370a admin admin] Reserving flat network on physical network public {{(pid=87655) reserve_provider_segment /opt/stack/neutron/neutron/plugins/ml2/drivers/type_flat.py:100}}
Jul 28 17:32:29.093313 np0000006032 devstack@neutron-api.service[87655]: DEBUG neutron_lib.callbacks.manager [None req-0fd35ff7-ad20-4be8-9b64-2da6da39370a admin admin] Publish callbacks ['neutron.services.segments.db._add_segment_host_mapping_for_segment-8667159633720', 'neutron.plugins.ml2.plugin.Ml2Plugin._handle_segment_change-866794'] for segment (e77f9fe3-a9f6-476e-92a6-d00a6e5c391c), precommit_create {{(pid=87655) _notify_loop /opt/stack/data/venv/lib/python3.12/site-packages/neutron_lib/callbacks/manager.py:184}}
Jul 28 17:32:29.093587 np0000006032 devstack@neutron-api.service[87655]: DEBUG neutron_lib.callbacks.manager [None req-0fd35ff7-ad20-4be8-9b64-2da6da39370a admin admin] Unsubscribe: segment precommit_create {{(pid=87655) unsubscribe /opt/stack/data/venv/lib/python3.12/site-packages/neutron_lib/callbacks/manager.py:90}}
Jul 28 17:32:29.093805 np0000006032 devstack@neutron-api.service[87655]: INFO neutron.db.segments_db [None req-0fd35ff7-ad20-4be8-9b64-2da6da39370a admin admin] Added segment e77f9fe3-a9f6-476e-92a6-d00a6e5c391c of type flat for network b86ad049-54ad-4aca-abf2-a19c0dfe034a
Jul 28 17:32:29.130568 np0000006032 devstack@neutron-api.service[87655]: DEBUG neutron_lib.callbacks.manager [None req-0fd35ff7-ad20-4be8-9b64-2da6da39370a admin admin] Publish callbacks ['neutron.services.auto_allocate.db._ensure_external_network_default_value_callback-8667157644742'] for network (b86ad049-54ad-4aca-abf2-a19c0dfe034a), precommit_create {{(pid=87655) _notify_loop /opt/stack/data/venv/lib/python3.12/site-packages/neutron_lib/callbacks/manager.py:184}}
Jul 28 17:32:29.151728 np0000006032 devstack@neutron-api.service[87655]: DEBUG neutron.plugins.ml2.drivers.ovn.mech_driver.mech_driver [None req-0fd35ff7-ad20-4be8-9b64-2da6da39370a admin admin] Validating network segment with type flat, segmentation ID None, physical network public {{(pid=87655) _validate_network_segments /opt/stack/neutron/neutron/plugins/ml2/drivers/ovn/mech_driver/mech_driver.py:646}}
Jul 28 17:32:29.151876 np0000006032 devstack@neutron-api.service[87655]: DEBUG neutron.db.ovn_revision_numbers_db [None req-0fd35ff7-ad20-4be8-9b64-2da6da39370a admin admin] create_initial_revision uuid=b86ad049-54ad-4aca-abf2-a19c0dfe034a, type=networks, rev=-1 {{(pid=87655) create_initial_revision /opt/stack/neutron/neutron/db/ovn_revision_numbers_db.py:98}}
Jul 28 17:32:29.171349 np0000006032 devstack@neutron-api.service[87655]: DEBUG neutron_lib.callbacks.manager [None req-0fd35ff7-ad20-4be8-9b64-2da6da39370a admin admin] Publish callbacks ['neutron.plugins.ml2.ovo_rpc._ObjectChangeHandler.handle_event-2553437'] for network (b86ad049-54ad-4aca-abf2-a19c0dfe034a), after_create {{(pid=87655) _notify_loop /opt/stack/data/venv/lib/python3.12/site-packages/neutron_lib/callbacks/manager.py:184}}
Jul 28 17:32:29.216409 np0000006032 devstack@neutron-api.service[87655]: DEBUG neutron.api.rpc.handlers.resources_rpc [None req-0fd35ff7-ad20-4be8-9b64-2da6da39370a admin admin] Pushing event updated for resources: {'Network': ['ID=b86ad049-54ad-4aca-abf2-a19c0dfe034a,revision_number=1']} {{(pid=87655) push /opt/stack/neutron/neutron/api/rpc/handlers/resources_rpc.py:237}}
Jul 28 17:32:29.221917 np0000006032 devstack@neutron-api.service[87655]: DEBUG neutron.api.rpc.callbacks.version_manager [None req-0fd35ff7-ad20-4be8-9b64-2da6da39370a admin admin] Tracked resource versions report:
Jul 28 17:32:29.221917 np0000006032 devstack@neutron-api.service[87655]: pushed versions:
Jul 28 17:32:29.221917 np0000006032 devstack@neutron-api.service[87655]: { 'AddressGroup': {'1.2'},
Jul 28 17:32:29.221917 np0000006032 devstack@neutron-api.service[87655]: 'Agent': {'1.1'},
Jul 28 17:32:29.221917 np0000006032 devstack@neutron-api.service[87655]: 'ConntrackHelper': {'1.0'},
Jul 28 17:32:29.221917 np0000006032 devstack@neutron-api.service[87655]: 'LocalIPAssociation': {'1.0'},
Jul 28 17:32:29.221917 np0000006032 devstack@neutron-api.service[87655]: 'Log': {'1.0'},
Jul 28 17:32:29.221917 np0000006032 devstack@neutron-api.service[87655]: 'NDPProxy': {'1.0'},
Jul 28 17:32:29.221917 np0000006032 devstack@neutron-api.service[87655]: 'Network': {'1.3'},
Jul 28 17:32:29.221917 np0000006032 devstack@neutron-api.service[87655]: 'Port': {'1.11'},
Jul 28 17:32:29.221917 np0000006032 devstack@neutron-api.service[87655]: 'PortForwarding': {'1.3'},
Jul 28 17:32:29.221917 np0000006032 devstack@neutron-api.service[87655]: 'QosPolicy': {'1.10'},
Jul 28 17:32:29.221917 np0000006032 devstack@neutron-api.service[87655]: 'SecurityGroup': {'1.6'},
Jul 28 17:32:29.221917 np0000006032 devstack@neutron-api.service[87655]: 'SecurityGroupRule': {'1.3'},
Jul 28 17:32:29.221917 np0000006032 devstack@neutron-api.service[87655]: 'SubPort': {'1.0'},
Jul 28 17:32:29.221917 np0000006032 devstack@neutron-api.service[87655]: 'Subnet': {'1.2'},
Jul 28 17:32:29.221917 np0000006032 devstack@neutron-api.service[87655]: 'Trunk': {'1.1'}}
Jul 28 17:32:29.221917 np0000006032 devstack@neutron-api.service[87655]: consumer versions:
Jul 28 17:32:29.221917 np0000006032 devstack@neutron-api.service[87655]: { OVN Neutron agent@np0000006032: {},
Jul 28 17:32:29.221917 np0000006032 devstack@neutron-api.service[87655]: OVN Controller Gateway agent@np0000006032: {}}
Jul 28 17:32:29.221917 np0000006032 devstack@neutron-api.service[87655]: {{(pid=87655) report /opt/stack/neutron/neutron/api/rpc/callbacks/version_manager.py:183}}
Jul 28 17:32:29.239057 np0000006032 devstack@neutron-api.service[87655]: DEBUG ovsdbapp.backend.ovs_idl.transaction [-] Running txn n=1 command(idx=0): AddNetworkCommand(_result=None, network_uuid=b86ad049-54ad-4aca-abf2-a19c0dfe034a, may_exist=True, columns={'external_ids': {'neutron:network_name': 'public', 'neutron:mtu': '1430', 'neutron:revision_number': '1', 'neutron:availability_zone_hints': '', 'neutron:provnet-network-type': 'flat', 'neutron:provnet-physical-network': 'public'}, 'other_config': {'mcast_snoop': 'false', 'mcast_flood_unregistered': 'false', 'vlan-passthru': 'false', 'fdb_age_threshold': '300', 'broadcast-arps-to-all-routers': 'true'}}) {{(pid=87655) do_commit /opt/stack/data/venv/lib/python3.12/site-packages/ovsdbapp/backend/ovs_idl/transaction.py:89}}
Jul 28 17:32:29.239510 np0000006032 devstack@neutron-api.service[87655]: DEBUG neutron.common.ovn.utils [-] OVS persist_uuid supported=True {{(pid=87655) ovs_persist_uuid_supported /opt/stack/neutron/neutron/common/ovn/utils.py:1565}}
Jul 28 17:32:29.239828 np0000006032 devstack@neutron-api.service[87655]: DEBUG ovsdbapp.backend.ovs_idl.transaction [-] Running txn n=1 command(idx=1): AddLSwitchPortCommand(_result=None, lport=provnet-e77f9fe3-a9f6-476e-92a6-d00a6e5c391c, lswitch=neutron-b86ad049-54ad-4aca-abf2-a19c0dfe034a, may_exist=True, network_uuid=b86ad049-54ad-4aca-abf2-a19c0dfe034a, columns={'addresses': ['unknown'], 'external_ids': {'neutron:provnet-physical-network': 'public'}, 'type': 'localnet', 'tag_request': [], 'options': {'network_name': 'public', 'mcast_flood_reports': 'true', 'mcast_flood': 'false', 'localnet_learn_fdb': 'false'}}) {{(pid=87655) do_commit /opt/stack/data/venv/lib/python3.12/site-packages/ovsdbapp/backend/ovs_idl/transaction.py:89}}
Jul 28 17:32:29.242424 np0000006032 devstack@neutron-api.service[87655]: DEBUG neutron.plugins.ml2.drivers.ovn.mech_driver.ovsdb.ovsdb_monitor [-] Hash Ring: Node dd8eccb14a585c1da90dfaa96a16cb8b (host: np0000006032) handling event "create" for row b86ad049-54ad-4aca-abf2-a19c0dfe034a (table: Logical_Switch) {{(pid=87655) notify /opt/stack/neutron/neutron/plugins/ml2/drivers/ovn/mech_driver/ovsdb/ovsdb_monitor.py:1013}}
Jul 28 17:32:29.244071 np0000006032 devstack@neutron-api.service[87653]: DEBUG neutron.plugins.ml2.drivers.ovn.mech_driver.ovsdb.ovsdb_monitor [-] Hash Ring: Node 4f3cb5e7a0f35709aae7cf9cc5899f02 (host: np0000006032) handling event "create" for row b86ad049-54ad-4aca-abf2-a19c0dfe034a (table: Logical_Switch) {{(pid=87653) notify /opt/stack/neutron/neutron/plugins/ml2/drivers/ovn/mech_driver/ovsdb/ovsdb_monitor.py:1013}}
Jul 28 17:32:29.245275 np0000006032 devstack@neutron-api.service[87653]: DEBUG neutron.plugins.ml2.drivers.ovn.mech_driver.ovsdb.ovsdb_monitor [-] Hash Ring: Node 4f3cb5e7a0f35709aae7cf9cc5899f02 (host: np0000006032) handling event "create" for row 111d862d-a96e-4e51-a434-64a9824eb6e1 (table: Logical_Switch_Port) {{(pid=87653) notify /opt/stack/neutron/neutron/plugins/ml2/drivers/ovn/mech_driver/ovsdb/ovsdb_monitor.py:1013}}
Jul 28 17:32:29.246894 np0000006032 devstack@neutron-api.service[87653]: DEBUG neutron.plugins.ml2.drivers.ovn.mech_driver.ovsdb.ovsdb_monitor [-] Hash Ring: Node 4f3cb5e7a0f35709aae7cf9cc5899f02 (host: np0000006032) handling event "update" for row 111d862d-a96e-4e51-a434-64a9824eb6e1 (table: Logical_Switch_Port) {{(pid=87653) notify /opt/stack/neutron/neutron/plugins/ml2/drivers/ovn/mech_driver/ovsdb/ovsdb_monitor.py:1013}}
Jul 28 17:32:29.247967 np0000006032 devstack@neutron-api.service[87654]: DEBUG neutron.plugins.ml2.drivers.ovn.mech_driver.ovsdb.ovsdb_monitor [-] Hash Ring: Node 94e8fa2416ff5ae3a230f7f0910c3326 (host: np0000006032) handling event "create" for row 111d862d-a96e-4e51-a434-64a9824eb6e1 (table: Logical_Switch_Port) {{(pid=87654) notify /opt/stack/neutron/neutron/plugins/ml2/drivers/ovn/mech_driver/ovsdb/ovsdb_monitor.py:1013}}
Jul 28 17:32:29.250353 np0000006032 devstack@neutron-api.service[87653]: DEBUG neutron.plugins.ml2.drivers.ovn.mech_driver.ovsdb.ovsdb_monitor [-] Hash Ring: Node 4f3cb5e7a0f35709aae7cf9cc5899f02 (host: np0000006032) handling event "create" for row 0e44272d-7e34-4f1a-af6a-42a8e9657dab (table: Datapath_Binding) {{(pid=87653) notify /opt/stack/neutron/neutron/plugins/ml2/drivers/ovn/mech_driver/ovsdb/ovsdb_monitor.py:1013}}
Jul 28 17:32:29.250353 np0000006032 devstack@neutron-api.service[87653]: DEBUG neutron.plugins.ml2.drivers.ovn.mech_driver.ovsdb.ovsdb_monitor [-] Hash Ring: Node 4f3cb5e7a0f35709aae7cf9cc5899f02 (host: np0000006032) handling event "create" for row 55582a70-38a4-439a-9b71-632b7f14314d (table: Port_Binding) {{(pid=87653) notify /opt/stack/neutron/neutron/plugins/ml2/drivers/ovn/mech_driver/ovsdb/ovsdb_monitor.py:1013}}
Jul 28 17:32:29.251014 np0000006032 devstack@neutron-api.service[87654]: DEBUG neutron.plugins.ml2.drivers.ovn.mech_driver.ovsdb.ovsdb_monitor [-] Hash Ring: Node 94e8fa2416ff5ae3a230f7f0910c3326 (host: np0000006032) handling event "update" for row 111d862d-a96e-4e51-a434-64a9824eb6e1 (table: Logical_Switch_Port) {{(pid=87654) notify /opt/stack/neutron/neutron/plugins/ml2/drivers/ovn/mech_driver/ovsdb/ovsdb_monitor.py:1013}}
Jul 28 17:32:29.252541 np0000006032 devstack@neutron-api.service[87654]: DEBUG neutron.plugins.ml2.drivers.ovn.mech_driver.ovsdb.ovsdb_monitor [-] Hash Ring: Node 94e8fa2416ff5ae3a230f7f0910c3326 (host: np0000006032) handling event "create" for row 0e44272d-7e34-4f1a-af6a-42a8e9657dab (table: Datapath_Binding) {{(pid=87654) notify /opt/stack/neutron/neutron/plugins/ml2/drivers/ovn/mech_driver/ovsdb/ovsdb_monitor.py:1013}}
Jul 28 17:32:29.279647 np0000006032 devstack@neutron-api.service[87655]: INFO neutron.db.ovn_revision_numbers_db [None req-0fd35ff7-ad20-4be8-9b64-2da6da39370a admin admin] Successfully bumped revision number for resource b86ad049-54ad-4aca-abf2-a19c0dfe034a (type: networks) to 1
Jul 28 17:32:29.333176 np0000006032 devstack@neutron-api.service[87655]: DEBUG neutron_lib.callbacks.manager [None req-0fd35ff7-ad20-4be8-9b64-2da6da39370a admin admin] Publish callbacks ['neutron.plugins.ml2.plugin.SecurityGroupDbMixin._ensure_default_security_group_handler-119114'] for port (None), before_create {{(pid=87655) _notify_loop /opt/stack/data/venv/lib/python3.12/site-packages/neutron_lib/callbacks/manager.py:184}}
Jul 28 17:32:29.415819 np0000006032 devstack@neutron-api.service[87655]: DEBUG neutron_lib.callbacks.manager [None req-0fd35ff7-ad20-4be8-9b64-2da6da39370a admin admin] Publish callbacks ['neutron.plugins.ml2.drivers.ovn.mech_driver.mech_driver.OVNMechanismDriver._validate_allowed_address_pairs-464903'] for allowed_address_pair (298eb2ac-3ff6-4bb2-a4e1-cd7d9463469f), before_create {{(pid=87655) _notify_loop /opt/stack/data/venv/lib/python3.12/site-packages/neutron_lib/callbacks/manager.py:184}}
Jul 28 17:32:29.416344 np0000006032 devstack@neutron-api.service[87655]: DEBUG neutron_lib.callbacks.manager [None req-0fd35ff7-ad20-4be8-9b64-2da6da39370a admin admin] Publish callbacks [] for port (298eb2ac-3ff6-4bb2-a4e1-cd7d9463469f), precommit_create {{(pid=87655) _notify_loop /opt/stack/data/venv/lib/python3.12/site-packages/neutron_lib/callbacks/manager.py:184}}
Jul 28 17:32:29.416574 np0000006032 devstack@neutron-api.service[87655]: DEBUG neutron.plugins.ml2.drivers.ovn.mech_driver.mech_driver [None req-0fd35ff7-ad20-4be8-9b64-2da6da39370a admin admin] No provisioning block for port 298eb2ac-3ff6-4bb2-a4e1-cd7d9463469f since it does not have a host {{(pid=87655) _is_port_provisioning_required /opt/stack/neutron/neutron/plugins/ml2/drivers/ovn/mech_driver/mech_driver.py:899}}
Jul 28 17:32:29.416713 np0000006032 devstack@neutron-api.service[87655]: DEBUG neutron.db.ovn_revision_numbers_db [None req-0fd35ff7-ad20-4be8-9b64-2da6da39370a admin admin] create_initial_revision uuid=298eb2ac-3ff6-4bb2-a4e1-cd7d9463469f, type=ports, rev=-1 {{(pid=87655) create_initial_revision /opt/stack/neutron/neutron/db/ovn_revision_numbers_db.py:98}}
Jul 28 17:32:29.655781 np0000006032 devstack@neutron-api.service[87655]: DEBUG neutron_lib.callbacks.manager [None req-0fd35ff7-ad20-4be8-9b64-2da6da39370a admin admin] Publish callbacks ['neutron.plugins.ml2.ovo_rpc._ObjectChangeHandler.handle_event-2553426'] for port (298eb2ac-3ff6-4bb2-a4e1-cd7d9463469f), after_create {{(pid=87655) _notify_loop /opt/stack/data/venv/lib/python3.12/site-packages/neutron_lib/callbacks/manager.py:184}}
Jul 28 17:32:29.704639 np0000006032 devstack@neutron-api.service[87655]: DEBUG neutron.api.rpc.handlers.resources_rpc [None req-0fd35ff7-ad20-4be8-9b64-2da6da39370a admin admin] Pushing event updated for resources: {'Port': ['ID=298eb2ac-3ff6-4bb2-a4e1-cd7d9463469f,revision_number=1']} {{(pid=87655) push /opt/stack/neutron/neutron/api/rpc/handlers/resources_rpc.py:237}}
Jul 28 17:32:29.736594 np0000006032 devstack@neutron-api.service[87655]: DEBUG neutron.plugins.ml2.drivers.ovn.mech_driver.ovsdb.commands [None req-0fd35ff7-ad20-4be8-9b64-2da6da39370a admin admin] Converting tag [] to a tag_request {{(pid=87655) _tag_column_to_tag_request /opt/stack/neutron/neutron/plugins/ml2/drivers/ovn/mech_driver/ovsdb/commands.py:205}}
Jul 28 17:32:29.737449 np0000006032 devstack@neutron-api.service[87655]: DEBUG ovsdbapp.backend.ovs_idl.transaction [-] Running txn n=1 command(idx=0): AddLSwitchPortCommand(_result=None, lport=298eb2ac-3ff6-4bb2-a4e1-cd7d9463469f, lswitch=neutron-b86ad049-54ad-4aca-abf2-a19c0dfe034a, may_exist=True, network_uuid=b86ad049-54ad-4aca-abf2-a19c0dfe034a, columns={'addresses': ['fa:16:3e:38:1e:1d'], 'external_ids': {'neutron:port_name': '', 'neutron:device_id': 'ovnmeta-b86ad049-54ad-4aca-abf2-a19c0dfe034a', 'neutron:project_id': 'a3a4d2cf2c66409a8782bf6a8f75babe', 'neutron:cidrs': '', 'neutron:device_owner': 'network:distributed', 'neutron:subnet_pool_addr_scope4': '', 'neutron:subnet_pool_addr_scope6': '', 'neutron:network_name': 'neutron-b86ad049-54ad-4aca-abf2-a19c0dfe034a', 'neutron:security_group_ids': '', 'neutron:revision_number': '1', 'neutron:vnic_type': 'normal', 'neutron:port_capabilities': '', 'neutron:mtu': '1430'}, 'parent_name': [], 'enabled': True, 'options': {}, 'type': 'localport', 'port_security': [], 'dhcpv4_options': [], 'dhcpv6_options': [], 'tag_request': []}) {{(pid=87655) do_commit /opt/stack/data/venv/lib/python3.12/site-packages/ovsdbapp/backend/ovs_idl/transaction.py:89}}
Jul 28 17:32:29.737996 np0000006032 devstack@neutron-api.service[87655]: DEBUG ovsdbapp.backend.ovs_idl.transaction [-] Running txn n=1 command(idx=1): QoSDelCommand(_result=None, switch=neutron-b86ad049-54ad-4aca-abf2-a19c0dfe034a, conditions=[('direction', '=', 'to-lport'), ('priority', '=', 2002), ('match', '=', 'outport == "298eb2ac-3ff6-4bb2-a4e1-cd7d9463469f"')], if_exists=True) {{(pid=87655) do_commit /opt/stack/data/venv/lib/python3.12/site-packages/ovsdbapp/backend/ovs_idl/transaction.py:89}}
Jul 28 17:32:29.738200 np0000006032 devstack@neutron-api.service[87655]: DEBUG ovsdbapp.backend.ovs_idl.transaction [-] Running txn n=1 command(idx=2): QoSDelCommand(_result=None, switch=neutron-b86ad049-54ad-4aca-abf2-a19c0dfe034a, conditions=[('direction', '=', 'from-lport'), ('priority', '=', 2002), ('match', '=', 'inport == "298eb2ac-3ff6-4bb2-a4e1-cd7d9463469f"')], if_exists=True) {{(pid=87655) do_commit /opt/stack/data/venv/lib/python3.12/site-packages/ovsdbapp/backend/ovs_idl/transaction.py:89}}
Jul 28 17:32:29.738399 np0000006032 devstack@neutron-api.service[87655]: DEBUG ovsdbapp.backend.ovs_idl.transaction [-] Running txn n=1 command(idx=3): UpdateLSwitchPortQosOptionsCommand(_result=None, lport=AddLSwitchPortCommand(_result=ee445d32-3b44-4cb3-9399-35e3ce203a20, lport=298eb2ac-3ff6-4bb2-a4e1-cd7d9463469f, lswitch=neutron-b86ad049-54ad-4aca-abf2-a19c0dfe034a, may_exist=True, network_uuid=b86ad049-54ad-4aca-abf2-a19c0dfe034a, columns={'addresses': ['fa:16:3e:38:1e:1d'], 'external_ids': {'neutron:port_name': '', 'neutron:device_id': 'ovnmeta-b86ad049-54ad-4aca-abf2-a19c0dfe034a', 'neutron:project_id': 'a3a4d2cf2c66409a8782bf6a8f75babe', 'neutron:cidrs': '', 'neutron:device_owner': 'network:distributed', 'neutron:subnet_pool_addr_scope4': '', 'neutron:subnet_pool_addr_scope6': '', 'neutron:network_name': 'neutron-b86ad049-54ad-4aca-abf2-a19c0dfe034a', 'neutron:security_group_ids': '', 'neutron:revision_number': '1', 'neutron:vnic_type': 'normal', 'neutron:port_capabilities': '', 'neutron:mtu': '1430'}, 'parent_name': [], 'enabled': True, 'options': {}, 'type': 'localport', 'port_security': [], 'tag_request': []}), if_exists=True, qos={'qos_max_rate': None, 'qos_burst': None, 'qos_min_rate': None}) {{(pid=87655) do_commit /opt/stack/data/venv/lib/python3.12/site-packages/ovsdbapp/backend/ovs_idl/transaction.py:89}}
Jul 28 17:32:29.741306 np0000006032 devstack@neutron-api.service[87655]: DEBUG neutron.plugins.ml2.drivers.ovn.mech_driver.ovsdb.ovsdb_monitor [-] Hash Ring: Node dd8eccb14a585c1da90dfaa96a16cb8b (host: np0000006032) handling event "update" for row b86ad049-54ad-4aca-abf2-a19c0dfe034a (table: Logical_Switch) {{(pid=87655) notify /opt/stack/neutron/neutron/plugins/ml2/drivers/ovn/mech_driver/ovsdb/ovsdb_monitor.py:1013}}
Jul 28 17:32:29.744378 np0000006032 devstack@neutron-api.service[87653]: DEBUG neutron.plugins.ml2.drivers.ovn.mech_driver.ovsdb.ovsdb_monitor [-] Hash Ring: Node 4f3cb5e7a0f35709aae7cf9cc5899f02 (host: np0000006032) handling event "update" for row b86ad049-54ad-4aca-abf2-a19c0dfe034a (table: Logical_Switch) {{(pid=87653) notify /opt/stack/neutron/neutron/plugins/ml2/drivers/ovn/mech_driver/ovsdb/ovsdb_monitor.py:1013}}
Jul 28 17:32:29.745707 np0000006032 devstack@neutron-api.service[87653]: DEBUG neutron.plugins.ml2.drivers.ovn.mech_driver.ovsdb.ovsdb_monitor [-] Hash Ring: Node 4f3cb5e7a0f35709aae7cf9cc5899f02 (host: np0000006032) handling event "create" for row c1862dbb-3c2e-4a8b-9875-61282bcf85b4 (table: Logical_Switch_Port) {{(pid=87653) notify /opt/stack/neutron/neutron/plugins/ml2/drivers/ovn/mech_driver/ovsdb/ovsdb_monitor.py:1013}}
Jul 28 17:32:29.746661 np0000006032 devstack@neutron-api.service[87653]: DEBUG ovsdbapp.backend.ovs_idl.event [-] Matched CREATE: LogicalSwitchPortCreateEvent(events=('create',), table='Logical_Switch_Port', conditions=[], old_conditions=None), priority=20 to row=Logical_Switch_Port(uuid=c1862dbb-3c2e-4a8b-9875-61282bcf85b4, addresses=['fa:16:3e:38:1e:1d'], dhcpv4_options=[], dhcpv6_options=[], dynamic_addresses=[], enabled=True, external_ids={'neutron:cidrs': '', 'neutron:device_id': 'ovnmeta-b86ad049-54ad-4aca-abf2-a19c0dfe034a', 'neutron:device_owner': 'network:distributed', 'neutron:mtu': '1430', 'neutron:network_name': 'neutron-b86ad049-54ad-4aca-abf2-a19c0dfe034a', 'neutron:port_capabilities': '', 'neutron:port_name': '', 'neutron:project_id': 'a3a4d2cf2c66409a8782bf6a8f75babe', 'neutron:revision_number': '1', 'neutron:security_group_ids': '', 'neutron:subnet_pool_addr_scope4': '', 'neutron:subnet_pool_addr_scope6': '', 'neutron:vnic_type': 'normal'}, ha_chassis_group=[], mirror_rules=[], name='298eb2ac-3ff6-4bb2-a4e1-cd7d9463469f', options={}, parent_name=[], port_security=[], tag=[], tag_request=[], type='localport', up=[]) old= {{(pid=87653) matches /opt/stack/data/venv/lib/python3.12/site-packages/ovsdbapp/backend/ovs_idl/event.py:55}}
Jul 28 17:32:29.747307 np0000006032 devstack@neutron-api.service[87653]: INFO neutron.plugins.ml2.drivers.ovn.mech_driver.mech_driver [None req-a63cb390-ab5e-4a1d-9dd4-408e64487d24 None None] OVN reports status down for port: 298eb2ac-3ff6-4bb2-a4e1-cd7d9463469f
Jul 28 17:32:29.748536 np0000006032 devstack@neutron-api.service[87654]: DEBUG neutron.plugins.ml2.drivers.ovn.mech_driver.ovsdb.ovsdb_monitor [-] Hash Ring: Node 94e8fa2416ff5ae3a230f7f0910c3326 (host: np0000006032) handling event "create" for row c1862dbb-3c2e-4a8b-9875-61282bcf85b4 (table: Logical_Switch_Port) {{(pid=87654) notify /opt/stack/neutron/neutron/plugins/ml2/drivers/ovn/mech_driver/ovsdb/ovsdb_monitor.py:1013}}
Jul 28 17:32:29.748809 np0000006032 devstack@neutron-api.service[87653]: DEBUG neutron.plugins.ml2.drivers.ovn.mech_driver.ovsdb.ovsdb_monitor [-] Hash Ring: Node 4f3cb5e7a0f35709aae7cf9cc5899f02 (host: np0000006032) handling event "create" for row 3891b6ab-48bb-4fd7-96b9-b851135cee5b (table: Port_Binding) {{(pid=87653) notify /opt/stack/neutron/neutron/plugins/ml2/drivers/ovn/mech_driver/ovsdb/ovsdb_monitor.py:1013}}
Jul 28 17:32:29.749784 np0000006032 devstack@neutron-api.service[87654]: DEBUG ovsdbapp.backend.ovs_idl.event [-] Matched CREATE: LogicalSwitchPortCreateEvent(events=('create',), table='Logical_Switch_Port', conditions=[], old_conditions=None), priority=20 to row=Logical_Switch_Port(uuid=c1862dbb-3c2e-4a8b-9875-61282bcf85b4, addresses=['fa:16:3e:38:1e:1d'], dhcpv4_options=[], dhcpv6_options=[], dynamic_addresses=[], enabled=True, external_ids={'neutron:cidrs': '', 'neutron:device_id': 'ovnmeta-b86ad049-54ad-4aca-abf2-a19c0dfe034a', 'neutron:device_owner': 'network:distributed', 'neutron:mtu': '1430', 'neutron:network_name': 'neutron-b86ad049-54ad-4aca-abf2-a19c0dfe034a', 'neutron:port_capabilities': '', 'neutron:port_name': '', 'neutron:project_id': 'a3a4d2cf2c66409a8782bf6a8f75babe', 'neutron:revision_number': '1', 'neutron:security_group_ids': '', 'neutron:subnet_pool_addr_scope4': '', 'neutron:subnet_pool_addr_scope6': '', 'neutron:vnic_type': 'normal'}, ha_chassis_group=[], mirror_rules=[], name='298eb2ac-3ff6-4bb2-a4e1-cd7d9463469f', options={}, parent_name=[], port_security=[], tag=[], tag_request=[], type='localport', up=[]) old= {{(pid=87654) matches /opt/stack/data/venv/lib/python3.12/site-packages/ovsdbapp/backend/ovs_idl/event.py:55}}
Jul 28 17:32:29.751085 np0000006032 devstack@neutron-api.service[87654]: INFO neutron.plugins.ml2.drivers.ovn.mech_driver.mech_driver [-] OVN reports status down for port: 298eb2ac-3ff6-4bb2-a4e1-cd7d9463469f
Jul 28 17:32:29.751410 np0000006032 devstack@neutron-api.service[87653]: DEBUG neutron.plugins.ml2.drivers.ovn.mech_driver.ovsdb.ovsdb_monitor [-] Hash Ring: Node 4f3cb5e7a0f35709aae7cf9cc5899f02 (host: np0000006032) handling event "update" for row c1862dbb-3c2e-4a8b-9875-61282bcf85b4 (table: Logical_Switch_Port) {{(pid=87653) notify /opt/stack/neutron/neutron/plugins/ml2/drivers/ovn/mech_driver/ovsdb/ovsdb_monitor.py:1013}}
Jul 28 17:32:29.752381 np0000006032 devstack@neutron-api.service[87654]: DEBUG neutron.plugins.ml2.drivers.ovn.mech_driver.ovsdb.ovsdb_monitor [-] Hash Ring: Node 94e8fa2416ff5ae3a230f7f0910c3326 (host: np0000006032) handling event "update" for row c1862dbb-3c2e-4a8b-9875-61282bcf85b4 (table: Logical_Switch_Port) {{(pid=87654) notify /opt/stack/neutron/neutron/plugins/ml2/drivers/ovn/mech_driver/ovsdb/ovsdb_monitor.py:1013}}
Jul 28 17:32:29.758212 np0000006032 devstack@neutron-api.service[87655]: DEBUG neutron.plugins.ml2.drivers.ovn.mech_driver.ovsdb.ovsdb_monitor [-] Hash Ring: Node dd8eccb14a585c1da90dfaa96a16cb8b (host: np0000006032) handling event "create" for row 3891b6ab-48bb-4fd7-96b9-b851135cee5b (table: Port_Binding) {{(pid=87655) notify /opt/stack/neutron/neutron/plugins/ml2/drivers/ovn/mech_driver/ovsdb/ovsdb_monitor.py:1013}}
Jul 28 17:32:29.772315 np0000006032 devstack@neutron-api.service[87653]: DEBUG neutron.db.provisioning_blocks [None req-a63cb390-ab5e-4a1d-9dd4-408e64487d24 None None] Transition to ACTIVE for port object 298eb2ac-3ff6-4bb2-a4e1-cd7d9463469f will not be triggered until provisioned by entity L2. {{(pid=87653) add_provisioning_component /opt/stack/neutron/neutron/db/provisioning_blocks.py:74}}
Jul 28 17:32:29.784858 np0000006032 devstack@neutron-api.service[87655]: INFO neutron.db.ovn_revision_numbers_db [None req-0fd35ff7-ad20-4be8-9b64-2da6da39370a admin admin] Successfully bumped revision number for resource 298eb2ac-3ff6-4bb2-a4e1-cd7d9463469f (type: ports) to 1
Jul 28 17:32:29.794489 np0000006032 devstack@neutron-api.service[87653]: DEBUG neutron.plugins.ml2.plugin [None req-a63cb390-ab5e-4a1d-9dd4-408e64487d24 None None] Current status of the port 298eb2ac-3ff6-4bb2-a4e1-cd7d9463469f is: DOWN; New status is: DOWN {{(pid=87653) _update_individual_port_db_status /opt/stack/neutron/neutron/plugins/ml2/plugin.py:2473}}
Jul 28 17:32:29.795019 np0000006032 devstack@neutron-api.service[87655]: DEBUG neutron.pecan_wsgi.hooks.policy_enforcement [None req-0fd35ff7-ad20-4be8-9b64-2da6da39370a admin admin] Attributes excluded by policy engine: ['standard_attr_id'] {{(pid=87655) _exclude_attributes_by_policy /opt/stack/neutron/neutron/pecan_wsgi/hooks/policy_enforcement.py:259}}
Jul 28 17:32:29.795399 np0000006032 devstack@neutron-api.service[87655]: DEBUG neutron_lib.callbacks.manager [None req-0fd35ff7-ad20-4be8-9b64-2da6da39370a admin admin] Publish callbacks [] for network (None), before_response {{(pid=87655) _notify_loop /opt/stack/data/venv/lib/python3.12/site-packages/neutron_lib/callbacks/manager.py:184}}
Jul 28 17:32:29.795450 np0000006032 devstack@neutron-api.service[87653]: DEBUG ovsdbapp.backend.ovs_idl.transaction [-] Running txn n=1 command(idx=0): DbRemoveCommand(_result=None, table=Logical_Switch_Port, record=298eb2ac-3ff6-4bb2-a4e1-cd7d9463469f, column=external_ids, values=('neutron:host_id',), keyvalues={}, if_exists=True) {{(pid=87653) do_commit /opt/stack/data/venv/lib/python3.12/site-packages/ovsdbapp/backend/ovs_idl/transaction.py:89}}
Jul 28 17:32:29.803364 np0000006032 devstack@neutron-api.service[87654]: DEBUG neutron.db.provisioning_blocks [None req-a0566433-1536-431e-8dba-02b022876a7f None None] Ignored duplicate provisioning block setup for port 298eb2ac-3ff6-4bb2-a4e1-cd7d9463469f by entity L2. {{(pid=87654) add_provisioning_component /opt/stack/neutron/neutron/db/provisioning_blocks.py:69}}
Jul 28 17:32:29.806221 np0000006032 devstack@neutron-api.service[87655]: [pid: 87655|app: 0|req: 5/16] 10.4.3.102 () {68 vars in 1327 bytes} [Tue Jul 28 17:32:29 2026] POST /networking/v2.0/networks => generated 679 bytes in 778 msecs (HTTP/1.1 201) 4 headers in 162 bytes (1 switches on core 0)
Jul 28 17:32:29.837207 np0000006032 devstack@neutron-api.service[87654]: DEBUG neutron.plugins.ml2.plugin [None req-a0566433-1536-431e-8dba-02b022876a7f None None] Current status of the port 298eb2ac-3ff6-4bb2-a4e1-cd7d9463469f is: DOWN; New status is: DOWN {{(pid=87654) _update_individual_port_db_status /opt/stack/neutron/neutron/plugins/ml2/plugin.py:2473}}
Jul 28 17:32:29.837459 np0000006032 devstack@neutron-api.service[87654]: INFO neutron.plugins.ml2.drivers.ovn.mech_driver.ovsdb.extensions.qos [None req-a0566433-1536-431e-8dba-02b022876a7f None None] Starting OVNClientQosExtension
Jul 28 17:32:29.837597 np0000006032 devstack@neutron-api.service[87654]: INFO neutron.plugins.ml2.drivers.ovn.mech_driver.ovsdb.extensions.placement [None req-a0566433-1536-431e-8dba-02b022876a7f None None] Starting OVNClientPlacementExtension
Jul 28 17:32:29.838468 np0000006032 devstack@neutron-api.service[87654]: DEBUG ovsdbapp.backend.ovs_idl.transaction [-] Running txn n=1 command(idx=0): DbRemoveCommand(_result=None, table=Logical_Switch_Port, record=298eb2ac-3ff6-4bb2-a4e1-cd7d9463469f, column=external_ids, values=('neutron:host_id',), keyvalues={}, if_exists=True) {{(pid=87654) do_commit /opt/stack/data/venv/lib/python3.12/site-packages/ovsdbapp/backend/ovs_idl/transaction.py:89}}
Jul 28 17:32:30.043419 np0000006032 devstack@neutron-api.service[87653]: DEBUG neutron.pecan_wsgi.hooks.policy_enforcement [None req-d67bf276-8647-4709-be09-bc3354bcb367 admin admin] Attributes excluded by policy engine: ['standard_attr_id', 'shared'] {{(pid=87653) _exclude_attributes_by_policy /opt/stack/neutron/neutron/pecan_wsgi/hooks/policy_enforcement.py:259}}
Jul 28 17:32:30.043721 np0000006032 devstack@neutron-api.service[87653]: [pid: 87653|app: 0|req: 7/17] 10.4.3.102 () {64 vars in 1381 bytes} [Tue Jul 28 17:32:30 2026] GET /networking/v2.0/subnets/5e2c11f8-59eb-4fd1-9ed5-5a6d15d9ea55 => generated 666 bytes in 20 msecs (HTTP/1.1 200) 4 headers in 157 bytes (1 switches on core 0)
Jul 28 17:32:30.054597 np0000006032 devstack@neutron-api.service[87654]: DEBUG neutron.api.wsgi [None req-2e7d2b9f-1ec5-4f89-a2b5-555007cc46f7 admin admin] Missing Content-Type {{(pid=87654) get_content_type /opt/stack/neutron/neutron/api/wsgi.py:80}}
Jul 28 17:32:30.303655 np0000006032 devstack@neutron-api.service[87654]: [pid: 87654|app: 0|req: 6/18] 10.4.3.102 () {64 vars in 1381 bytes} [Tue Jul 28 17:32:30 2026] GET /networking/v2.0/routers/8422593c-f35c-4def-ba5a-fd7eadc00a51 => generated 599 bytes in 251 msecs (HTTP/1.1 200) 4 headers in 157 bytes (1 switches on core 0)
Jul 28 17:32:30.437371 np0000006032 devstack@neutron-api.service[87655]: DEBUG neutron_lib.callbacks.manager [None req-c99b7d1d-94d3-4158-bc41-27b6f332a143 admin admin] Publish callbacks ['neutron.plugins.ml2.plugin.SecurityGroupDbMixin._ensure_default_security_group_handler-119114'] for port (None), before_create {{(pid=87655) _notify_loop /opt/stack/data/venv/lib/python3.12/site-packages/neutron_lib/callbacks/manager.py:184}}
Jul 28 17:32:30.530835 np0000006032 devstack@neutron-api.service[87655]: DEBUG neutron.db.db_base_plugin_common [None req-c99b7d1d-94d3-4158-bc41-27b6f332a143 admin admin] Allocated IP 10.1.0.1 (b48fbb8a-35bd-41bc-a56f-a386643399e5/5e2c11f8-59eb-4fd1-9ed5-5a6d15d9ea55/d58ae12b-2a52-4802-953d-8596992f97ec) {{(pid=87655) _store_ip_allocation /opt/stack/neutron/neutron/db/db_base_plugin_common.py:131}}
Jul 28 17:32:30.591024 np0000006032 devstack@neutron-api.service[87655]: DEBUG neutron_lib.callbacks.manager [None req-c99b7d1d-94d3-4158-bc41-27b6f332a143 admin admin] Publish callbacks ['neutron.plugins.ml2.drivers.ovn.mech_driver.mech_driver.OVNMechanismDriver._validate_allowed_address_pairs-464903'] for allowed_address_pair (d58ae12b-2a52-4802-953d-8596992f97ec), before_create {{(pid=87655) _notify_loop /opt/stack/data/venv/lib/python3.12/site-packages/neutron_lib/callbacks/manager.py:184}}
Jul 28 17:32:30.591652 np0000006032 devstack@neutron-api.service[87655]: DEBUG neutron_lib.callbacks.manager [None req-c99b7d1d-94d3-4158-bc41-27b6f332a143 admin admin] Publish callbacks [] for port (d58ae12b-2a52-4802-953d-8596992f97ec), precommit_create {{(pid=87655) _notify_loop /opt/stack/data/venv/lib/python3.12/site-packages/neutron_lib/callbacks/manager.py:184}}
Jul 28 17:32:30.591864 np0000006032 devstack@neutron-api.service[87655]: DEBUG neutron.plugins.ml2.drivers.ovn.mech_driver.mech_driver [None req-c99b7d1d-94d3-4158-bc41-27b6f332a143 admin admin] No provisioning block for port d58ae12b-2a52-4802-953d-8596992f97ec since it does not have a host {{(pid=87655) _is_port_provisioning_required /opt/stack/neutron/neutron/plugins/ml2/drivers/ovn/mech_driver/mech_driver.py:899}}
Jul 28 17:32:30.591977 np0000006032 devstack@neutron-api.service[87655]: DEBUG neutron.db.ovn_revision_numbers_db [None req-c99b7d1d-94d3-4158-bc41-27b6f332a143 admin admin] create_initial_revision uuid=d58ae12b-2a52-4802-953d-8596992f97ec, type=ports, rev=-1 {{(pid=87655) create_initial_revision /opt/stack/neutron/neutron/db/ovn_revision_numbers_db.py:98}}
Jul 28 17:32:30.653823 np0000006032 devstack@neutron-api.service[87655]: DEBUG neutron.db.ovn_revision_numbers_db [None req-c99b7d1d-94d3-4158-bc41-27b6f332a143 admin admin] create_initial_revision uuid=d58ae12b-2a52-4802-953d-8596992f97ec, type=router_ports, rev=-1 {{(pid=87655) create_initial_revision /opt/stack/neutron/neutron/db/ovn_revision_numbers_db.py:98}}
Jul 28 17:32:30.677348 np0000006032 devstack@neutron-api.service[87655]: DEBUG neutron_lib.callbacks.manager [None req-c99b7d1d-94d3-4158-bc41-27b6f332a143 admin admin] Publish callbacks ['neutron.plugins.ml2.ovo_rpc._ObjectChangeHandler.handle_event-2553426'] for port (d58ae12b-2a52-4802-953d-8596992f97ec), after_create {{(pid=87655) _notify_loop /opt/stack/data/venv/lib/python3.12/site-packages/neutron_lib/callbacks/manager.py:184}}
Jul 28 17:32:30.697236 np0000006032 devstack@neutron-api.service[87655]: DEBUG neutron.api.rpc.handlers.resources_rpc [None req-c99b7d1d-94d3-4158-bc41-27b6f332a143 admin admin] Pushing event updated for resources: {'Port': ['ID=d58ae12b-2a52-4802-953d-8596992f97ec,revision_number=1']} {{(pid=87655) push /opt/stack/neutron/neutron/api/rpc/handlers/resources_rpc.py:237}}
Jul 28 17:32:30.748377 np0000006032 devstack@neutron-api.service[87655]: DEBUG neutron.plugins.ml2.drivers.ovn.mech_driver.ovsdb.commands [None req-c99b7d1d-94d3-4158-bc41-27b6f332a143 admin admin] Converting tag [] to a tag_request {{(pid=87655) _tag_column_to_tag_request /opt/stack/neutron/neutron/plugins/ml2/drivers/ovn/mech_driver/ovsdb/commands.py:205}}
Jul 28 17:32:30.749072 np0000006032 devstack@neutron-api.service[87655]: DEBUG ovsdbapp.backend.ovs_idl.transaction [-] Running txn n=1 command(idx=0): AddLSwitchPortCommand(_result=None, lport=d58ae12b-2a52-4802-953d-8596992f97ec, lswitch=neutron-b48fbb8a-35bd-41bc-a56f-a386643399e5, may_exist=True, network_uuid=b48fbb8a-35bd-41bc-a56f-a386643399e5, columns={'addresses': ['unknown'], 'external_ids': {'neutron:port_name': '', 'neutron:device_id': '8422593c-f35c-4def-ba5a-fd7eadc00a51', 'neutron:project_id': 'a3a4d2cf2c66409a8782bf6a8f75babe', 'neutron:cidrs': '10.1.0.1/26', 'neutron:device_owner': 'network:router_interface', 'neutron:subnet_pool_addr_scope4': '', 'neutron:subnet_pool_addr_scope6': '', 'neutron:network_name': 'neutron-b48fbb8a-35bd-41bc-a56f-a386643399e5', 'neutron:security_group_ids': '', 'neutron:revision_number': '1', 'neutron:vnic_type': 'normal', 'neutron:port_capabilities': '', 'neutron:mtu': ''}, 'parent_name': [], 'enabled': True, 'options': {}, 'type': '', 'port_security': [], 'dhcpv4_options': [], 'dhcpv6_options': [], 'tag_request': []}) {{(pid=87655) do_commit /opt/stack/data/venv/lib/python3.12/site-packages/ovsdbapp/backend/ovs_idl/transaction.py:89}}
Jul 28 17:32:30.749611 np0000006032 devstack@neutron-api.service[87655]: DEBUG ovsdbapp.backend.ovs_idl.transaction [-] Running txn n=1 command(idx=1): QoSDelCommand(_result=None, switch=neutron-b48fbb8a-35bd-41bc-a56f-a386643399e5, conditions=[('direction', '=', 'to-lport'), ('priority', '=', 2002), ('match', '=', 'outport == "d58ae12b-2a52-4802-953d-8596992f97ec"')], if_exists=True) {{(pid=87655) do_commit /opt/stack/data/venv/lib/python3.12/site-packages/ovsdbapp/backend/ovs_idl/transaction.py:89}}
Jul 28 17:32:30.749802 np0000006032 devstack@neutron-api.service[87655]: DEBUG ovsdbapp.backend.ovs_idl.transaction [-] Running txn n=1 command(idx=2): QoSDelCommand(_result=None, switch=neutron-b48fbb8a-35bd-41bc-a56f-a386643399e5, conditions=[('direction', '=', 'from-lport'), ('priority', '=', 2002), ('match', '=', 'inport == "d58ae12b-2a52-4802-953d-8596992f97ec"')], if_exists=True) {{(pid=87655) do_commit /opt/stack/data/venv/lib/python3.12/site-packages/ovsdbapp/backend/ovs_idl/transaction.py:89}}
Jul 28 17:32:30.768778 np0000006032 devstack@neutron-api.service[87653]: DEBUG neutron.plugins.ml2.drivers.ovn.mech_driver.ovsdb.ovsdb_monitor [-] Hash Ring: Node 4f3cb5e7a0f35709aae7cf9cc5899f02 (host: np0000006032) handling event "update" for row b48fbb8a-35bd-41bc-a56f-a386643399e5 (table: Logical_Switch) {{(pid=87653) notify /opt/stack/neutron/neutron/plugins/ml2/drivers/ovn/mech_driver/ovsdb/ovsdb_monitor.py:1013}}
Jul 28 17:32:30.768778 np0000006032 devstack@neutron-api.service[87653]: DEBUG neutron.plugins.ml2.drivers.ovn.mech_driver.ovsdb.ovsdb_monitor [-] Hash Ring: Node 4f3cb5e7a0f35709aae7cf9cc5899f02 (host: np0000006032) handling event "create" for row 3a0229b9-2503-48cb-8241-7a18b9c87d11 (table: Logical_Switch_Port) {{(pid=87653) notify /opt/stack/neutron/neutron/plugins/ml2/drivers/ovn/mech_driver/ovsdb/ovsdb_monitor.py:1013}}
Jul 28 17:32:30.769580 np0000006032 devstack@neutron-api.service[87653]: DEBUG ovsdbapp.backend.ovs_idl.event [-] Matched CREATE: LogicalSwitchPortCreateEvent(events=('create',), table='Logical_Switch_Port', conditions=[], old_conditions=None), priority=20 to row=Logical_Switch_Port(uuid=3a0229b9-2503-48cb-8241-7a18b9c87d11, addresses=['unknown'], dhcpv4_options=[], dhcpv6_options=[], dynamic_addresses=[], enabled=True, external_ids={'neutron:cidrs': '10.1.0.1/26', 'neutron:device_id': '8422593c-f35c-4def-ba5a-fd7eadc00a51', 'neutron:device_owner': 'network:router_interface', 'neutron:mtu': '', 'neutron:network_name': 'neutron-b48fbb8a-35bd-41bc-a56f-a386643399e5', 'neutron:port_capabilities': '', 'neutron:port_name': '', 'neutron:project_id': 'a3a4d2cf2c66409a8782bf6a8f75babe', 'neutron:revision_number': '1', 'neutron:security_group_ids': '', 'neutron:subnet_pool_addr_scope4': '', 'neutron:subnet_pool_addr_scope6': '', 'neutron:vnic_type': 'normal'}, ha_chassis_group=[], mirror_rules=[], name='d58ae12b-2a52-4802-953d-8596992f97ec', options={}, parent_name=[], port_security=[], tag=[], tag_request=[], type='', up=[]) old= {{(pid=87653) matches /opt/stack/data/venv/lib/python3.12/site-packages/ovsdbapp/backend/ovs_idl/event.py:55}}
Jul 28 17:32:30.770996 np0000006032 devstack@neutron-api.service[87653]: INFO neutron.plugins.ml2.drivers.ovn.mech_driver.mech_driver [None req-a63cb390-ab5e-4a1d-9dd4-408e64487d24 None None] OVN reports status down for port: d58ae12b-2a52-4802-953d-8596992f97ec
Jul 28 17:32:30.772347 np0000006032 devstack@neutron-api.service[87654]: DEBUG neutron.plugins.ml2.drivers.ovn.mech_driver.ovsdb.ovsdb_monitor [-] Hash Ring: Node 94e8fa2416ff5ae3a230f7f0910c3326 (host: np0000006032) handling event "update" for row b48fbb8a-35bd-41bc-a56f-a386643399e5 (table: Logical_Switch) {{(pid=87654) notify /opt/stack/neutron/neutron/plugins/ml2/drivers/ovn/mech_driver/ovsdb/ovsdb_monitor.py:1013}}
Jul 28 17:32:30.772813 np0000006032 devstack@neutron-api.service[87654]: DEBUG neutron.plugins.ml2.drivers.ovn.mech_driver.ovsdb.ovsdb_monitor [-] Hash Ring: Node 94e8fa2416ff5ae3a230f7f0910c3326 (host: np0000006032) handling event "create" for row 3a0229b9-2503-48cb-8241-7a18b9c87d11 (table: Logical_Switch_Port) {{(pid=87654) notify /opt/stack/neutron/neutron/plugins/ml2/drivers/ovn/mech_driver/ovsdb/ovsdb_monitor.py:1013}}
Jul 28 17:32:30.773947 np0000006032 devstack@neutron-api.service[87654]: DEBUG ovsdbapp.backend.ovs_idl.event [-] Matched CREATE: LogicalSwitchPortCreateEvent(events=('create',), table='Logical_Switch_Port', conditions=[], old_conditions=None), priority=20 to row=Logical_Switch_Port(uuid=3a0229b9-2503-48cb-8241-7a18b9c87d11, addresses=['unknown'], dhcpv4_options=[], dhcpv6_options=[], dynamic_addresses=[], enabled=True, external_ids={'neutron:cidrs': '10.1.0.1/26', 'neutron:device_id': '8422593c-f35c-4def-ba5a-fd7eadc00a51', 'neutron:device_owner': 'network:router_interface', 'neutron:mtu': '', 'neutron:network_name': 'neutron-b48fbb8a-35bd-41bc-a56f-a386643399e5', 'neutron:port_capabilities': '', 'neutron:port_name': '', 'neutron:project_id': 'a3a4d2cf2c66409a8782bf6a8f75babe', 'neutron:revision_number': '1', 'neutron:security_group_ids': '', 'neutron:subnet_pool_addr_scope4': '', 'neutron:subnet_pool_addr_scope6': '', 'neutron:vnic_type': 'normal'}, ha_chassis_group=[], mirror_rules=[], name='d58ae12b-2a52-4802-953d-8596992f97ec', options={}, parent_name=[], port_security=[], tag=[], tag_request=[], type='', up=[]) old= {{(pid=87654) matches /opt/stack/data/venv/lib/python3.12/site-packages/ovsdbapp/backend/ovs_idl/event.py:55}}
Jul 28 17:32:30.774854 np0000006032 devstack@neutron-api.service[87653]: DEBUG neutron.plugins.ml2.drivers.ovn.mech_driver.ovsdb.ovsdb_monitor [-] Hash Ring: Node 4f3cb5e7a0f35709aae7cf9cc5899f02 (host: np0000006032) handling event "update" for row 3a0229b9-2503-48cb-8241-7a18b9c87d11 (table: Logical_Switch_Port) {{(pid=87653) notify /opt/stack/neutron/neutron/plugins/ml2/drivers/ovn/mech_driver/ovsdb/ovsdb_monitor.py:1013}}
Jul 28 17:32:30.775896 np0000006032 devstack@neutron-api.service[87654]: INFO neutron.plugins.ml2.drivers.ovn.mech_driver.mech_driver [None req-a0566433-1536-431e-8dba-02b022876a7f None None] OVN reports status down for port: d58ae12b-2a52-4802-953d-8596992f97ec
Jul 28 17:32:30.777190 np0000006032 devstack@neutron-api.service[87654]: DEBUG neutron.plugins.ml2.drivers.ovn.mech_driver.ovsdb.ovsdb_monitor [-] Hash Ring: Node 94e8fa2416ff5ae3a230f7f0910c3326 (host: np0000006032) handling event "update" for row 3a0229b9-2503-48cb-8241-7a18b9c87d11 (table: Logical_Switch_Port) {{(pid=87654) notify /opt/stack/neutron/neutron/plugins/ml2/drivers/ovn/mech_driver/ovsdb/ovsdb_monitor.py:1013}}
Jul 28 17:32:30.777977 np0000006032 devstack@neutron-api.service[87653]: DEBUG neutron.plugins.ml2.drivers.ovn.mech_driver.ovsdb.ovsdb_monitor [-] Hash Ring: Node 4f3cb5e7a0f35709aae7cf9cc5899f02 (host: np0000006032) handling event "create" for row e79efb08-119a-444a-98a5-1b4d136f5a76 (table: Port_Binding) {{(pid=87653) notify /opt/stack/neutron/neutron/plugins/ml2/drivers/ovn/mech_driver/ovsdb/ovsdb_monitor.py:1013}}
Jul 28 17:32:30.795289 np0000006032 devstack@neutron-api.service[87655]: INFO neutron.db.ovn_revision_numbers_db [None req-c99b7d1d-94d3-4158-bc41-27b6f332a143 admin admin] Successfully bumped revision number for resource d58ae12b-2a52-4802-953d-8596992f97ec (type: ports) to 1
Jul 28 17:32:30.796578 np0000006032 devstack@neutron-api.service[87653]: DEBUG neutron.db.provisioning_blocks [None req-a63cb390-ab5e-4a1d-9dd4-408e64487d24 None None] Transition to ACTIVE for port object d58ae12b-2a52-4802-953d-8596992f97ec will not be triggered until provisioned by entity L2. {{(pid=87653) add_provisioning_component /opt/stack/neutron/neutron/db/provisioning_blocks.py:74}}
Jul 28 17:32:30.798458 np0000006032 devstack@neutron-api.service[87655]: DEBUG neutron_lib.callbacks.manager [None req-c99b7d1d-94d3-4158-bc41-27b6f332a143 admin admin] Publish callbacks [] for router_interface (8422593c-f35c-4def-ba5a-fd7eadc00a51), before_create {{(pid=87655) _notify_loop /opt/stack/data/venv/lib/python3.12/site-packages/neutron_lib/callbacks/manager.py:184}}
Jul 28 17:32:30.801321 np0000006032 devstack@neutron-api.service[87654]: DEBUG neutron_lib.db.api [None req-a0566433-1536-431e-8dba-02b022876a7f None None] Retry wrapper got retriable exception: Failed to create a duplicate ProvisioningBlock: for attribute(s) ['provisioningblocks.PRIMARY'] with value(s) 21-L2 {{(pid=87654) wrapped /opt/stack/data/venv/lib/python3.12/site-packages/neutron_lib/db/api.py:185}}
