Jul 19 22:44:24.649420 np0000005471 devstack@g-api.service[99698]: DEBUG glance.api.middleware.version_negotiation [None req-a085d40e-53f9-4d06-bdb1-2e7b8496fe1f tempest-ServerBootFromVolumeStableRescueTest-187606561 tempest-ServerBootFromVolumeStableRescueTest-187606561-project-member] new path /v2/schemas/image {{(pid=99698) process_request /opt/stack/glance/glance/api/middleware/version_negotiation.py:70}}
Jul 19 22:44:24.652041 np0000005471 devstack@g-api.service[99698]: [pid: 99698|app: 0|req: 67/200] 127.0.0.1 () {44 vars in 1051 bytes} [Sun Jul 19 22:44:24 2026] GET /v2/schemas/image => generated 6083 bytes in 4 msecs (HTTP/1.1 200) 4 headers in 158 bytes (1 switches on core 0)
Jul 19 22:44:25.407906 np0000005471 devstack@g-api.service[99697]: DEBUG glance.api.middleware.version_negotiation [None req-3393fd87-2529-4b2d-ba94-7109dd93fdea tempest-ServerBootFromVolumeStableRescueTest-187606561 tempest-ServerBootFromVolumeStableRescueTest-187606561-project-member] Determining version of request: GET /v2/images/02f36fae-66f8-49a2-8391-d00d611e6b6c Accept: application/json {{(pid=99697) process_request /opt/stack/glance/glance/api/middleware/version_negotiation.py:44}}
Jul 19 22:44:25.408474 np0000005471 devstack@g-api.service[99697]: DEBUG glance.api.middleware.version_negotiation [None req-3393fd87-2529-4b2d-ba94-7109dd93fdea tempest-ServerBootFromVolumeStableRescueTest-187606561 tempest-ServerBootFromVolumeStableRescueTest-187606561-project-member] Using url versioning {{(pid=99697) process_request /opt/stack/glance/glance/api/middleware/version_negotiation.py:57}}
Jul 19 22:44:25.408711 np0000005471 devstack@g-api.service[99697]: DEBUG glance.api.middleware.version_negotiation [None req-3393fd87-2529-4b2d-ba94-7109dd93fdea tempest-ServerBootFromVolumeStableRescueTest-187606561 tempest-ServerBootFromVolumeStableRescueTest-187606561-project-member] Matched version: v2 {{(pid=99697) process_request /opt/stack/glance/glance/api/middleware/version_negotiation.py:69}}
Jul 19 22:44:25.408893 np0000005471 devstack@g-api.service[99697]: DEBUG glance.api.middleware.version_negotiation [None req-3393fd87-2529-4b2d-ba94-7109dd93fdea tempest-ServerBootFromVolumeStableRescueTest-187606561 tempest-ServerBootFromVolumeStableRescueTest-187606561-project-member] new path /v2/images/02f36fae-66f8-49a2-8391-d00d611e6b6c {{(pid=99697) process_request /opt/stack/glance/glance/api/middleware/version_negotiation.py:70}}
Jul 19 22:44:25.426034 np0000005471 devstack@g-api.service[99697]: [pid: 99697|app: 0|req: 69/201] 127.0.0.1 () {40 vars in 834 bytes} [Sun Jul 19 22:44:25 2026] GET /v2/images/02f36fae-66f8-49a2-8391-d00d611e6b6c => generated 1358 bytes in 18 msecs (HTTP/1.1 200) 4 headers in 158 bytes (1 switches on core 0)
Jul 19 22:44:25.948464 np0000005471 devstack@g-api.service[99696]: DEBUG glance.api.middleware.version_negotiation [None req-a085d40e-53f9-4d06-bdb1-2e7b8496fe1f tempest-ServerBootFromVolumeStableRescueTest-187606561 tempest-ServerBootFromVolumeStableRescueTest-187606561-project-member] Determining version of request: GET /v2/images/02f36fae-66f8-49a2-8391-d00d611e6b6c Accept: */* {{(pid=99696) process_request /opt/stack/glance/glance/api/middleware/version_negotiation.py:44}}
Jul 19 22:44:25.948464 np0000005471 devstack@g-api.service[99696]: DEBUG glance.api.middleware.version_negotiation [None req-a085d40e-53f9-4d06-bdb1-2e7b8496fe1f tempest-ServerBootFromVolumeStableRescueTest-187606561 tempest-ServerBootFromVolumeStableRescueTest-187606561-project-member] Using url versioning {{(pid=99696) process_request /opt/stack/glance/glance/api/middleware/version_negotiation.py:57}}
Jul 19 22:44:25.948464 np0000005471 devstack@g-api.service[99696]: DEBUG glance.api.middleware.version_negotiation [None req-a085d40e-53f9-4d06-bdb1-2e7b8496fe1f tempest-ServerBootFromVolumeStableRescueTest-187606561 tempest-ServerBootFromVolumeStableRescueTest-187606561-project-member] Matched version: v2 {{(pid=99696) process_request /opt/stack/glance/glance/api/middleware/version_negotiation.py:69}}
Jul 19 22:44:25.948464 np0000005471 devstack@g-api.service[99696]: DEBUG glance.api.middleware.version_negotiation [None req-a085d40e-53f9-4d06-bdb1-2e7b8496fe1f tempest-ServerBootFromVolumeStableRescueTest-187606561 tempest-ServerBootFromVolumeStableRescueTest-187606561-project-member] new path /v2/images/02f36fae-66f8-49a2-8391-d00d611e6b6c {{(pid=99696) process_request /opt/stack/glance/glance/api/middleware/version_negotiation.py:70}}
Jul 19 22:44:25.965811 np0000005471 devstack@g-api.service[99696]: [pid: 99696|app: 0|req: 66/202] 127.0.0.1 () {44 vars in 1111 bytes} [Sun Jul 19 22:44:25 2026] GET /v2/images/02f36fae-66f8-49a2-8391-d00d611e6b6c => generated 1358 bytes in 17 msecs (HTTP/1.1 200) 4 headers in 158 bytes (1 switches on core 0)
Jul 19 22:44:26.036422 np0000005471 devstack@g-api.service[99698]: DEBUG glance.api.middleware.version_negotiation [None req-a085d40e-53f9-4d06-bdb1-2e7b8496fe1f tempest-ServerBootFromVolumeStableRescueTest-187606561 tempest-ServerBootFromVolumeStableRescueTest-187606561-project-member] Determining version of request: GET /v2/schemas/image Accept: */* {{(pid=99698) process_request /opt/stack/glance/glance/api/middleware/version_negotiation.py:44}}
Jul 19 22:44:26.037311 np0000005471 devstack@g-api.service[99698]: DEBUG glance.api.middleware.version_negotiation [None req-a085d40e-53f9-4d06-bdb1-2e7b8496fe1f tempest-ServerBootFromVolumeStableRescueTest-187606561 tempest-ServerBootFromVolumeStableRescueTest-187606561-project-member] Using url versioning {{(pid=99698) process_request /opt/stack/glance/glance/api/middleware/version_negotiation.py:57}}
Jul 19 22:44:26.037311 np0000005471 devstack@g-api.service[99698]: DEBUG glance.api.middleware.version_negotiation [None req-a085d40e-53f9-4d06-bdb1-2e7b8496fe1f tempest-ServerBootFromVolumeStableRescueTest-187606561 tempest-ServerBootFromVolumeStableRescueTest-187606561-project-member] Matched version: v2 {{(pid=99698) process_request /opt/stack/glance/glance/api/middleware/version_negotiation.py:69}}
Jul 19 22:44:26.037311 np0000005471 devstack@g-api.service[99698]: DEBUG glance.api.middleware.version_negotiation [None req-a085d40e-53f9-4d06-bdb1-2e7b8496fe1f tempest-ServerBootFromVolumeStableRescueTest-187606561 tempest-ServerBootFromVolumeStableRescueTest-187606561-project-member] new path /v2/schemas/image {{(pid=99698) process_request /opt/stack/glance/glance/api/middleware/version_negotiation.py:70}}
Jul 19 22:44:26.039710 np0000005471 devstack@g-api.service[99698]: [pid: 99698|app: 0|req: 68/203] 127.0.0.1 () {44 vars in 1051 bytes} [Sun Jul 19 22:44:26 2026] GET /v2/schemas/image => generated 6083 bytes in 3 msecs (HTTP/1.1 200) 4 headers in 158 bytes (1 switches on core 0)
Jul 19 22:44:26.100400 np0000005471 devstack@g-api.service[99697]: DEBUG glance.api.middleware.version_negotiation [None req-d4796332-f8d8-4f07-8316-0d778b3749c6 tempest-ServerBootFromVolumeStableRescueTest-187606561 tempest-ServerBootFromVolumeStableRescueTest-187606561-project-member] Determining version of request: GET /v2/schemas/image Accept: */* {{(pid=99697) process_request /opt/stack/glance/glance/api/middleware/version_negotiation.py:44}}
Jul 19 22:44:26.100632 np0000005471 devstack@g-api.service[99697]: DEBUG glance.api.middleware.version_negotiation [None req-d4796332-f8d8-4f07-8316-0d778b3749c6 tempest-ServerBootFromVolumeStableRescueTest-187606561 tempest-ServerBootFromVolumeStableRescueTest-187606561-project-member] Using url versioning {{(pid=99697) process_request /opt/stack/glance/glance/api/middleware/version_negotiation.py:57}}
Jul 19 22:44:26.100815 np0000005471 devstack@g-api.service[99697]: DEBUG glance.api.middleware.version_negotiation [None req-d4796332-f8d8-4f07-8316-0d778b3749c6 tempest-ServerBootFromVolumeStableRescueTest-187606561 tempest-ServerBootFromVolumeStableRescueTest-187606561-project-member] Matched version: v2 {{(pid=99697) process_request /opt/stack/glance/glance/api/middleware/version_negotiation.py:69}}
Jul 19 22:44:26.100977 np0000005471 devstack@g-api.service[99697]: DEBUG glance.api.middleware.version_negotiation [None req-d4796332-f8d8-4f07-8316-0d778b3749c6 tempest-ServerBootFromVolumeStableRescueTest-187606561 tempest-ServerBootFromVolumeStableRescueTest-187606561-project-member] new path /v2/schemas/image {{(pid=99697) process_request /opt/stack/glance/glance/api/middleware/version_negotiation.py:70}}
Jul 19 22:44:26.105813 np0000005471 devstack@g-api.service[99697]: [pid: 99697|app: 0|req: 70/204] 127.0.0.1 () {44 vars in 1051 bytes} [Sun Jul 19 22:44:26 2026] GET /v2/schemas/image => generated 6083 bytes in 6 msecs (HTTP/1.1 200) 4 headers in 158 bytes (1 switches on core 0)
Jul 19 22:44:26.163613 np0000005471 devstack@g-api.service[99696]: DEBUG glance.api.middleware.version_negotiation [None req-a085d40e-53f9-4d06-bdb1-2e7b8496fe1f tempest-ServerBootFromVolumeStableRescueTest-187606561 tempest-ServerBootFromVolumeStableRescueTest-187606561-project-member] Determining version of request: PATCH /v2/images/02f36fae-66f8-49a2-8391-d00d611e6b6c Accept: */* {{(pid=99696) process_request /opt/stack/glance/glance/api/middleware/version_negotiation.py:44}}
Jul 19 22:44:26.163613 np0000005471 devstack@g-api.service[99696]: DEBUG glance.api.middleware.version_negotiation [None req-a085d40e-53f9-4d06-bdb1-2e7b8496fe1f tempest-ServerBootFromVolumeStableRescueTest-187606561 tempest-ServerBootFromVolumeStableRescueTest-187606561-project-member] Using url versioning {{(pid=99696) process_request /opt/stack/glance/glance/api/middleware/version_negotiation.py:57}}
Jul 19 22:44:26.163613 np0000005471 devstack@g-api.service[99696]: DEBUG glance.api.middleware.version_negotiation [None req-a085d40e-53f9-4d06-bdb1-2e7b8496fe1f tempest-ServerBootFromVolumeStableRescueTest-187606561 tempest-ServerBootFromVolumeStableRescueTest-187606561-project-member] Matched version: v2 {{(pid=99696) process_request /opt/stack/glance/glance/api/middleware/version_negotiation.py:69}}
Jul 19 22:44:26.164348 np0000005471 devstack@g-api.service[99696]: DEBUG glance.api.middleware.version_negotiation [None req-a085d40e-53f9-4d06-bdb1-2e7b8496fe1f tempest-ServerBootFromVolumeStableRescueTest-187606561 tempest-ServerBootFromVolumeStableRescueTest-187606561-project-member] new path /v2/images/02f36fae-66f8-49a2-8391-d00d611e6b6c {{(pid=99696) process_request /opt/stack/glance/glance/api/middleware/version_negotiation.py:70}}
Jul 19 22:44:26.358396 np0000005471 devstack@g-api.service[99696]: [pid: 99696|app: 0|req: 67/205] 127.0.0.1 () {46 vars in 1154 bytes} [Sun Jul 19 22:44:26 2026] PATCH /v2/images/02f36fae-66f8-49a2-8391-d00d611e6b6c => generated 1469 bytes in 195 msecs (HTTP/1.1 200) 4 headers in 158 bytes (1 switches on core 0)
Jul 19 22:44:26.427449 np0000005471 devstack@g-api.service[99698]: DEBUG glance.api.middleware.version_negotiation [None req-a085d40e-53f9-4d06-bdb1-2e7b8496fe1f tempest-ServerBootFromVolumeStableRescueTest-187606561 tempest-ServerBootFromVolumeStableRescueTest-187606561-project-member] Determining version of request: GET /v2/images/02f36fae-66f8-49a2-8391-d00d611e6b6c Accept: */* {{(pid=99698) process_request /opt/stack/glance/glance/api/middleware/version_negotiation.py:44}}
Jul 19 22:44:26.428627 np0000005471 devstack@g-api.service[99698]: DEBUG glance.api.middleware.version_negotiation [None req-a085d40e-53f9-4d06-bdb1-2e7b8496fe1f tempest-ServerBootFromVolumeStableRescueTest-187606561 tempest-ServerBootFromVolumeStableRescueTest-187606561-project-member] Using url versioning {{(pid=99698) process_request /opt/stack/glance/glance/api/middleware/version_negotiation.py:57}}
Jul 19 22:44:26.428627 np0000005471 devstack@g-api.service[99698]: DEBUG glance.api.middleware.version_negotiation [None req-a085d40e-53f9-4d06-bdb1-2e7b8496fe1f tempest-ServerBootFromVolumeStableRescueTest-187606561 tempest-ServerBootFromVolumeStableRescueTest-187606561-project-member] Matched version: v2 {{(pid=99698) process_request /opt/stack/glance/glance/api/middleware/version_negotiation.py:69}}
Jul 19 22:44:26.428627 np0000005471 devstack@g-api.service[99698]: DEBUG glance.api.middleware.version_negotiation [None req-a085d40e-53f9-4d06-bdb1-2e7b8496fe1f tempest-ServerBootFromVolumeStableRescueTest-187606561 tempest-ServerBootFromVolumeStableRescueTest-187606561-project-member] new path /v2/images/02f36fae-66f8-49a2-8391-d00d611e6b6c {{(pid=99698) process_request /opt/stack/glance/glance/api/middleware/version_negotiation.py:70}}
Jul 19 22:44:26.439380 np0000005471 devstack@g-api.service[99697]: DEBUG glance.api.middleware.version_negotiation [None req-a085d40e-53f9-4d06-bdb1-2e7b8496fe1f tempest-ServerBootFromVolumeStableRescueTest-187606561 tempest-ServerBootFromVolumeStableRescueTest-187606561-project-member] Determining version of request: GET /v2/images/02f36fae-66f8-49a2-8391-d00d611e6b6c Accept: application/json {{(pid=99697) process_request /opt/stack/glance/glance/api/middleware/version_negotiation.py:44}}
Jul 19 22:44:26.440300 np0000005471 devstack@g-api.service[99697]: DEBUG glance.api.middleware.version_negotiation [None req-a085d40e-53f9-4d06-bdb1-2e7b8496fe1f tempest-ServerBootFromVolumeStableRescueTest-187606561 tempest-ServerBootFromVolumeStableRescueTest-187606561-project-member] Using url versioning {{(pid=99697) process_request /opt/stack/glance/glance/api/middleware/version_negotiation.py:57}}
Jul 19 22:44:26.440815 np0000005471 devstack@g-api.service[99697]: DEBUG glance.api.middleware.version_negotiation [None req-a085d40e-53f9-4d06-bdb1-2e7b8496fe1f tempest-ServerBootFromVolumeStableRescueTest-187606561 tempest-ServerBootFromVolumeStableRescueTest-187606561-project-member] Matched version: v2 {{(pid=99697) process_request /opt/stack/glance/glance/api/middleware/version_negotiation.py:69}}
Jul 19 22:44:26.441064 np0000005471 devstack@g-api.service[99697]: DEBUG glance.api.middleware.version_negotiation [None req-a085d40e-53f9-4d06-bdb1-2e7b8496fe1f tempest-ServerBootFromVolumeStableRescueTest-187606561 tempest-ServerBootFromVolumeStableRescueTest-187606561-project-member] new path /v2/images/02f36fae-66f8-49a2-8391-d00d611e6b6c {{(pid=99697) process_request /opt/stack/glance/glance/api/middleware/version_negotiation.py:70}}
Jul 19 22:44:26.442767 np0000005471 devstack@g-api.service[99698]: [pid: 99698|app: 0|req: 69/206] 127.0.0.1 () {44 vars in 1111 bytes} [Sun Jul 19 22:44:26 2026] GET /v2/images/02f36fae-66f8-49a2-8391-d00d611e6b6c => generated 1469 bytes in 15 msecs (HTTP/1.1 200) 4 headers in 158 bytes (1 switches on core 0)
Jul 19 22:44:26.462815 np0000005471 devstack@g-api.service[99697]: [pid: 99697|app: 0|req: 71/207] 127.0.0.1 () {40 vars in 834 bytes} [Sun Jul 19 22:44:26 2026] GET /v2/images/02f36fae-66f8-49a2-8391-d00d611e6b6c => generated 1469 bytes in 24 msecs (HTTP/1.1 200) 4 headers in 158 bytes (1 switches on core 0)
Jul 19 22:44:26.506896 np0000005471 devstack@g-api.service[99696]: DEBUG glance.api.middleware.version_negotiation [None req-a085d40e-53f9-4d06-bdb1-2e7b8496fe1f tempest-ServerBootFromVolumeStableRescueTest-187606561 tempest-ServerBootFromVolumeStableRescueTest-187606561-project-member] Determining version of request: PUT /v2/images/02f36fae-66f8-49a2-8391-d00d611e6b6c/file Accept: */* {{(pid=99696) process_request /opt/stack/glance/glance/api/middleware/version_negotiation.py:44}}
Jul 19 22:44:26.506896 np0000005471 devstack@g-api.service[99696]: DEBUG glance.api.middleware.version_negotiation [None req-a085d40e-53f9-4d06-bdb1-2e7b8496fe1f tempest-ServerBootFromVolumeStableRescueTest-187606561 tempest-ServerBootFromVolumeStableRescueTest-187606561-project-member] Using url versioning {{(pid=99696) process_request /opt/stack/glance/glance/api/middleware/version_negotiation.py:57}}
Jul 19 22:44:26.506896 np0000005471 devstack@g-api.service[99696]: DEBUG glance.api.middleware.version_negotiation [None req-a085d40e-53f9-4d06-bdb1-2e7b8496fe1f tempest-ServerBootFromVolumeStableRescueTest-187606561 tempest-ServerBootFromVolumeStableRescueTest-187606561-project-member] Matched version: v2 {{(pid=99696) process_request /opt/stack/glance/glance/api/middleware/version_negotiation.py:69}}
Jul 19 22:44:26.507156 np0000005471 devstack@g-api.service[99696]: DEBUG glance.api.middleware.version_negotiation [None req-a085d40e-53f9-4d06-bdb1-2e7b8496fe1f tempest-ServerBootFromVolumeStableRescueTest-187606561 tempest-ServerBootFromVolumeStableRescueTest-187606561-project-member] new path /v2/images/02f36fae-66f8-49a2-8391-d00d611e6b6c/file {{(pid=99696) process_request /opt/stack/glance/glance/api/middleware/version_negotiation.py:70}}
Jul 19 22:44:27.244073 np0000005471 devstack@g-api.service[99696]: INFO glance.api.v2.image_data [None req-a085d40e-53f9-4d06-bdb1-2e7b8496fe1f tempest-ServerBootFromVolumeStableRescueTest-187606561 tempest-ServerBootFromVolumeStableRescueTest-187606561-project-member] Unable to create trust: no such option collect_timing in group [keystone_authtoken] Use the existing user token.
Jul 19 22:44:27.475066 np0000005471 devstack@g-api.service[99698]: DEBUG glance.api.middleware.version_negotiation [None req-a085d40e-53f9-4d06-bdb1-2e7b8496fe1f tempest-ServerBootFromVolumeStableRescueTest-187606561 tempest-ServerBootFromVolumeStableRescueTest-187606561-project-member] Determining version of request: GET /v2/images/02f36fae-66f8-49a2-8391-d00d611e6b6c Accept: application/json {{(pid=99698) process_request /opt/stack/glance/glance/api/middleware/version_negotiation.py:44}}
Jul 19 22:44:27.475566 np0000005471 devstack@g-api.service[99698]: DEBUG glance.api.middleware.version_negotiation [None req-a085d40e-53f9-4d06-bdb1-2e7b8496fe1f tempest-ServerBootFromVolumeStableRescueTest-187606561 tempest-ServerBootFromVolumeStableRescueTest-187606561-project-member] Using url versioning {{(pid=99698) process_request /opt/stack/glance/glance/api/middleware/version_negotiation.py:57}}
Jul 19 22:44:27.475670 np0000005471 devstack@g-api.service[99698]: DEBUG glance.api.middleware.version_negotiation [None req-a085d40e-53f9-4d06-bdb1-2e7b8496fe1f tempest-ServerBootFromVolumeStableRescueTest-187606561 tempest-ServerBootFromVolumeStableRescueTest-187606561-project-member] Matched version: v2 {{(pid=99698) process_request /opt/stack/glance/glance/api/middleware/version_negotiation.py:69}}
Jul 19 22:44:27.476015 np0000005471 devstack@g-api.service[99698]: DEBUG glance.api.middleware.version_negotiation [None req-a085d40e-53f9-4d06-bdb1-2e7b8496fe1f tempest-ServerBootFromVolumeStableRescueTest-187606561 tempest-ServerBootFromVolumeStableRescueTest-187606561-project-member] new path /v2/images/02f36fae-66f8-49a2-8391-d00d611e6b6c {{(pid=99698) process_request /opt/stack/glance/glance/api/middleware/version_negotiation.py:70}}
Jul 19 22:44:27.496460 np0000005471 devstack@g-api.service[99698]: [pid: 99698|app: 0|req: 70/208] 127.0.0.1 () {40 vars in 834 bytes} [Sun Jul 19 22:44:27 2026] GET /v2/images/02f36fae-66f8-49a2-8391-d00d611e6b6c => generated 1469 bytes in 22 msecs (HTTP/1.1 200) 4 headers in 158 bytes (1 switches on core 0)
Jul 19 22:44:27.816951 np0000005471 devstack@g-api.service[99696]: DEBUG glance.location [None req-a085d40e-53f9-4d06-bdb1-2e7b8496fe1f tempest-ServerBootFromVolumeStableRescueTest-187606561 tempest-ServerBootFromVolumeStableRescueTest-187606561-project-member] Enabling in-flight format inspection for qcow2 {{(pid=99696) set_data /opt/stack/glance/glance/location.py:596}}
Jul 19 22:44:27.817681 np0000005471 devstack@g-api.service[99696]: DEBUG glance_store.backend [None req-a085d40e-53f9-4d06-bdb1-2e7b8496fe1f tempest-ServerBootFromVolumeStableRescueTest-187606561 tempest-ServerBootFromVolumeStableRescueTest-187606561-project-member] Attempting to import store swift {{(pid=99696) _load_store /opt/stack/data/venv/lib/python3.12/site-packages/glance_store/backend.py:215}}
Jul 19 22:44:27.820423 np0000005471 devstack@g-api.service[99696]: DEBUG glance_store.capabilities [None req-a085d40e-53f9-4d06-bdb1-2e7b8496fe1f tempest-ServerBootFromVolumeStableRescueTest-187606561 tempest-ServerBootFromVolumeStableRescueTest-187606561-project-member] Store glance_store._drivers.swift.store.SingleTenantStore doesn't support updating dynamic storage capabilities. Please overwrite 'update_capabilities' method of the store to implement updating logics if needed. {{(pid=99696) update_capabilities /opt/stack/data/venv/lib/python3.12/site-packages/glance_store/capabilities.py:91}}
Jul 19 22:44:27.820621 np0000005471 devstack@g-api.service[99696]: DEBUG glance_store.driver [None req-a085d40e-53f9-4d06-bdb1-2e7b8496fe1f tempest-ServerBootFromVolumeStableRescueTest-187606561 tempest-ServerBootFromVolumeStableRescueTest-187606561-project-member] Late loading location class glance_store._drivers.swift.store.StoreLocation {{(pid=99696) get_store_location_class /opt/stack/data/venv/lib/python3.12/site-packages/glance_store/driver.py:134}}
Jul 19 22:44:27.820762 np0000005471 devstack@g-api.service[99696]: DEBUG glance_store.location [None req-a085d40e-53f9-4d06-bdb1-2e7b8496fe1f tempest-ServerBootFromVolumeStableRescueTest-187606561 tempest-ServerBootFromVolumeStableRescueTest-187606561-project-member] Registering scheme swift+https with {'store': , 'location_class': , 'store_entry': 'swift'} {{(pid=99696) register_scheme_map /opt/stack/data/venv/lib/python3.12/site-packages/glance_store/location.py:146}}
Jul 19 22:44:27.820924 np0000005471 devstack@g-api.service[99696]: DEBUG glance_store.location [None req-a085d40e-53f9-4d06-bdb1-2e7b8496fe1f tempest-ServerBootFromVolumeStableRescueTest-187606561 tempest-ServerBootFromVolumeStableRescueTest-187606561-project-member] Registering scheme swift+https with {'store': , 'location_class': , 'store_entry': 'swift'} {{(pid=99696) register_scheme_map /opt/stack/data/venv/lib/python3.12/site-packages/glance_store/location.py:146}}
Jul 19 22:44:27.821170 np0000005471 devstack@g-api.service[99696]: DEBUG glance_store.location [None req-a085d40e-53f9-4d06-bdb1-2e7b8496fe1f tempest-ServerBootFromVolumeStableRescueTest-187606561 tempest-ServerBootFromVolumeStableRescueTest-187606561-project-member] Registering scheme swift with {'store': , 'location_class': , 'store_entry': 'swift'} {{(pid=99696) register_scheme_map /opt/stack/data/venv/lib/python3.12/site-packages/glance_store/location.py:146}}
Jul 19 22:44:27.821309 np0000005471 devstack@g-api.service[99696]: DEBUG glance_store.location [None req-a085d40e-53f9-4d06-bdb1-2e7b8496fe1f tempest-ServerBootFromVolumeStableRescueTest-187606561 tempest-ServerBootFromVolumeStableRescueTest-187606561-project-member] Registering scheme swift+https with {'store': , 'location_class': , 'store_entry': 'swift'} {{(pid=99696) register_scheme_map /opt/stack/data/venv/lib/python3.12/site-packages/glance_store/location.py:146}}
Jul 19 22:44:27.822280 np0000005471 devstack@g-api.service[99696]: DEBUG glance_store.location [None req-a085d40e-53f9-4d06-bdb1-2e7b8496fe1f tempest-ServerBootFromVolumeStableRescueTest-187606561 tempest-ServerBootFromVolumeStableRescueTest-187606561-project-member] Registering scheme swift with {'store': , 'location_class': , 'store_entry': 'swift'} {{(pid=99696) register_scheme_map /opt/stack/data/venv/lib/python3.12/site-packages/glance_store/location.py:146}}
Jul 19 22:44:27.822280 np0000005471 devstack@g-api.service[99696]: DEBUG glance_store.location [None req-a085d40e-53f9-4d06-bdb1-2e7b8496fe1f tempest-ServerBootFromVolumeStableRescueTest-187606561 tempest-ServerBootFromVolumeStableRescueTest-187606561-project-member] Registering scheme swift+http with {'store': , 'location_class': , 'store_entry': 'swift'} {{(pid=99696) register_scheme_map /opt/stack/data/venv/lib/python3.12/site-packages/glance_store/location.py:146}}
Jul 19 22:44:27.822280 np0000005471 devstack@g-api.service[99696]: DEBUG glance_store.location [None req-a085d40e-53f9-4d06-bdb1-2e7b8496fe1f tempest-ServerBootFromVolumeStableRescueTest-187606561 tempest-ServerBootFromVolumeStableRescueTest-187606561-project-member] Registering scheme swift+https with {'store': , 'location_class': , 'store_entry': 'swift'} {{(pid=99696) register_scheme_map /opt/stack/data/venv/lib/python3.12/site-packages/glance_store/location.py:146}}
Jul 19 22:44:27.822280 np0000005471 devstack@g-api.service[99696]: DEBUG glance_store.location [None req-a085d40e-53f9-4d06-bdb1-2e7b8496fe1f tempest-ServerBootFromVolumeStableRescueTest-187606561 tempest-ServerBootFromVolumeStableRescueTest-187606561-project-member] Registering scheme swift with {'store': , 'location_class': , 'store_entry': 'swift'} {{(pid=99696) register_scheme_map /opt/stack/data/venv/lib/python3.12/site-packages/glance_store/location.py:146}}
Jul 19 22:44:27.822280 np0000005471 devstack@g-api.service[99696]: DEBUG glance_store.location [None req-a085d40e-53f9-4d06-bdb1-2e7b8496fe1f tempest-ServerBootFromVolumeStableRescueTest-187606561 tempest-ServerBootFromVolumeStableRescueTest-187606561-project-member] Registering scheme swift+http with {'store': , 'location_class': , 'store_entry': 'swift'} {{(pid=99696) register_scheme_map /opt/stack/data/venv/lib/python3.12/site-packages/glance_store/location.py:146}}
Jul 19 22:44:27.822280 np0000005471 devstack@g-api.service[99696]: DEBUG glance_store.location [None req-a085d40e-53f9-4d06-bdb1-2e7b8496fe1f tempest-ServerBootFromVolumeStableRescueTest-187606561 tempest-ServerBootFromVolumeStableRescueTest-187606561-project-member] Registering scheme swift+config with {'store': , 'location_class': , 'store_entry': 'swift'} {{(pid=99696) register_scheme_map /opt/stack/data/venv/lib/python3.12/site-packages/glance_store/location.py:146}}
Jul 19 22:44:28.143993 np0000005471 devstack@g-api.service[99696]: DEBUG swiftclient [None req-a085d40e-53f9-4d06-bdb1-2e7b8496fe1f tempest-ServerBootFromVolumeStableRescueTest-187606561 tempest-ServerBootFromVolumeStableRescueTest-187606561-project-member] REQ: curl -i https://10.4.3.49:8080/v1/AUTH_a1b4e42c30e143618ac7a03a566793f3/glance -I -H "X-Auth-Token: gAAAAABqXVNLdDS5..." {{(pid=99696) http_log /opt/stack/data/venv/lib/python3.12/site-packages/swiftclient/client.py:160}}
Jul 19 22:44:28.144952 np0000005471 devstack@g-api.service[99696]: DEBUG swiftclient [None req-a085d40e-53f9-4d06-bdb1-2e7b8496fe1f tempest-ServerBootFromVolumeStableRescueTest-187606561 tempest-ServerBootFromVolumeStableRescueTest-187606561-project-member] RESP STATUS: 204 No Content {{(pid=99696) http_log /opt/stack/data/venv/lib/python3.12/site-packages/swiftclient/client.py:161}}
Jul 19 22:44:28.144952 np0000005471 devstack@g-api.service[99696]: DEBUG swiftclient [None req-a085d40e-53f9-4d06-bdb1-2e7b8496fe1f tempest-ServerBootFromVolumeStableRescueTest-187606561 tempest-ServerBootFromVolumeStableRescueTest-187606561-project-member] RESP HEADERS: {'Date': 'Sun, 19 Jul 2026 22:44:28 GMT', 'Server': 'Apache/2.4.58 (Ubuntu)', 'Content-Type': 'text/plain; charset=utf-8', 'X-Container-Object-Count': '5', 'X-Container-Bytes-Used': '87883776', 'X-Timestamp': '1784500784.04543', 'Last-Modified': 'Sun, 19 Jul 2026 22:39:45 GMT', 'Accept-Ranges': 'bytes', 'X-Storage-Policy': 'Policy-0', 'X-Container-Sharding': 'False', 'Vary': 'Accept', 'X-Trans-Id': 'tx17daaa28272c4a5fa377a-006a5d534b', 'X-Openstack-Request-Id': 'tx17daaa28272c4a5fa377a-006a5d534b', 'Connection': 'close'} {{(pid=99696) http_log /opt/stack/data/venv/lib/python3.12/site-packages/swiftclient/client.py:162}}
Jul 19 22:44:28.144952 np0000005471 devstack@g-api.service[99696]: DEBUG glance_store._drivers.swift.store [None req-a085d40e-53f9-4d06-bdb1-2e7b8496fe1f tempest-ServerBootFromVolumeStableRescueTest-187606561 tempest-ServerBootFromVolumeStableRescueTest-187606561-project-member] Adding image object '02f36fae-66f8-49a2-8391-d00d611e6b6c' to Swift {{(pid=99696) add /opt/stack/data/venv/lib/python3.12/site-packages/glance_store/_drivers/swift/store.py:970}}
Jul 19 22:44:28.144952 np0000005471 devstack@g-api.service[99696]: DEBUG glance_store._drivers.swift.store [None req-a085d40e-53f9-4d06-bdb1-2e7b8496fe1f tempest-ServerBootFromVolumeStableRescueTest-187606561 tempest-ServerBootFromVolumeStableRescueTest-187606561-project-member] Cannot determine image size because it is either not provided in the request or chunked-transfer encoding is used. Adding image as a segmented object to Swift. {{(pid=99696) add /opt/stack/data/venv/lib/python3.12/site-packages/glance_store/_drivers/swift/store.py:994}}
Jul 19 22:44:28.156170 np0000005471 devstack@g-api.service[99696]: DEBUG oslo_utils.imageutils.format_inspector [None req-a085d40e-53f9-4d06-bdb1-2e7b8496fe1f tempest-ServerBootFromVolumeStableRescueTest-187606561 tempest-ServerBootFromVolumeStableRescueTest-187606561-project-member] Format inspector for vmdk does not match, excluding from consideration (Signature KDMV not found: b'QFI\xfb') {{(pid=99696) _process_chunk /opt/stack/data/venv/lib/python3.12/site-packages/oslo_utils/imageutils/format_inspector.py:1758}}
Jul 19 22:44:28.159471 np0000005471 devstack@g-api.service[99696]: DEBUG oslo_utils.imageutils.format_inspector [None req-a085d40e-53f9-4d06-bdb1-2e7b8496fe1f tempest-ServerBootFromVolumeStableRescueTest-187606561 tempest-ServerBootFromVolumeStableRescueTest-187606561-project-member] Format inspector for vhdx does not match, excluding from consideration (Region signature not found at 30000) {{(pid=99696) _process_chunk /opt/stack/data/venv/lib/python3.12/site-packages/oslo_utils/imageutils/format_inspector.py:1758}}
Jul 19 22:44:28.477669 np0000005471 devstack@g-api.service[99696]: DEBUG swiftclient [None req-a085d40e-53f9-4d06-bdb1-2e7b8496fe1f tempest-ServerBootFromVolumeStableRescueTest-187606561 tempest-ServerBootFromVolumeStableRescueTest-187606561-project-member] REQ: curl -i https://10.4.3.49:8080/v1/AUTH_a1b4e42c30e143618ac7a03a566793f3/glance/02f36fae-66f8-49a2-8391-d00d611e6b6c-00001 -X PUT -H "X-Auth-Token: gAAAAABqXVNLdDS5..." {{(pid=99696) http_log /opt/stack/data/venv/lib/python3.12/site-packages/swiftclient/client.py:160}}
Jul 19 22:44:28.478249 np0000005471 devstack@g-api.service[99696]: DEBUG swiftclient [None req-a085d40e-53f9-4d06-bdb1-2e7b8496fe1f tempest-ServerBootFromVolumeStableRescueTest-187606561 tempest-ServerBootFromVolumeStableRescueTest-187606561-project-member] RESP STATUS: 201 Created {{(pid=99696) http_log /opt/stack/data/venv/lib/python3.12/site-packages/swiftclient/client.py:161}}
Jul 19 22:44:28.478249 np0000005471 devstack@g-api.service[99696]: DEBUG swiftclient [None req-a085d40e-53f9-4d06-bdb1-2e7b8496fe1f tempest-ServerBootFromVolumeStableRescueTest-187606561 tempest-ServerBootFromVolumeStableRescueTest-187606561-project-member] RESP HEADERS: {'Date': 'Sun, 19 Jul 2026 22:44:28 GMT', 'Server': 'Apache/2.4.58 (Ubuntu)', 'Content-Type': 'text/html; charset=UTF-8', 'Content-Length': '0', 'Etag': '4fa343ee581d8d2e78533191fd1ac3e1', 'Last-Modified': 'Sun, 19 Jul 2026 22:44:29 GMT', 'X-Trans-Id': 'tx6e547bd7d2104229895b9-006a5d534c', 'X-Openstack-Request-Id': 'tx6e547bd7d2104229895b9-006a5d534c', 'Connection': 'close'} {{(pid=99696) http_log /opt/stack/data/venv/lib/python3.12/site-packages/swiftclient/client.py:162}}
Jul 19 22:44:28.478249 np0000005471 devstack@g-api.service[99696]: DEBUG glance_store._drivers.swift.store [None req-a085d40e-53f9-4d06-bdb1-2e7b8496fe1f tempest-ServerBootFromVolumeStableRescueTest-187606561 tempest-ServerBootFromVolumeStableRescueTest-187606561-project-member] Wrote chunk 02f36fae-66f8-49a2-8391-d00d611e6b6c-00001 (1/?) of length 23527424 to Swift returning MD5 of content: 4fa343ee581d8d2e78533191fd1ac3e1 {{(pid=99696) add /opt/stack/data/venv/lib/python3.12/site-packages/glance_store/_drivers/swift/store.py:1059}}
Jul 19 22:44:28.478624 np0000005471 devstack@g-api.service[99696]: DEBUG glance_store._drivers.swift.store [None req-a085d40e-53f9-4d06-bdb1-2e7b8496fe1f tempest-ServerBootFromVolumeStableRescueTest-187606561 tempest-ServerBootFromVolumeStableRescueTest-187606561-project-member] Not writing zero-length chunk. {{(pid=99696) add /opt/stack/data/venv/lib/python3.12/site-packages/glance_store/_drivers/swift/store.py:1028}}
Jul 19 22:44:28.507824 np0000005471 devstack@g-api.service[99697]: DEBUG glance.api.middleware.version_negotiation [None req-172bf9aa-e9e9-466f-a35e-640636d31000 tempest-ServerBootFromVolumeStableRescueTest-187606561 tempest-ServerBootFromVolumeStableRescueTest-187606561-project-member] Determining version of request: GET /v2/images/02f36fae-66f8-49a2-8391-d00d611e6b6c Accept: application/json {{(pid=99697) process_request /opt/stack/glance/glance/api/middleware/version_negotiation.py:44}}
Jul 19 22:44:28.508308 np0000005471 devstack@g-api.service[99697]: DEBUG glance.api.middleware.version_negotiation [None req-172bf9aa-e9e9-466f-a35e-640636d31000 tempest-ServerBootFromVolumeStableRescueTest-187606561 tempest-ServerBootFromVolumeStableRescueTest-187606561-project-member] Using url versioning {{(pid=99697) process_request /opt/stack/glance/glance/api/middleware/version_negotiation.py:57}}
Jul 19 22:44:28.508308 np0000005471 devstack@g-api.service[99697]: DEBUG glance.api.middleware.version_negotiation [None req-172bf9aa-e9e9-466f-a35e-640636d31000 tempest-ServerBootFromVolumeStableRescueTest-187606561 tempest-ServerBootFromVolumeStableRescueTest-187606561-project-member] Matched version: v2 {{(pid=99697) process_request /opt/stack/glance/glance/api/middleware/version_negotiation.py:69}}
Jul 19 22:44:28.508308 np0000005471 devstack@g-api.service[99697]: DEBUG glance.api.middleware.version_negotiation [None req-172bf9aa-e9e9-466f-a35e-640636d31000 tempest-ServerBootFromVolumeStableRescueTest-187606561 tempest-ServerBootFromVolumeStableRescueTest-187606561-project-member] new path /v2/images/02f36fae-66f8-49a2-8391-d00d611e6b6c {{(pid=99697) process_request /opt/stack/glance/glance/api/middleware/version_negotiation.py:70}}
Jul 19 22:44:28.519865 np0000005471 devstack@g-api.service[99696]: DEBUG swiftclient [None req-a085d40e-53f9-4d06-bdb1-2e7b8496fe1f tempest-ServerBootFromVolumeStableRescueTest-187606561 tempest-ServerBootFromVolumeStableRescueTest-187606561-project-member] REQ: curl -i https://10.4.3.49:8080/v1/AUTH_a1b4e42c30e143618ac7a03a566793f3/glance/02f36fae-66f8-49a2-8391-d00d611e6b6c -X PUT -H "X-Object-Manifest: glance/02f36fae-66f8-49a2-8391-d00d611e6b6c-" -H "X-Auth-Token: gAAAAABqXVNLdDS5..." -H "Content-Length: 0" {{(pid=99696) http_log /opt/stack/data/venv/lib/python3.12/site-packages/swiftclient/client.py:160}}
Jul 19 22:44:28.520051 np0000005471 devstack@g-api.service[99696]: DEBUG swiftclient [None req-a085d40e-53f9-4d06-bdb1-2e7b8496fe1f tempest-ServerBootFromVolumeStableRescueTest-187606561 tempest-ServerBootFromVolumeStableRescueTest-187606561-project-member] RESP STATUS: 201 Created {{(pid=99696) http_log /opt/stack/data/venv/lib/python3.12/site-packages/swiftclient/client.py:161}}
Jul 19 22:44:28.520193 np0000005471 devstack@g-api.service[99696]: DEBUG swiftclient [None req-a085d40e-53f9-4d06-bdb1-2e7b8496fe1f tempest-ServerBootFromVolumeStableRescueTest-187606561 tempest-ServerBootFromVolumeStableRescueTest-187606561-project-member] RESP HEADERS: {'Date': 'Sun, 19 Jul 2026 22:44:28 GMT', 'Server': 'Apache/2.4.58 (Ubuntu)', 'Content-Type': 'text/html; charset=UTF-8', 'Content-Length': '0', 'Etag': 'd41d8cd98f00b204e9800998ecf8427e', 'Last-Modified': 'Sun, 19 Jul 2026 22:44:29 GMT', 'X-Trans-Id': 'txace34958faba45beb34dd-006a5d534c', 'X-Openstack-Request-Id': 'txace34958faba45beb34dd-006a5d534c', 'Connection': 'close'} {{(pid=99696) http_log /opt/stack/data/venv/lib/python3.12/site-packages/swiftclient/client.py:162}}
Jul 19 22:44:28.520643 np0000005471 devstack@g-api.service[99696]: INFO glance.location [None req-a085d40e-53f9-4d06-bdb1-2e7b8496fe1f tempest-ServerBootFromVolumeStableRescueTest-187606561 tempest-ServerBootFromVolumeStableRescueTest-187606561-project-member] Image format matched and virtual size computed: 1073741824
Jul 19 22:44:28.521603 np0000005471 devstack@g-api.service[99697]: [pid: 99697|app: 0|req: 72/209] 127.0.0.1 () {40 vars in 834 bytes} [Sun Jul 19 22:44:28 2026] GET /v2/images/02f36fae-66f8-49a2-8391-d00d611e6b6c => generated 1469 bytes in 14 msecs (HTTP/1.1 200) 4 headers in 158 bytes (1 switches on core 0)
Jul 19 22:44:28.591399 np0000005471 devstack@g-api.service[99696]: DEBUG glance_store.backend [None req-a085d40e-53f9-4d06-bdb1-2e7b8496fe1f tempest-ServerBootFromVolumeStableRescueTest-187606561 tempest-ServerBootFromVolumeStableRescueTest-187606561-project-member] Attempting to import store swift {{(pid=99696) _load_store /opt/stack/data/venv/lib/python3.12/site-packages/glance_store/backend.py:215}}
Jul 19 22:44:28.594730 np0000005471 devstack@g-api.service[99696]: DEBUG glance_store.capabilities [None req-a085d40e-53f9-4d06-bdb1-2e7b8496fe1f tempest-ServerBootFromVolumeStableRescueTest-187606561 tempest-ServerBootFromVolumeStableRescueTest-187606561-project-member] Store glance_store._drivers.swift.store.SingleTenantStore doesn't support updating dynamic storage capabilities. Please overwrite 'update_capabilities' method of the store to implement updating logics if needed. {{(pid=99696) update_capabilities /opt/stack/data/venv/lib/python3.12/site-packages/glance_store/capabilities.py:91}}
Jul 19 22:44:28.594730 np0000005471 devstack@g-api.service[99696]: DEBUG glance_store.driver [None req-a085d40e-53f9-4d06-bdb1-2e7b8496fe1f tempest-ServerBootFromVolumeStableRescueTest-187606561 tempest-ServerBootFromVolumeStableRescueTest-187606561-project-member] Late loading location class glance_store._drivers.swift.store.StoreLocation {{(pid=99696) get_store_location_class /opt/stack/data/venv/lib/python3.12/site-packages/glance_store/driver.py:134}}
Jul 19 22:44:28.594730 np0000005471 devstack@g-api.service[99696]: DEBUG glance_store.location [None req-a085d40e-53f9-4d06-bdb1-2e7b8496fe1f tempest-ServerBootFromVolumeStableRescueTest-187606561 tempest-ServerBootFromVolumeStableRescueTest-187606561-project-member] Registering scheme swift+https with {'store': , 'location_class': , 'store_entry': 'swift'} {{(pid=99696) register_scheme_map /opt/stack/data/venv/lib/python3.12/site-packages/glance_store/location.py:146}}
Jul 19 22:44:28.594730 np0000005471 devstack@g-api.service[99696]: DEBUG glance_store.location [None req-a085d40e-53f9-4d06-bdb1-2e7b8496fe1f tempest-ServerBootFromVolumeStableRescueTest-187606561 tempest-ServerBootFromVolumeStableRescueTest-187606561-project-member] Registering scheme swift+https with {'store': , 'location_class': , 'store_entry': 'swift'} {{(pid=99696) register_scheme_map /opt/stack/data/venv/lib/python3.12/site-packages/glance_store/location.py:146}}
Jul 19 22:44:28.595075 np0000005471 devstack@g-api.service[99696]: DEBUG glance_store.location [None req-a085d40e-53f9-4d06-bdb1-2e7b8496fe1f tempest-ServerBootFromVolumeStableRescueTest-187606561 tempest-ServerBootFromVolumeStableRescueTest-187606561-project-member] Registering scheme swift with {'store': , 'location_class': , 'store_entry': 'swift'} {{(pid=99696) register_scheme_map /opt/stack/data/venv/lib/python3.12/site-packages/glance_store/location.py:146}}
Jul 19 22:44:28.595355 np0000005471 devstack@g-api.service[99696]: DEBUG glance_store.location [None req-a085d40e-53f9-4d06-bdb1-2e7b8496fe1f tempest-ServerBootFromVolumeStableRescueTest-187606561 tempest-ServerBootFromVolumeStableRescueTest-187606561-project-member] Registering scheme swift+https with {'store': , 'location_class': , 'store_entry': 'swift'} {{(pid=99696) register_scheme_map /opt/stack/data/venv/lib/python3.12/site-packages/glance_store/location.py:146}}
Jul 19 22:44:28.595355 np0000005471 devstack@g-api.service[99696]: DEBUG glance_store.location [None req-a085d40e-53f9-4d06-bdb1-2e7b8496fe1f tempest-ServerBootFromVolumeStableRescueTest-187606561 tempest-ServerBootFromVolumeStableRescueTest-187606561-project-member] Registering scheme swift with {'store': , 'location_class': , 'store_entry': 'swift'} {{(pid=99696) register_scheme_map /opt/stack/data/venv/lib/python3.12/site-packages/glance_store/location.py:146}}
Jul 19 22:44:28.595468 np0000005471 devstack@g-api.service[99696]: DEBUG glance_store.location [None req-a085d40e-53f9-4d06-bdb1-2e7b8496fe1f tempest-ServerBootFromVolumeStableRescueTest-187606561 tempest-ServerBootFromVolumeStableRescueTest-187606561-project-member] Registering scheme swift+http with {'store': , 'location_class': , 'store_entry': 'swift'} {{(pid=99696) register_scheme_map /opt/stack/data/venv/lib/python3.12/site-packages/glance_store/location.py:146}}
Jul 19 22:44:28.596621 np0000005471 devstack@g-api.service[99696]: DEBUG glance_store.location [None req-a085d40e-53f9-4d06-bdb1-2e7b8496fe1f tempest-ServerBootFromVolumeStableRescueTest-187606561 tempest-ServerBootFromVolumeStableRescueTest-187606561-project-member] Registering scheme swift+https with {'store': , 'location_class': , 'store_entry': 'swift'} {{(pid=99696) register_scheme_map /opt/stack/data/venv/lib/python3.12/site-packages/glance_store/location.py:146}}
Jul 19 22:44:28.596621 np0000005471 devstack@g-api.service[99696]: DEBUG glance_store.location [None req-a085d40e-53f9-4d06-bdb1-2e7b8496fe1f tempest-ServerBootFromVolumeStableRescueTest-187606561 tempest-ServerBootFromVolumeStableRescueTest-187606561-project-member] Registering scheme swift with {'store': , 'location_class': , 'store_entry': 'swift'} {{(pid=99696) register_scheme_map /opt/stack/data/venv/lib/python3.12/site-packages/glance_store/location.py:146}}
Jul 19 22:44:28.596621 np0000005471 devstack@g-api.service[99696]: DEBUG glance_store.location [None req-a085d40e-53f9-4d06-bdb1-2e7b8496fe1f tempest-ServerBootFromVolumeStableRescueTest-187606561 tempest-ServerBootFromVolumeStableRescueTest-187606561-project-member] Registering scheme swift+http with {'store': , 'location_class': , 'store_entry': 'swift'} {{(pid=99696) register_scheme_map /opt/stack/data/venv/lib/python3.12/site-packages/glance_store/location.py:146}}
Jul 19 22:44:28.596621 np0000005471 devstack@g-api.service[99696]: DEBUG glance_store.location [None req-a085d40e-53f9-4d06-bdb1-2e7b8496fe1f tempest-ServerBootFromVolumeStableRescueTest-187606561 tempest-ServerBootFromVolumeStableRescueTest-187606561-project-member] Registering scheme swift+config with {'store': , 'location_class': , 'store_entry': 'swift'} {{(pid=99696) register_scheme_map /opt/stack/data/venv/lib/python3.12/site-packages/glance_store/location.py:146}}
Jul 19 22:44:28.596621 np0000005471 devstack@g-api.service[99696]: DEBUG glance_store.backend [None req-a085d40e-53f9-4d06-bdb1-2e7b8496fe1f tempest-ServerBootFromVolumeStableRescueTest-187606561 tempest-ServerBootFromVolumeStableRescueTest-187606561-project-member] Skipping store.set_acls... not implemented. {{(pid=99696) set_acls /opt/stack/data/venv/lib/python3.12/site-packages/glance_store/backend.py:507}}
Jul 19 22:44:28.600258 np0000005471 devstack@g-api.service[99696]: [pid: 99696|app: 0|req: 68/210] 127.0.0.1 () {46 vars in 1154 bytes} [Sun Jul 19 22:44:26 2026] PUT /v2/images/02f36fae-66f8-49a2-8391-d00d611e6b6c/file => generated 0 bytes in 2094 msecs (HTTP/1.1 204) 4 headers in 171 bytes (1 switches on core 0)
Jul 19 22:44:28.643411 np0000005471 devstack@g-api.service[99698]: DEBUG glance.api.middleware.version_negotiation [None req-b693c786-f054-41d5-88bc-ebc52d9d92f4 tempest-ServerBootFromVolumeStableRescueTest-187606561 tempest-ServerBootFromVolumeStableRescueTest-187606561-project-member] Determining version of request: GET /v2/images/02f36fae-66f8-49a2-8391-d00d611e6b6c Accept: */* {{(pid=99698) process_request /opt/stack/glance/glance/api/middleware/version_negotiation.py:44}}
Jul 19 22:44:28.643895 np0000005471 devstack@g-api.service[99698]: DEBUG glance.api.middleware.version_negotiation [None req-b693c786-f054-41d5-88bc-ebc52d9d92f4 tempest-ServerBootFromVolumeStableRescueTest-187606561 tempest-ServerBootFromVolumeStableRescueTest-187606561-project-member] Using url versioning {{(pid=99698) process_request /opt/stack/glance/glance/api/middleware/version_negotiation.py:57}}
Jul 19 22:44:28.643895 np0000005471 devstack@g-api.service[99698]: DEBUG glance.api.middleware.version_negotiation [None req-b693c786-f054-41d5-88bc-ebc52d9d92f4 tempest-ServerBootFromVolumeStableRescueTest-187606561 tempest-ServerBootFromVolumeStableRescueTest-187606561-project-member] Matched version: v2 {{(pid=99698) process_request /opt/stack/glance/glance/api/middleware/version_negotiation.py:69}}
Jul 19 22:44:28.643895 np0000005471 devstack@g-api.service[99698]: DEBUG glance.api.middleware.version_negotiation [None req-b693c786-f054-41d5-88bc-ebc52d9d92f4 tempest-ServerBootFromVolumeStableRescueTest-187606561 tempest-ServerBootFromVolumeStableRescueTest-187606561-project-member] new path /v2/images/02f36fae-66f8-49a2-8391-d00d611e6b6c {{(pid=99698) process_request /opt/stack/glance/glance/api/middleware/version_negotiation.py:70}}
Jul 19 22:44:28.664512 np0000005471 devstack@g-api.service[99698]: [pid: 99698|app: 0|req: 71/211] 127.0.0.1 () {44 vars in 1111 bytes} [Sun Jul 19 22:44:28 2026] GET /v2/images/02f36fae-66f8-49a2-8391-d00d611e6b6c => generated 1639 bytes in 21 msecs (HTTP/1.1 200) 4 headers in 158 bytes (1 switches on core 0)
Jul 19 22:44:28.726348 np0000005471 devstack@g-api.service[99697]: DEBUG glance.api.middleware.version_negotiation [None req-d4546fa6-3b34-4c18-84bf-ecffa1ab113b tempest-ServerBootFromVolumeStableRescueTest-187606561 tempest-ServerBootFromVolumeStableRescueTest-187606561-project-member] Determining version of request: GET /v2/schemas/image Accept: */* {{(pid=99697) process_request /opt/stack/glance/glance/api/middleware/version_negotiation.py:44}}
Jul 19 22:44:28.726561 np0000005471 devstack@g-api.service[99697]: DEBUG glance.api.middleware.version_negotiation [None req-d4546fa6-3b34-4c18-84bf-ecffa1ab113b tempest-ServerBootFromVolumeStableRescueTest-187606561 tempest-ServerBootFromVolumeStableRescueTest-187606561-project-member] Using url versioning {{(pid=99697) process_request /opt/stack/glance/glance/api/middleware/version_negotiation.py:57}}
Jul 19 22:44:28.726747 np0000005471 devstack@g-api.service[99697]: DEBUG glance.api.middleware.version_negotiation [None req-d4546fa6-3b34-4c18-84bf-ecffa1ab113b tempest-ServerBootFromVolumeStableRescueTest-187606561 tempest-ServerBootFromVolumeStableRescueTest-187606561-project-member] Matched version: v2 {{(pid=99697) process_request /opt/stack/glance/glance/api/middleware/version_negotiation.py:69}}
Jul 19 22:44:28.726827 np0000005471 devstack@g-api.service[99697]: DEBUG glance.api.middleware.version_negotiation [None req-d4546fa6-3b34-4c18-84bf-ecffa1ab113b tempest-ServerBootFromVolumeStableRescueTest-187606561 tempest-ServerBootFromVolumeStableRescueTest-187606561-project-member] new path /v2/schemas/image {{(pid=99697) process_request /opt/stack/glance/glance/api/middleware/version_negotiation.py:70}}
Jul 19 22:44:28.730821 np0000005471 devstack@g-api.service[99697]: [pid: 99697|app: 0|req: 73/212] 127.0.0.1 () {44 vars in 1051 bytes} [Sun Jul 19 22:44:28 2026] GET /v2/schemas/image => generated 6083 bytes in 4 msecs (HTTP/1.1 200) 4 headers in 158 bytes (1 switches on core 0)
Jul 19 22:44:29.534934 np0000005471 devstack@g-api.service[99696]: DEBUG glance.api.middleware.version_negotiation [None req-a085d40e-53f9-4d06-bdb1-2e7b8496fe1f tempest-ServerBootFromVolumeStableRescueTest-187606561 tempest-ServerBootFromVolumeStableRescueTest-187606561-project-member] Determining version of request: GET /v2/images/02f36fae-66f8-49a2-8391-d00d611e6b6c Accept: application/json {{(pid=99696) process_request /opt/stack/glance/glance/api/middleware/version_negotiation.py:44}}
Jul 19 22:44:29.535321 np0000005471 devstack@g-api.service[99696]: DEBUG glance.api.middleware.version_negotiation [None req-a085d40e-53f9-4d06-bdb1-2e7b8496fe1f tempest-ServerBootFromVolumeStableRescueTest-187606561 tempest-ServerBootFromVolumeStableRescueTest-187606561-project-member] Using url versioning {{(pid=99696) process_request /opt/stack/glance/glance/api/middleware/version_negotiation.py:57}}
Jul 19 22:44:29.535321 np0000005471 devstack@g-api.service[99696]: DEBUG glance.api.middleware.version_negotiation [None req-a085d40e-53f9-4d06-bdb1-2e7b8496fe1f tempest-ServerBootFromVolumeStableRescueTest-187606561 tempest-ServerBootFromVolumeStableRescueTest-187606561-project-member] Matched version: v2 {{(pid=99696) process_request /opt/stack/glance/glance/api/middleware/version_negotiation.py:69}}
Jul 19 22:44:29.535396 np0000005471 devstack@g-api.service[99696]: DEBUG glance.api.middleware.version_negotiation [None req-a085d40e-53f9-4d06-bdb1-2e7b8496fe1f tempest-ServerBootFromVolumeStableRescueTest-187606561 tempest-ServerBootFromVolumeStableRescueTest-187606561-project-member] new path /v2/images/02f36fae-66f8-49a2-8391-d00d611e6b6c {{(pid=99696) process_request /opt/stack/glance/glance/api/middleware/version_negotiation.py:70}}
Jul 19 22:44:29.564939 np0000005471 devstack@g-api.service[99696]: [pid: 99696|app: 0|req: 69/213] 127.0.0.1 () {40 vars in 834 bytes} [Sun Jul 19 22:44:29 2026] GET /v2/images/02f36fae-66f8-49a2-8391-d00d611e6b6c => generated 1639 bytes in 30 msecs (HTTP/1.1 200) 4 headers in 158 bytes (1 switches on core 0)
Jul 19 22:44:29.583724 np0000005471 devstack@g-api.service[99698]: DEBUG glance.api.middleware.version_negotiation [None req-a085d40e-53f9-4d06-bdb1-2e7b8496fe1f tempest-ServerBootFromVolumeStableRescueTest-187606561 tempest-ServerBootFromVolumeStableRescueTest-187606561-project-member] Determining version of request: GET /v2/images/02f36fae-66f8-49a2-8391-d00d611e6b6c Accept: application/json {{(pid=99698) process_request /opt/stack/glance/glance/api/middleware/version_negotiation.py:44}}
