Jul 19 22:47:35.471119 np0000005471 devstack@g-api.service[99697]: DEBUG glance.api.middleware.version_negotiation [None req-74159701-768f-4305-84ee-617fa32e3103 tempest-ServerStableDeviceRescueTest-1427437222 tempest-ServerStableDeviceRescueTest-1427437222-project-member] Determining version of request: GET /v2/schemas/image Accept: */* {{(pid=99697) process_request /opt/stack/glance/glance/api/middleware/version_negotiation.py:44}}
Jul 19 22:47:35.471618 np0000005471 devstack@g-api.service[99697]: DEBUG glance.api.middleware.version_negotiation [None req-74159701-768f-4305-84ee-617fa32e3103 tempest-ServerStableDeviceRescueTest-1427437222 tempest-ServerStableDeviceRescueTest-1427437222-project-member] Using url versioning {{(pid=99697) process_request /opt/stack/glance/glance/api/middleware/version_negotiation.py:57}}
Jul 19 22:47:35.471618 np0000005471 devstack@g-api.service[99697]: DEBUG glance.api.middleware.version_negotiation [None req-74159701-768f-4305-84ee-617fa32e3103 tempest-ServerStableDeviceRescueTest-1427437222 tempest-ServerStableDeviceRescueTest-1427437222-project-member] Matched version: v2 {{(pid=99697) process_request /opt/stack/glance/glance/api/middleware/version_negotiation.py:69}}
Jul 19 22:47:35.471618 np0000005471 devstack@g-api.service[99697]: DEBUG glance.api.middleware.version_negotiation [None req-74159701-768f-4305-84ee-617fa32e3103 tempest-ServerStableDeviceRescueTest-1427437222 tempest-ServerStableDeviceRescueTest-1427437222-project-member] new path /v2/schemas/image {{(pid=99697) process_request /opt/stack/glance/glance/api/middleware/version_negotiation.py:70}}
Jul 19 22:47:35.475463 np0000005471 devstack@g-api.service[99697]: [pid: 99697|app: 0|req: 141/412] 127.0.0.1 () {44 vars in 1051 bytes} [Sun Jul 19 22:47:35 2026] GET /v2/schemas/image => generated 6083 bytes in 4 msecs (HTTP/1.1 200) 4 headers in 158 bytes (1 switches on core 0)
Jul 19 22:47:35.517386 np0000005471 devstack@g-api.service[99696]: DEBUG glance.api.middleware.version_negotiation [None req-49761289-a641-4dcc-8e23-3eef445fd84c tempest-ServerStableDeviceRescueTest-1427437222 tempest-ServerStableDeviceRescueTest-1427437222-project-member] Determining version of request: GET /v2/schemas/image Accept: */* {{(pid=99696) process_request /opt/stack/glance/glance/api/middleware/version_negotiation.py:44}}
Jul 19 22:47:35.517779 np0000005471 devstack@g-api.service[99696]: DEBUG glance.api.middleware.version_negotiation [None req-49761289-a641-4dcc-8e23-3eef445fd84c tempest-ServerStableDeviceRescueTest-1427437222 tempest-ServerStableDeviceRescueTest-1427437222-project-member] Using url versioning {{(pid=99696) process_request /opt/stack/glance/glance/api/middleware/version_negotiation.py:57}}
Jul 19 22:47:35.517779 np0000005471 devstack@g-api.service[99696]: DEBUG glance.api.middleware.version_negotiation [None req-49761289-a641-4dcc-8e23-3eef445fd84c tempest-ServerStableDeviceRescueTest-1427437222 tempest-ServerStableDeviceRescueTest-1427437222-project-member] Matched version: v2 {{(pid=99696) process_request /opt/stack/glance/glance/api/middleware/version_negotiation.py:69}}
Jul 19 22:47:35.519861 np0000005471 devstack@g-api.service[99698]: DEBUG glance.api.middleware.version_negotiation [None req-baa2bab3-88d0-497d-b140-d0334e4af469 tempest-ServerStableDeviceRescueTest-1427437222 tempest-ServerStableDeviceRescueTest-1427437222-project-member] Determining version of request: GET /v2/schemas/image Accept: */* {{(pid=99698) process_request /opt/stack/glance/glance/api/middleware/version_negotiation.py:44}}
Jul 19 22:47:35.519942 np0000005471 devstack@g-api.service[99696]: DEBUG glance.api.middleware.version_negotiation [None req-49761289-a641-4dcc-8e23-3eef445fd84c tempest-ServerStableDeviceRescueTest-1427437222 tempest-ServerStableDeviceRescueTest-1427437222-project-member] new path /v2/schemas/image {{(pid=99696) process_request /opt/stack/glance/glance/api/middleware/version_negotiation.py:70}}
Jul 19 22:47:35.519978 np0000005471 devstack@g-api.service[99698]: DEBUG glance.api.middleware.version_negotiation [None req-baa2bab3-88d0-497d-b140-d0334e4af469 tempest-ServerStableDeviceRescueTest-1427437222 tempest-ServerStableDeviceRescueTest-1427437222-project-member] Using url versioning {{(pid=99698) process_request /opt/stack/glance/glance/api/middleware/version_negotiation.py:57}}
Jul 19 22:47:35.519978 np0000005471 devstack@g-api.service[99698]: DEBUG glance.api.middleware.version_negotiation [None req-baa2bab3-88d0-497d-b140-d0334e4af469 tempest-ServerStableDeviceRescueTest-1427437222 tempest-ServerStableDeviceRescueTest-1427437222-project-member] Matched version: v2 {{(pid=99698) process_request /opt/stack/glance/glance/api/middleware/version_negotiation.py:69}}
Jul 19 22:47:35.519978 np0000005471 devstack@g-api.service[99698]: DEBUG glance.api.middleware.version_negotiation [None req-baa2bab3-88d0-497d-b140-d0334e4af469 tempest-ServerStableDeviceRescueTest-1427437222 tempest-ServerStableDeviceRescueTest-1427437222-project-member] new path /v2/schemas/image {{(pid=99698) process_request /opt/stack/glance/glance/api/middleware/version_negotiation.py:70}}
Jul 19 22:47:35.520594 np0000005471 devstack@g-api.service[99696]: [pid: 99696|app: 0|req: 136/413] 127.0.0.1 () {44 vars in 1051 bytes} [Sun Jul 19 22:47:35 2026] GET /v2/schemas/image => generated 6083 bytes in 3 msecs (HTTP/1.1 200) 4 headers in 158 bytes (1 switches on core 0)
Jul 19 22:47:35.521742 np0000005471 devstack@g-api.service[99698]: [pid: 99698|app: 0|req: 137/414] 127.0.0.1 () {44 vars in 1051 bytes} [Sun Jul 19 22:47:35 2026] GET /v2/schemas/image => generated 6083 bytes in 4 msecs (HTTP/1.1 200) 4 headers in 158 bytes (1 switches on core 0)
Jul 19 22:47:35.562457 np0000005471 devstack@g-api.service[99697]: DEBUG glance.api.middleware.version_negotiation [None req-49761289-a641-4dcc-8e23-3eef445fd84c tempest-ServerStableDeviceRescueTest-1427437222 tempest-ServerStableDeviceRescueTest-1427437222-project-member] Determining version of request: PATCH /v2/images/cda604c7-395e-4400-b9f8-61fdb2ee290b Accept: */* {{(pid=99697) process_request /opt/stack/glance/glance/api/middleware/version_negotiation.py:44}}
Jul 19 22:47:35.562630 np0000005471 devstack@g-api.service[99697]: DEBUG glance.api.middleware.version_negotiation [None req-49761289-a641-4dcc-8e23-3eef445fd84c tempest-ServerStableDeviceRescueTest-1427437222 tempest-ServerStableDeviceRescueTest-1427437222-project-member] Using url versioning {{(pid=99697) process_request /opt/stack/glance/glance/api/middleware/version_negotiation.py:57}}
Jul 19 22:47:35.562872 np0000005471 devstack@g-api.service[99697]: DEBUG glance.api.middleware.version_negotiation [None req-49761289-a641-4dcc-8e23-3eef445fd84c tempest-ServerStableDeviceRescueTest-1427437222 tempest-ServerStableDeviceRescueTest-1427437222-project-member] Matched version: v2 {{(pid=99697) process_request /opt/stack/glance/glance/api/middleware/version_negotiation.py:69}}
Jul 19 22:47:35.562997 np0000005471 devstack@g-api.service[99697]: DEBUG glance.api.middleware.version_negotiation [None req-49761289-a641-4dcc-8e23-3eef445fd84c tempest-ServerStableDeviceRescueTest-1427437222 tempest-ServerStableDeviceRescueTest-1427437222-project-member] new path /v2/images/cda604c7-395e-4400-b9f8-61fdb2ee290b {{(pid=99697) process_request /opt/stack/glance/glance/api/middleware/version_negotiation.py:70}}
Jul 19 22:47:35.754963 np0000005471 devstack@g-api.service[99697]: [pid: 99697|app: 0|req: 142/415] 127.0.0.1 () {46 vars in 1154 bytes} [Sun Jul 19 22:47:35 2026] PATCH /v2/images/cda604c7-395e-4400-b9f8-61fdb2ee290b => generated 1447 bytes in 192 msecs (HTTP/1.1 200) 4 headers in 158 bytes (1 switches on core 0)
Jul 19 22:47:35.792532 np0000005471 devstack@g-api.service[99696]: DEBUG glance.api.middleware.version_negotiation [None req-49761289-a641-4dcc-8e23-3eef445fd84c tempest-ServerStableDeviceRescueTest-1427437222 tempest-ServerStableDeviceRescueTest-1427437222-project-member] Determining version of request: GET /v2/images/cda604c7-395e-4400-b9f8-61fdb2ee290b Accept: */* {{(pid=99696) process_request /opt/stack/glance/glance/api/middleware/version_negotiation.py:44}}
Jul 19 22:47:35.793065 np0000005471 devstack@g-api.service[99696]: DEBUG glance.api.middleware.version_negotiation [None req-49761289-a641-4dcc-8e23-3eef445fd84c tempest-ServerStableDeviceRescueTest-1427437222 tempest-ServerStableDeviceRescueTest-1427437222-project-member] Using url versioning {{(pid=99696) process_request /opt/stack/glance/glance/api/middleware/version_negotiation.py:57}}
Jul 19 22:47:35.793274 np0000005471 devstack@g-api.service[99696]: DEBUG glance.api.middleware.version_negotiation [None req-49761289-a641-4dcc-8e23-3eef445fd84c tempest-ServerStableDeviceRescueTest-1427437222 tempest-ServerStableDeviceRescueTest-1427437222-project-member] Matched version: v2 {{(pid=99696) process_request /opt/stack/glance/glance/api/middleware/version_negotiation.py:69}}
Jul 19 22:47:35.793408 np0000005471 devstack@g-api.service[99696]: DEBUG glance.api.middleware.version_negotiation [None req-49761289-a641-4dcc-8e23-3eef445fd84c tempest-ServerStableDeviceRescueTest-1427437222 tempest-ServerStableDeviceRescueTest-1427437222-project-member] new path /v2/images/cda604c7-395e-4400-b9f8-61fdb2ee290b {{(pid=99696) process_request /opt/stack/glance/glance/api/middleware/version_negotiation.py:70}}
Jul 19 22:47:35.805684 np0000005471 devstack@g-api.service[99696]: [pid: 99696|app: 0|req: 137/416] 127.0.0.1 () {44 vars in 1111 bytes} [Sun Jul 19 22:47:35 2026] GET /v2/images/cda604c7-395e-4400-b9f8-61fdb2ee290b => generated 1447 bytes in 13 msecs (HTTP/1.1 200) 4 headers in 158 bytes (1 switches on core 0)
Jul 19 22:47:35.853602 np0000005471 devstack@g-api.service[99698]: DEBUG glance.api.middleware.version_negotiation [None req-baa2bab3-88d0-497d-b140-d0334e4af469 tempest-ServerStableDeviceRescueTest-1427437222 tempest-ServerStableDeviceRescueTest-1427437222-project-member] Determining version of request: PUT /v2/images/cda604c7-395e-4400-b9f8-61fdb2ee290b/file Accept: */* {{(pid=99698) process_request /opt/stack/glance/glance/api/middleware/version_negotiation.py:44}}
Jul 19 22:47:35.853746 np0000005471 devstack@g-api.service[99698]: DEBUG glance.api.middleware.version_negotiation [None req-baa2bab3-88d0-497d-b140-d0334e4af469 tempest-ServerStableDeviceRescueTest-1427437222 tempest-ServerStableDeviceRescueTest-1427437222-project-member] Using url versioning {{(pid=99698) process_request /opt/stack/glance/glance/api/middleware/version_negotiation.py:57}}
Jul 19 22:47:35.853865 np0000005471 devstack@g-api.service[99698]: DEBUG glance.api.middleware.version_negotiation [None req-baa2bab3-88d0-497d-b140-d0334e4af469 tempest-ServerStableDeviceRescueTest-1427437222 tempest-ServerStableDeviceRescueTest-1427437222-project-member] Matched version: v2 {{(pid=99698) process_request /opt/stack/glance/glance/api/middleware/version_negotiation.py:69}}
Jul 19 22:47:35.853904 np0000005471 devstack@g-api.service[99698]: DEBUG glance.api.middleware.version_negotiation [None req-baa2bab3-88d0-497d-b140-d0334e4af469 tempest-ServerStableDeviceRescueTest-1427437222 tempest-ServerStableDeviceRescueTest-1427437222-project-member] new path /v2/images/cda604c7-395e-4400-b9f8-61fdb2ee290b/file {{(pid=99698) process_request /opt/stack/glance/glance/api/middleware/version_negotiation.py:70}}
Jul 19 22:47:36.367577 np0000005471 devstack@g-api.service[99698]: INFO glance.api.v2.image_data [None req-49761289-a641-4dcc-8e23-3eef445fd84c tempest-ServerStableDeviceRescueTest-1427437222 tempest-ServerStableDeviceRescueTest-1427437222-project-member] Unable to create trust: no such option collect_timing in group [keystone_authtoken] Use the existing user token.
Jul 19 22:47:36.590450 np0000005471 devstack@g-api.service[99697]: DEBUG glance.api.middleware.version_negotiation [None req-49761289-a641-4dcc-8e23-3eef445fd84c tempest-ServerStableDeviceRescueTest-1427437222 tempest-ServerStableDeviceRescueTest-1427437222-project-member] Determining version of request: GET /v2/images/cda604c7-395e-4400-b9f8-61fdb2ee290b Accept: */* {{(pid=99697) process_request /opt/stack/glance/glance/api/middleware/version_negotiation.py:44}}
Jul 19 22:47:36.590981 np0000005471 devstack@g-api.service[99697]: DEBUG glance.api.middleware.version_negotiation [None req-49761289-a641-4dcc-8e23-3eef445fd84c tempest-ServerStableDeviceRescueTest-1427437222 tempest-ServerStableDeviceRescueTest-1427437222-project-member] Using url versioning {{(pid=99697) process_request /opt/stack/glance/glance/api/middleware/version_negotiation.py:57}}
Jul 19 22:47:36.590981 np0000005471 devstack@g-api.service[99697]: DEBUG glance.api.middleware.version_negotiation [None req-49761289-a641-4dcc-8e23-3eef445fd84c tempest-ServerStableDeviceRescueTest-1427437222 tempest-ServerStableDeviceRescueTest-1427437222-project-member] Matched version: v2 {{(pid=99697) process_request /opt/stack/glance/glance/api/middleware/version_negotiation.py:69}}
Jul 19 22:47:36.591048 np0000005471 devstack@g-api.service[99697]: DEBUG glance.api.middleware.version_negotiation [None req-49761289-a641-4dcc-8e23-3eef445fd84c tempest-ServerStableDeviceRescueTest-1427437222 tempest-ServerStableDeviceRescueTest-1427437222-project-member] new path /v2/images/cda604c7-395e-4400-b9f8-61fdb2ee290b {{(pid=99697) process_request /opt/stack/glance/glance/api/middleware/version_negotiation.py:70}}
Jul 19 22:47:36.614925 np0000005471 devstack@g-api.service[99697]: [pid: 99697|app: 0|req: 143/417] 127.0.0.1 () {44 vars in 1111 bytes} [Sun Jul 19 22:47:36 2026] GET /v2/images/cda604c7-395e-4400-b9f8-61fdb2ee290b => generated 1447 bytes in 24 msecs (HTTP/1.1 200) 4 headers in 158 bytes (1 switches on core 0)
Jul 19 22:47:36.657176 np0000005471 devstack@g-api.service[99696]: DEBUG glance.api.middleware.version_negotiation [None req-49761289-a641-4dcc-8e23-3eef445fd84c tempest-ServerStableDeviceRescueTest-1427437222 tempest-ServerStableDeviceRescueTest-1427437222-project-member] Determining version of request: GET /v2/schemas/image Accept: */* {{(pid=99696) process_request /opt/stack/glance/glance/api/middleware/version_negotiation.py:44}}
Jul 19 22:47:36.657575 np0000005471 devstack@g-api.service[99696]: DEBUG glance.api.middleware.version_negotiation [None req-49761289-a641-4dcc-8e23-3eef445fd84c tempest-ServerStableDeviceRescueTest-1427437222 tempest-ServerStableDeviceRescueTest-1427437222-project-member] Using url versioning {{(pid=99696) process_request /opt/stack/glance/glance/api/middleware/version_negotiation.py:57}}
Jul 19 22:47:36.657575 np0000005471 devstack@g-api.service[99696]: DEBUG glance.api.middleware.version_negotiation [None req-49761289-a641-4dcc-8e23-3eef445fd84c tempest-ServerStableDeviceRescueTest-1427437222 tempest-ServerStableDeviceRescueTest-1427437222-project-member] Matched version: v2 {{(pid=99696) process_request /opt/stack/glance/glance/api/middleware/version_negotiation.py:69}}
Jul 19 22:47:36.657575 np0000005471 devstack@g-api.service[99696]: DEBUG glance.api.middleware.version_negotiation [None req-49761289-a641-4dcc-8e23-3eef445fd84c tempest-ServerStableDeviceRescueTest-1427437222 tempest-ServerStableDeviceRescueTest-1427437222-project-member] new path /v2/schemas/image {{(pid=99696) process_request /opt/stack/glance/glance/api/middleware/version_negotiation.py:70}}
Jul 19 22:47:36.660562 np0000005471 devstack@g-api.service[99696]: [pid: 99696|app: 0|req: 138/418] 127.0.0.1 () {44 vars in 1051 bytes} [Sun Jul 19 22:47:36 2026] GET /v2/schemas/image => generated 6083 bytes in 4 msecs (HTTP/1.1 200) 4 headers in 158 bytes (1 switches on core 0)
Jul 19 22:47:36.940569 np0000005471 devstack@g-api.service[99698]: DEBUG glance.location [None req-49761289-a641-4dcc-8e23-3eef445fd84c tempest-ServerStableDeviceRescueTest-1427437222 tempest-ServerStableDeviceRescueTest-1427437222-project-member] Enabling in-flight format inspection for qcow2 {{(pid=99698) set_data /opt/stack/glance/glance/location.py:596}}
Jul 19 22:47:36.941167 np0000005471 devstack@g-api.service[99698]: DEBUG glance_store.backend [None req-49761289-a641-4dcc-8e23-3eef445fd84c tempest-ServerStableDeviceRescueTest-1427437222 tempest-ServerStableDeviceRescueTest-1427437222-project-member] Attempting to import store swift {{(pid=99698) _load_store /opt/stack/data/venv/lib/python3.12/site-packages/glance_store/backend.py:215}}
Jul 19 22:47:36.942577 np0000005471 devstack@g-api.service[99698]: DEBUG glance_store.capabilities [None req-49761289-a641-4dcc-8e23-3eef445fd84c tempest-ServerStableDeviceRescueTest-1427437222 tempest-ServerStableDeviceRescueTest-1427437222-project-member] Store glance_store._drivers.swift.store.SingleTenantStore doesn't support updating dynamic storage capabilities. Please overwrite 'update_capabilities' method of the store to implement updating logics if needed. {{(pid=99698) update_capabilities /opt/stack/data/venv/lib/python3.12/site-packages/glance_store/capabilities.py:91}}
Jul 19 22:47:36.942689 np0000005471 devstack@g-api.service[99698]: DEBUG glance_store.driver [None req-49761289-a641-4dcc-8e23-3eef445fd84c tempest-ServerStableDeviceRescueTest-1427437222 tempest-ServerStableDeviceRescueTest-1427437222-project-member] Late loading location class glance_store._drivers.swift.store.StoreLocation {{(pid=99698) get_store_location_class /opt/stack/data/venv/lib/python3.12/site-packages/glance_store/driver.py:134}}
Jul 19 22:47:36.944125 np0000005471 devstack@g-api.service[99698]: DEBUG glance_store.location [None req-49761289-a641-4dcc-8e23-3eef445fd84c tempest-ServerStableDeviceRescueTest-1427437222 tempest-ServerStableDeviceRescueTest-1427437222-project-member] Registering scheme swift+https with {'store': , 'location_class': , 'store_entry': 'swift'} {{(pid=99698) register_scheme_map /opt/stack/data/venv/lib/python3.12/site-packages/glance_store/location.py:146}}
Jul 19 22:47:36.944412 np0000005471 devstack@g-api.service[99698]: DEBUG glance_store.location [None req-49761289-a641-4dcc-8e23-3eef445fd84c tempest-ServerStableDeviceRescueTest-1427437222 tempest-ServerStableDeviceRescueTest-1427437222-project-member] Registering scheme swift+https with {'store': , 'location_class': , 'store_entry': 'swift'} {{(pid=99698) register_scheme_map /opt/stack/data/venv/lib/python3.12/site-packages/glance_store/location.py:146}}
Jul 19 22:47:36.944573 np0000005471 devstack@g-api.service[99698]: DEBUG glance_store.location [None req-49761289-a641-4dcc-8e23-3eef445fd84c tempest-ServerStableDeviceRescueTest-1427437222 tempest-ServerStableDeviceRescueTest-1427437222-project-member] Registering scheme swift with {'store': , 'location_class': , 'store_entry': 'swift'} {{(pid=99698) register_scheme_map /opt/stack/data/venv/lib/python3.12/site-packages/glance_store/location.py:146}}
Jul 19 22:47:36.944746 np0000005471 devstack@g-api.service[99698]: DEBUG glance_store.location [None req-49761289-a641-4dcc-8e23-3eef445fd84c tempest-ServerStableDeviceRescueTest-1427437222 tempest-ServerStableDeviceRescueTest-1427437222-project-member] Registering scheme swift+https with {'store': , 'location_class': , 'store_entry': 'swift'} {{(pid=99698) register_scheme_map /opt/stack/data/venv/lib/python3.12/site-packages/glance_store/location.py:146}}
Jul 19 22:47:36.944957 np0000005471 devstack@g-api.service[99698]: DEBUG glance_store.location [None req-49761289-a641-4dcc-8e23-3eef445fd84c tempest-ServerStableDeviceRescueTest-1427437222 tempest-ServerStableDeviceRescueTest-1427437222-project-member] Registering scheme swift with {'store': , 'location_class': , 'store_entry': 'swift'} {{(pid=99698) register_scheme_map /opt/stack/data/venv/lib/python3.12/site-packages/glance_store/location.py:146}}
Jul 19 22:47:36.945146 np0000005471 devstack@g-api.service[99698]: DEBUG glance_store.location [None req-49761289-a641-4dcc-8e23-3eef445fd84c tempest-ServerStableDeviceRescueTest-1427437222 tempest-ServerStableDeviceRescueTest-1427437222-project-member] Registering scheme swift+http with {'store': , 'location_class': , 'store_entry': 'swift'} {{(pid=99698) register_scheme_map /opt/stack/data/venv/lib/python3.12/site-packages/glance_store/location.py:146}}
Jul 19 22:47:36.945784 np0000005471 devstack@g-api.service[99698]: DEBUG glance_store.location [None req-49761289-a641-4dcc-8e23-3eef445fd84c tempest-ServerStableDeviceRescueTest-1427437222 tempest-ServerStableDeviceRescueTest-1427437222-project-member] Registering scheme swift+https with {'store': , 'location_class': , 'store_entry': 'swift'} {{(pid=99698) register_scheme_map /opt/stack/data/venv/lib/python3.12/site-packages/glance_store/location.py:146}}
Jul 19 22:47:36.945973 np0000005471 devstack@g-api.service[99698]: DEBUG glance_store.location [None req-49761289-a641-4dcc-8e23-3eef445fd84c tempest-ServerStableDeviceRescueTest-1427437222 tempest-ServerStableDeviceRescueTest-1427437222-project-member] Registering scheme swift with {'store': , 'location_class': , 'store_entry': 'swift'} {{(pid=99698) register_scheme_map /opt/stack/data/venv/lib/python3.12/site-packages/glance_store/location.py:146}}
Jul 19 22:47:36.946182 np0000005471 devstack@g-api.service[99698]: DEBUG glance_store.location [None req-49761289-a641-4dcc-8e23-3eef445fd84c tempest-ServerStableDeviceRescueTest-1427437222 tempest-ServerStableDeviceRescueTest-1427437222-project-member] Registering scheme swift+http with {'store': , 'location_class': , 'store_entry': 'swift'} {{(pid=99698) register_scheme_map /opt/stack/data/venv/lib/python3.12/site-packages/glance_store/location.py:146}}
Jul 19 22:47:36.946438 np0000005471 devstack@g-api.service[99698]: DEBUG glance_store.location [None req-49761289-a641-4dcc-8e23-3eef445fd84c tempest-ServerStableDeviceRescueTest-1427437222 tempest-ServerStableDeviceRescueTest-1427437222-project-member] Registering scheme swift+config with {'store': , 'location_class': , 'store_entry': 'swift'} {{(pid=99698) register_scheme_map /opt/stack/data/venv/lib/python3.12/site-packages/glance_store/location.py:146}}
Jul 19 22:47:37.228697 np0000005471 devstack@g-api.service[99698]: DEBUG swiftclient [None req-49761289-a641-4dcc-8e23-3eef445fd84c tempest-ServerStableDeviceRescueTest-1427437222 tempest-ServerStableDeviceRescueTest-1427437222-project-member] REQ: curl -i https://10.4.3.49:8080/v1/AUTH_a1b4e42c30e143618ac7a03a566793f3/glance -I -H "X-Auth-Token: gAAAAABqXVQIaj8r..." {{(pid=99698) http_log /opt/stack/data/venv/lib/python3.12/site-packages/swiftclient/client.py:160}}
Jul 19 22:47:37.228697 np0000005471 devstack@g-api.service[99698]: DEBUG swiftclient [None req-49761289-a641-4dcc-8e23-3eef445fd84c tempest-ServerStableDeviceRescueTest-1427437222 tempest-ServerStableDeviceRescueTest-1427437222-project-member] RESP STATUS: 204 No Content {{(pid=99698) http_log /opt/stack/data/venv/lib/python3.12/site-packages/swiftclient/client.py:161}}
Jul 19 22:47:37.228697 np0000005471 devstack@g-api.service[99698]: DEBUG swiftclient [None req-49761289-a641-4dcc-8e23-3eef445fd84c tempest-ServerStableDeviceRescueTest-1427437222 tempest-ServerStableDeviceRescueTest-1427437222-project-member] RESP HEADERS: {'Date': 'Sun, 19 Jul 2026 22:47:37 GMT', 'Server': 'Apache/2.4.58 (Ubuntu)', 'Content-Type': 'text/plain; charset=utf-8', 'X-Container-Object-Count': '5', 'X-Container-Bytes-Used': '86048768', 'X-Timestamp': '1784500784.04543', 'Last-Modified': 'Sun, 19 Jul 2026 22:39:45 GMT', 'Accept-Ranges': 'bytes', 'X-Storage-Policy': 'Policy-0', 'X-Container-Sharding': 'False', 'Vary': 'Accept', 'X-Trans-Id': 'txcd29396a56844d1f9636f-006a5d5409', 'X-Openstack-Request-Id': 'txcd29396a56844d1f9636f-006a5d5409', 'Connection': 'close'} {{(pid=99698) http_log /opt/stack/data/venv/lib/python3.12/site-packages/swiftclient/client.py:162}}
Jul 19 22:47:37.228697 np0000005471 devstack@g-api.service[99698]: DEBUG glance_store._drivers.swift.store [None req-49761289-a641-4dcc-8e23-3eef445fd84c tempest-ServerStableDeviceRescueTest-1427437222 tempest-ServerStableDeviceRescueTest-1427437222-project-member] Adding image object 'cda604c7-395e-4400-b9f8-61fdb2ee290b' to Swift {{(pid=99698) add /opt/stack/data/venv/lib/python3.12/site-packages/glance_store/_drivers/swift/store.py:970}}
Jul 19 22:47:37.229158 np0000005471 devstack@g-api.service[99698]: DEBUG glance_store._drivers.swift.store [None req-49761289-a641-4dcc-8e23-3eef445fd84c tempest-ServerStableDeviceRescueTest-1427437222 tempest-ServerStableDeviceRescueTest-1427437222-project-member] Cannot determine image size because it is either not provided in the request or chunked-transfer encoding is used. Adding image as a segmented object to Swift. {{(pid=99698) add /opt/stack/data/venv/lib/python3.12/site-packages/glance_store/_drivers/swift/store.py:994}}
Jul 19 22:47:37.237630 np0000005471 devstack@g-api.service[99698]: DEBUG oslo_utils.imageutils.format_inspector [None req-49761289-a641-4dcc-8e23-3eef445fd84c tempest-ServerStableDeviceRescueTest-1427437222 tempest-ServerStableDeviceRescueTest-1427437222-project-member] Format inspector for vmdk does not match, excluding from consideration (Signature KDMV not found: b'QFI\xfb') {{(pid=99698) _process_chunk /opt/stack/data/venv/lib/python3.12/site-packages/oslo_utils/imageutils/format_inspector.py:1758}}
Jul 19 22:47:37.241820 np0000005471 devstack@g-api.service[99698]: DEBUG oslo_utils.imageutils.format_inspector [None req-49761289-a641-4dcc-8e23-3eef445fd84c tempest-ServerStableDeviceRescueTest-1427437222 tempest-ServerStableDeviceRescueTest-1427437222-project-member] Format inspector for vhdx does not match, excluding from consideration (Region signature not found at 30000) {{(pid=99698) _process_chunk /opt/stack/data/venv/lib/python3.12/site-packages/oslo_utils/imageutils/format_inspector.py:1758}}
Jul 19 22:47:37.732937 np0000005471 devstack@g-api.service[99697]: DEBUG glance.api.middleware.version_negotiation [None req-fd8b1753-d6b3-4339-becb-db52523918b8 tempest-ServerStableDeviceRescueTest-1427437222 tempest-ServerStableDeviceRescueTest-1427437222-project-member] Determining version of request: GET /v2/images/cda604c7-395e-4400-b9f8-61fdb2ee290b Accept: */* {{(pid=99697) process_request /opt/stack/glance/glance/api/middleware/version_negotiation.py:44}}
Jul 19 22:47:37.733606 np0000005471 devstack@g-api.service[99697]: DEBUG glance.api.middleware.version_negotiation [None req-fd8b1753-d6b3-4339-becb-db52523918b8 tempest-ServerStableDeviceRescueTest-1427437222 tempest-ServerStableDeviceRescueTest-1427437222-project-member] Using url versioning {{(pid=99697) process_request /opt/stack/glance/glance/api/middleware/version_negotiation.py:57}}
Jul 19 22:47:37.733606 np0000005471 devstack@g-api.service[99697]: DEBUG glance.api.middleware.version_negotiation [None req-fd8b1753-d6b3-4339-becb-db52523918b8 tempest-ServerStableDeviceRescueTest-1427437222 tempest-ServerStableDeviceRescueTest-1427437222-project-member] Matched version: v2 {{(pid=99697) process_request /opt/stack/glance/glance/api/middleware/version_negotiation.py:69}}
Jul 19 22:47:37.733606 np0000005471 devstack@g-api.service[99697]: DEBUG glance.api.middleware.version_negotiation [None req-fd8b1753-d6b3-4339-becb-db52523918b8 tempest-ServerStableDeviceRescueTest-1427437222 tempest-ServerStableDeviceRescueTest-1427437222-project-member] new path /v2/images/cda604c7-395e-4400-b9f8-61fdb2ee290b {{(pid=99697) process_request /opt/stack/glance/glance/api/middleware/version_negotiation.py:70}}
Jul 19 22:47:37.754658 np0000005471 devstack@g-api.service[99697]: [pid: 99697|app: 0|req: 144/419] 127.0.0.1 () {44 vars in 1111 bytes} [Sun Jul 19 22:47:37 2026] GET /v2/images/cda604c7-395e-4400-b9f8-61fdb2ee290b => generated 1447 bytes in 22 msecs (HTTP/1.1 200) 4 headers in 158 bytes (1 switches on core 0)
Jul 19 22:47:37.798487 np0000005471 devstack@g-api.service[99696]: DEBUG glance.api.middleware.version_negotiation [None req-fd8b1753-d6b3-4339-becb-db52523918b8 tempest-ServerStableDeviceRescueTest-1427437222 tempest-ServerStableDeviceRescueTest-1427437222-project-member] Determining version of request: GET /v2/schemas/image Accept: */* {{(pid=99696) process_request /opt/stack/glance/glance/api/middleware/version_negotiation.py:44}}
Jul 19 22:47:37.799128 np0000005471 devstack@g-api.service[99696]: DEBUG glance.api.middleware.version_negotiation [None req-fd8b1753-d6b3-4339-becb-db52523918b8 tempest-ServerStableDeviceRescueTest-1427437222 tempest-ServerStableDeviceRescueTest-1427437222-project-member] Using url versioning {{(pid=99696) process_request /opt/stack/glance/glance/api/middleware/version_negotiation.py:57}}
Jul 19 22:47:37.799299 np0000005471 devstack@g-api.service[99696]: DEBUG glance.api.middleware.version_negotiation [None req-fd8b1753-d6b3-4339-becb-db52523918b8 tempest-ServerStableDeviceRescueTest-1427437222 tempest-ServerStableDeviceRescueTest-1427437222-project-member] Matched version: v2 {{(pid=99696) process_request /opt/stack/glance/glance/api/middleware/version_negotiation.py:69}}
Jul 19 22:47:37.799511 np0000005471 devstack@g-api.service[99696]: DEBUG glance.api.middleware.version_negotiation [None req-fd8b1753-d6b3-4339-becb-db52523918b8 tempest-ServerStableDeviceRescueTest-1427437222 tempest-ServerStableDeviceRescueTest-1427437222-project-member] new path /v2/schemas/image {{(pid=99696) process_request /opt/stack/glance/glance/api/middleware/version_negotiation.py:70}}
Jul 19 22:47:37.804346 np0000005471 devstack@g-api.service[99696]: [pid: 99696|app: 0|req: 139/420] 127.0.0.1 () {44 vars in 1051 bytes} [Sun Jul 19 22:47:37 2026] GET /v2/schemas/image => generated 6083 bytes in 6 msecs (HTTP/1.1 200) 4 headers in 158 bytes (1 switches on core 0)
Jul 19 22:47:37.858281 np0000005471 devstack@g-api.service[99698]: DEBUG swiftclient [None req-49761289-a641-4dcc-8e23-3eef445fd84c tempest-ServerStableDeviceRescueTest-1427437222 tempest-ServerStableDeviceRescueTest-1427437222-project-member] REQ: curl -i https://10.4.3.49:8080/v1/AUTH_a1b4e42c30e143618ac7a03a566793f3/glance/cda604c7-395e-4400-b9f8-61fdb2ee290b-00001 -X PUT -H "X-Auth-Token: gAAAAABqXVQIaj8r..." {{(pid=99698) http_log /opt/stack/data/venv/lib/python3.12/site-packages/swiftclient/client.py:160}}
Jul 19 22:47:37.858402 np0000005471 devstack@g-api.service[99698]: DEBUG swiftclient [None req-49761289-a641-4dcc-8e23-3eef445fd84c tempest-ServerStableDeviceRescueTest-1427437222 tempest-ServerStableDeviceRescueTest-1427437222-project-member] RESP STATUS: 201 Created {{(pid=99698) http_log /opt/stack/data/venv/lib/python3.12/site-packages/swiftclient/client.py:161}}
Jul 19 22:47:37.858597 np0000005471 devstack@g-api.service[99698]: DEBUG swiftclient [None req-49761289-a641-4dcc-8e23-3eef445fd84c tempest-ServerStableDeviceRescueTest-1427437222 tempest-ServerStableDeviceRescueTest-1427437222-project-member] RESP HEADERS: {'Date': 'Sun, 19 Jul 2026 22:47:37 GMT', 'Server': 'Apache/2.4.58 (Ubuntu)', 'Content-Type': 'text/html; charset=UTF-8', 'Content-Length': '0', 'Etag': '6bd7dba50806a158983f730cb149a35e', 'Last-Modified': 'Sun, 19 Jul 2026 22:47:38 GMT', 'X-Trans-Id': 'tx4972046e56754ceca3f1a-006a5d5409', 'X-Openstack-Request-Id': 'tx4972046e56754ceca3f1a-006a5d5409', 'Connection': 'close'} {{(pid=99698) http_log /opt/stack/data/venv/lib/python3.12/site-packages/swiftclient/client.py:162}}
Jul 19 22:47:37.858697 np0000005471 devstack@g-api.service[99698]: DEBUG glance_store._drivers.swift.store [None req-49761289-a641-4dcc-8e23-3eef445fd84c tempest-ServerStableDeviceRescueTest-1427437222 tempest-ServerStableDeviceRescueTest-1427437222-project-member] Wrote chunk cda604c7-395e-4400-b9f8-61fdb2ee290b-00001 (1/?) of length 53936128 to Swift returning MD5 of content: 6bd7dba50806a158983f730cb149a35e {{(pid=99698) add /opt/stack/data/venv/lib/python3.12/site-packages/glance_store/_drivers/swift/store.py:1059}}
Jul 19 22:47:37.859096 np0000005471 devstack@g-api.service[99698]: DEBUG glance_store._drivers.swift.store [None req-49761289-a641-4dcc-8e23-3eef445fd84c tempest-ServerStableDeviceRescueTest-1427437222 tempest-ServerStableDeviceRescueTest-1427437222-project-member] Not writing zero-length chunk. {{(pid=99698) add /opt/stack/data/venv/lib/python3.12/site-packages/glance_store/_drivers/swift/store.py:1028}}
Jul 19 22:47:37.884283 np0000005471 devstack@g-api.service[99698]: DEBUG swiftclient [None req-49761289-a641-4dcc-8e23-3eef445fd84c tempest-ServerStableDeviceRescueTest-1427437222 tempest-ServerStableDeviceRescueTest-1427437222-project-member] REQ: curl -i https://10.4.3.49:8080/v1/AUTH_a1b4e42c30e143618ac7a03a566793f3/glance/cda604c7-395e-4400-b9f8-61fdb2ee290b -X PUT -H "X-Object-Manifest: glance/cda604c7-395e-4400-b9f8-61fdb2ee290b-" -H "X-Auth-Token: gAAAAABqXVQIaj8r..." -H "Content-Length: 0" {{(pid=99698) http_log /opt/stack/data/venv/lib/python3.12/site-packages/swiftclient/client.py:160}}
Jul 19 22:47:37.884464 np0000005471 devstack@g-api.service[99698]: DEBUG swiftclient [None req-49761289-a641-4dcc-8e23-3eef445fd84c tempest-ServerStableDeviceRescueTest-1427437222 tempest-ServerStableDeviceRescueTest-1427437222-project-member] RESP STATUS: 201 Created {{(pid=99698) http_log /opt/stack/data/venv/lib/python3.12/site-packages/swiftclient/client.py:161}}
Jul 19 22:47:37.885010 np0000005471 devstack@g-api.service[99698]: DEBUG swiftclient [None req-49761289-a641-4dcc-8e23-3eef445fd84c tempest-ServerStableDeviceRescueTest-1427437222 tempest-ServerStableDeviceRescueTest-1427437222-project-member] RESP HEADERS: {'Date': 'Sun, 19 Jul 2026 22:47:37 GMT', 'Server': 'Apache/2.4.58 (Ubuntu)', 'Content-Type': 'text/html; charset=UTF-8', 'Content-Length': '0', 'Etag': 'd41d8cd98f00b204e9800998ecf8427e', 'Last-Modified': 'Sun, 19 Jul 2026 22:47:38 GMT', 'X-Trans-Id': 'tx1fd40485d57e4e22ae245-006a5d5409', 'X-Openstack-Request-Id': 'tx1fd40485d57e4e22ae245-006a5d5409', 'Connection': 'close'} {{(pid=99698) http_log /opt/stack/data/venv/lib/python3.12/site-packages/swiftclient/client.py:162}}
Jul 19 22:47:37.885089 np0000005471 devstack@g-api.service[99698]: INFO glance.location [None req-49761289-a641-4dcc-8e23-3eef445fd84c tempest-ServerStableDeviceRescueTest-1427437222 tempest-ServerStableDeviceRescueTest-1427437222-project-member] Image format matched and virtual size computed: 1073741824
Jul 19 22:47:37.924067 np0000005471 devstack@g-api.service[99698]: DEBUG glance_store.backend [None req-49761289-a641-4dcc-8e23-3eef445fd84c tempest-ServerStableDeviceRescueTest-1427437222 tempest-ServerStableDeviceRescueTest-1427437222-project-member] Attempting to import store swift {{(pid=99698) _load_store /opt/stack/data/venv/lib/python3.12/site-packages/glance_store/backend.py:215}}
Jul 19 22:47:37.925638 np0000005471 devstack@g-api.service[99698]: DEBUG glance_store.capabilities [None req-49761289-a641-4dcc-8e23-3eef445fd84c tempest-ServerStableDeviceRescueTest-1427437222 tempest-ServerStableDeviceRescueTest-1427437222-project-member] Store glance_store._drivers.swift.store.SingleTenantStore doesn't support updating dynamic storage capabilities. Please overwrite 'update_capabilities' method of the store to implement updating logics if needed. {{(pid=99698) update_capabilities /opt/stack/data/venv/lib/python3.12/site-packages/glance_store/capabilities.py:91}}
Jul 19 22:47:37.925817 np0000005471 devstack@g-api.service[99698]: DEBUG glance_store.driver [None req-49761289-a641-4dcc-8e23-3eef445fd84c tempest-ServerStableDeviceRescueTest-1427437222 tempest-ServerStableDeviceRescueTest-1427437222-project-member] Late loading location class glance_store._drivers.swift.store.StoreLocation {{(pid=99698) get_store_location_class /opt/stack/data/venv/lib/python3.12/site-packages/glance_store/driver.py:134}}
Jul 19 22:47:37.925965 np0000005471 devstack@g-api.service[99698]: DEBUG glance_store.location [None req-49761289-a641-4dcc-8e23-3eef445fd84c tempest-ServerStableDeviceRescueTest-1427437222 tempest-ServerStableDeviceRescueTest-1427437222-project-member] Registering scheme swift+https with {'store': , 'location_class': , 'store_entry': 'swift'} {{(pid=99698) register_scheme_map /opt/stack/data/venv/lib/python3.12/site-packages/glance_store/location.py:146}}
Jul 19 22:47:37.926082 np0000005471 devstack@g-api.service[99698]: DEBUG glance_store.location [None req-49761289-a641-4dcc-8e23-3eef445fd84c tempest-ServerStableDeviceRescueTest-1427437222 tempest-ServerStableDeviceRescueTest-1427437222-project-member] Registering scheme swift+https with {'store': , 'location_class': , 'store_entry': 'swift'} {{(pid=99698) register_scheme_map /opt/stack/data/venv/lib/python3.12/site-packages/glance_store/location.py:146}}
Jul 19 22:47:37.926161 np0000005471 devstack@g-api.service[99698]: DEBUG glance_store.location [None req-49761289-a641-4dcc-8e23-3eef445fd84c tempest-ServerStableDeviceRescueTest-1427437222 tempest-ServerStableDeviceRescueTest-1427437222-project-member] Registering scheme swift with {'store': , 'location_class': , 'store_entry': 'swift'} {{(pid=99698) register_scheme_map /opt/stack/data/venv/lib/python3.12/site-packages/glance_store/location.py:146}}
Jul 19 22:47:37.926248 np0000005471 devstack@g-api.service[99698]: DEBUG glance_store.location [None req-49761289-a641-4dcc-8e23-3eef445fd84c tempest-ServerStableDeviceRescueTest-1427437222 tempest-ServerStableDeviceRescueTest-1427437222-project-member] Registering scheme swift+https with {'store': , 'location_class': , 'store_entry': 'swift'} {{(pid=99698) register_scheme_map /opt/stack/data/venv/lib/python3.12/site-packages/glance_store/location.py:146}}
Jul 19 22:47:37.926329 np0000005471 devstack@g-api.service[99698]: DEBUG glance_store.location [None req-49761289-a641-4dcc-8e23-3eef445fd84c tempest-ServerStableDeviceRescueTest-1427437222 tempest-ServerStableDeviceRescueTest-1427437222-project-member] Registering scheme swift with {'store': , 'location_class': , 'store_entry': 'swift'} {{(pid=99698) register_scheme_map /opt/stack/data/venv/lib/python3.12/site-packages/glance_store/location.py:146}}
Jul 19 22:47:37.926407 np0000005471 devstack@g-api.service[99698]: DEBUG glance_store.location [None req-49761289-a641-4dcc-8e23-3eef445fd84c tempest-ServerStableDeviceRescueTest-1427437222 tempest-ServerStableDeviceRescueTest-1427437222-project-member] Registering scheme swift+http with {'store': , 'location_class': , 'store_entry': 'swift'} {{(pid=99698) register_scheme_map /opt/stack/data/venv/lib/python3.12/site-packages/glance_store/location.py:146}}
Jul 19 22:47:37.926518 np0000005471 devstack@g-api.service[99698]: DEBUG glance_store.location [None req-49761289-a641-4dcc-8e23-3eef445fd84c tempest-ServerStableDeviceRescueTest-1427437222 tempest-ServerStableDeviceRescueTest-1427437222-project-member] Registering scheme swift+https with {'store': , 'location_class': , 'store_entry': 'swift'} {{(pid=99698) register_scheme_map /opt/stack/data/venv/lib/python3.12/site-packages/glance_store/location.py:146}}
Jul 19 22:47:37.926641 np0000005471 devstack@g-api.service[99698]: DEBUG glance_store.location [None req-49761289-a641-4dcc-8e23-3eef445fd84c tempest-ServerStableDeviceRescueTest-1427437222 tempest-ServerStableDeviceRescueTest-1427437222-project-member] Registering scheme swift with {'store': , 'location_class': , 'store_entry': 'swift'} {{(pid=99698) register_scheme_map /opt/stack/data/venv/lib/python3.12/site-packages/glance_store/location.py:146}}
Jul 19 22:47:37.926720 np0000005471 devstack@g-api.service[99698]: DEBUG glance_store.location [None req-49761289-a641-4dcc-8e23-3eef445fd84c tempest-ServerStableDeviceRescueTest-1427437222 tempest-ServerStableDeviceRescueTest-1427437222-project-member] Registering scheme swift+http with {'store': , 'location_class': , 'store_entry': 'swift'} {{(pid=99698) register_scheme_map /opt/stack/data/venv/lib/python3.12/site-packages/glance_store/location.py:146}}
Jul 19 22:47:37.926805 np0000005471 devstack@g-api.service[99698]: DEBUG glance_store.location [None req-49761289-a641-4dcc-8e23-3eef445fd84c tempest-ServerStableDeviceRescueTest-1427437222 tempest-ServerStableDeviceRescueTest-1427437222-project-member] Registering scheme swift+config with {'store': , 'location_class': , 'store_entry': 'swift'} {{(pid=99698) register_scheme_map /opt/stack/data/venv/lib/python3.12/site-packages/glance_store/location.py:146}}
Jul 19 22:47:37.926917 np0000005471 devstack@g-api.service[99698]: DEBUG glance_store.backend [None req-49761289-a641-4dcc-8e23-3eef445fd84c tempest-ServerStableDeviceRescueTest-1427437222 tempest-ServerStableDeviceRescueTest-1427437222-project-member] Skipping store.set_acls... not implemented. {{(pid=99698) set_acls /opt/stack/data/venv/lib/python3.12/site-packages/glance_store/backend.py:507}}
Jul 19 22:47:37.928985 np0000005471 devstack@g-api.service[99698]: [pid: 99698|app: 0|req: 138/421] 127.0.0.1 () {46 vars in 1154 bytes} [Sun Jul 19 22:47:35 2026] PUT /v2/images/cda604c7-395e-4400-b9f8-61fdb2ee290b/file => generated 0 bytes in 2076 msecs (HTTP/1.1 204) 4 headers in 171 bytes (1 switches on core 0)
Jul 19 22:47:37.992801 np0000005471 devstack@g-api.service[99697]: DEBUG glance.api.middleware.version_negotiation [None req-bfc40cbf-4a6d-46ec-8776-831e18f07804 tempest-ServerStableDeviceRescueTest-1427437222 tempest-ServerStableDeviceRescueTest-1427437222-project-member] Determining version of request: GET /v2/images/cda604c7-395e-4400-b9f8-61fdb2ee290b Accept: */* {{(pid=99697) process_request /opt/stack/glance/glance/api/middleware/version_negotiation.py:44}}
Jul 19 22:47:37.993013 np0000005471 devstack@g-api.service[99697]: DEBUG glance.api.middleware.version_negotiation [None req-bfc40cbf-4a6d-46ec-8776-831e18f07804 tempest-ServerStableDeviceRescueTest-1427437222 tempest-ServerStableDeviceRescueTest-1427437222-project-member] Using url versioning {{(pid=99697) process_request /opt/stack/glance/glance/api/middleware/version_negotiation.py:57}}
Jul 19 22:47:37.993128 np0000005471 devstack@g-api.service[99697]: DEBUG glance.api.middleware.version_negotiation [None req-bfc40cbf-4a6d-46ec-8776-831e18f07804 tempest-ServerStableDeviceRescueTest-1427437222 tempest-ServerStableDeviceRescueTest-1427437222-project-member] Matched version: v2 {{(pid=99697) process_request /opt/stack/glance/glance/api/middleware/version_negotiation.py:69}}
Jul 19 22:47:37.993204 np0000005471 devstack@g-api.service[99697]: DEBUG glance.api.middleware.version_negotiation [None req-bfc40cbf-4a6d-46ec-8776-831e18f07804 tempest-ServerStableDeviceRescueTest-1427437222 tempest-ServerStableDeviceRescueTest-1427437222-project-member] new path /v2/images/cda604c7-395e-4400-b9f8-61fdb2ee290b {{(pid=99697) process_request /opt/stack/glance/glance/api/middleware/version_negotiation.py:70}}
Jul 19 22:47:38.006163 np0000005471 devstack@g-api.service[99697]: [pid: 99697|app: 0|req: 145/422] 127.0.0.1 () {44 vars in 1111 bytes} [Sun Jul 19 22:47:37 2026] GET /v2/images/cda604c7-395e-4400-b9f8-61fdb2ee290b => generated 1617 bytes in 13 msecs (HTTP/1.1 200) 4 headers in 158 bytes (1 switches on core 0)
Jul 19 22:47:38.055547 np0000005471 devstack@g-api.service[99696]: DEBUG glance.api.middleware.version_negotiation [None req-bfc40cbf-4a6d-46ec-8776-831e18f07804 tempest-ServerStableDeviceRescueTest-1427437222 tempest-ServerStableDeviceRescueTest-1427437222-project-member] Determining version of request: GET /v2/schemas/image Accept: */* {{(pid=99696) process_request /opt/stack/glance/glance/api/middleware/version_negotiation.py:44}}
Jul 19 22:47:38.055795 np0000005471 devstack@g-api.service[99696]: DEBUG glance.api.middleware.version_negotiation [None req-bfc40cbf-4a6d-46ec-8776-831e18f07804 tempest-ServerStableDeviceRescueTest-1427437222 tempest-ServerStableDeviceRescueTest-1427437222-project-member] Using url versioning {{(pid=99696) process_request /opt/stack/glance/glance/api/middleware/version_negotiation.py:57}}
Jul 19 22:47:38.056019 np0000005471 devstack@g-api.service[99696]: DEBUG glance.api.middleware.version_negotiation [None req-bfc40cbf-4a6d-46ec-8776-831e18f07804 tempest-ServerStableDeviceRescueTest-1427437222 tempest-ServerStableDeviceRescueTest-1427437222-project-member] Matched version: v2 {{(pid=99696) process_request /opt/stack/glance/glance/api/middleware/version_negotiation.py:69}}
Jul 19 22:47:38.056117 np0000005471 devstack@g-api.service[99696]: DEBUG glance.api.middleware.version_negotiation [None req-bfc40cbf-4a6d-46ec-8776-831e18f07804 tempest-ServerStableDeviceRescueTest-1427437222 tempest-ServerStableDeviceRescueTest-1427437222-project-member] new path /v2/schemas/image {{(pid=99696) process_request /opt/stack/glance/glance/api/middleware/version_negotiation.py:70}}
Jul 19 22:47:38.059490 np0000005471 devstack@g-api.service[99696]: [pid: 99696|app: 0|req: 140/423] 127.0.0.1 () {44 vars in 1051 bytes} [Sun Jul 19 22:47:38 2026] GET /v2/schemas/image => generated 6083 bytes in 4 msecs (HTTP/1.1 200) 4 headers in 158 bytes (1 switches on core 0)
Jul 19 22:47:38.877638 np0000005471 devstack@g-api.service[99698]: DEBUG glance.api.middleware.version_negotiation [None req-49761289-a641-4dcc-8e23-3eef445fd84c tempest-ServerStableDeviceRescueTest-1427437222 tempest-ServerStableDeviceRescueTest-1427437222-project-member] Determining version of request: GET /v2/images/cda604c7-395e-4400-b9f8-61fdb2ee290b Accept: */* {{(pid=99698) process_request /opt/stack/glance/glance/api/middleware/version_negotiation.py:44}}
Jul 19 22:47:38.878171 np0000005471 devstack@g-api.service[99698]: DEBUG glance.api.middleware.version_negotiation [None req-49761289-a641-4dcc-8e23-3eef445fd84c tempest-ServerStableDeviceRescueTest-1427437222 tempest-ServerStableDeviceRescueTest-1427437222-project-member] Using url versioning {{(pid=99698) process_request /opt/stack/glance/glance/api/middleware/version_negotiation.py:57}}
Jul 19 22:47:38.878171 np0000005471 devstack@g-api.service[99698]: DEBUG glance.api.middleware.version_negotiation [None req-49761289-a641-4dcc-8e23-3eef445fd84c tempest-ServerStableDeviceRescueTest-1427437222 tempest-ServerStableDeviceRescueTest-1427437222-project-member] Matched version: v2 {{(pid=99698) process_request /opt/stack/glance/glance/api/middleware/version_negotiation.py:69}}
Jul 19 22:47:38.881229 np0000005471 devstack@g-api.service[99698]: DEBUG glance.api.middleware.version_negotiation [None req-49761289-a641-4dcc-8e23-3eef445fd84c tempest-ServerStableDeviceRescueTest-1427437222 tempest-ServerStableDeviceRescueTest-1427437222-project-member] new path /v2/images/cda604c7-395e-4400-b9f8-61fdb2ee290b {{(pid=99698) process_request /opt/stack/glance/glance/api/middleware/version_negotiation.py:70}}
Jul 19 22:47:38.904194 np0000005471 devstack@g-api.service[99698]: [pid: 99698|app: 0|req: 139/424] 127.0.0.1 () {44 vars in 1111 bytes} [Sun Jul 19 22:47:38 2026] GET /v2/images/cda604c7-395e-4400-b9f8-61fdb2ee290b => generated 1617 bytes in 26 msecs (HTTP/1.1 200) 4 headers in 158 bytes (1 switches on core 0)
Jul 19 22:47:38.956653 np0000005471 devstack@g-api.service[99697]: DEBUG glance.api.middleware.version_negotiation [None req-49761289-a641-4dcc-8e23-3eef445fd84c tempest-ServerStableDeviceRescueTest-1427437222 tempest-ServerStableDeviceRescueTest-1427437222-project-member] Determining version of request: GET /v2/schemas/image Accept: */* {{(pid=99697) process_request /opt/stack/glance/glance/api/middleware/version_negotiation.py:44}}
Jul 19 22:47:38.957180 np0000005471 devstack@g-api.service[99697]: DEBUG glance.api.middleware.version_negotiation [None req-49761289-a641-4dcc-8e23-3eef445fd84c tempest-ServerStableDeviceRescueTest-1427437222 tempest-ServerStableDeviceRescueTest-1427437222-project-member] Using url versioning {{(pid=99697) process_request /opt/stack/glance/glance/api/middleware/version_negotiation.py:57}}
Jul 19 22:47:38.957180 np0000005471 devstack@g-api.service[99697]: DEBUG glance.api.middleware.version_negotiation [None req-49761289-a641-4dcc-8e23-3eef445fd84c tempest-ServerStableDeviceRescueTest-1427437222 tempest-ServerStableDeviceRescueTest-1427437222-project-member] Matched version: v2 {{(pid=99697) process_request /opt/stack/glance/glance/api/middleware/version_negotiation.py:69}}
Jul 19 22:47:38.957180 np0000005471 devstack@g-api.service[99697]: DEBUG glance.api.middleware.version_negotiation [None req-49761289-a641-4dcc-8e23-3eef445fd84c tempest-ServerStableDeviceRescueTest-1427437222 tempest-ServerStableDeviceRescueTest-1427437222-project-member] new path /v2/schemas/image {{(pid=99697) process_request /opt/stack/glance/glance/api/middleware/version_negotiation.py:70}}
Jul 19 22:47:38.962502 np0000005471 devstack@g-api.service[99697]: [pid: 99697|app: 0|req: 146/425] 127.0.0.1 () {44 vars in 1051 bytes} [Sun Jul 19 22:47:38 2026] GET /v2/schemas/image => generated 6083 bytes in 6 msecs (HTTP/1.1 200) 4 headers in 158 bytes (1 switches on core 0)
Jul 19 22:47:39.042367 np0000005471 devstack@g-api.service[99696]: DEBUG glance.api.middleware.version_negotiation [None req-49761289-a641-4dcc-8e23-3eef445fd84c tempest-ServerStableDeviceRescueTest-1427437222 tempest-ServerStableDeviceRescueTest-1427437222-project-member] Determining version of request: GET /v2/images/cda604c7-395e-4400-b9f8-61fdb2ee290b Accept: */* {{(pid=99696) process_request /opt/stack/glance/glance/api/middleware/version_negotiation.py:44}}
Jul 19 22:47:39.042885 np0000005471 devstack@g-api.service[99696]: DEBUG glance.api.middleware.version_negotiation [None req-49761289-a641-4dcc-8e23-3eef445fd84c tempest-ServerStableDeviceRescueTest-1427437222 tempest-ServerStableDeviceRescueTest-1427437222-project-member] Using url versioning {{(pid=99696) process_request /opt/stack/glance/glance/api/middleware/version_negotiation.py:57}}
