Jul 19 22:39:15.369542 np0000005471 nova-scheduler[93353]: DEBUG cotyledon.oslo_config_glue [-] oslo_messaging_rabbit.rabbit_quorum_delivery_limit = 0 {{(pid=93353) log_opt_values /opt/stack/data/venv/lib/python3.12/site-packages/oslo_config/cfg.py:3253}}
Jul 19 22:39:15.369732 np0000005471 nova-scheduler[93353]: DEBUG cotyledon.oslo_config_glue [-] oslo_messaging_rabbit.rabbit_quorum_max_memory_bytes = 0 {{(pid=93353) log_opt_values /opt/stack/data/venv/lib/python3.12/site-packages/oslo_config/cfg.py:3253}}
Jul 19 22:39:15.369732 np0000005471 nova-scheduler[93353]: DEBUG cotyledon.oslo_config_glue [-] oslo_messaging_rabbit.rabbit_quorum_max_memory_length = 0 {{(pid=93353) log_opt_values /opt/stack/data/venv/lib/python3.12/site-packages/oslo_config/cfg.py:3253}}
Jul 19 22:39:15.369732 np0000005471 nova-scheduler[93353]: DEBUG cotyledon.oslo_config_glue [-] oslo_messaging_rabbit.rabbit_quorum_queue = False {{(pid=93353) log_opt_values /opt/stack/data/venv/lib/python3.12/site-packages/oslo_config/cfg.py:3253}}
Jul 19 22:39:15.369732 np0000005471 nova-scheduler[93353]: DEBUG cotyledon.oslo_config_glue [-] oslo_messaging_rabbit.rabbit_retry_backoff = 2 {{(pid=93353) log_opt_values /opt/stack/data/venv/lib/python3.12/site-packages/oslo_config/cfg.py:3253}}
Jul 19 22:39:15.369732 np0000005471 nova-scheduler[93353]: DEBUG cotyledon.oslo_config_glue [-] oslo_messaging_rabbit.rabbit_retry_interval = 1 {{(pid=93353) log_opt_values /opt/stack/data/venv/lib/python3.12/site-packages/oslo_config/cfg.py:3253}}
Jul 19 22:39:15.369732 np0000005471 nova-scheduler[93353]: DEBUG cotyledon.oslo_config_glue [-] oslo_messaging_rabbit.rabbit_stream_fanout = False {{(pid=93353) log_opt_values /opt/stack/data/venv/lib/python3.12/site-packages/oslo_config/cfg.py:3253}}
Jul 19 22:39:15.369732 np0000005471 nova-scheduler[93353]: DEBUG cotyledon.oslo_config_glue [-] oslo_messaging_rabbit.rabbit_transient_queues_ttl = 1800 {{(pid=93353) log_opt_values /opt/stack/data/venv/lib/python3.12/site-packages/oslo_config/cfg.py:3253}}
Jul 19 22:39:15.369732 np0000005471 nova-scheduler[93353]: DEBUG cotyledon.oslo_config_glue [-] oslo_messaging_rabbit.rabbit_transient_quorum_queue = False {{(pid=93353) log_opt_values /opt/stack/data/venv/lib/python3.12/site-packages/oslo_config/cfg.py:3253}}
Jul 19 22:39:15.369914 np0000005471 nova-scheduler[93353]: DEBUG cotyledon.oslo_config_glue [-] oslo_messaging_rabbit.rpc_conn_pool_size = 30 {{(pid=93353) log_opt_values /opt/stack/data/venv/lib/python3.12/site-packages/oslo_config/cfg.py:3253}}
Jul 19 22:39:15.369914 np0000005471 nova-scheduler[93353]: DEBUG cotyledon.oslo_config_glue [-] oslo_messaging_rabbit.ssl = False {{(pid=93353) log_opt_values /opt/stack/data/venv/lib/python3.12/site-packages/oslo_config/cfg.py:3253}}
Jul 19 22:39:15.369914 np0000005471 nova-scheduler[93353]: DEBUG cotyledon.oslo_config_glue [-] oslo_messaging_rabbit.ssl_ca_file = {{(pid=93353) log_opt_values /opt/stack/data/venv/lib/python3.12/site-packages/oslo_config/cfg.py:3253}}
Jul 19 22:39:15.369914 np0000005471 nova-scheduler[93353]: DEBUG cotyledon.oslo_config_glue [-] oslo_messaging_rabbit.ssl_cert_file = {{(pid=93353) log_opt_values /opt/stack/data/venv/lib/python3.12/site-packages/oslo_config/cfg.py:3253}}
Jul 19 22:39:15.369914 np0000005471 nova-scheduler[93353]: DEBUG cotyledon.oslo_config_glue [-] oslo_messaging_rabbit.ssl_enforce_fips_mode = False {{(pid=93353) log_opt_values /opt/stack/data/venv/lib/python3.12/site-packages/oslo_config/cfg.py:3253}}
Jul 19 22:39:15.369914 np0000005471 nova-scheduler[93353]: DEBUG cotyledon.oslo_config_glue [-] oslo_messaging_rabbit.ssl_enforce_hostname_verification = True {{(pid=93353) log_opt_values /opt/stack/data/venv/lib/python3.12/site-packages/oslo_config/cfg.py:3253}}
Jul 19 22:39:15.369914 np0000005471 nova-scheduler[93353]: DEBUG cotyledon.oslo_config_glue [-] oslo_messaging_rabbit.ssl_key_file = {{(pid=93353) log_opt_values /opt/stack/data/venv/lib/python3.12/site-packages/oslo_config/cfg.py:3253}}
Jul 19 22:39:15.369914 np0000005471 nova-scheduler[93353]: DEBUG cotyledon.oslo_config_glue [-] oslo_messaging_rabbit.ssl_version = {{(pid=93353) log_opt_values /opt/stack/data/venv/lib/python3.12/site-packages/oslo_config/cfg.py:3253}}
Jul 19 22:39:15.369914 np0000005471 nova-scheduler[93353]: DEBUG cotyledon.oslo_config_glue [-] oslo_messaging_rabbit.use_queue_manager = False {{(pid=93353) log_opt_values /opt/stack/data/venv/lib/python3.12/site-packages/oslo_config/cfg.py:3253}}
Jul 19 22:39:15.370083 np0000005471 nova-scheduler[93353]: DEBUG cotyledon.oslo_config_glue [-] oslo_messaging_notifications.driver = ['messagingv2'] {{(pid=93353) log_opt_values /opt/stack/data/venv/lib/python3.12/site-packages/oslo_config/cfg.py:3253}}
Jul 19 22:39:15.370083 np0000005471 nova-scheduler[93353]: DEBUG cotyledon.oslo_config_glue [-] oslo_messaging_notifications.retry = -1 {{(pid=93353) log_opt_values /opt/stack/data/venv/lib/python3.12/site-packages/oslo_config/cfg.py:3253}}
Jul 19 22:39:15.370083 np0000005471 nova-scheduler[93353]: DEBUG cotyledon.oslo_config_glue [-] oslo_messaging_notifications.topics = ['notifications'] {{(pid=93353) log_opt_values /opt/stack/data/venv/lib/python3.12/site-packages/oslo_config/cfg.py:3253}}
Jul 19 22:39:15.370083 np0000005471 nova-scheduler[93353]: DEBUG cotyledon.oslo_config_glue [-] oslo_messaging_notifications.transport_url = **** {{(pid=93353) log_opt_values /opt/stack/data/venv/lib/python3.12/site-packages/oslo_config/cfg.py:3253}}
Jul 19 22:39:15.370083 np0000005471 nova-scheduler[93353]: DEBUG cotyledon.oslo_config_glue [-] oslo_limit.auth_section = None {{(pid=93353) log_opt_values /opt/stack/data/venv/lib/python3.12/site-packages/oslo_config/cfg.py:3253}}
Jul 19 22:39:15.370083 np0000005471 nova-scheduler[93353]: DEBUG cotyledon.oslo_config_glue [-] oslo_limit.auth_type = None {{(pid=93353) log_opt_values /opt/stack/data/venv/lib/python3.12/site-packages/oslo_config/cfg.py:3253}}
Jul 19 22:39:15.370083 np0000005471 nova-scheduler[93353]: DEBUG cotyledon.oslo_config_glue [-] oslo_limit.cafile = None {{(pid=93353) log_opt_values /opt/stack/data/venv/lib/python3.12/site-packages/oslo_config/cfg.py:3253}}
Jul 19 22:39:15.370083 np0000005471 nova-scheduler[93353]: DEBUG cotyledon.oslo_config_glue [-] oslo_limit.certfile = None {{(pid=93353) log_opt_values /opt/stack/data/venv/lib/python3.12/site-packages/oslo_config/cfg.py:3253}}
Jul 19 22:39:15.370083 np0000005471 nova-scheduler[93353]: DEBUG cotyledon.oslo_config_glue [-] oslo_limit.collect_timing = False {{(pid=93353) log_opt_values /opt/stack/data/venv/lib/python3.12/site-packages/oslo_config/cfg.py:3253}}
Jul 19 22:39:15.370257 np0000005471 nova-scheduler[93353]: DEBUG cotyledon.oslo_config_glue [-] oslo_limit.connect_retries = None {{(pid=93353) log_opt_values /opt/stack/data/venv/lib/python3.12/site-packages/oslo_config/cfg.py:3253}}
Jul 19 22:39:15.370257 np0000005471 nova-scheduler[93353]: DEBUG cotyledon.oslo_config_glue [-] oslo_limit.connect_retry_delay = None {{(pid=93353) log_opt_values /opt/stack/data/venv/lib/python3.12/site-packages/oslo_config/cfg.py:3253}}
Jul 19 22:39:15.370257 np0000005471 nova-scheduler[93353]: DEBUG cotyledon.oslo_config_glue [-] oslo_limit.endpoint_id = None {{(pid=93353) log_opt_values /opt/stack/data/venv/lib/python3.12/site-packages/oslo_config/cfg.py:3253}}
Jul 19 22:39:15.370257 np0000005471 nova-scheduler[93353]: DEBUG cotyledon.oslo_config_glue [-] oslo_limit.endpoint_interface = public {{(pid=93353) log_opt_values /opt/stack/data/venv/lib/python3.12/site-packages/oslo_config/cfg.py:3253}}
Jul 19 22:39:15.370257 np0000005471 nova-scheduler[93353]: DEBUG cotyledon.oslo_config_glue [-] oslo_limit.endpoint_override = None {{(pid=93353) log_opt_values /opt/stack/data/venv/lib/python3.12/site-packages/oslo_config/cfg.py:3253}}
Jul 19 22:39:15.370257 np0000005471 nova-scheduler[93353]: DEBUG cotyledon.oslo_config_glue [-] oslo_limit.endpoint_region_name = None {{(pid=93353) log_opt_values /opt/stack/data/venv/lib/python3.12/site-packages/oslo_config/cfg.py:3253}}
Jul 19 22:39:15.370257 np0000005471 nova-scheduler[93353]: DEBUG cotyledon.oslo_config_glue [-] oslo_limit.endpoint_service_name = None {{(pid=93353) log_opt_values /opt/stack/data/venv/lib/python3.12/site-packages/oslo_config/cfg.py:3253}}
Jul 19 22:39:15.370257 np0000005471 nova-scheduler[93353]: DEBUG cotyledon.oslo_config_glue [-] oslo_limit.endpoint_service_type = None {{(pid=93353) log_opt_values /opt/stack/data/venv/lib/python3.12/site-packages/oslo_config/cfg.py:3253}}
Jul 19 22:39:15.370257 np0000005471 nova-scheduler[93353]: DEBUG cotyledon.oslo_config_glue [-] oslo_limit.insecure = False {{(pid=93353) log_opt_values /opt/stack/data/venv/lib/python3.12/site-packages/oslo_config/cfg.py:3253}}
Jul 19 22:39:15.370415 np0000005471 nova-scheduler[93353]: DEBUG cotyledon.oslo_config_glue [-] oslo_limit.keyfile = None {{(pid=93353) log_opt_values /opt/stack/data/venv/lib/python3.12/site-packages/oslo_config/cfg.py:3253}}
Jul 19 22:39:15.370415 np0000005471 nova-scheduler[93353]: DEBUG cotyledon.oslo_config_glue [-] oslo_limit.max_version = None {{(pid=93353) log_opt_values /opt/stack/data/venv/lib/python3.12/site-packages/oslo_config/cfg.py:3253}}
Jul 19 22:39:15.370415 np0000005471 nova-scheduler[93353]: DEBUG cotyledon.oslo_config_glue [-] oslo_limit.min_version = None {{(pid=93353) log_opt_values /opt/stack/data/venv/lib/python3.12/site-packages/oslo_config/cfg.py:3253}}
Jul 19 22:39:15.370415 np0000005471 nova-scheduler[93353]: DEBUG cotyledon.oslo_config_glue [-] oslo_limit.region_name = None {{(pid=93353) log_opt_values /opt/stack/data/venv/lib/python3.12/site-packages/oslo_config/cfg.py:3253}}
Jul 19 22:39:15.370415 np0000005471 nova-scheduler[93353]: DEBUG cotyledon.oslo_config_glue [-] oslo_limit.retriable_status_codes = None {{(pid=93353) log_opt_values /opt/stack/data/venv/lib/python3.12/site-packages/oslo_config/cfg.py:3253}}
Jul 19 22:39:15.370415 np0000005471 nova-scheduler[93353]: DEBUG cotyledon.oslo_config_glue [-] oslo_limit.service_name = None {{(pid=93353) log_opt_values /opt/stack/data/venv/lib/python3.12/site-packages/oslo_config/cfg.py:3253}}
Jul 19 22:39:15.370415 np0000005471 nova-scheduler[93353]: DEBUG cotyledon.oslo_config_glue [-] oslo_limit.service_type = None {{(pid=93353) log_opt_values /opt/stack/data/venv/lib/python3.12/site-packages/oslo_config/cfg.py:3253}}
Jul 19 22:39:15.370415 np0000005471 nova-scheduler[93353]: DEBUG cotyledon.oslo_config_glue [-] oslo_limit.split_loggers = False {{(pid=93353) log_opt_values /opt/stack/data/venv/lib/python3.12/site-packages/oslo_config/cfg.py:3253}}
Jul 19 22:39:15.370415 np0000005471 nova-scheduler[93353]: DEBUG cotyledon.oslo_config_glue [-] oslo_limit.status_code_retries = None {{(pid=93353) log_opt_values /opt/stack/data/venv/lib/python3.12/site-packages/oslo_config/cfg.py:3253}}
Jul 19 22:39:15.370741 np0000005471 nova-scheduler[93353]: DEBUG cotyledon.oslo_config_glue [-] oslo_limit.status_code_retry_delay = None {{(pid=93353) log_opt_values /opt/stack/data/venv/lib/python3.12/site-packages/oslo_config/cfg.py:3253}}
Jul 19 22:39:15.370741 np0000005471 nova-scheduler[93353]: DEBUG cotyledon.oslo_config_glue [-] oslo_limit.timeout = None {{(pid=93353) log_opt_values /opt/stack/data/venv/lib/python3.12/site-packages/oslo_config/cfg.py:3253}}
Jul 19 22:39:15.370741 np0000005471 nova-scheduler[93353]: DEBUG cotyledon.oslo_config_glue [-] oslo_limit.valid_interfaces = None {{(pid=93353) log_opt_values /opt/stack/data/venv/lib/python3.12/site-packages/oslo_config/cfg.py:3253}}
Jul 19 22:39:15.370741 np0000005471 nova-scheduler[93353]: DEBUG cotyledon.oslo_config_glue [-] oslo_limit.version = None {{(pid=93353) log_opt_values /opt/stack/data/venv/lib/python3.12/site-packages/oslo_config/cfg.py:3253}}
Jul 19 22:39:15.370741 np0000005471 nova-scheduler[93353]: DEBUG cotyledon.oslo_config_glue [-] oslo_reports.file_event_handler = None {{(pid=93353) log_opt_values /opt/stack/data/venv/lib/python3.12/site-packages/oslo_config/cfg.py:3253}}
Jul 19 22:39:15.370741 np0000005471 nova-scheduler[93353]: DEBUG cotyledon.oslo_config_glue [-] oslo_reports.file_event_handler_interval = 1 {{(pid=93353) log_opt_values /opt/stack/data/venv/lib/python3.12/site-packages/oslo_config/cfg.py:3253}}
Jul 19 22:39:15.370741 np0000005471 nova-scheduler[93353]: DEBUG cotyledon.oslo_config_glue [-] oslo_reports.log_dir = None {{(pid=93353) log_opt_values /opt/stack/data/venv/lib/python3.12/site-packages/oslo_config/cfg.py:3253}}
Jul 19 22:39:15.370741 np0000005471 nova-scheduler[93353]: DEBUG cotyledon.oslo_config_glue [-] ******************************************************************************** {{(pid=93353) log_opt_values /opt/stack/data/venv/lib/python3.12/site-packages/oslo_config/cfg.py:3260}}
Jul 19 22:39:15.370741 np0000005471 nova-scheduler[93353]: DEBUG cotyledon._service_worker [-] Run service ServiceWrapper(2) [93353] {{(pid=93353) wait_forever /opt/stack/data/venv/lib/python3.12/site-packages/cotyledon/_service_worker.py:218}}
Jul 19 22:39:15.371100 np0000005471 nova-scheduler[93353]: INFO nova.service [-] Starting scheduler node (version 33.1.0)
Jul 19 22:39:15.371139 np0000005471 nova-scheduler[93337]: DEBUG oslo_db.sqlalchemy.engines [None req-ebe7f495-15cc-4f4e-9cc6-d42899045d5c None None] MySQL server mode set to STRICT_TRANS_TABLES,STRICT_ALL_TABLES,NO_ZERO_IN_DATE,NO_ZERO_DATE,ERROR_FOR_DIVISION_BY_ZERO,TRADITIONAL,NO_ENGINE_SUBSTITUTION {{(pid=93337) _check_effective_sql_mode /opt/stack/data/venv/lib/python3.12/site-packages/oslo_db/sqlalchemy/engines.py:325}}
Jul 19 22:39:15.371819 np0000005471 nova-scheduler[93353]: INFO dbcounter [None req-6e43e00d-89e8-4c07-ad32-55a0b1201ce9 None None] Registered counter for database nova_cell0
Jul 19 22:39:15.380328 np0000005471 nova-scheduler[93337]: DEBUG dbcounter [-] [93337] Writer thread running {{(pid=93337) stat_writer /opt/stack/data/venv/lib/python3.12/site-packages/dbcounter.py:102}}
Jul 19 22:39:15.391616 np0000005471 nova-scheduler[93340]: DEBUG oslo_db.sqlalchemy.engines [None req-c4df157b-4c77-42c2-8d33-844a1063d9cf None None] MySQL server mode set to STRICT_TRANS_TABLES,STRICT_ALL_TABLES,NO_ZERO_IN_DATE,NO_ZERO_DATE,ERROR_FOR_DIVISION_BY_ZERO,TRADITIONAL,NO_ENGINE_SUBSTITUTION {{(pid=93340) _check_effective_sql_mode /opt/stack/data/venv/lib/python3.12/site-packages/oslo_db/sqlalchemy/engines.py:325}}
Jul 19 22:39:15.394463 np0000005471 nova-scheduler[93337]: DEBUG nova.service [None req-ebe7f495-15cc-4f4e-9cc6-d42899045d5c None None] Creating RPC server for service: nova-scheduler on topic: scheduler {{(pid=93337) start /opt/stack/nova/nova/service.py:196}}
Jul 19 22:39:15.401411 np0000005471 nova-scheduler[93340]: DEBUG dbcounter [-] [93340] Writer thread running {{(pid=93340) stat_writer /opt/stack/data/venv/lib/python3.12/site-packages/dbcounter.py:102}}
Jul 19 22:39:15.404313 np0000005471 nova-scheduler[93340]: DEBUG nova.service [None req-c4df157b-4c77-42c2-8d33-844a1063d9cf None None] Creating RPC server for service: nova-scheduler on topic: scheduler {{(pid=93340) start /opt/stack/nova/nova/service.py:196}}
Jul 19 22:39:15.417413 np0000005471 nova-scheduler[93337]: DEBUG nova.service [None req-ebe7f495-15cc-4f4e-9cc6-d42899045d5c None None] Join ServiceGroup membership for this service scheduler {{(pid=93337) start /opt/stack/nova/nova/service.py:222}}
Jul 19 22:39:15.417652 np0000005471 nova-scheduler[93337]: DEBUG nova.servicegroup.drivers.db [None req-ebe7f495-15cc-4f4e-9cc6-d42899045d5c None None] DB_Driver: join new ServiceGroup member np0000005471 to the scheduler group, service = {{(pid=93337) join /opt/stack/nova/nova/servicegroup/drivers/db.py:44}}
Jul 19 22:39:15.417878 np0000005471 nova-scheduler[93353]: DEBUG oslo_db.sqlalchemy.engines [None req-6e43e00d-89e8-4c07-ad32-55a0b1201ce9 None None] MySQL server mode set to STRICT_TRANS_TABLES,STRICT_ALL_TABLES,NO_ZERO_IN_DATE,NO_ZERO_DATE,ERROR_FOR_DIVISION_BY_ZERO,TRADITIONAL,NO_ENGINE_SUBSTITUTION {{(pid=93353) _check_effective_sql_mode /opt/stack/data/venv/lib/python3.12/site-packages/oslo_db/sqlalchemy/engines.py:325}}
Jul 19 22:39:15.427693 np0000005471 nova-scheduler[93340]: DEBUG nova.service [None req-c4df157b-4c77-42c2-8d33-844a1063d9cf None None] Join ServiceGroup membership for this service scheduler {{(pid=93340) start /opt/stack/nova/nova/service.py:222}}
Jul 19 22:39:15.427899 np0000005471 nova-scheduler[93340]: DEBUG nova.servicegroup.drivers.db [None req-c4df157b-4c77-42c2-8d33-844a1063d9cf None None] DB_Driver: join new ServiceGroup member np0000005471 to the scheduler group, service = {{(pid=93340) join /opt/stack/nova/nova/servicegroup/drivers/db.py:44}}
Jul 19 22:39:15.428798 np0000005471 nova-scheduler[93353]: DEBUG dbcounter [-] [93353] Writer thread running {{(pid=93353) stat_writer /opt/stack/data/venv/lib/python3.12/site-packages/dbcounter.py:102}}
Jul 19 22:39:15.431858 np0000005471 nova-scheduler[93353]: DEBUG nova.service [None req-6e43e00d-89e8-4c07-ad32-55a0b1201ce9 None None] Creating RPC server for service: nova-scheduler on topic: scheduler {{(pid=93353) start /opt/stack/nova/nova/service.py:196}}
Jul 19 22:39:15.448804 np0000005471 nova-scheduler[93353]: DEBUG nova.service [None req-6e43e00d-89e8-4c07-ad32-55a0b1201ce9 None None] Join ServiceGroup membership for this service scheduler {{(pid=93353) start /opt/stack/nova/nova/service.py:222}}
Jul 19 22:39:15.449034 np0000005471 nova-scheduler[93353]: DEBUG nova.servicegroup.drivers.db [None req-6e43e00d-89e8-4c07-ad32-55a0b1201ce9 None None] DB_Driver: join new ServiceGroup member np0000005471 to the scheduler group, service = {{(pid=93353) join /opt/stack/nova/nova/servicegroup/drivers/db.py:44}}
Jul 19 22:39:20.435135 np0000005471 nova-scheduler[93337]: DEBUG oslo.service.backend._threading.loopingcall [-] Fixed interval looping call 'nova.servicegroup.drivers.db.DbDriver._report_state' sleeping for 119.99 seconds {{(pid=93337) _run_loop /opt/stack/data/venv/lib/python3.12/site-packages/oslo_service/backend/_threading/loopingcall.py:125}}
Jul 19 22:39:20.439591 np0000005471 nova-scheduler[93340]: DEBUG oslo.service.backend._threading.loopingcall [-] Fixed interval looping call 'nova.servicegroup.drivers.db.DbDriver._report_state' sleeping for 119.99 seconds {{(pid=93340) _run_loop /opt/stack/data/venv/lib/python3.12/site-packages/oslo_service/backend/_threading/loopingcall.py:125}}
Jul 19 22:39:20.460486 np0000005471 nova-scheduler[93353]: DEBUG oslo.service.backend._threading.loopingcall [-] Fixed interval looping call 'nova.servicegroup.drivers.db.DbDriver._report_state' sleeping for 119.99 seconds {{(pid=93353) _run_loop /opt/stack/data/venv/lib/python3.12/site-packages/oslo_service/backend/_threading/loopingcall.py:125}}
Jul 19 22:39:21.419913 np0000005471 nova-scheduler[93337]: DEBUG oslo.service.backend._threading.loopingcall [None req-6c86c75a-e5b2-41fb-ba88-35f7aa6351a8 None None] Dynamic interval looping call 'nova.service.Service.periodic_tasks' sleeping for 60.00 seconds {{(pid=93337) _run_loop /opt/stack/data/venv/lib/python3.12/site-packages/oslo_service/backend/_threading/loopingcall.py:125}}
Jul 19 22:39:24.019698 np0000005471 nova-scheduler[92120]: DEBUG dbcounter [-] [92120] Writing DB stats nova_api:SELECT=3 {{(pid=92120) stat_writer /opt/stack/data/venv/lib/python3.12/site-packages/dbcounter.py:115}}
Jul 19 22:39:24.147564 np0000005471 nova-scheduler[92120]: DEBUG dbcounter [-] [92120] Writing DB stats nova_cell0:SELECT=1 {{(pid=92120) stat_writer /opt/stack/data/venv/lib/python3.12/site-packages/dbcounter.py:115}}
Jul 19 22:39:24.152917 np0000005471 nova-scheduler[92120]: DEBUG dbcounter [-] [92120] Writing DB stats nova_cell1:SELECT=1 {{(pid=92120) stat_writer /opt/stack/data/venv/lib/python3.12/site-packages/dbcounter.py:115}}
Jul 19 22:39:30.430773 np0000005471 nova-scheduler[93337]: DEBUG dbcounter [-] [93337] Writing DB stats nova_cell0:SELECT=4,nova_cell0:INSERT=1,nova_cell0:UPDATE=1 {{(pid=93337) stat_writer /opt/stack/data/venv/lib/python3.12/site-packages/dbcounter.py:115}}
Jul 19 22:39:30.436199 np0000005471 nova-scheduler[93340]: DEBUG dbcounter [-] [93340] Writing DB stats nova_cell0:SELECT=3 {{(pid=93340) stat_writer /opt/stack/data/venv/lib/python3.12/site-packages/dbcounter.py:115}}
Jul 19 22:39:30.457069 np0000005471 nova-scheduler[93353]: DEBUG dbcounter [-] [93353] Writing DB stats nova_cell0:SELECT=3 {{(pid=93353) stat_writer /opt/stack/data/venv/lib/python3.12/site-packages/dbcounter.py:115}}
Jul 19 22:39:43.430033 np0000005471 nova-scheduler[93340]: DEBUG oslo.service.backend._threading.loopingcall [None req-772f9800-865c-4db5-b672-11127dfaedde None None] Dynamic interval looping call 'nova.service.Service.periodic_tasks' sleeping for 60.00 seconds {{(pid=93340) _run_loop /opt/stack/data/venv/lib/python3.12/site-packages/oslo_service/backend/_threading/loopingcall.py:125}}
Jul 19 22:40:02.451238 np0000005471 nova-scheduler[93353]: DEBUG oslo.service.backend._threading.loopingcall [None req-3094a002-7ff5-414f-b3ad-b9b84d58ca04 None None] Dynamic interval looping call 'nova.service.Service.periodic_tasks' sleeping for 60.00 seconds {{(pid=93353) _run_loop /opt/stack/data/venv/lib/python3.12/site-packages/oslo_service/backend/_threading/loopingcall.py:125}}
Jul 19 22:40:21.420348 np0000005471 nova-scheduler[93337]: DEBUG oslo.service.backend._threading.loopingcall [None req-6c86c75a-e5b2-41fb-ba88-35f7aa6351a8 None None] Dynamic interval looping call 'nova.service.Service.periodic_tasks' sleeping for 60.00 seconds {{(pid=93337) _run_loop /opt/stack/data/venv/lib/python3.12/site-packages/oslo_service/backend/_threading/loopingcall.py:125}}
Jul 19 22:40:43.430597 np0000005471 nova-scheduler[93340]: DEBUG oslo.service.backend._threading.loopingcall [None req-772f9800-865c-4db5-b672-11127dfaedde None None] Dynamic interval looping call 'nova.service.Service.periodic_tasks' sleeping for 60.00 seconds {{(pid=93340) _run_loop /opt/stack/data/venv/lib/python3.12/site-packages/oslo_service/backend/_threading/loopingcall.py:125}}
Jul 19 22:41:02.451678 np0000005471 nova-scheduler[93353]: DEBUG oslo.service.backend._threading.loopingcall [None req-3094a002-7ff5-414f-b3ad-b9b84d58ca04 None None] Dynamic interval looping call 'nova.service.Service.periodic_tasks' sleeping for 60.00 seconds {{(pid=93353) _run_loop /opt/stack/data/venv/lib/python3.12/site-packages/oslo_service/backend/_threading/loopingcall.py:125}}
Jul 19 22:41:20.432228 np0000005471 nova-scheduler[93337]: DEBUG oslo.service.backend._threading.loopingcall [-] Fixed interval looping call 'nova.servicegroup.drivers.db.DbDriver._report_state' sleeping for 119.99 seconds {{(pid=93337) _run_loop /opt/stack/data/venv/lib/python3.12/site-packages/oslo_service/backend/_threading/loopingcall.py:125}}
Jul 19 22:41:20.434965 np0000005471 nova-scheduler[93340]: DEBUG oslo.service.backend._threading.loopingcall [-] Fixed interval looping call 'nova.servicegroup.drivers.db.DbDriver._report_state' sleeping for 119.99 seconds {{(pid=93340) _run_loop /opt/stack/data/venv/lib/python3.12/site-packages/oslo_service/backend/_threading/loopingcall.py:125}}
Jul 19 22:41:20.453872 np0000005471 nova-scheduler[93353]: DEBUG oslo.service.backend._threading.loopingcall [-] Fixed interval looping call 'nova.servicegroup.drivers.db.DbDriver._report_state' sleeping for 120.00 seconds {{(pid=93353) _run_loop /opt/stack/data/venv/lib/python3.12/site-packages/oslo_service/backend/_threading/loopingcall.py:125}}
Jul 19 22:41:21.420836 np0000005471 nova-scheduler[93337]: DEBUG oslo.service.backend._threading.loopingcall [None req-6c86c75a-e5b2-41fb-ba88-35f7aa6351a8 None None] Dynamic interval looping call 'nova.service.Service.periodic_tasks' sleeping for 60.00 seconds {{(pid=93337) _run_loop /opt/stack/data/venv/lib/python3.12/site-packages/oslo_service/backend/_threading/loopingcall.py:125}}
Jul 19 22:41:30.428272 np0000005471 nova-scheduler[93337]: DEBUG dbcounter [-] [93337] Writing DB stats nova_cell0:SELECT=1,nova_cell0:UPDATE=1 {{(pid=93337) stat_writer /opt/stack/data/venv/lib/python3.12/site-packages/dbcounter.py:115}}
Jul 19 22:41:30.433960 np0000005471 nova-scheduler[93340]: DEBUG dbcounter [-] [93340] Writing DB stats nova_cell0:SELECT=1,nova_cell0:UPDATE=1 {{(pid=93340) stat_writer /opt/stack/data/venv/lib/python3.12/site-packages/dbcounter.py:115}}
Jul 19 22:41:30.452274 np0000005471 nova-scheduler[93353]: DEBUG dbcounter [-] [93353] Writing DB stats nova_cell0:SELECT=1 {{(pid=93353) stat_writer /opt/stack/data/venv/lib/python3.12/site-packages/dbcounter.py:115}}
Jul 19 22:41:43.431464 np0000005471 nova-scheduler[93340]: DEBUG oslo.service.backend._threading.loopingcall [None req-772f9800-865c-4db5-b672-11127dfaedde None None] Dynamic interval looping call 'nova.service.Service.periodic_tasks' sleeping for 60.00 seconds {{(pid=93340) _run_loop /opt/stack/data/venv/lib/python3.12/site-packages/oslo_service/backend/_threading/loopingcall.py:125}}
Jul 19 22:41:46.449344 np0000005471 nova-scheduler[93337]: DEBUG nova.scheduler.manager [None req-3c5c0acb-4abc-4500-ab7c-b7f639e65fc5 tempest-DeleteServersTestJSON-1855704095 tempest-DeleteServersTestJSON-1855704095-project-member] Starting to schedule for instances: ['37c58fc0-112a-448f-aa2a-0031ef1d5527'] {{(pid=93337) select_destinations /opt/stack/nova/nova/scheduler/manager.py:209}}
Jul 19 22:41:46.449746 np0000005471 nova-scheduler[93337]: DEBUG nova.scheduler.request_filter [None req-3c5c0acb-4abc-4500-ab7c-b7f639e65fc5 tempest-DeleteServersTestJSON-1855704095 tempest-DeleteServersTestJSON-1855704095-project-member] compute_status_filter request filter added forbidden trait COMPUTE_STATUS_DISABLED {{(pid=93337) compute_status_filter /opt/stack/nova/nova/scheduler/request_filter.py:253}}
Jul 19 22:41:46.449873 np0000005471 nova-scheduler[93337]: DEBUG nova.scheduler.request_filter [None req-3c5c0acb-4abc-4500-ab7c-b7f639e65fc5 tempest-DeleteServersTestJSON-1855704095 tempest-DeleteServersTestJSON-1855704095-project-member] Request filter 'compute_status_filter' took 0.0 seconds {{(pid=93337) wrapper /opt/stack/nova/nova/scheduler/request_filter.py:46}}
Jul 19 22:41:46.450266 np0000005471 nova-scheduler[93337]: DEBUG nova.scheduler.request_filter [None req-3c5c0acb-4abc-4500-ab7c-b7f639e65fc5 tempest-DeleteServersTestJSON-1855704095 tempest-DeleteServersTestJSON-1855704095-project-member] Request filter 'accelerators_filter' took 0.0 seconds {{(pid=93337) wrapper /opt/stack/nova/nova/scheduler/request_filter.py:46}}
Jul 19 22:41:46.450475 np0000005471 nova-scheduler[93337]: DEBUG nova.scheduler.request_filter [None req-3c5c0acb-4abc-4500-ab7c-b7f639e65fc5 tempest-DeleteServersTestJSON-1855704095 tempest-DeleteServersTestJSON-1855704095-project-member] Request filter 'packed_virtqueue_filter' took 0.0 seconds {{(pid=93337) wrapper /opt/stack/nova/nova/scheduler/request_filter.py:46}}
Jul 19 22:41:46.450708 np0000005471 nova-scheduler[93337]: DEBUG nova.scheduler.request_filter [None req-3c5c0acb-4abc-4500-ab7c-b7f639e65fc5 tempest-DeleteServersTestJSON-1855704095 tempest-DeleteServersTestJSON-1855704095-project-member] Request filter 'remote_managed_ports_filter' took 0.0 seconds {{(pid=93337) wrapper /opt/stack/nova/nova/scheduler/request_filter.py:46}}
Jul 19 22:41:46.450855 np0000005471 nova-scheduler[93337]: DEBUG nova.scheduler.request_filter [None req-3c5c0acb-4abc-4500-ab7c-b7f639e65fc5 tempest-DeleteServersTestJSON-1855704095 tempest-DeleteServersTestJSON-1855704095-project-member] ephemeral_encryption_filter skipped {{(pid=93337) ephemeral_encryption_filter /opt/stack/nova/nova/scheduler/request_filter.py:426}}
Jul 19 22:41:46.451029 np0000005471 nova-scheduler[93337]: DEBUG nova.scheduler.request_filter [None req-3c5c0acb-4abc-4500-ab7c-b7f639e65fc5 tempest-DeleteServersTestJSON-1855704095 tempest-DeleteServersTestJSON-1855704095-project-member] virtio_sound_filter skipped {{(pid=93337) virtio_sound_filter /opt/stack/nova/nova/scheduler/request_filter.py:460}}
Jul 19 22:41:46.451141 np0000005471 nova-scheduler[93337]: DEBUG nova.scheduler.request_filter [None req-3c5c0acb-4abc-4500-ab7c-b7f639e65fc5 tempest-DeleteServersTestJSON-1855704095 tempest-DeleteServersTestJSON-1855704095-project-member] tpm_secret_security_filter skipped {{(pid=93337) tpm_secret_security_filter /opt/stack/nova/nova/scheduler/request_filter.py:477}}
Jul 19 22:41:47.067755 np0000005471 nova-scheduler[93337]: INFO nova.utils [None req-3c5c0acb-4abc-4500-ab7c-b7f639e65fc5 tempest-DeleteServersTestJSON-1855704095 tempest-DeleteServersTestJSON-1855704095-project-member] The cell worker thread pool ForkProcess-1.cell_worker is initialized
Jul 19 22:41:47.067755 np0000005471 nova-scheduler[93337]: DEBUG oslo_concurrency.lockutils [None req-3c5c0acb-4abc-4500-ab7c-b7f639e65fc5 tempest-DeleteServersTestJSON-1855704095 tempest-DeleteServersTestJSON-1855704095-project-member] Acquiring lock "7e15811c-54a4-48b4-bd5e-b14ee9ed3cea" by "nova.context.set_target_cell..get_or_set_cached_cell_and_set_connections" {{(pid=93337) inner /opt/stack/data/venv/lib/python3.12/site-packages/oslo_concurrency/lockutils.py:512}}
Jul 19 22:41:47.067755 np0000005471 nova-scheduler[93337]: DEBUG oslo_concurrency.lockutils [None req-3c5c0acb-4abc-4500-ab7c-b7f639e65fc5 tempest-DeleteServersTestJSON-1855704095 tempest-DeleteServersTestJSON-1855704095-project-member] Lock "7e15811c-54a4-48b4-bd5e-b14ee9ed3cea" acquired by "nova.context.set_target_cell..get_or_set_cached_cell_and_set_connections" :: waited 0.000s {{(pid=93337) inner /opt/stack/data/venv/lib/python3.12/site-packages/oslo_concurrency/lockutils.py:525}}
Jul 19 22:41:47.067755 np0000005471 nova-scheduler[93337]: DEBUG oslo_concurrency.lockutils [None req-3c5c0acb-4abc-4500-ab7c-b7f639e65fc5 tempest-DeleteServersTestJSON-1855704095 tempest-DeleteServersTestJSON-1855704095-project-member] Lock "7e15811c-54a4-48b4-bd5e-b14ee9ed3cea" "released" by "nova.context.set_target_cell..get_or_set_cached_cell_and_set_connections" :: held 0.001s {{(pid=93337) inner /opt/stack/data/venv/lib/python3.12/site-packages/oslo_concurrency/lockutils.py:544}}
Jul 19 22:41:47.069527 np0000005471 nova-scheduler[93337]: INFO dbcounter [None req-3c5c0acb-4abc-4500-ab7c-b7f639e65fc5 tempest-DeleteServersTestJSON-1855704095 tempest-DeleteServersTestJSON-1855704095-project-member] Registered counter for database nova_cell1
Jul 19 22:41:47.103263 np0000005471 nova-scheduler[93337]: DEBUG oslo_db.sqlalchemy.engines [None req-3c5c0acb-4abc-4500-ab7c-b7f639e65fc5 tempest-DeleteServersTestJSON-1855704095 tempest-DeleteServersTestJSON-1855704095-project-member] MySQL server mode set to STRICT_TRANS_TABLES,STRICT_ALL_TABLES,NO_ZERO_IN_DATE,NO_ZERO_DATE,ERROR_FOR_DIVISION_BY_ZERO,TRADITIONAL,NO_ENGINE_SUBSTITUTION {{(pid=93337) _check_effective_sql_mode /opt/stack/data/venv/lib/python3.12/site-packages/oslo_db/sqlalchemy/engines.py:325}}
Jul 19 22:41:47.109100 np0000005471 nova-scheduler[93337]: DEBUG dbcounter [-] [93337] Writer thread running {{(pid=93337) stat_writer /opt/stack/data/venv/lib/python3.12/site-packages/dbcounter.py:102}}
Jul 19 22:41:47.123870 np0000005471 nova-scheduler[93337]: DEBUG oslo_db.sqlalchemy.engines [None req-3c5c0acb-4abc-4500-ab7c-b7f639e65fc5 tempest-DeleteServersTestJSON-1855704095 tempest-DeleteServersTestJSON-1855704095-project-member] Parent process 92120 forked (93337) with an open database connection, which is being discarded and recreated. {{(pid=93337) checkout /opt/stack/data/venv/lib/python3.12/site-packages/oslo_db/sqlalchemy/engines.py:402}}
Jul 19 22:41:47.159574 np0000005471 nova-scheduler[93337]: DEBUG dbcounter [-] [93337] Writer thread running {{(pid=93337) stat_writer /opt/stack/data/venv/lib/python3.12/site-packages/dbcounter.py:102}}
Jul 19 22:41:47.169747 np0000005471 nova-scheduler[93337]: DEBUG oslo_concurrency.lockutils [None req-3c5c0acb-4abc-4500-ab7c-b7f639e65fc5 tempest-DeleteServersTestJSON-1855704095 tempest-DeleteServersTestJSON-1855704095-project-member] Acquiring lock "7e15811c-54a4-48b4-bd5e-b14ee9ed3cea" by "nova.context.set_target_cell..get_or_set_cached_cell_and_set_connections" {{(pid=93337) inner /opt/stack/data/venv/lib/python3.12/site-packages/oslo_concurrency/lockutils.py:512}}
Jul 19 22:41:47.169747 np0000005471 nova-scheduler[93337]: DEBUG oslo_concurrency.lockutils [None req-3c5c0acb-4abc-4500-ab7c-b7f639e65fc5 tempest-DeleteServersTestJSON-1855704095 tempest-DeleteServersTestJSON-1855704095-project-member] Lock "7e15811c-54a4-48b4-bd5e-b14ee9ed3cea" acquired by "nova.context.set_target_cell..get_or_set_cached_cell_and_set_connections" :: waited 0.000s {{(pid=93337) inner /opt/stack/data/venv/lib/python3.12/site-packages/oslo_concurrency/lockutils.py:525}}
Jul 19 22:41:47.169747 np0000005471 nova-scheduler[93337]: DEBUG oslo_concurrency.lockutils [None req-3c5c0acb-4abc-4500-ab7c-b7f639e65fc5 tempest-DeleteServersTestJSON-1855704095 tempest-DeleteServersTestJSON-1855704095-project-member] Lock "7e15811c-54a4-48b4-bd5e-b14ee9ed3cea" "released" by "nova.context.set_target_cell..get_or_set_cached_cell_and_set_connections" :: held 0.000s {{(pid=93337) inner /opt/stack/data/venv/lib/python3.12/site-packages/oslo_concurrency/lockutils.py:544}}
Jul 19 22:41:47.173271 np0000005471 nova-scheduler[93337]: DEBUG oslo_concurrency.lockutils [None req-3c5c0acb-4abc-4500-ab7c-b7f639e65fc5 tempest-DeleteServersTestJSON-1855704095 tempest-DeleteServersTestJSON-1855704095-project-member] Acquiring lock "np0000005471-np0000005471" by "nova.scheduler.host_manager.HostState.update.._locked_update" {{(pid=93337) inner /opt/stack/data/venv/lib/python3.12/site-packages/oslo_concurrency/lockutils.py:512}}
Jul 19 22:41:47.173503 np0000005471 nova-scheduler[93337]: DEBUG oslo_concurrency.lockutils [None req-3c5c0acb-4abc-4500-ab7c-b7f639e65fc5 tempest-DeleteServersTestJSON-1855704095 tempest-DeleteServersTestJSON-1855704095-project-member] Lock "np0000005471-np0000005471" acquired by "nova.scheduler.host_manager.HostState.update.._locked_update" :: waited 0.000s {{(pid=93337) inner /opt/stack/data/venv/lib/python3.12/site-packages/oslo_concurrency/lockutils.py:525}}
Jul 19 22:41:47.174761 np0000005471 nova-scheduler[93337]: DEBUG nova.scheduler.host_manager [None req-3c5c0acb-4abc-4500-ab7c-b7f639e65fc5 tempest-DeleteServersTestJSON-1855704095 tempest-DeleteServersTestJSON-1855704095-project-member] Update host state from compute node: ComputeNode(cpu_allocation_ratio=4.0,cpu_info='{"arch": "x86_64", "model": "EPYC-Milan", "vendor": "AMD", "topology": {"cells": 1, "sockets": 16, "cores": 1, "threads": 1}, "maxphysaddr": {"mode": "emulate", "bits": 40}, "features": ["rdctl-no", "pni", "pschange-mc-no", "vme", "erms", "sha-ni", "ssse3", "misalignsse", "perfctr_core", "stibp", "gds-no", "amd-ssbd", "npt", "rdseed", "fxsr", "tsc", "pause-filter", "amd-stibp", "popcnt", "mds-no", "v-vmsave-vmload", "xsave", "ibpb", "no-nested-data-bp", "null-sel-clr-base", "pae", "fpu", "sep", "nx", "ibrs", "fsrm", "cmp_legacy", "mce", "svme-addr-chk", "xsaveopt", "clflushopt", "adx", "umip", "f16c", "sse4.1", "pku", "avx2", "fma", "pse", "lbrv", "clzero", "tsc_adjust", "syscall", "pclmuldq", "mmx", "mmxext", "invpcid", "arat", "fxsr_opt", "lahf_lm", "aes", "pge", "xsaves", "msr", "sse", "cr8legacy", "bmi2", "pat", "mca", "cx16", "smep", "vpclmulqdq", "mtrr", "xsavec", "spec-ctrl", "rdrand", "virt-ssbd", "skip-l1dfl-vmentry", "vaes", "sse2", "sse4a", "apic", "pdpe1gb", "3dnowprefetch", "nrip-save", "amd-psfd", "rdpid", "movbe", "pcid", "rdtscp", "svm", "xgetbv1", "vgif", "wbnoinvd", "arch-capabilities", "flushbyasid", "lm", "ssbd", "de", "abm", "clflush", "clwb", "stibp-always-on", "vmcb-clean", "cx8", "pfthreshold", "cmov", "xsaveerptr", "bmi1", "tsc-deadline", "fsgsbase", "hypervisor", "pse36", "x2apic", "sse4.2", "avx", "tsc-scale", "topoext", "lfence-always-serializing", "osvw", "smap"]}',created_at=2026-07-19T22:39:36Z,current_workload=0,deleted=False,deleted_at=None,disk_allocation_ratio=1.0,disk_available_least=73,free_disk_gb=95,free_ram_mb=62765,host='np0000005471',host_ip=10.4.3.49,hypervisor_hostname='np0000005471',hypervisor_type='QEMU',hypervisor_version=8002002,id=1,local_gb=95,local_gb_used=0,mapped=1,memory_mb=63277,memory_mb_used=512,metrics='[]',numa_topology='{"nova_object.name": "NUMATopology", "nova_object.namespace": "nova", "nova_object.version": "1.2", "nova_object.data": {"cells": [{"nova_object.name": "NUMACell", "nova_object.namespace": "nova", "nova_object.version": "1.5", "nova_object.data": {"id": 0, "cpuset": [0, 1, 2, 3, 4, 5, 6, 7, 8, 9, 10, 11, 12, 13, 14, 15], "pcpuset": [0, 1, 2, 3, 4, 5, 6, 7, 8, 9, 10, 11, 12, 13, 14, 15], "memory": 63277, "cpu_usage": 0, "memory_usage": 0, "pinned_cpus": [], "siblings": [[6], [12], [2], [15], [5], [11], [8], [14], [4], [1], [7], [10], [0], [13], [3], [9]], "mempages": [{"nova_object.name": "NUMAPagesTopology", "nova_object.namespace": "nova", "nova_object.version": "1.1", "nova_object.data": {"size_kb": 4, "total": 16177928, "used": 0, "reserved": 0}, "nova_object.changes": ["used", "reserved", "total", "size_kb"]}, {"nova_object.name": "NUMAPagesTopology", "nova_object.namespace": "nova", "nova_object.version": "1.1", "nova_object.data": {"size_kb": 2048, "total": 41, "used": 0, "reserved": 0}, "nova_object.changes": ["used", "reserved", "total", "size_kb"]}, {"nova_object.name": "NUMAPagesTopology", "nova_object.namespace": "nova", "nova_object.version": "1.1", "nova_object.data": {"size_kb": 1048576, "total": 0, "used": 0, "reserved": 0}, "nova_object.changes": ["used", "reserved", "total", "size_kb"]}], "network_metadata": {"nova_object.name": "NetworkMetadata", "nova_object.namespace": "nova", "nova_object.version": "1.0", "nova_object.data": {"physnets": [], "tunneled": false}, "nova_object.changes": ["tunneled", "physnets"]}, "socket": null}, "nova_object.changes": ["pinned_cpus", "id", "cpu_usage", "network_metadata", "memory", "siblings", "pcpuset", "cpuset", "memory_usage", "socket", "mempages"]}]}, "nova_object.changes": ["cells"]}',pci_device_pools=PciDevicePoolList,ram_allocation_ratio=1.0,running_vms=0,service_id=4,stats={failed_builds='0',uptime=' 22:41:25 up 13 min, 2 users, load average: 1.10, 1.18, 0.72
Jul 19 22:41:47.174761 np0000005471 nova-scheduler[93337]: '},supported_hv_specs=[HVSpec,HVSpec,HVSpec,HVSpec,HVSpec,HVSpec,HVSpec,HVSpec,HVSpec,HVSpec,HVSpec,HVSpec,HVSpec,HVSpec,HVSpec,HVSpec,HVSpec,HVSpec,HVSpec,HVSpec,HVSpec,HVSpec,HVSpec,HVSpec,HVSpec],updated_at=2026-07-19T22:41:25Z,uuid=8e02e89d-bc92-466f-8eb7-8ca5395216f4,vcpus=16,vcpus_used=0) {{(pid=93337) _locked_update /opt/stack/nova/nova/scheduler/host_manager.py:168}}
Jul 19 22:41:47.175652 np0000005471 nova-scheduler[93337]: DEBUG nova.scheduler.host_manager [None req-3c5c0acb-4abc-4500-ab7c-b7f639e65fc5 tempest-DeleteServersTestJSON-1855704095 tempest-DeleteServersTestJSON-1855704095-project-member] Update host state with aggregates: [] {{(pid=93337) _locked_update /opt/stack/nova/nova/scheduler/host_manager.py:171}}
Jul 19 22:41:47.175831 np0000005471 nova-scheduler[93337]: DEBUG nova.scheduler.host_manager [None req-3c5c0acb-4abc-4500-ab7c-b7f639e65fc5 tempest-DeleteServersTestJSON-1855704095 tempest-DeleteServersTestJSON-1855704095-project-member] Update host state with service dict: {'id': 4, 'uuid': '2e381d9d-16a9-4758-9b0d-bb2e7b1b79b2', 'host': 'np0000005471', 'binary': 'nova-compute', 'topic': 'compute', 'report_count': 2, 'disabled': False, 'disabled_reason': None, 'last_seen_up': datetime.datetime(2026, 7, 19, 22, 41, 42, tzinfo=datetime.timezone.utc), 'forced_down': False, 'version': 72, 'created_at': datetime.datetime(2026, 7, 19, 22, 39, 36, tzinfo=datetime.timezone.utc), 'updated_at': datetime.datetime(2026, 7, 19, 22, 41, 42, tzinfo=datetime.timezone.utc), 'deleted_at': None, 'deleted': False} {{(pid=93337) _locked_update /opt/stack/nova/nova/scheduler/host_manager.py:174}}
Jul 19 22:41:47.175988 np0000005471 nova-scheduler[93337]: DEBUG nova.scheduler.host_manager [None req-3c5c0acb-4abc-4500-ab7c-b7f639e65fc5 tempest-DeleteServersTestJSON-1855704095 tempest-DeleteServersTestJSON-1855704095-project-member] Update host state with instances: [] {{(pid=93337) _locked_update /opt/stack/nova/nova/scheduler/host_manager.py:177}}
Jul 19 22:41:47.175988 np0000005471 nova-scheduler[93337]: DEBUG oslo_concurrency.lockutils [None req-3c5c0acb-4abc-4500-ab7c-b7f639e65fc5 tempest-DeleteServersTestJSON-1855704095 tempest-DeleteServersTestJSON-1855704095-project-member] Lock "np0000005471-np0000005471" "released" by "nova.scheduler.host_manager.HostState.update.._locked_update" :: held 0.003s {{(pid=93337) inner /opt/stack/data/venv/lib/python3.12/site-packages/oslo_concurrency/lockutils.py:544}}
Jul 19 22:41:47.176446 np0000005471 nova-scheduler[93337]: DEBUG nova.filters [None req-3c5c0acb-4abc-4500-ab7c-b7f639e65fc5 tempest-DeleteServersTestJSON-1855704095 tempest-DeleteServersTestJSON-1855704095-project-member] Starting with 1 host(s) {{(pid=93337) get_filtered_objects /opt/stack/nova/nova/filters.py:70}}
Jul 19 22:41:47.176628 np0000005471 nova-scheduler[93337]: DEBUG nova.filters [None req-3c5c0acb-4abc-4500-ab7c-b7f639e65fc5 tempest-DeleteServersTestJSON-1855704095 tempest-DeleteServersTestJSON-1855704095-project-member] Filter ComputeFilter returned 1 host(s) {{(pid=93337) get_filtered_objects /opt/stack/nova/nova/filters.py:102}}
Jul 19 22:41:47.176884 np0000005471 nova-scheduler[93337]: DEBUG nova.filters [None req-3c5c0acb-4abc-4500-ab7c-b7f639e65fc5 tempest-DeleteServersTestJSON-1855704095 tempest-DeleteServersTestJSON-1855704095-project-member] Filter ComputeCapabilitiesFilter returned 1 host(s) {{(pid=93337) get_filtered_objects /opt/stack/nova/nova/filters.py:102}}
Jul 19 22:41:47.177055 np0000005471 nova-scheduler[93337]: DEBUG nova.filters [None req-3c5c0acb-4abc-4500-ab7c-b7f639e65fc5 tempest-DeleteServersTestJSON-1855704095 tempest-DeleteServersTestJSON-1855704095-project-member] Filter ImagePropertiesFilter returned 1 host(s) {{(pid=93337) get_filtered_objects /opt/stack/nova/nova/filters.py:102}}
Jul 19 22:41:47.177226 np0000005471 nova-scheduler[93337]: DEBUG nova.filters [None req-3c5c0acb-4abc-4500-ab7c-b7f639e65fc5 tempest-DeleteServersTestJSON-1855704095 tempest-DeleteServersTestJSON-1855704095-project-member] Filter ServerGroupAntiAffinityFilter returned 1 host(s) {{(pid=93337) get_filtered_objects /opt/stack/nova/nova/filters.py:102}}
Jul 19 22:41:47.177382 np0000005471 nova-scheduler[93337]: DEBUG nova.filters [None req-3c5c0acb-4abc-4500-ab7c-b7f639e65fc5 tempest-DeleteServersTestJSON-1855704095 tempest-DeleteServersTestJSON-1855704095-project-member] Filter ServerGroupAffinityFilter returned 1 host(s) {{(pid=93337) get_filtered_objects /opt/stack/nova/nova/filters.py:102}}
Jul 19 22:41:47.177566 np0000005471 nova-scheduler[93337]: DEBUG nova.filters [None req-3c5c0acb-4abc-4500-ab7c-b7f639e65fc5 tempest-DeleteServersTestJSON-1855704095 tempest-DeleteServersTestJSON-1855704095-project-member] Filter SameHostFilter returned 1 host(s) {{(pid=93337) get_filtered_objects /opt/stack/nova/nova/filters.py:102}}
Jul 19 22:41:47.177721 np0000005471 nova-scheduler[93337]: DEBUG nova.filters [None req-3c5c0acb-4abc-4500-ab7c-b7f639e65fc5 tempest-DeleteServersTestJSON-1855704095 tempest-DeleteServersTestJSON-1855704095-project-member] Filter DifferentHostFilter returned 1 host(s) {{(pid=93337) get_filtered_objects /opt/stack/nova/nova/filters.py:102}}
Jul 19 22:41:47.178137 np0000005471 nova-scheduler[93337]: DEBUG nova.scheduler.manager [None req-3c5c0acb-4abc-4500-ab7c-b7f639e65fc5 tempest-DeleteServersTestJSON-1855704095 tempest-DeleteServersTestJSON-1855704095-project-member] Filtered [(np0000005471, np0000005471) ram: 62765MB disk: 74752MB io_ops: 0 instances: 0, allocation_candidates: 1] {{(pid=93337) _get_sorted_hosts /opt/stack/nova/nova/scheduler/manager.py:742}}
Jul 19 22:41:47.178137 np0000005471 nova-scheduler[93337]: DEBUG nova.scheduler.manager [None req-3c5c0acb-4abc-4500-ab7c-b7f639e65fc5 tempest-DeleteServersTestJSON-1855704095 tempest-DeleteServersTestJSON-1855704095-project-member] Weighed [WeighedHost [host: (np0000005471, np0000005471) ram: 62765MB disk: 74752MB io_ops: 0 instances: 0, allocation_candidates: 1, weight: 0.0]] {{(pid=93337) _get_sorted_hosts /opt/stack/nova/nova/scheduler/manager.py:764}}
Jul 19 22:41:47.179006 np0000005471 nova-scheduler[93337]: DEBUG nova.scheduler.utils [None req-3c5c0acb-4abc-4500-ab7c-b7f639e65fc5 tempest-DeleteServersTestJSON-1855704095 tempest-DeleteServersTestJSON-1855704095-project-member] Attempting to claim resources in the placement API for instance 37c58fc0-112a-448f-aa2a-0031ef1d5527 {{(pid=93337) claim_resources /opt/stack/nova/nova/scheduler/utils.py:1345}}
Jul 19 22:41:47.325477 np0000005471 nova-scheduler[93337]: DEBUG nova.scheduler.manager [None req-3c5c0acb-4abc-4500-ab7c-b7f639e65fc5 tempest-DeleteServersTestJSON-1855704095 tempest-DeleteServersTestJSON-1855704095-project-member] [instance: 37c58fc0-112a-448f-aa2a-0031ef1d5527] Selected host: (np0000005471, np0000005471) ram: 62765MB disk: 74752MB io_ops: 0 instances: 0, allocation_candidates: 1 {{(pid=93337) _consume_selected_host /opt/stack/nova/nova/scheduler/manager.py:624}}
Jul 19 22:41:47.325714 np0000005471 nova-scheduler[93337]: DEBUG oslo_concurrency.lockutils [None req-3c5c0acb-4abc-4500-ab7c-b7f639e65fc5 tempest-DeleteServersTestJSON-1855704095 tempest-DeleteServersTestJSON-1855704095-project-member] Acquiring lock "np0000005471-np0000005471" by "nova.scheduler.host_manager.HostState.consume_from_request.._locked" {{(pid=93337) inner /opt/stack/data/venv/lib/python3.12/site-packages/oslo_concurrency/lockutils.py:512}}
Jul 19 22:41:47.325909 np0000005471 nova-scheduler[93337]: DEBUG oslo_concurrency.lockutils [None req-3c5c0acb-4abc-4500-ab7c-b7f639e65fc5 tempest-DeleteServersTestJSON-1855704095 tempest-DeleteServersTestJSON-1855704095-project-member] Lock "np0000005471-np0000005471" acquired by "nova.scheduler.host_manager.HostState.consume_from_request.._locked" :: waited 0.000s {{(pid=93337) inner /opt/stack/data/venv/lib/python3.12/site-packages/oslo_concurrency/lockutils.py:525}}
Jul 19 22:41:47.326074 np0000005471 nova-scheduler[93337]: DEBUG oslo_concurrency.lockutils [None req-3c5c0acb-4abc-4500-ab7c-b7f639e65fc5 tempest-DeleteServersTestJSON-1855704095 tempest-DeleteServersTestJSON-1855704095-project-member] Lock "np0000005471-np0000005471" "released" by "nova.scheduler.host_manager.HostState.consume_from_request.._locked" :: held 0.000s {{(pid=93337) inner /opt/stack/data/venv/lib/python3.12/site-packages/oslo_concurrency/lockutils.py:544}}
Jul 19 22:41:48.378876 np0000005471 nova-scheduler[93340]: DEBUG nova.scheduler.manager [None req-9afc3a14-df0c-4172-be36-db0ef32b601d tempest-AttachVolumeNegativeTest-428712431 tempest-AttachVolumeNegativeTest-428712431-project-member] Starting to schedule for instances: ['9ec2dcc7-9702-41c2-9b6d-fa834c305e0b'] {{(pid=93340) select_destinations /opt/stack/nova/nova/scheduler/manager.py:209}}
Jul 19 22:41:48.379599 np0000005471 nova-scheduler[93340]: DEBUG nova.scheduler.request_filter [None req-9afc3a14-df0c-4172-be36-db0ef32b601d tempest-AttachVolumeNegativeTest-428712431 tempest-AttachVolumeNegativeTest-428712431-project-member] compute_status_filter request filter added forbidden trait COMPUTE_STATUS_DISABLED {{(pid=93340) compute_status_filter /opt/stack/nova/nova/scheduler/request_filter.py:253}}
Jul 19 22:41:48.379713 np0000005471 nova-scheduler[93340]: DEBUG nova.scheduler.request_filter [None req-9afc3a14-df0c-4172-be36-db0ef32b601d tempest-AttachVolumeNegativeTest-428712431 tempest-AttachVolumeNegativeTest-428712431-project-member] Request filter 'compute_status_filter' took 0.0 seconds {{(pid=93340) wrapper /opt/stack/nova/nova/scheduler/request_filter.py:46}}
Jul 19 22:41:48.379951 np0000005471 nova-scheduler[93340]: DEBUG nova.scheduler.request_filter [None req-9afc3a14-df0c-4172-be36-db0ef32b601d tempest-AttachVolumeNegativeTest-428712431 tempest-AttachVolumeNegativeTest-428712431-project-member] Request filter 'accelerators_filter' took 0.0 seconds {{(pid=93340) wrapper /opt/stack/nova/nova/scheduler/request_filter.py:46}}
Jul 19 22:41:48.380162 np0000005471 nova-scheduler[93340]: DEBUG nova.scheduler.request_filter [None req-9afc3a14-df0c-4172-be36-db0ef32b601d tempest-AttachVolumeNegativeTest-428712431 tempest-AttachVolumeNegativeTest-428712431-project-member] Request filter 'packed_virtqueue_filter' took 0.0 seconds {{(pid=93340) wrapper /opt/stack/nova/nova/scheduler/request_filter.py:46}}
Jul 19 22:41:48.380492 np0000005471 nova-scheduler[93340]: DEBUG nova.scheduler.request_filter [None req-9afc3a14-df0c-4172-be36-db0ef32b601d tempest-AttachVolumeNegativeTest-428712431 tempest-AttachVolumeNegativeTest-428712431-project-member] Request filter 'remote_managed_ports_filter' took 0.0 seconds {{(pid=93340) wrapper /opt/stack/nova/nova/scheduler/request_filter.py:46}}
Jul 19 22:41:48.380643 np0000005471 nova-scheduler[93340]: DEBUG nova.scheduler.request_filter [None req-9afc3a14-df0c-4172-be36-db0ef32b601d tempest-AttachVolumeNegativeTest-428712431 tempest-AttachVolumeNegativeTest-428712431-project-member] ephemeral_encryption_filter skipped {{(pid=93340) ephemeral_encryption_filter /opt/stack/nova/nova/scheduler/request_filter.py:426}}
Jul 19 22:41:48.380765 np0000005471 nova-scheduler[93340]: DEBUG nova.scheduler.request_filter [None req-9afc3a14-df0c-4172-be36-db0ef32b601d tempest-AttachVolumeNegativeTest-428712431 tempest-AttachVolumeNegativeTest-428712431-project-member] virtio_sound_filter skipped {{(pid=93340) virtio_sound_filter /opt/stack/nova/nova/scheduler/request_filter.py:460}}
