Jul 19 22:39:20.448207 np0000005471 nova-conductor[95744]: DEBUG cotyledon.oslo_config_glue [-] oslo_messaging_rabbit.rabbit_qos_prefetch_count = 0 {{(pid=95744) log_opt_values /opt/stack/data/venv/lib/python3.12/site-packages/oslo_config/cfg.py:3253}}
Jul 19 22:39:20.448207 np0000005471 nova-conductor[95744]: DEBUG cotyledon.oslo_config_glue [-] oslo_messaging_rabbit.rabbit_quorum_delivery_limit = 0 {{(pid=95744) log_opt_values /opt/stack/data/venv/lib/python3.12/site-packages/oslo_config/cfg.py:3253}}
Jul 19 22:39:20.448207 np0000005471 nova-conductor[95744]: DEBUG cotyledon.oslo_config_glue [-] oslo_messaging_rabbit.rabbit_quorum_max_memory_bytes = 0 {{(pid=95744) log_opt_values /opt/stack/data/venv/lib/python3.12/site-packages/oslo_config/cfg.py:3253}}
Jul 19 22:39:20.448417 np0000005471 nova-conductor[95744]: DEBUG cotyledon.oslo_config_glue [-] oslo_messaging_rabbit.rabbit_quorum_max_memory_length = 0 {{(pid=95744) log_opt_values /opt/stack/data/venv/lib/python3.12/site-packages/oslo_config/cfg.py:3253}}
Jul 19 22:39:20.448417 np0000005471 nova-conductor[95744]: DEBUG cotyledon.oslo_config_glue [-] oslo_messaging_rabbit.rabbit_quorum_queue = False {{(pid=95744) log_opt_values /opt/stack/data/venv/lib/python3.12/site-packages/oslo_config/cfg.py:3253}}
Jul 19 22:39:20.448417 np0000005471 nova-conductor[95744]: DEBUG cotyledon.oslo_config_glue [-] oslo_messaging_rabbit.rabbit_retry_backoff = 2 {{(pid=95744) log_opt_values /opt/stack/data/venv/lib/python3.12/site-packages/oslo_config/cfg.py:3253}}
Jul 19 22:39:20.448417 np0000005471 nova-conductor[95744]: DEBUG cotyledon.oslo_config_glue [-] oslo_messaging_rabbit.rabbit_retry_interval = 1 {{(pid=95744) log_opt_values /opt/stack/data/venv/lib/python3.12/site-packages/oslo_config/cfg.py:3253}}
Jul 19 22:39:20.448417 np0000005471 nova-conductor[95744]: DEBUG cotyledon.oslo_config_glue [-] oslo_messaging_rabbit.rabbit_stream_fanout = False {{(pid=95744) log_opt_values /opt/stack/data/venv/lib/python3.12/site-packages/oslo_config/cfg.py:3253}}
Jul 19 22:39:20.448417 np0000005471 nova-conductor[95744]: DEBUG cotyledon.oslo_config_glue [-] oslo_messaging_rabbit.rabbit_transient_queues_ttl = 1800 {{(pid=95744) log_opt_values /opt/stack/data/venv/lib/python3.12/site-packages/oslo_config/cfg.py:3253}}
Jul 19 22:39:20.448417 np0000005471 nova-conductor[95744]: DEBUG cotyledon.oslo_config_glue [-] oslo_messaging_rabbit.rabbit_transient_quorum_queue = False {{(pid=95744) log_opt_values /opt/stack/data/venv/lib/python3.12/site-packages/oslo_config/cfg.py:3253}}
Jul 19 22:39:20.448417 np0000005471 nova-conductor[95744]: DEBUG cotyledon.oslo_config_glue [-] oslo_messaging_rabbit.rpc_conn_pool_size = 30 {{(pid=95744) log_opt_values /opt/stack/data/venv/lib/python3.12/site-packages/oslo_config/cfg.py:3253}}
Jul 19 22:39:20.448417 np0000005471 nova-conductor[95744]: DEBUG cotyledon.oslo_config_glue [-] oslo_messaging_rabbit.ssl = False {{(pid=95744) log_opt_values /opt/stack/data/venv/lib/python3.12/site-packages/oslo_config/cfg.py:3253}}
Jul 19 22:39:20.448614 np0000005471 nova-conductor[95744]: DEBUG cotyledon.oslo_config_glue [-] oslo_messaging_rabbit.ssl_ca_file = {{(pid=95744) log_opt_values /opt/stack/data/venv/lib/python3.12/site-packages/oslo_config/cfg.py:3253}}
Jul 19 22:39:20.448614 np0000005471 nova-conductor[95744]: DEBUG cotyledon.oslo_config_glue [-] oslo_messaging_rabbit.ssl_cert_file = {{(pid=95744) log_opt_values /opt/stack/data/venv/lib/python3.12/site-packages/oslo_config/cfg.py:3253}}
Jul 19 22:39:20.448614 np0000005471 nova-conductor[95744]: DEBUG cotyledon.oslo_config_glue [-] oslo_messaging_rabbit.ssl_enforce_fips_mode = False {{(pid=95744) log_opt_values /opt/stack/data/venv/lib/python3.12/site-packages/oslo_config/cfg.py:3253}}
Jul 19 22:39:20.448614 np0000005471 nova-conductor[95744]: DEBUG cotyledon.oslo_config_glue [-] oslo_messaging_rabbit.ssl_enforce_hostname_verification = True {{(pid=95744) log_opt_values /opt/stack/data/venv/lib/python3.12/site-packages/oslo_config/cfg.py:3253}}
Jul 19 22:39:20.448614 np0000005471 nova-conductor[95744]: DEBUG cotyledon.oslo_config_glue [-] oslo_messaging_rabbit.ssl_key_file = {{(pid=95744) log_opt_values /opt/stack/data/venv/lib/python3.12/site-packages/oslo_config/cfg.py:3253}}
Jul 19 22:39:20.448614 np0000005471 nova-conductor[95744]: DEBUG cotyledon.oslo_config_glue [-] oslo_messaging_rabbit.ssl_version = {{(pid=95744) log_opt_values /opt/stack/data/venv/lib/python3.12/site-packages/oslo_config/cfg.py:3253}}
Jul 19 22:39:20.448614 np0000005471 nova-conductor[95744]: DEBUG cotyledon.oslo_config_glue [-] oslo_messaging_rabbit.use_queue_manager = False {{(pid=95744) log_opt_values /opt/stack/data/venv/lib/python3.12/site-packages/oslo_config/cfg.py:3253}}
Jul 19 22:39:20.448614 np0000005471 nova-conductor[95744]: DEBUG cotyledon.oslo_config_glue [-] oslo_messaging_notifications.driver = ['messagingv2'] {{(pid=95744) log_opt_values /opt/stack/data/venv/lib/python3.12/site-packages/oslo_config/cfg.py:3253}}
Jul 19 22:39:20.448614 np0000005471 nova-conductor[95744]: DEBUG cotyledon.oslo_config_glue [-] oslo_messaging_notifications.retry = -1 {{(pid=95744) log_opt_values /opt/stack/data/venv/lib/python3.12/site-packages/oslo_config/cfg.py:3253}}
Jul 19 22:39:20.448871 np0000005471 nova-conductor[95744]: DEBUG cotyledon.oslo_config_glue [-] oslo_messaging_notifications.topics = ['notifications'] {{(pid=95744) log_opt_values /opt/stack/data/venv/lib/python3.12/site-packages/oslo_config/cfg.py:3253}}
Jul 19 22:39:20.448871 np0000005471 nova-conductor[95744]: DEBUG cotyledon.oslo_config_glue [-] oslo_messaging_notifications.transport_url = **** {{(pid=95744) log_opt_values /opt/stack/data/venv/lib/python3.12/site-packages/oslo_config/cfg.py:3253}}
Jul 19 22:39:20.448871 np0000005471 nova-conductor[95744]: DEBUG cotyledon.oslo_config_glue [-] oslo_limit.auth_section = None {{(pid=95744) log_opt_values /opt/stack/data/venv/lib/python3.12/site-packages/oslo_config/cfg.py:3253}}
Jul 19 22:39:20.448871 np0000005471 nova-conductor[95744]: DEBUG cotyledon.oslo_config_glue [-] oslo_limit.auth_type = None {{(pid=95744) log_opt_values /opt/stack/data/venv/lib/python3.12/site-packages/oslo_config/cfg.py:3253}}
Jul 19 22:39:20.448871 np0000005471 nova-conductor[95744]: DEBUG cotyledon.oslo_config_glue [-] oslo_limit.cafile = None {{(pid=95744) log_opt_values /opt/stack/data/venv/lib/python3.12/site-packages/oslo_config/cfg.py:3253}}
Jul 19 22:39:20.448871 np0000005471 nova-conductor[95744]: DEBUG cotyledon.oslo_config_glue [-] oslo_limit.certfile = None {{(pid=95744) log_opt_values /opt/stack/data/venv/lib/python3.12/site-packages/oslo_config/cfg.py:3253}}
Jul 19 22:39:20.448871 np0000005471 nova-conductor[95744]: DEBUG cotyledon.oslo_config_glue [-] oslo_limit.collect_timing = False {{(pid=95744) log_opt_values /opt/stack/data/venv/lib/python3.12/site-packages/oslo_config/cfg.py:3253}}
Jul 19 22:39:20.448871 np0000005471 nova-conductor[95744]: DEBUG cotyledon.oslo_config_glue [-] oslo_limit.connect_retries = None {{(pid=95744) log_opt_values /opt/stack/data/venv/lib/python3.12/site-packages/oslo_config/cfg.py:3253}}
Jul 19 22:39:20.448871 np0000005471 nova-conductor[95744]: DEBUG cotyledon.oslo_config_glue [-] oslo_limit.connect_retry_delay = None {{(pid=95744) log_opt_values /opt/stack/data/venv/lib/python3.12/site-packages/oslo_config/cfg.py:3253}}
Jul 19 22:39:20.449064 np0000005471 nova-conductor[95744]: DEBUG cotyledon.oslo_config_glue [-] oslo_limit.endpoint_id = None {{(pid=95744) log_opt_values /opt/stack/data/venv/lib/python3.12/site-packages/oslo_config/cfg.py:3253}}
Jul 19 22:39:20.449064 np0000005471 nova-conductor[95744]: DEBUG cotyledon.oslo_config_glue [-] oslo_limit.endpoint_interface = public {{(pid=95744) log_opt_values /opt/stack/data/venv/lib/python3.12/site-packages/oslo_config/cfg.py:3253}}
Jul 19 22:39:20.449064 np0000005471 nova-conductor[95744]: DEBUG cotyledon.oslo_config_glue [-] oslo_limit.endpoint_override = None {{(pid=95744) log_opt_values /opt/stack/data/venv/lib/python3.12/site-packages/oslo_config/cfg.py:3253}}
Jul 19 22:39:20.449064 np0000005471 nova-conductor[95744]: DEBUG cotyledon.oslo_config_glue [-] oslo_limit.endpoint_region_name = None {{(pid=95744) log_opt_values /opt/stack/data/venv/lib/python3.12/site-packages/oslo_config/cfg.py:3253}}
Jul 19 22:39:20.449064 np0000005471 nova-conductor[95744]: DEBUG cotyledon.oslo_config_glue [-] oslo_limit.endpoint_service_name = None {{(pid=95744) log_opt_values /opt/stack/data/venv/lib/python3.12/site-packages/oslo_config/cfg.py:3253}}
Jul 19 22:39:20.449064 np0000005471 nova-conductor[95744]: DEBUG cotyledon.oslo_config_glue [-] oslo_limit.endpoint_service_type = None {{(pid=95744) log_opt_values /opt/stack/data/venv/lib/python3.12/site-packages/oslo_config/cfg.py:3253}}
Jul 19 22:39:20.449064 np0000005471 nova-conductor[95744]: DEBUG cotyledon.oslo_config_glue [-] oslo_limit.insecure = False {{(pid=95744) log_opt_values /opt/stack/data/venv/lib/python3.12/site-packages/oslo_config/cfg.py:3253}}
Jul 19 22:39:20.449064 np0000005471 nova-conductor[95744]: DEBUG cotyledon.oslo_config_glue [-] oslo_limit.keyfile = None {{(pid=95744) log_opt_values /opt/stack/data/venv/lib/python3.12/site-packages/oslo_config/cfg.py:3253}}
Jul 19 22:39:20.449064 np0000005471 nova-conductor[95744]: DEBUG cotyledon.oslo_config_glue [-] oslo_limit.max_version = None {{(pid=95744) log_opt_values /opt/stack/data/venv/lib/python3.12/site-packages/oslo_config/cfg.py:3253}}
Jul 19 22:39:20.449257 np0000005471 nova-conductor[95744]: DEBUG cotyledon.oslo_config_glue [-] oslo_limit.min_version = None {{(pid=95744) log_opt_values /opt/stack/data/venv/lib/python3.12/site-packages/oslo_config/cfg.py:3253}}
Jul 19 22:39:20.449257 np0000005471 nova-conductor[95744]: DEBUG cotyledon.oslo_config_glue [-] oslo_limit.region_name = None {{(pid=95744) log_opt_values /opt/stack/data/venv/lib/python3.12/site-packages/oslo_config/cfg.py:3253}}
Jul 19 22:39:20.449257 np0000005471 nova-conductor[95744]: DEBUG cotyledon.oslo_config_glue [-] oslo_limit.retriable_status_codes = None {{(pid=95744) log_opt_values /opt/stack/data/venv/lib/python3.12/site-packages/oslo_config/cfg.py:3253}}
Jul 19 22:39:20.449257 np0000005471 nova-conductor[95744]: DEBUG cotyledon.oslo_config_glue [-] oslo_limit.service_name = None {{(pid=95744) log_opt_values /opt/stack/data/venv/lib/python3.12/site-packages/oslo_config/cfg.py:3253}}
Jul 19 22:39:20.449257 np0000005471 nova-conductor[95744]: DEBUG cotyledon.oslo_config_glue [-] oslo_limit.service_type = None {{(pid=95744) log_opt_values /opt/stack/data/venv/lib/python3.12/site-packages/oslo_config/cfg.py:3253}}
Jul 19 22:39:20.449257 np0000005471 nova-conductor[95744]: DEBUG cotyledon.oslo_config_glue [-] oslo_limit.split_loggers = False {{(pid=95744) log_opt_values /opt/stack/data/venv/lib/python3.12/site-packages/oslo_config/cfg.py:3253}}
Jul 19 22:39:20.449257 np0000005471 nova-conductor[95744]: DEBUG cotyledon.oslo_config_glue [-] oslo_limit.status_code_retries = None {{(pid=95744) log_opt_values /opt/stack/data/venv/lib/python3.12/site-packages/oslo_config/cfg.py:3253}}
Jul 19 22:39:20.449257 np0000005471 nova-conductor[95744]: DEBUG cotyledon.oslo_config_glue [-] oslo_limit.status_code_retry_delay = None {{(pid=95744) log_opt_values /opt/stack/data/venv/lib/python3.12/site-packages/oslo_config/cfg.py:3253}}
Jul 19 22:39:20.449257 np0000005471 nova-conductor[95744]: DEBUG cotyledon.oslo_config_glue [-] oslo_limit.timeout = None {{(pid=95744) log_opt_values /opt/stack/data/venv/lib/python3.12/site-packages/oslo_config/cfg.py:3253}}
Jul 19 22:39:20.449463 np0000005471 nova-conductor[95744]: DEBUG cotyledon.oslo_config_glue [-] oslo_limit.valid_interfaces = None {{(pid=95744) log_opt_values /opt/stack/data/venv/lib/python3.12/site-packages/oslo_config/cfg.py:3253}}
Jul 19 22:39:20.449463 np0000005471 nova-conductor[95744]: DEBUG cotyledon.oslo_config_glue [-] oslo_limit.version = None {{(pid=95744) log_opt_values /opt/stack/data/venv/lib/python3.12/site-packages/oslo_config/cfg.py:3253}}
Jul 19 22:39:20.449463 np0000005471 nova-conductor[95744]: DEBUG cotyledon.oslo_config_glue [-] oslo_reports.file_event_handler = None {{(pid=95744) log_opt_values /opt/stack/data/venv/lib/python3.12/site-packages/oslo_config/cfg.py:3253}}
Jul 19 22:39:20.449463 np0000005471 nova-conductor[95744]: DEBUG cotyledon.oslo_config_glue [-] oslo_reports.file_event_handler_interval = 1 {{(pid=95744) log_opt_values /opt/stack/data/venv/lib/python3.12/site-packages/oslo_config/cfg.py:3253}}
Jul 19 22:39:20.449463 np0000005471 nova-conductor[95744]: DEBUG cotyledon.oslo_config_glue [-] oslo_reports.log_dir = None {{(pid=95744) log_opt_values /opt/stack/data/venv/lib/python3.12/site-packages/oslo_config/cfg.py:3253}}
Jul 19 22:39:20.449463 np0000005471 nova-conductor[95744]: DEBUG cotyledon.oslo_config_glue [-] ******************************************************************************** {{(pid=95744) log_opt_values /opt/stack/data/venv/lib/python3.12/site-packages/oslo_config/cfg.py:3260}}
Jul 19 22:39:20.449463 np0000005471 nova-conductor[95744]: DEBUG cotyledon._service_worker [-] Run service ServiceWrapper(2) [95744] {{(pid=95744) wait_forever /opt/stack/data/venv/lib/python3.12/site-packages/cotyledon/_service_worker.py:218}}
Jul 19 22:39:20.449463 np0000005471 nova-conductor[95744]: INFO nova.service [-] Starting conductor node (version 33.1.0)
Jul 19 22:39:20.449463 np0000005471 nova-conductor[95744]: INFO dbcounter [None req-50103a46-a25e-4e96-91d0-b08f7c60feb0 None None] Registered counter for database nova_cell0
Jul 19 22:39:20.449705 np0000005471 nova-conductor[95737]: DEBUG oslo_db.sqlalchemy.engines [None req-5b5de90a-7245-437a-a920-586ae4606eaa None None] MySQL server mode set to STRICT_TRANS_TABLES,STRICT_ALL_TABLES,NO_ZERO_IN_DATE,NO_ZERO_DATE,ERROR_FOR_DIVISION_BY_ZERO,TRADITIONAL,NO_ENGINE_SUBSTITUTION {{(pid=95737) _check_effective_sql_mode /opt/stack/data/venv/lib/python3.12/site-packages/oslo_db/sqlalchemy/engines.py:325}}
Jul 19 22:39:20.454320 np0000005471 nova-conductor[95727]: DEBUG oslo_db.sqlalchemy.engines [None req-26741a70-47d3-4577-a432-5a2f87d4f296 None None] MySQL server mode set to STRICT_TRANS_TABLES,STRICT_ALL_TABLES,NO_ZERO_IN_DATE,NO_ZERO_DATE,ERROR_FOR_DIVISION_BY_ZERO,TRADITIONAL,NO_ENGINE_SUBSTITUTION {{(pid=95727) _check_effective_sql_mode /opt/stack/data/venv/lib/python3.12/site-packages/oslo_db/sqlalchemy/engines.py:325}}
Jul 19 22:39:20.456612 np0000005471 nova-conductor[95737]: DEBUG dbcounter [-] [95737] Writer thread running {{(pid=95737) stat_writer /opt/stack/data/venv/lib/python3.12/site-packages/dbcounter.py:102}}
Jul 19 22:39:20.463358 np0000005471 nova-conductor[95744]: DEBUG oslo_db.sqlalchemy.engines [None req-50103a46-a25e-4e96-91d0-b08f7c60feb0 None None] MySQL server mode set to STRICT_TRANS_TABLES,STRICT_ALL_TABLES,NO_ZERO_IN_DATE,NO_ZERO_DATE,ERROR_FOR_DIVISION_BY_ZERO,TRADITIONAL,NO_ENGINE_SUBSTITUTION {{(pid=95744) _check_effective_sql_mode /opt/stack/data/venv/lib/python3.12/site-packages/oslo_db/sqlalchemy/engines.py:325}}
Jul 19 22:39:20.463697 np0000005471 nova-conductor[95727]: DEBUG dbcounter [-] [95727] Writer thread running {{(pid=95727) stat_writer /opt/stack/data/venv/lib/python3.12/site-packages/dbcounter.py:102}}
Jul 19 22:39:20.470261 np0000005471 nova-conductor[95737]: DEBUG nova.service [None req-5b5de90a-7245-437a-a920-586ae4606eaa None None] Creating RPC server for service: nova-conductor on topic: conductor {{(pid=95737) start /opt/stack/nova/nova/service.py:196}}
Jul 19 22:39:20.472728 np0000005471 nova-conductor[95744]: DEBUG dbcounter [-] [95744] Writer thread running {{(pid=95744) stat_writer /opt/stack/data/venv/lib/python3.12/site-packages/dbcounter.py:102}}
Jul 19 22:39:20.475592 np0000005471 nova-conductor[95744]: DEBUG nova.service [None req-50103a46-a25e-4e96-91d0-b08f7c60feb0 None None] Creating RPC server for service: nova-conductor on topic: conductor {{(pid=95744) start /opt/stack/nova/nova/service.py:196}}
Jul 19 22:39:20.477868 np0000005471 nova-conductor[95727]: DEBUG nova.service [None req-26741a70-47d3-4577-a432-5a2f87d4f296 None None] Creating RPC server for service: nova-conductor on topic: conductor {{(pid=95727) start /opt/stack/nova/nova/service.py:196}}
Jul 19 22:39:20.492017 np0000005471 nova-conductor[95737]: DEBUG nova.service [None req-5b5de90a-7245-437a-a920-586ae4606eaa None None] Join ServiceGroup membership for this service conductor {{(pid=95737) start /opt/stack/nova/nova/service.py:222}}
Jul 19 22:39:20.492236 np0000005471 nova-conductor[95737]: DEBUG nova.servicegroup.drivers.db [None req-5b5de90a-7245-437a-a920-586ae4606eaa None None] DB_Driver: join new ServiceGroup member np0000005471 to the conductor group, service = {{(pid=95737) join /opt/stack/nova/nova/servicegroup/drivers/db.py:44}}
Jul 19 22:39:20.492991 np0000005471 nova-conductor[95727]: DEBUG nova.service [None req-26741a70-47d3-4577-a432-5a2f87d4f296 None None] Join ServiceGroup membership for this service conductor {{(pid=95727) start /opt/stack/nova/nova/service.py:222}}
Jul 19 22:39:20.493181 np0000005471 nova-conductor[95727]: DEBUG nova.servicegroup.drivers.db [None req-26741a70-47d3-4577-a432-5a2f87d4f296 None None] DB_Driver: join new ServiceGroup member np0000005471 to the conductor group, service = {{(pid=95727) join /opt/stack/nova/nova/servicegroup/drivers/db.py:44}}
Jul 19 22:39:20.505953 np0000005471 nova-conductor[95744]: DEBUG nova.service [None req-50103a46-a25e-4e96-91d0-b08f7c60feb0 None None] Join ServiceGroup membership for this service conductor {{(pid=95744) start /opt/stack/nova/nova/service.py:222}}
Jul 19 22:39:20.506153 np0000005471 nova-conductor[95744]: DEBUG nova.servicegroup.drivers.db [None req-50103a46-a25e-4e96-91d0-b08f7c60feb0 None None] DB_Driver: join new ServiceGroup member np0000005471 to the conductor group, service = {{(pid=95744) join /opt/stack/nova/nova/servicegroup/drivers/db.py:44}}
Jul 19 22:39:25.506696 np0000005471 nova-conductor[95737]: DEBUG oslo.service.backend._threading.loopingcall [-] Fixed interval looping call 'nova.servicegroup.drivers.db.DbDriver._report_state' sleeping for 119.99 seconds {{(pid=95737) _run_loop /opt/stack/data/venv/lib/python3.12/site-packages/oslo_service/backend/_threading/loopingcall.py:125}}
Jul 19 22:39:25.507772 np0000005471 nova-conductor[95727]: DEBUG oslo.service.backend._threading.loopingcall [-] Fixed interval looping call 'nova.servicegroup.drivers.db.DbDriver._report_state' sleeping for 119.99 seconds {{(pid=95727) _run_loop /opt/stack/data/venv/lib/python3.12/site-packages/oslo_service/backend/_threading/loopingcall.py:125}}
Jul 19 22:39:25.518432 np0000005471 nova-conductor[95744]: DEBUG oslo.service.backend._threading.loopingcall [-] Fixed interval looping call 'nova.servicegroup.drivers.db.DbDriver._report_state' sleeping for 119.99 seconds {{(pid=95744) _run_loop /opt/stack/data/venv/lib/python3.12/site-packages/oslo_service/backend/_threading/loopingcall.py:125}}
Jul 19 22:39:28.494202 np0000005471 nova-conductor[95737]: DEBUG oslo.service.backend._threading.loopingcall [None req-95925480-fee4-49bc-a0a7-7d9524a18549 None None] Dynamic interval looping call 'nova.service.Service.periodic_tasks' sleeping for 60.00 seconds {{(pid=95737) _run_loop /opt/stack/data/venv/lib/python3.12/site-packages/oslo_service/backend/_threading/loopingcall.py:125}}
Jul 19 22:39:29.084306 np0000005471 nova-conductor[94265]: DEBUG dbcounter [-] [94265] Writing DB stats nova_api:SELECT=1 {{(pid=94265) stat_writer /opt/stack/data/venv/lib/python3.12/site-packages/dbcounter.py:115}}
Jul 19 22:39:29.217560 np0000005471 nova-conductor[94265]: DEBUG dbcounter [-] [94265] Writing DB stats nova_cell0:SELECT=1 {{(pid=94265) stat_writer /opt/stack/data/venv/lib/python3.12/site-packages/dbcounter.py:115}}
Jul 19 22:39:29.221974 np0000005471 nova-conductor[94265]: DEBUG dbcounter [-] [94265] Writing DB stats nova_cell1:SELECT=1 {{(pid=94265) stat_writer /opt/stack/data/venv/lib/python3.12/site-packages/dbcounter.py:115}}
Jul 19 22:39:35.508162 np0000005471 nova-conductor[95737]: DEBUG dbcounter [-] [95737] Writing DB stats nova_cell0:SELECT=4,nova_cell0:INSERT=1,nova_cell0:UPDATE=1 {{(pid=95737) stat_writer /opt/stack/data/venv/lib/python3.12/site-packages/dbcounter.py:115}}
Jul 19 22:39:35.511429 np0000005471 nova-conductor[95727]: DEBUG dbcounter [-] [95727] Writing DB stats nova_cell0:SELECT=5,nova_cell0:INSERT=1,nova_cell0:UPDATE=1 {{(pid=95727) stat_writer /opt/stack/data/venv/lib/python3.12/site-packages/dbcounter.py:115}}
Jul 19 22:39:35.517754 np0000005471 nova-conductor[95744]: DEBUG dbcounter [-] [95744] Writing DB stats nova_cell0:SELECT=3 {{(pid=95744) stat_writer /opt/stack/data/venv/lib/python3.12/site-packages/dbcounter.py:115}}
Jul 19 22:39:46.495094 np0000005471 nova-conductor[95727]: DEBUG oslo.service.backend._threading.loopingcall [None req-296a2acc-8460-44c3-b17b-fe19d4cd79cd None None] Dynamic interval looping call 'nova.service.Service.periodic_tasks' sleeping for 60.00 seconds {{(pid=95727) _run_loop /opt/stack/data/venv/lib/python3.12/site-packages/oslo_service/backend/_threading/loopingcall.py:125}}
Jul 19 22:39:46.508490 np0000005471 nova-conductor[95744]: DEBUG oslo.service.backend._threading.loopingcall [None req-d693c974-d532-4e78-8dab-1908db97e415 None None] Dynamic interval looping call 'nova.service.Service.periodic_tasks' sleeping for 60.00 seconds {{(pid=95744) _run_loop /opt/stack/data/venv/lib/python3.12/site-packages/oslo_service/backend/_threading/loopingcall.py:125}}
Jul 19 22:40:28.494704 np0000005471 nova-conductor[95737]: DEBUG oslo.service.backend._threading.loopingcall [None req-95925480-fee4-49bc-a0a7-7d9524a18549 None None] Dynamic interval looping call 'nova.service.Service.periodic_tasks' sleeping for 60.00 seconds {{(pid=95737) _run_loop /opt/stack/data/venv/lib/python3.12/site-packages/oslo_service/backend/_threading/loopingcall.py:125}}
Jul 19 22:40:46.495614 np0000005471 nova-conductor[95727]: DEBUG oslo.service.backend._threading.loopingcall [None req-296a2acc-8460-44c3-b17b-fe19d4cd79cd None None] Dynamic interval looping call 'nova.service.Service.periodic_tasks' sleeping for 60.00 seconds {{(pid=95727) _run_loop /opt/stack/data/venv/lib/python3.12/site-packages/oslo_service/backend/_threading/loopingcall.py:125}}
Jul 19 22:40:46.508996 np0000005471 nova-conductor[95744]: DEBUG oslo.service.backend._threading.loopingcall [None req-d693c974-d532-4e78-8dab-1908db97e415 None None] Dynamic interval looping call 'nova.service.Service.periodic_tasks' sleeping for 60.00 seconds {{(pid=95744) _run_loop /opt/stack/data/venv/lib/python3.12/site-packages/oslo_service/backend/_threading/loopingcall.py:125}}
Jul 19 22:41:25.503239 np0000005471 nova-conductor[95727]: DEBUG oslo.service.backend._threading.loopingcall [-] Fixed interval looping call 'nova.servicegroup.drivers.db.DbDriver._report_state' sleeping for 119.99 seconds {{(pid=95727) _run_loop /opt/stack/data/venv/lib/python3.12/site-packages/oslo_service/backend/_threading/loopingcall.py:125}}
Jul 19 22:41:25.504960 np0000005471 nova-conductor[95737]: DEBUG oslo.service.backend._threading.loopingcall [-] Fixed interval looping call 'nova.servicegroup.drivers.db.DbDriver._report_state' sleeping for 119.99 seconds {{(pid=95737) _run_loop /opt/stack/data/venv/lib/python3.12/site-packages/oslo_service/backend/_threading/loopingcall.py:125}}
Jul 19 22:41:25.512135 np0000005471 nova-conductor[95744]: DEBUG oslo.service.backend._threading.loopingcall [-] Fixed interval looping call 'nova.servicegroup.drivers.db.DbDriver._report_state' sleeping for 120.00 seconds {{(pid=95744) _run_loop /opt/stack/data/venv/lib/python3.12/site-packages/oslo_service/backend/_threading/loopingcall.py:125}}
Jul 19 22:41:28.495188 np0000005471 nova-conductor[95737]: DEBUG oslo.service.backend._threading.loopingcall [None req-95925480-fee4-49bc-a0a7-7d9524a18549 None None] Dynamic interval looping call 'nova.service.Service.periodic_tasks' sleeping for 60.00 seconds {{(pid=95737) _run_loop /opt/stack/data/venv/lib/python3.12/site-packages/oslo_service/backend/_threading/loopingcall.py:125}}
Jul 19 22:41:35.501513 np0000005471 nova-conductor[95737]: DEBUG dbcounter [-] [95737] Writing DB stats nova_cell0:SELECT=1,nova_cell0:UPDATE=1 {{(pid=95737) stat_writer /opt/stack/data/venv/lib/python3.12/site-packages/dbcounter.py:115}}
Jul 19 22:41:35.502126 np0000005471 nova-conductor[95727]: DEBUG dbcounter [-] [95727] Writing DB stats nova_cell0:SELECT=1,nova_cell0:UPDATE=1 {{(pid=95727) stat_writer /opt/stack/data/venv/lib/python3.12/site-packages/dbcounter.py:115}}
Jul 19 22:41:35.511006 np0000005471 nova-conductor[95744]: DEBUG dbcounter [-] [95744] Writing DB stats nova_cell0:SELECT=1 {{(pid=95744) stat_writer /opt/stack/data/venv/lib/python3.12/site-packages/dbcounter.py:115}}
Jul 19 22:41:46.356518 np0000005471 nova-conductor[95737]: DEBUG oslo_db.sqlalchemy.engines [None req-3c5c0acb-4abc-4500-ab7c-b7f639e65fc5 tempest-DeleteServersTestJSON-1855704095 tempest-DeleteServersTestJSON-1855704095-project-member] Parent process 94265 forked (95737) with an open database connection, which is being discarded and recreated. {{(pid=95737) checkout /opt/stack/data/venv/lib/python3.12/site-packages/oslo_db/sqlalchemy/engines.py:402}}
Jul 19 22:41:46.422182 np0000005471 nova-conductor[95737]: DEBUG dbcounter [-] [95737] Writer thread running {{(pid=95737) stat_writer /opt/stack/data/venv/lib/python3.12/site-packages/dbcounter.py:102}}
Jul 19 22:41:46.496183 np0000005471 nova-conductor[95727]: DEBUG oslo.service.backend._threading.loopingcall [None req-296a2acc-8460-44c3-b17b-fe19d4cd79cd None None] Dynamic interval looping call 'nova.service.Service.periodic_tasks' sleeping for 60.00 seconds {{(pid=95727) _run_loop /opt/stack/data/venv/lib/python3.12/site-packages/oslo_service/backend/_threading/loopingcall.py:125}}
Jul 19 22:41:46.509500 np0000005471 nova-conductor[95744]: DEBUG oslo.service.backend._threading.loopingcall [None req-d693c974-d532-4e78-8dab-1908db97e415 None None] Dynamic interval looping call 'nova.service.Service.periodic_tasks' sleeping for 60.00 seconds {{(pid=95744) _run_loop /opt/stack/data/venv/lib/python3.12/site-packages/oslo_service/backend/_threading/loopingcall.py:125}}
Jul 19 22:41:47.337052 np0000005471 nova-conductor[95737]: DEBUG nova.conductor.manager [None req-3c5c0acb-4abc-4500-ab7c-b7f639e65fc5 tempest-DeleteServersTestJSON-1855704095 tempest-DeleteServersTestJSON-1855704095-project-member] Took 0.91 seconds to select destinations for 1 instance(s). {{(pid=95737) _schedule_instances /opt/stack/nova/nova/conductor/manager.py:968}}
Jul 19 22:41:47.361541 np0000005471 nova-conductor[95737]: DEBUG oslo_concurrency.lockutils [None req-3c5c0acb-4abc-4500-ab7c-b7f639e65fc5 tempest-DeleteServersTestJSON-1855704095 tempest-DeleteServersTestJSON-1855704095-project-member] Acquiring lock "7e15811c-54a4-48b4-bd5e-b14ee9ed3cea" by "nova.context.set_target_cell..get_or_set_cached_cell_and_set_connections" {{(pid=95737) inner /opt/stack/data/venv/lib/python3.12/site-packages/oslo_concurrency/lockutils.py:512}}
Jul 19 22:41:47.362071 np0000005471 nova-conductor[95737]: DEBUG oslo_concurrency.lockutils [None req-3c5c0acb-4abc-4500-ab7c-b7f639e65fc5 tempest-DeleteServersTestJSON-1855704095 tempest-DeleteServersTestJSON-1855704095-project-member] Lock "7e15811c-54a4-48b4-bd5e-b14ee9ed3cea" acquired by "nova.context.set_target_cell..get_or_set_cached_cell_and_set_connections" :: waited 0.000s {{(pid=95737) inner /opt/stack/data/venv/lib/python3.12/site-packages/oslo_concurrency/lockutils.py:525}}
Jul 19 22:41:47.363878 np0000005471 nova-conductor[95737]: DEBUG oslo_concurrency.lockutils [None req-3c5c0acb-4abc-4500-ab7c-b7f639e65fc5 tempest-DeleteServersTestJSON-1855704095 tempest-DeleteServersTestJSON-1855704095-project-member] Lock "7e15811c-54a4-48b4-bd5e-b14ee9ed3cea" "released" by "nova.context.set_target_cell..get_or_set_cached_cell_and_set_connections" :: held 0.002s {{(pid=95737) inner /opt/stack/data/venv/lib/python3.12/site-packages/oslo_concurrency/lockutils.py:544}}
Jul 19 22:41:47.365745 np0000005471 nova-conductor[95737]: INFO dbcounter [None req-3c5c0acb-4abc-4500-ab7c-b7f639e65fc5 tempest-DeleteServersTestJSON-1855704095 tempest-DeleteServersTestJSON-1855704095-project-member] Registered counter for database nova_cell1
Jul 19 22:41:47.401529 np0000005471 nova-conductor[95737]: DEBUG oslo_db.sqlalchemy.engines [None req-3c5c0acb-4abc-4500-ab7c-b7f639e65fc5 tempest-DeleteServersTestJSON-1855704095 tempest-DeleteServersTestJSON-1855704095-project-member] MySQL server mode set to STRICT_TRANS_TABLES,STRICT_ALL_TABLES,NO_ZERO_IN_DATE,NO_ZERO_DATE,ERROR_FOR_DIVISION_BY_ZERO,TRADITIONAL,NO_ENGINE_SUBSTITUTION {{(pid=95737) _check_effective_sql_mode /opt/stack/data/venv/lib/python3.12/site-packages/oslo_db/sqlalchemy/engines.py:325}}
Jul 19 22:41:47.407347 np0000005471 nova-conductor[95737]: DEBUG dbcounter [-] [95737] Writer thread running {{(pid=95737) stat_writer /opt/stack/data/venv/lib/python3.12/site-packages/dbcounter.py:102}}
Jul 19 22:41:47.454492 np0000005471 nova-conductor[95737]: INFO nova.utils [None req-3c5c0acb-4abc-4500-ab7c-b7f639e65fc5 tempest-DeleteServersTestJSON-1855704095 tempest-DeleteServersTestJSON-1855704095-project-member] The cell worker thread pool ForkProcess-2.cell_worker is initialized
Jul 19 22:41:47.454929 np0000005471 nova-conductor[95737]: DEBUG oslo_concurrency.lockutils [None req-3c5c0acb-4abc-4500-ab7c-b7f639e65fc5 tempest-DeleteServersTestJSON-1855704095 tempest-DeleteServersTestJSON-1855704095-project-member] Acquiring lock "00000000-0000-0000-0000-000000000000" by "nova.context.set_target_cell..get_or_set_cached_cell_and_set_connections" {{(pid=95737) inner /opt/stack/data/venv/lib/python3.12/site-packages/oslo_concurrency/lockutils.py:512}}
Jul 19 22:41:47.454929 np0000005471 nova-conductor[95737]: DEBUG oslo_concurrency.lockutils [None req-3c5c0acb-4abc-4500-ab7c-b7f639e65fc5 tempest-DeleteServersTestJSON-1855704095 tempest-DeleteServersTestJSON-1855704095-project-member] Lock "00000000-0000-0000-0000-000000000000" acquired by "nova.context.set_target_cell..get_or_set_cached_cell_and_set_connections" :: waited 0.000s {{(pid=95737) inner /opt/stack/data/venv/lib/python3.12/site-packages/oslo_concurrency/lockutils.py:525}}
Jul 19 22:41:47.455130 np0000005471 nova-conductor[95737]: DEBUG oslo_concurrency.lockutils [None req-3c5c0acb-4abc-4500-ab7c-b7f639e65fc5 tempest-DeleteServersTestJSON-1855704095 tempest-DeleteServersTestJSON-1855704095-project-member] Lock "00000000-0000-0000-0000-000000000000" "released" by "nova.context.set_target_cell..get_or_set_cached_cell_and_set_connections" :: held 0.000s {{(pid=95737) inner /opt/stack/data/venv/lib/python3.12/site-packages/oslo_concurrency/lockutils.py:544}}
Jul 19 22:41:47.456201 np0000005471 nova-conductor[95737]: DEBUG oslo_concurrency.lockutils [None req-3c5c0acb-4abc-4500-ab7c-b7f639e65fc5 tempest-DeleteServersTestJSON-1855704095 tempest-DeleteServersTestJSON-1855704095-project-member] Acquiring lock "7e15811c-54a4-48b4-bd5e-b14ee9ed3cea" by "nova.context.set_target_cell..get_or_set_cached_cell_and_set_connections" {{(pid=95737) inner /opt/stack/data/venv/lib/python3.12/site-packages/oslo_concurrency/lockutils.py:512}}
Jul 19 22:41:47.458112 np0000005471 nova-conductor[95737]: INFO dbcounter [None req-3c5c0acb-4abc-4500-ab7c-b7f639e65fc5 tempest-DeleteServersTestJSON-1855704095 tempest-DeleteServersTestJSON-1855704095-project-member] Registered counter for database nova_cell0
Jul 19 22:41:47.459561 np0000005471 nova-conductor[95737]: DEBUG oslo_concurrency.lockutils [None req-3c5c0acb-4abc-4500-ab7c-b7f639e65fc5 tempest-DeleteServersTestJSON-1855704095 tempest-DeleteServersTestJSON-1855704095-project-member] Lock "7e15811c-54a4-48b4-bd5e-b14ee9ed3cea" acquired by "nova.context.set_target_cell..get_or_set_cached_cell_and_set_connections" :: waited 0.002s {{(pid=95737) inner /opt/stack/data/venv/lib/python3.12/site-packages/oslo_concurrency/lockutils.py:525}}
Jul 19 22:41:47.459860 np0000005471 nova-conductor[95737]: DEBUG oslo_concurrency.lockutils [None req-3c5c0acb-4abc-4500-ab7c-b7f639e65fc5 tempest-DeleteServersTestJSON-1855704095 tempest-DeleteServersTestJSON-1855704095-project-member] Lock "7e15811c-54a4-48b4-bd5e-b14ee9ed3cea" "released" by "nova.context.set_target_cell..get_or_set_cached_cell_and_set_connections" :: held 0.002s {{(pid=95737) inner /opt/stack/data/venv/lib/python3.12/site-packages/oslo_concurrency/lockutils.py:544}}
Jul 19 22:41:47.494458 np0000005471 nova-conductor[95737]: DEBUG oslo_db.sqlalchemy.engines [None req-3c5c0acb-4abc-4500-ab7c-b7f639e65fc5 tempest-DeleteServersTestJSON-1855704095 tempest-DeleteServersTestJSON-1855704095-project-member] MySQL server mode set to STRICT_TRANS_TABLES,STRICT_ALL_TABLES,NO_ZERO_IN_DATE,NO_ZERO_DATE,ERROR_FOR_DIVISION_BY_ZERO,TRADITIONAL,NO_ENGINE_SUBSTITUTION {{(pid=95737) _check_effective_sql_mode /opt/stack/data/venv/lib/python3.12/site-packages/oslo_db/sqlalchemy/engines.py:325}}
Jul 19 22:41:47.500964 np0000005471 nova-conductor[95737]: DEBUG dbcounter [-] [95737] Writer thread running {{(pid=95737) stat_writer /opt/stack/data/venv/lib/python3.12/site-packages/dbcounter.py:102}}
Jul 19 22:41:47.515993 np0000005471 nova-conductor[95737]: DEBUG nova.quota [None req-3c5c0acb-4abc-4500-ab7c-b7f639e65fc5 tempest-DeleteServersTestJSON-1855704095 tempest-DeleteServersTestJSON-1855704095-project-member] Getting quotas for project 5f1ad366b97c40f59e8ba9757a11a59d. Resources: {'cores', 'ram', 'instances'} {{(pid=95737) _get_quotas /opt/stack/nova/nova/quota.py:389}}
Jul 19 22:41:47.522347 np0000005471 nova-conductor[95737]: DEBUG nova.quota [None req-3c5c0acb-4abc-4500-ab7c-b7f639e65fc5 tempest-DeleteServersTestJSON-1855704095 tempest-DeleteServersTestJSON-1855704095-project-member] Getting quotas for user 28a3e449c00e48cab3d8dc1701130330 and project 5f1ad366b97c40f59e8ba9757a11a59d. Resources: {'cores', 'ram', 'instances'} {{(pid=95737) _get_quotas /opt/stack/nova/nova/quota.py:379}}
Jul 19 22:41:47.530939 np0000005471 nova-conductor[95737]: DEBUG nova.conductor.manager [None req-3c5c0acb-4abc-4500-ab7c-b7f639e65fc5 tempest-DeleteServersTestJSON-1855704095 tempest-DeleteServersTestJSON-1855704095-project-member] [instance: 37c58fc0-112a-448f-aa2a-0031ef1d5527] Selected host: np0000005471; Selected node: np0000005471; Alternates: [] {{(pid=95737) schedule_and_build_instances /opt/stack/nova/nova/conductor/manager.py:1784}}
Jul 19 22:41:47.531729 np0000005471 nova-conductor[95737]: DEBUG oslo_concurrency.lockutils [None req-3c5c0acb-4abc-4500-ab7c-b7f639e65fc5 tempest-DeleteServersTestJSON-1855704095 tempest-DeleteServersTestJSON-1855704095-project-member] Acquiring lock "7e15811c-54a4-48b4-bd5e-b14ee9ed3cea" by "nova.context.set_target_cell..get_or_set_cached_cell_and_set_connections" {{(pid=95737) inner /opt/stack/data/venv/lib/python3.12/site-packages/oslo_concurrency/lockutils.py:512}}
Jul 19 22:41:47.531941 np0000005471 nova-conductor[95737]: DEBUG oslo_concurrency.lockutils [None req-3c5c0acb-4abc-4500-ab7c-b7f639e65fc5 tempest-DeleteServersTestJSON-1855704095 tempest-DeleteServersTestJSON-1855704095-project-member] Lock "7e15811c-54a4-48b4-bd5e-b14ee9ed3cea" acquired by "nova.context.set_target_cell..get_or_set_cached_cell_and_set_connections" :: waited 0.000s {{(pid=95737) inner /opt/stack/data/venv/lib/python3.12/site-packages/oslo_concurrency/lockutils.py:525}}
Jul 19 22:41:47.532097 np0000005471 nova-conductor[95737]: DEBUG oslo_concurrency.lockutils [None req-3c5c0acb-4abc-4500-ab7c-b7f639e65fc5 tempest-DeleteServersTestJSON-1855704095 tempest-DeleteServersTestJSON-1855704095-project-member] Lock "7e15811c-54a4-48b4-bd5e-b14ee9ed3cea" "released" by "nova.context.set_target_cell..get_or_set_cached_cell_and_set_connections" :: held 0.000s {{(pid=95737) inner /opt/stack/data/venv/lib/python3.12/site-packages/oslo_concurrency/lockutils.py:544}}
Jul 19 22:41:47.549154 np0000005471 nova-conductor[95737]: DEBUG nova.conductor.manager [None req-3c5c0acb-4abc-4500-ab7c-b7f639e65fc5 tempest-DeleteServersTestJSON-1855704095 tempest-DeleteServersTestJSON-1855704095-project-member] [instance: 37c58fc0-112a-448f-aa2a-0031ef1d5527] block_device_mapping [BlockDeviceMapping(attachment_id=,boot_index=0,connection_info=None,created_at=,delete_on_termination=True,deleted=,deleted_at=,destination_type='local',device_name=None,device_type='disk',disk_bus=None,encrypted=False,encryption_format=None,encryption_options=None,encryption_secret_uuid=None,guest_format=None,id=,image_id='fe602450-b2bc-4a6b-8518-9d881ff58630',instance=,instance_uuid=,no_device=False,snapshot_id=None,source_type='image',tag=None,updated_at=,uuid=,volume_id=None,volume_size=None,volume_type=None)] {{(pid=95737) _create_block_device_mapping /opt/stack/nova/nova/conductor/manager.py:1529}}
Jul 19 22:41:47.550809 np0000005471 nova-conductor[95737]: DEBUG oslo_concurrency.lockutils [None req-3c5c0acb-4abc-4500-ab7c-b7f639e65fc5 tempest-DeleteServersTestJSON-1855704095 tempest-DeleteServersTestJSON-1855704095-project-member] Acquiring lock "7e15811c-54a4-48b4-bd5e-b14ee9ed3cea" by "nova.context.set_target_cell..get_or_set_cached_cell_and_set_connections" {{(pid=95737) inner /opt/stack/data/venv/lib/python3.12/site-packages/oslo_concurrency/lockutils.py:512}}
Jul 19 22:41:47.551047 np0000005471 nova-conductor[95737]: DEBUG oslo_concurrency.lockutils [None req-3c5c0acb-4abc-4500-ab7c-b7f639e65fc5 tempest-DeleteServersTestJSON-1855704095 tempest-DeleteServersTestJSON-1855704095-project-member] Lock "7e15811c-54a4-48b4-bd5e-b14ee9ed3cea" acquired by "nova.context.set_target_cell..get_or_set_cached_cell_and_set_connections" :: waited 0.000s {{(pid=95737) inner /opt/stack/data/venv/lib/python3.12/site-packages/oslo_concurrency/lockutils.py:525}}
Jul 19 22:41:47.551171 np0000005471 nova-conductor[95737]: DEBUG oslo_concurrency.lockutils [None req-3c5c0acb-4abc-4500-ab7c-b7f639e65fc5 tempest-DeleteServersTestJSON-1855704095 tempest-DeleteServersTestJSON-1855704095-project-member] Lock "7e15811c-54a4-48b4-bd5e-b14ee9ed3cea" "released" by "nova.context.set_target_cell..get_or_set_cached_cell_and_set_connections" :: held 0.000s {{(pid=95737) inner /opt/stack/data/venv/lib/python3.12/site-packages/oslo_concurrency/lockutils.py:544}}
Jul 19 22:41:47.586691 np0000005471 nova-conductor[95737]: DEBUG oslo_concurrency.lockutils [None req-3c5c0acb-4abc-4500-ab7c-b7f639e65fc5 tempest-DeleteServersTestJSON-1855704095 tempest-DeleteServersTestJSON-1855704095-project-member] Acquiring lock "7e15811c-54a4-48b4-bd5e-b14ee9ed3cea" by "nova.context.set_target_cell..get_or_set_cached_cell_and_set_connections" {{(pid=95737) inner /opt/stack/data/venv/lib/python3.12/site-packages/oslo_concurrency/lockutils.py:512}}
Jul 19 22:41:47.586691 np0000005471 nova-conductor[95737]: DEBUG oslo_concurrency.lockutils [None req-3c5c0acb-4abc-4500-ab7c-b7f639e65fc5 tempest-DeleteServersTestJSON-1855704095 tempest-DeleteServersTestJSON-1855704095-project-member] Lock "7e15811c-54a4-48b4-bd5e-b14ee9ed3cea" acquired by "nova.context.set_target_cell..get_or_set_cached_cell_and_set_connections" :: waited 0.000s {{(pid=95737) inner /opt/stack/data/venv/lib/python3.12/site-packages/oslo_concurrency/lockutils.py:525}}
Jul 19 22:41:47.586691 np0000005471 nova-conductor[95737]: DEBUG oslo_concurrency.lockutils [None req-3c5c0acb-4abc-4500-ab7c-b7f639e65fc5 tempest-DeleteServersTestJSON-1855704095 tempest-DeleteServersTestJSON-1855704095-project-member] Lock "7e15811c-54a4-48b4-bd5e-b14ee9ed3cea" "released" by "nova.context.set_target_cell..get_or_set_cached_cell_and_set_connections" :: held 0.000s {{(pid=95737) inner /opt/stack/data/venv/lib/python3.12/site-packages/oslo_concurrency/lockutils.py:544}}
Jul 19 22:41:47.586691 np0000005471 nova-conductor[95737]: DEBUG oslo_concurrency.lockutils [None req-3c5c0acb-4abc-4500-ab7c-b7f639e65fc5 tempest-DeleteServersTestJSON-1855704095 tempest-DeleteServersTestJSON-1855704095-project-member] Acquiring lock "compute-rpcapi-router" {{(pid=95737) lock /opt/stack/data/venv/lib/python3.12/site-packages/oslo_concurrency/lockutils.py:396}}
Jul 19 22:41:47.586946 np0000005471 nova-conductor[95737]: DEBUG oslo_concurrency.lockutils [None req-3c5c0acb-4abc-4500-ab7c-b7f639e65fc5 tempest-DeleteServersTestJSON-1855704095 tempest-DeleteServersTestJSON-1855704095-project-member] Acquired lock "compute-rpcapi-router" {{(pid=95737) lock /opt/stack/data/venv/lib/python3.12/site-packages/oslo_concurrency/lockutils.py:399}}
Jul 19 22:41:47.587013 np0000005471 nova-conductor[95737]: DEBUG oslo_concurrency.lockutils [None req-bc464e00-b88b-49c7-9314-48229180a526 None None] Acquiring lock "00000000-0000-0000-0000-000000000000" by "nova.context.set_target_cell..get_or_set_cached_cell_and_set_connections" {{(pid=95737) inner /opt/stack/data/venv/lib/python3.12/site-packages/oslo_concurrency/lockutils.py:512}}
Jul 19 22:41:47.587432 np0000005471 nova-conductor[95737]: DEBUG oslo_concurrency.lockutils [None req-bc464e00-b88b-49c7-9314-48229180a526 None None] Lock "00000000-0000-0000-0000-000000000000" acquired by "nova.context.set_target_cell..get_or_set_cached_cell_and_set_connections" :: waited 0.000s {{(pid=95737) inner /opt/stack/data/venv/lib/python3.12/site-packages/oslo_concurrency/lockutils.py:525}}
Jul 19 22:41:47.587432 np0000005471 nova-conductor[95737]: DEBUG oslo_concurrency.lockutils [None req-bc464e00-b88b-49c7-9314-48229180a526 None None] Lock "00000000-0000-0000-0000-000000000000" "released" by "nova.context.set_target_cell..get_or_set_cached_cell_and_set_connections" :: held 0.000s {{(pid=95737) inner /opt/stack/data/venv/lib/python3.12/site-packages/oslo_concurrency/lockutils.py:544}}
Jul 19 22:41:47.588116 np0000005471 nova-conductor[95737]: DEBUG oslo_concurrency.lockutils [None req-bc464e00-b88b-49c7-9314-48229180a526 None None] Acquiring lock "7e15811c-54a4-48b4-bd5e-b14ee9ed3cea" by "nova.context.set_target_cell..get_or_set_cached_cell_and_set_connections" {{(pid=95737) inner /opt/stack/data/venv/lib/python3.12/site-packages/oslo_concurrency/lockutils.py:512}}
Jul 19 22:41:47.588284 np0000005471 nova-conductor[95737]: DEBUG oslo_concurrency.lockutils [None req-bc464e00-b88b-49c7-9314-48229180a526 None None] Lock "7e15811c-54a4-48b4-bd5e-b14ee9ed3cea" acquired by "nova.context.set_target_cell..get_or_set_cached_cell_and_set_connections" :: waited 0.000s {{(pid=95737) inner /opt/stack/data/venv/lib/python3.12/site-packages/oslo_concurrency/lockutils.py:525}}
Jul 19 22:41:47.588360 np0000005471 nova-conductor[95737]: DEBUG oslo_concurrency.lockutils [None req-bc464e00-b88b-49c7-9314-48229180a526 None None] Lock "7e15811c-54a4-48b4-bd5e-b14ee9ed3cea" "released" by "nova.context.set_target_cell..get_or_set_cached_cell_and_set_connections" :: held 0.000s {{(pid=95737) inner /opt/stack/data/venv/lib/python3.12/site-packages/oslo_concurrency/lockutils.py:544}}
Jul 19 22:41:47.597185 np0000005471 nova-conductor[95737]: INFO nova.compute.rpcapi [None req-bc464e00-b88b-49c7-9314-48229180a526 None None] Automatically selected compute RPC version 6.5 from minimum service version 72
Jul 19 22:41:47.597750 np0000005471 nova-conductor[95737]: DEBUG oslo_concurrency.lockutils [None req-bc464e00-b88b-49c7-9314-48229180a526 None None] Releasing lock "compute-rpcapi-router" {{(pid=95737) lock /opt/stack/data/venv/lib/python3.12/site-packages/oslo_concurrency/lockutils.py:419}}
Jul 19 22:41:48.348900 np0000005471 nova-conductor[95727]: DEBUG dbcounter [-] [95727] Writer thread running {{(pid=95727) stat_writer /opt/stack/data/venv/lib/python3.12/site-packages/dbcounter.py:102}}
Jul 19 22:41:48.733629 np0000005471 nova-conductor[95727]: DEBUG nova.conductor.manager [None req-9afc3a14-df0c-4172-be36-db0ef32b601d tempest-AttachVolumeNegativeTest-428712431 tempest-AttachVolumeNegativeTest-428712431-project-member] Took 0.38 seconds to select destinations for 1 instance(s). {{(pid=95727) _schedule_instances /opt/stack/nova/nova/conductor/manager.py:968}}
Jul 19 22:41:48.759273 np0000005471 nova-conductor[95727]: DEBUG oslo_concurrency.lockutils [None req-9afc3a14-df0c-4172-be36-db0ef32b601d tempest-AttachVolumeNegativeTest-428712431 tempest-AttachVolumeNegativeTest-428712431-project-member] Acquiring lock "7e15811c-54a4-48b4-bd5e-b14ee9ed3cea" by "nova.context.set_target_cell..get_or_set_cached_cell_and_set_connections" {{(pid=95727) inner /opt/stack/data/venv/lib/python3.12/site-packages/oslo_concurrency/lockutils.py:512}}
Jul 19 22:41:48.759457 np0000005471 nova-conductor[95727]: DEBUG oslo_concurrency.lockutils [None req-9afc3a14-df0c-4172-be36-db0ef32b601d tempest-AttachVolumeNegativeTest-428712431 tempest-AttachVolumeNegativeTest-428712431-project-member] Lock "7e15811c-54a4-48b4-bd5e-b14ee9ed3cea" acquired by "nova.context.set_target_cell..get_or_set_cached_cell_and_set_connections" :: waited 0.000s {{(pid=95727) inner /opt/stack/data/venv/lib/python3.12/site-packages/oslo_concurrency/lockutils.py:525}}
Jul 19 22:41:48.760589 np0000005471 nova-conductor[95727]: DEBUG oslo_concurrency.lockutils [None req-9afc3a14-df0c-4172-be36-db0ef32b601d tempest-AttachVolumeNegativeTest-428712431 tempest-AttachVolumeNegativeTest-428712431-project-member] Lock "7e15811c-54a4-48b4-bd5e-b14ee9ed3cea" "released" by "nova.context.set_target_cell..get_or_set_cached_cell_and_set_connections" :: held 0.001s {{(pid=95727) inner /opt/stack/data/venv/lib/python3.12/site-packages/oslo_concurrency/lockutils.py:544}}
Jul 19 22:41:48.762775 np0000005471 nova-conductor[95727]: INFO dbcounter [None req-9afc3a14-df0c-4172-be36-db0ef32b601d tempest-AttachVolumeNegativeTest-428712431 tempest-AttachVolumeNegativeTest-428712431-project-member] Registered counter for database nova_cell1
Jul 19 22:41:48.794966 np0000005471 nova-conductor[95727]: DEBUG oslo_db.sqlalchemy.engines [None req-9afc3a14-df0c-4172-be36-db0ef32b601d tempest-AttachVolumeNegativeTest-428712431 tempest-AttachVolumeNegativeTest-428712431-project-member] MySQL server mode set to STRICT_TRANS_TABLES,STRICT_ALL_TABLES,NO_ZERO_IN_DATE,NO_ZERO_DATE,ERROR_FOR_DIVISION_BY_ZERO,TRADITIONAL,NO_ENGINE_SUBSTITUTION {{(pid=95727) _check_effective_sql_mode /opt/stack/data/venv/lib/python3.12/site-packages/oslo_db/sqlalchemy/engines.py:325}}
Jul 19 22:41:48.802918 np0000005471 nova-conductor[95727]: DEBUG dbcounter [-] [95727] Writer thread running {{(pid=95727) stat_writer /opt/stack/data/venv/lib/python3.12/site-packages/dbcounter.py:102}}
Jul 19 22:41:48.844741 np0000005471 nova-conductor[95727]: INFO nova.utils [None req-9afc3a14-df0c-4172-be36-db0ef32b601d tempest-AttachVolumeNegativeTest-428712431 tempest-AttachVolumeNegativeTest-428712431-project-member] The cell worker thread pool ForkProcess-1.cell_worker is initialized
Jul 19 22:41:48.846030 np0000005471 nova-conductor[95727]: DEBUG oslo_concurrency.lockutils [None req-9afc3a14-df0c-4172-be36-db0ef32b601d tempest-AttachVolumeNegativeTest-428712431 tempest-AttachVolumeNegativeTest-428712431-project-member] Acquiring lock "00000000-0000-0000-0000-000000000000" by "nova.context.set_target_cell..get_or_set_cached_cell_and_set_connections" {{(pid=95727) inner /opt/stack/data/venv/lib/python3.12/site-packages/oslo_concurrency/lockutils.py:512}}
Jul 19 22:41:48.846030 np0000005471 nova-conductor[95727]: DEBUG oslo_concurrency.lockutils [None req-9afc3a14-df0c-4172-be36-db0ef32b601d tempest-AttachVolumeNegativeTest-428712431 tempest-AttachVolumeNegativeTest-428712431-project-member] Lock "00000000-0000-0000-0000-000000000000" acquired by "nova.context.set_target_cell..get_or_set_cached_cell_and_set_connections" :: waited 0.000s {{(pid=95727) inner /opt/stack/data/venv/lib/python3.12/site-packages/oslo_concurrency/lockutils.py:525}}
Jul 19 22:41:48.846030 np0000005471 nova-conductor[95727]: DEBUG oslo_concurrency.lockutils [None req-9afc3a14-df0c-4172-be36-db0ef32b601d tempest-AttachVolumeNegativeTest-428712431 tempest-AttachVolumeNegativeTest-428712431-project-member] Lock "00000000-0000-0000-0000-000000000000" "released" by "nova.context.set_target_cell..get_or_set_cached_cell_and_set_connections" :: held 0.000s {{(pid=95727) inner /opt/stack/data/venv/lib/python3.12/site-packages/oslo_concurrency/lockutils.py:544}}
Jul 19 22:41:48.846030 np0000005471 nova-conductor[95727]: DEBUG oslo_concurrency.lockutils [None req-9afc3a14-df0c-4172-be36-db0ef32b601d tempest-AttachVolumeNegativeTest-428712431 tempest-AttachVolumeNegativeTest-428712431-project-member] Acquiring lock "7e15811c-54a4-48b4-bd5e-b14ee9ed3cea" by "nova.context.set_target_cell..get_or_set_cached_cell_and_set_connections" {{(pid=95727) inner /opt/stack/data/venv/lib/python3.12/site-packages/oslo_concurrency/lockutils.py:512}}
Jul 19 22:41:48.846224 np0000005471 nova-conductor[95727]: DEBUG oslo_concurrency.lockutils [None req-9afc3a14-df0c-4172-be36-db0ef32b601d tempest-AttachVolumeNegativeTest-428712431 tempest-AttachVolumeNegativeTest-428712431-project-member] Lock "7e15811c-54a4-48b4-bd5e-b14ee9ed3cea" acquired by "nova.context.set_target_cell..get_or_set_cached_cell_and_set_connections" :: waited 0.000s {{(pid=95727) inner /opt/stack/data/venv/lib/python3.12/site-packages/oslo_concurrency/lockutils.py:525}}
Jul 19 22:41:48.846297 np0000005471 nova-conductor[95727]: DEBUG oslo_concurrency.lockutils [None req-9afc3a14-df0c-4172-be36-db0ef32b601d tempest-AttachVolumeNegativeTest-428712431 tempest-AttachVolumeNegativeTest-428712431-project-member] Lock "7e15811c-54a4-48b4-bd5e-b14ee9ed3cea" "released" by "nova.context.set_target_cell..get_or_set_cached_cell_and_set_connections" :: held 0.000s {{(pid=95727) inner /opt/stack/data/venv/lib/python3.12/site-packages/oslo_concurrency/lockutils.py:544}}
