Aug 19 05:45:48.501356 np0000007745 nova-conductor[99382]: DEBUG cotyledon.oslo_config_glue [-] workarounds.disable_fallback_pcpu_query = False {{(pid=99382) log_opt_values /opt/stack/data/venv/lib/python3.12/site-packages/oslo_config/cfg.py:3560}}
Aug 19 05:45:48.501356 np0000007745 nova-conductor[99382]: DEBUG cotyledon.oslo_config_glue [-] workarounds.disable_group_policy_check_upcall = False {{(pid=99382) log_opt_values /opt/stack/data/venv/lib/python3.12/site-packages/oslo_config/cfg.py:3560}}
Aug 19 05:45:48.501356 np0000007745 nova-conductor[99382]: DEBUG cotyledon.oslo_config_glue [-] workarounds.disable_libvirt_livesnapshot = False {{(pid=99382) log_opt_values /opt/stack/data/venv/lib/python3.12/site-packages/oslo_config/cfg.py:3560}}
Aug 19 05:45:48.501356 np0000007745 nova-conductor[99382]: DEBUG cotyledon.oslo_config_glue [-] workarounds.disable_rootwrap = False {{(pid=99382) log_opt_values /opt/stack/data/venv/lib/python3.12/site-packages/oslo_config/cfg.py:3560}}
Aug 19 05:45:48.501356 np0000007745 nova-conductor[99382]: DEBUG cotyledon.oslo_config_glue [-] workarounds.enable_numa_live_migration = False {{(pid=99382) log_opt_values /opt/stack/data/venv/lib/python3.12/site-packages/oslo_config/cfg.py:3560}}
Aug 19 05:45:48.501356 np0000007745 nova-conductor[99382]: DEBUG cotyledon.oslo_config_glue [-] workarounds.enable_qemu_monitor_announce_self = False {{(pid=99382) log_opt_values /opt/stack/data/venv/lib/python3.12/site-packages/oslo_config/cfg.py:3560}}
Aug 19 05:45:48.501870 np0000007745 nova-conductor[99382]: DEBUG cotyledon.oslo_config_glue [-] workarounds.ensure_libvirt_rbd_instance_dir_cleanup = False {{(pid=99382) log_opt_values /opt/stack/data/venv/lib/python3.12/site-packages/oslo_config/cfg.py:3560}}
Aug 19 05:45:48.501870 np0000007745 nova-conductor[99382]: DEBUG cotyledon.oslo_config_glue [-] workarounds.handle_virt_lifecycle_events = True {{(pid=99382) log_opt_values /opt/stack/data/venv/lib/python3.12/site-packages/oslo_config/cfg.py:3560}}
Aug 19 05:45:48.501870 np0000007745 nova-conductor[99382]: DEBUG cotyledon.oslo_config_glue [-] workarounds.libvirt_disable_apic = False {{(pid=99382) log_opt_values /opt/stack/data/venv/lib/python3.12/site-packages/oslo_config/cfg.py:3560}}
Aug 19 05:45:48.501870 np0000007745 nova-conductor[99382]: DEBUG cotyledon.oslo_config_glue [-] workarounds.never_download_image_if_on_rbd = False {{(pid=99382) log_opt_values /opt/stack/data/venv/lib/python3.12/site-packages/oslo_config/cfg.py:3560}}
Aug 19 05:45:48.501870 np0000007745 nova-conductor[99382]: DEBUG cotyledon.oslo_config_glue [-] workarounds.qemu_monitor_announce_self_count = 3 {{(pid=99382) log_opt_values /opt/stack/data/venv/lib/python3.12/site-packages/oslo_config/cfg.py:3560}}
Aug 19 05:45:48.501870 np0000007745 nova-conductor[99382]: DEBUG cotyledon.oslo_config_glue [-] workarounds.qemu_monitor_announce_self_interval = 1 {{(pid=99382) log_opt_values /opt/stack/data/venv/lib/python3.12/site-packages/oslo_config/cfg.py:3560}}
Aug 19 05:45:48.501870 np0000007745 nova-conductor[99382]: DEBUG cotyledon.oslo_config_glue [-] workarounds.reserve_disk_resource_for_image_cache = False {{(pid=99382) log_opt_values /opt/stack/data/venv/lib/python3.12/site-packages/oslo_config/cfg.py:3560}}
Aug 19 05:45:48.501870 np0000007745 nova-conductor[99382]: DEBUG cotyledon.oslo_config_glue [-] workarounds.skip_cpu_compare_at_startup = False {{(pid=99382) log_opt_values /opt/stack/data/venv/lib/python3.12/site-packages/oslo_config/cfg.py:3560}}
Aug 19 05:45:48.501870 np0000007745 nova-conductor[99382]: DEBUG cotyledon.oslo_config_glue [-] workarounds.skip_cpu_compare_on_dest = False {{(pid=99382) log_opt_values /opt/stack/data/venv/lib/python3.12/site-packages/oslo_config/cfg.py:3560}}
Aug 19 05:45:48.502128 np0000007745 nova-conductor[99382]: DEBUG cotyledon.oslo_config_glue [-] workarounds.skip_hypervisor_version_check_on_lm = False {{(pid=99382) log_opt_values /opt/stack/data/venv/lib/python3.12/site-packages/oslo_config/cfg.py:3560}}
Aug 19 05:45:48.502128 np0000007745 nova-conductor[99382]: DEBUG cotyledon.oslo_config_glue [-] workarounds.skip_reserve_in_use_ironic_nodes = False {{(pid=99382) log_opt_values /opt/stack/data/venv/lib/python3.12/site-packages/oslo_config/cfg.py:3560}}
Aug 19 05:45:48.502128 np0000007745 nova-conductor[99382]: DEBUG cotyledon.oslo_config_glue [-] workarounds.unified_limits_count_pcpu_as_vcpu = False {{(pid=99382) log_opt_values /opt/stack/data/venv/lib/python3.12/site-packages/oslo_config/cfg.py:3560}}
Aug 19 05:45:48.502128 np0000007745 nova-conductor[99382]: DEBUG cotyledon.oslo_config_glue [-] workarounds.wait_for_vif_plugged_event_during_hard_reboot = [] {{(pid=99382) log_opt_values /opt/stack/data/venv/lib/python3.12/site-packages/oslo_config/cfg.py:3560}}
Aug 19 05:45:48.502128 np0000007745 nova-conductor[99382]: DEBUG cotyledon.oslo_config_glue [-] wsgi.api_paste_config = /etc/nova/api-paste.ini {{(pid=99382) log_opt_values /opt/stack/data/venv/lib/python3.12/site-packages/oslo_config/cfg.py:3560}}
Aug 19 05:45:48.502128 np0000007745 nova-conductor[99382]: DEBUG cotyledon.oslo_config_glue [-] wsgi.secure_proxy_ssl_header = None {{(pid=99382) log_opt_values /opt/stack/data/venv/lib/python3.12/site-packages/oslo_config/cfg.py:3560}}
Aug 19 05:45:48.502128 np0000007745 nova-conductor[99382]: DEBUG cotyledon.oslo_config_glue [-] zvm.ca_file = None {{(pid=99382) log_opt_values /opt/stack/data/venv/lib/python3.12/site-packages/oslo_config/cfg.py:3560}}
Aug 19 05:45:48.502128 np0000007745 nova-conductor[99382]: DEBUG cotyledon.oslo_config_glue [-] zvm.cloud_connector_url = None {{(pid=99382) log_opt_values /opt/stack/data/venv/lib/python3.12/site-packages/oslo_config/cfg.py:3560}}
Aug 19 05:45:48.502128 np0000007745 nova-conductor[99382]: DEBUG cotyledon.oslo_config_glue [-] zvm.image_tmp_path = /opt/stack/data/nova/images {{(pid=99382) log_opt_values /opt/stack/data/venv/lib/python3.12/site-packages/oslo_config/cfg.py:3560}}
Aug 19 05:45:48.502325 np0000007745 nova-conductor[99382]: DEBUG cotyledon.oslo_config_glue [-] zvm.reachable_timeout = 300 {{(pid=99382) log_opt_values /opt/stack/data/venv/lib/python3.12/site-packages/oslo_config/cfg.py:3560}}
Aug 19 05:45:48.502325 np0000007745 nova-conductor[99382]: DEBUG cotyledon.oslo_config_glue [-] oslo_versionedobjects.fatal_exception_format_errors = False {{(pid=99382) log_opt_values /opt/stack/data/venv/lib/python3.12/site-packages/oslo_config/cfg.py:3560}}
Aug 19 05:45:48.502325 np0000007745 nova-conductor[99382]: DEBUG cotyledon.oslo_config_glue [-] oslo_middleware.http_basic_auth_user_file = /etc/htpasswd {{(pid=99382) log_opt_values /opt/stack/data/venv/lib/python3.12/site-packages/oslo_config/cfg.py:3560}}
Aug 19 05:45:48.502325 np0000007745 nova-conductor[99382]: DEBUG cotyledon.oslo_config_glue [-] profiler.connection_string = messaging:// {{(pid=99382) log_opt_values /opt/stack/data/venv/lib/python3.12/site-packages/oslo_config/cfg.py:3560}}
Aug 19 05:45:48.502325 np0000007745 nova-conductor[99382]: DEBUG cotyledon.oslo_config_glue [-] profiler.enabled = False {{(pid=99382) log_opt_values /opt/stack/data/venv/lib/python3.12/site-packages/oslo_config/cfg.py:3560}}
Aug 19 05:45:48.502325 np0000007745 nova-conductor[99382]: DEBUG cotyledon.oslo_config_glue [-] profiler.es_doc_type = notification {{(pid=99382) log_opt_values /opt/stack/data/venv/lib/python3.12/site-packages/oslo_config/cfg.py:3560}}
Aug 19 05:45:48.502325 np0000007745 nova-conductor[99382]: DEBUG cotyledon.oslo_config_glue [-] profiler.es_scroll_size = 10000 {{(pid=99382) log_opt_values /opt/stack/data/venv/lib/python3.12/site-packages/oslo_config/cfg.py:3560}}
Aug 19 05:45:48.502325 np0000007745 nova-conductor[99382]: DEBUG cotyledon.oslo_config_glue [-] profiler.es_scroll_time = 2m {{(pid=99382) log_opt_values /opt/stack/data/venv/lib/python3.12/site-packages/oslo_config/cfg.py:3560}}
Aug 19 05:45:48.502325 np0000007745 nova-conductor[99382]: DEBUG cotyledon.oslo_config_glue [-] profiler.filter_error_trace = False {{(pid=99382) log_opt_values /opt/stack/data/venv/lib/python3.12/site-packages/oslo_config/cfg.py:3560}}
Aug 19 05:45:48.502502 np0000007745 nova-conductor[99382]: DEBUG cotyledon.oslo_config_glue [-] profiler.hmac_keys = **** {{(pid=99382) log_opt_values /opt/stack/data/venv/lib/python3.12/site-packages/oslo_config/cfg.py:3560}}
Aug 19 05:45:48.502502 np0000007745 nova-conductor[99382]: DEBUG cotyledon.oslo_config_glue [-] profiler.sentinel_service_name = mymaster {{(pid=99382) log_opt_values /opt/stack/data/venv/lib/python3.12/site-packages/oslo_config/cfg.py:3560}}
Aug 19 05:45:48.502502 np0000007745 nova-conductor[99382]: DEBUG cotyledon.oslo_config_glue [-] profiler.socket_timeout = 0.1 {{(pid=99382) log_opt_values /opt/stack/data/venv/lib/python3.12/site-packages/oslo_config/cfg.py:3560}}
Aug 19 05:45:48.502502 np0000007745 nova-conductor[99382]: DEBUG cotyledon.oslo_config_glue [-] profiler.trace_requests = False {{(pid=99382) log_opt_values /opt/stack/data/venv/lib/python3.12/site-packages/oslo_config/cfg.py:3560}}
Aug 19 05:45:48.502502 np0000007745 nova-conductor[99382]: DEBUG cotyledon.oslo_config_glue [-] profiler.trace_sqlalchemy = False {{(pid=99382) log_opt_values /opt/stack/data/venv/lib/python3.12/site-packages/oslo_config/cfg.py:3560}}
Aug 19 05:45:48.502502 np0000007745 nova-conductor[99382]: DEBUG cotyledon.oslo_config_glue [-] profiler_jaeger.process_tags = {} {{(pid=99382) log_opt_values /opt/stack/data/venv/lib/python3.12/site-packages/oslo_config/cfg.py:3560}}
Aug 19 05:45:48.502502 np0000007745 nova-conductor[99382]: DEBUG cotyledon.oslo_config_glue [-] profiler_jaeger.service_name_prefix = None {{(pid=99382) log_opt_values /opt/stack/data/venv/lib/python3.12/site-packages/oslo_config/cfg.py:3560}}
Aug 19 05:45:48.502502 np0000007745 nova-conductor[99382]: DEBUG cotyledon.oslo_config_glue [-] profiler_otlp.service_name_prefix = None {{(pid=99382) log_opt_values /opt/stack/data/venv/lib/python3.12/site-packages/oslo_config/cfg.py:3560}}
Aug 19 05:45:48.502502 np0000007745 nova-conductor[99382]: DEBUG cotyledon.oslo_config_glue [-] oslo_messaging_rabbit.amqp_auto_delete = False {{(pid=99382) log_opt_values /opt/stack/data/venv/lib/python3.12/site-packages/oslo_config/cfg.py:3560}}
Aug 19 05:45:48.502825 np0000007745 nova-conductor[99382]: DEBUG cotyledon.oslo_config_glue [-] oslo_messaging_rabbit.amqp_durable_queues = False {{(pid=99382) log_opt_values /opt/stack/data/venv/lib/python3.12/site-packages/oslo_config/cfg.py:3560}}
Aug 19 05:45:48.502825 np0000007745 nova-conductor[99382]: DEBUG cotyledon.oslo_config_glue [-] oslo_messaging_rabbit.conn_pool_min_size = 2 {{(pid=99382) log_opt_values /opt/stack/data/venv/lib/python3.12/site-packages/oslo_config/cfg.py:3560}}
Aug 19 05:45:48.502825 np0000007745 nova-conductor[99382]: DEBUG cotyledon.oslo_config_glue [-] oslo_messaging_rabbit.conn_pool_ttl = 1200 {{(pid=99382) log_opt_values /opt/stack/data/venv/lib/python3.12/site-packages/oslo_config/cfg.py:3560}}
Aug 19 05:45:48.502825 np0000007745 nova-conductor[99382]: DEBUG cotyledon.oslo_config_glue [-] oslo_messaging_rabbit.direct_mandatory_flag = True {{(pid=99382) log_opt_values /opt/stack/data/venv/lib/python3.12/site-packages/oslo_config/cfg.py:3560}}
Aug 19 05:45:48.502825 np0000007745 nova-conductor[99382]: DEBUG cotyledon.oslo_config_glue [-] oslo_messaging_rabbit.enable_cancel_on_failover = False {{(pid=99382) log_opt_values /opt/stack/data/venv/lib/python3.12/site-packages/oslo_config/cfg.py:3560}}
Aug 19 05:45:48.502825 np0000007745 nova-conductor[99382]: DEBUG cotyledon.oslo_config_glue [-] oslo_messaging_rabbit.heartbeat_rate = 3 {{(pid=99382) log_opt_values /opt/stack/data/venv/lib/python3.12/site-packages/oslo_config/cfg.py:3560}}
Aug 19 05:45:48.502825 np0000007745 nova-conductor[99382]: DEBUG cotyledon.oslo_config_glue [-] oslo_messaging_rabbit.heartbeat_timeout_threshold = 60 {{(pid=99382) log_opt_values /opt/stack/data/venv/lib/python3.12/site-packages/oslo_config/cfg.py:3560}}
Aug 19 05:45:48.502825 np0000007745 nova-conductor[99382]: DEBUG cotyledon.oslo_config_glue [-] oslo_messaging_rabbit.hostname = np0000007745 {{(pid=99382) log_opt_values /opt/stack/data/venv/lib/python3.12/site-packages/oslo_config/cfg.py:3560}}
Aug 19 05:45:48.502825 np0000007745 nova-conductor[99382]: DEBUG cotyledon.oslo_config_glue [-] oslo_messaging_rabbit.kombu_compression = None {{(pid=99382) log_opt_values /opt/stack/data/venv/lib/python3.12/site-packages/oslo_config/cfg.py:3560}}
Aug 19 05:45:48.503095 np0000007745 nova-conductor[99382]: DEBUG cotyledon.oslo_config_glue [-] oslo_messaging_rabbit.kombu_failover_strategy = round-robin {{(pid=99382) log_opt_values /opt/stack/data/venv/lib/python3.12/site-packages/oslo_config/cfg.py:3560}}
Aug 19 05:45:48.503095 np0000007745 nova-conductor[99382]: DEBUG cotyledon.oslo_config_glue [-] oslo_messaging_rabbit.kombu_missing_consumer_retry_timeout = 60 {{(pid=99382) log_opt_values /opt/stack/data/venv/lib/python3.12/site-packages/oslo_config/cfg.py:3560}}
Aug 19 05:45:48.503095 np0000007745 nova-conductor[99382]: DEBUG cotyledon.oslo_config_glue [-] oslo_messaging_rabbit.kombu_reconnect_delay = 1.0 {{(pid=99382) log_opt_values /opt/stack/data/venv/lib/python3.12/site-packages/oslo_config/cfg.py:3560}}
Aug 19 05:45:48.503095 np0000007745 nova-conductor[99382]: DEBUG cotyledon.oslo_config_glue [-] oslo_messaging_rabbit.kombu_reconnect_splay = 0.0 {{(pid=99382) log_opt_values /opt/stack/data/venv/lib/python3.12/site-packages/oslo_config/cfg.py:3560}}
Aug 19 05:45:48.503095 np0000007745 nova-conductor[99382]: DEBUG cotyledon.oslo_config_glue [-] oslo_messaging_rabbit.processname = nova-conductor {{(pid=99382) log_opt_values /opt/stack/data/venv/lib/python3.12/site-packages/oslo_config/cfg.py:3560}}
Aug 19 05:45:48.503095 np0000007745 nova-conductor[99382]: DEBUG cotyledon.oslo_config_glue [-] oslo_messaging_rabbit.rabbit_ha_queues = False {{(pid=99382) log_opt_values /opt/stack/data/venv/lib/python3.12/site-packages/oslo_config/cfg.py:3560}}
Aug 19 05:45:48.503095 np0000007745 nova-conductor[99382]: DEBUG cotyledon.oslo_config_glue [-] oslo_messaging_rabbit.rabbit_interval_max = 30 {{(pid=99382) log_opt_values /opt/stack/data/venv/lib/python3.12/site-packages/oslo_config/cfg.py:3560}}
Aug 19 05:45:48.503095 np0000007745 nova-conductor[99382]: DEBUG cotyledon.oslo_config_glue [-] oslo_messaging_rabbit.rabbit_login_method = AMQPLAIN {{(pid=99382) log_opt_values /opt/stack/data/venv/lib/python3.12/site-packages/oslo_config/cfg.py:3560}}
Aug 19 05:45:48.503388 np0000007745 nova-conductor[99382]: DEBUG cotyledon.oslo_config_glue [-] oslo_messaging_rabbit.rabbit_qos_prefetch_count = 0 {{(pid=99382) log_opt_values /opt/stack/data/venv/lib/python3.12/site-packages/oslo_config/cfg.py:3560}}
Aug 19 05:45:48.503388 np0000007745 nova-conductor[99382]: DEBUG cotyledon.oslo_config_glue [-] oslo_messaging_rabbit.rabbit_quorum_delivery_limit = 0 {{(pid=99382) log_opt_values /opt/stack/data/venv/lib/python3.12/site-packages/oslo_config/cfg.py:3560}}
Aug 19 05:45:48.503388 np0000007745 nova-conductor[99382]: DEBUG cotyledon.oslo_config_glue [-] oslo_messaging_rabbit.rabbit_quorum_max_memory_bytes = 0 {{(pid=99382) log_opt_values /opt/stack/data/venv/lib/python3.12/site-packages/oslo_config/cfg.py:3560}}
Aug 19 05:45:48.503388 np0000007745 nova-conductor[99382]: DEBUG cotyledon.oslo_config_glue [-] oslo_messaging_rabbit.rabbit_quorum_max_memory_length = 0 {{(pid=99382) log_opt_values /opt/stack/data/venv/lib/python3.12/site-packages/oslo_config/cfg.py:3560}}
Aug 19 05:45:48.503388 np0000007745 nova-conductor[99382]: DEBUG cotyledon.oslo_config_glue [-] oslo_messaging_rabbit.rabbit_quorum_queue = False {{(pid=99382) log_opt_values /opt/stack/data/venv/lib/python3.12/site-packages/oslo_config/cfg.py:3560}}
Aug 19 05:45:48.503388 np0000007745 nova-conductor[99382]: DEBUG cotyledon.oslo_config_glue [-] oslo_messaging_rabbit.rabbit_retry_backoff = 2 {{(pid=99382) log_opt_values /opt/stack/data/venv/lib/python3.12/site-packages/oslo_config/cfg.py:3560}}
Aug 19 05:45:48.503388 np0000007745 nova-conductor[99382]: DEBUG cotyledon.oslo_config_glue [-] oslo_messaging_rabbit.rabbit_retry_interval = 1 {{(pid=99382) log_opt_values /opt/stack/data/venv/lib/python3.12/site-packages/oslo_config/cfg.py:3560}}
Aug 19 05:45:48.503388 np0000007745 nova-conductor[99382]: DEBUG cotyledon.oslo_config_glue [-] oslo_messaging_rabbit.rabbit_stream_fanout = False {{(pid=99382) log_opt_values /opt/stack/data/venv/lib/python3.12/site-packages/oslo_config/cfg.py:3560}}
Aug 19 05:45:48.503648 np0000007745 nova-conductor[99382]: DEBUG cotyledon.oslo_config_glue [-] oslo_messaging_rabbit.rabbit_transient_queues_ttl = 1800 {{(pid=99382) log_opt_values /opt/stack/data/venv/lib/python3.12/site-packages/oslo_config/cfg.py:3560}}
Aug 19 05:45:48.503648 np0000007745 nova-conductor[99382]: DEBUG cotyledon.oslo_config_glue [-] oslo_messaging_rabbit.rabbit_transient_quorum_queue = False {{(pid=99382) log_opt_values /opt/stack/data/venv/lib/python3.12/site-packages/oslo_config/cfg.py:3560}}
Aug 19 05:45:48.503648 np0000007745 nova-conductor[99382]: DEBUG cotyledon.oslo_config_glue [-] oslo_messaging_rabbit.rpc_conn_pool_size = 30 {{(pid=99382) log_opt_values /opt/stack/data/venv/lib/python3.12/site-packages/oslo_config/cfg.py:3560}}
Aug 19 05:45:48.503648 np0000007745 nova-conductor[99382]: DEBUG cotyledon.oslo_config_glue [-] oslo_messaging_rabbit.ssl = False {{(pid=99382) log_opt_values /opt/stack/data/venv/lib/python3.12/site-packages/oslo_config/cfg.py:3560}}
Aug 19 05:45:48.503648 np0000007745 nova-conductor[99382]: DEBUG cotyledon.oslo_config_glue [-] oslo_messaging_rabbit.ssl_ca_file = {{(pid=99382) log_opt_values /opt/stack/data/venv/lib/python3.12/site-packages/oslo_config/cfg.py:3560}}
Aug 19 05:45:48.503648 np0000007745 nova-conductor[99382]: DEBUG cotyledon.oslo_config_glue [-] oslo_messaging_rabbit.ssl_cert_file = {{(pid=99382) log_opt_values /opt/stack/data/venv/lib/python3.12/site-packages/oslo_config/cfg.py:3560}}
Aug 19 05:45:48.503648 np0000007745 nova-conductor[99382]: DEBUG cotyledon.oslo_config_glue [-] oslo_messaging_rabbit.ssl_enforce_fips_mode = False {{(pid=99382) log_opt_values /opt/stack/data/venv/lib/python3.12/site-packages/oslo_config/cfg.py:3560}}
Aug 19 05:45:48.503648 np0000007745 nova-conductor[99382]: DEBUG cotyledon.oslo_config_glue [-] oslo_messaging_rabbit.ssl_enforce_hostname_verification = True {{(pid=99382) log_opt_values /opt/stack/data/venv/lib/python3.12/site-packages/oslo_config/cfg.py:3560}}
Aug 19 05:45:48.503648 np0000007745 nova-conductor[99382]: DEBUG cotyledon.oslo_config_glue [-] oslo_messaging_rabbit.ssl_key_file = {{(pid=99382) log_opt_values /opt/stack/data/venv/lib/python3.12/site-packages/oslo_config/cfg.py:3560}}
Aug 19 05:45:48.504076 np0000007745 nova-conductor[99382]: DEBUG cotyledon.oslo_config_glue [-] oslo_messaging_rabbit.ssl_version = {{(pid=99382) log_opt_values /opt/stack/data/venv/lib/python3.12/site-packages/oslo_config/cfg.py:3560}}
Aug 19 05:45:48.504076 np0000007745 nova-conductor[99382]: DEBUG cotyledon.oslo_config_glue [-] oslo_messaging_rabbit.use_queue_manager = False {{(pid=99382) log_opt_values /opt/stack/data/venv/lib/python3.12/site-packages/oslo_config/cfg.py:3560}}
Aug 19 05:45:48.504076 np0000007745 nova-conductor[99382]: DEBUG cotyledon.oslo_config_glue [-] oslo_messaging_notifications.driver = ['messagingv2'] {{(pid=99382) log_opt_values /opt/stack/data/venv/lib/python3.12/site-packages/oslo_config/cfg.py:3560}}
Aug 19 05:45:48.504076 np0000007745 nova-conductor[99382]: DEBUG cotyledon.oslo_config_glue [-] oslo_messaging_notifications.retry = -1 {{(pid=99382) log_opt_values /opt/stack/data/venv/lib/python3.12/site-packages/oslo_config/cfg.py:3560}}
Aug 19 05:45:48.504076 np0000007745 nova-conductor[99382]: DEBUG cotyledon.oslo_config_glue [-] oslo_messaging_notifications.topics = ['notifications'] {{(pid=99382) log_opt_values /opt/stack/data/venv/lib/python3.12/site-packages/oslo_config/cfg.py:3560}}
Aug 19 05:45:48.504076 np0000007745 nova-conductor[99382]: DEBUG cotyledon.oslo_config_glue [-] oslo_messaging_notifications.transport_url = **** {{(pid=99382) log_opt_values /opt/stack/data/venv/lib/python3.12/site-packages/oslo_config/cfg.py:3560}}
Aug 19 05:45:48.504076 np0000007745 nova-conductor[99382]: DEBUG cotyledon.oslo_config_glue [-] oslo_limit.auth_section = None {{(pid=99382) log_opt_values /opt/stack/data/venv/lib/python3.12/site-packages/oslo_config/cfg.py:3560}}
Aug 19 05:45:48.504076 np0000007745 nova-conductor[99382]: DEBUG cotyledon.oslo_config_glue [-] oslo_limit.auth_type = None {{(pid=99382) log_opt_values /opt/stack/data/venv/lib/python3.12/site-packages/oslo_config/cfg.py:3560}}
Aug 19 05:45:48.504076 np0000007745 nova-conductor[99382]: DEBUG cotyledon.oslo_config_glue [-] oslo_limit.cafile = None {{(pid=99382) log_opt_values /opt/stack/data/venv/lib/python3.12/site-packages/oslo_config/cfg.py:3560}}
Aug 19 05:45:48.504297 np0000007745 nova-conductor[99382]: DEBUG cotyledon.oslo_config_glue [-] oslo_limit.certfile = None {{(pid=99382) log_opt_values /opt/stack/data/venv/lib/python3.12/site-packages/oslo_config/cfg.py:3560}}
Aug 19 05:45:48.504297 np0000007745 nova-conductor[99382]: DEBUG cotyledon.oslo_config_glue [-] oslo_limit.collect_timing = False {{(pid=99382) log_opt_values /opt/stack/data/venv/lib/python3.12/site-packages/oslo_config/cfg.py:3560}}
Aug 19 05:45:48.504297 np0000007745 nova-conductor[99382]: DEBUG cotyledon.oslo_config_glue [-] oslo_limit.connect_retries = None {{(pid=99382) log_opt_values /opt/stack/data/venv/lib/python3.12/site-packages/oslo_config/cfg.py:3560}}
Aug 19 05:45:48.504297 np0000007745 nova-conductor[99382]: DEBUG cotyledon.oslo_config_glue [-] oslo_limit.connect_retry_delay = None {{(pid=99382) log_opt_values /opt/stack/data/venv/lib/python3.12/site-packages/oslo_config/cfg.py:3560}}
Aug 19 05:45:48.504297 np0000007745 nova-conductor[99382]: DEBUG cotyledon.oslo_config_glue [-] oslo_limit.endpoint_id = None {{(pid=99382) log_opt_values /opt/stack/data/venv/lib/python3.12/site-packages/oslo_config/cfg.py:3560}}
Aug 19 05:45:48.504297 np0000007745 nova-conductor[99382]: DEBUG cotyledon.oslo_config_glue [-] oslo_limit.endpoint_interface = public {{(pid=99382) log_opt_values /opt/stack/data/venv/lib/python3.12/site-packages/oslo_config/cfg.py:3560}}
Aug 19 05:45:48.504297 np0000007745 nova-conductor[99382]: DEBUG cotyledon.oslo_config_glue [-] oslo_limit.endpoint_override = None {{(pid=99382) log_opt_values /opt/stack/data/venv/lib/python3.12/site-packages/oslo_config/cfg.py:3560}}
Aug 19 05:45:48.504297 np0000007745 nova-conductor[99382]: DEBUG cotyledon.oslo_config_glue [-] oslo_limit.endpoint_region_name = None {{(pid=99382) log_opt_values /opt/stack/data/venv/lib/python3.12/site-packages/oslo_config/cfg.py:3560}}
Aug 19 05:45:48.504297 np0000007745 nova-conductor[99382]: DEBUG cotyledon.oslo_config_glue [-] oslo_limit.endpoint_service_name = None {{(pid=99382) log_opt_values /opt/stack/data/venv/lib/python3.12/site-packages/oslo_config/cfg.py:3560}}
Aug 19 05:45:48.504591 np0000007745 nova-conductor[99382]: DEBUG cotyledon.oslo_config_glue [-] oslo_limit.endpoint_service_type = None {{(pid=99382) log_opt_values /opt/stack/data/venv/lib/python3.12/site-packages/oslo_config/cfg.py:3560}}
Aug 19 05:45:48.504591 np0000007745 nova-conductor[99382]: DEBUG cotyledon.oslo_config_glue [-] oslo_limit.insecure = False {{(pid=99382) log_opt_values /opt/stack/data/venv/lib/python3.12/site-packages/oslo_config/cfg.py:3560}}
Aug 19 05:45:48.504591 np0000007745 nova-conductor[99382]: DEBUG cotyledon.oslo_config_glue [-] oslo_limit.keyfile = None {{(pid=99382) log_opt_values /opt/stack/data/venv/lib/python3.12/site-packages/oslo_config/cfg.py:3560}}
Aug 19 05:45:48.504591 np0000007745 nova-conductor[99382]: DEBUG cotyledon.oslo_config_glue [-] oslo_limit.max_version = None {{(pid=99382) log_opt_values /opt/stack/data/venv/lib/python3.12/site-packages/oslo_config/cfg.py:3560}}
Aug 19 05:45:48.504591 np0000007745 nova-conductor[99382]: DEBUG cotyledon.oslo_config_glue [-] oslo_limit.min_version = None {{(pid=99382) log_opt_values /opt/stack/data/venv/lib/python3.12/site-packages/oslo_config/cfg.py:3560}}
Aug 19 05:45:48.504591 np0000007745 nova-conductor[99382]: DEBUG cotyledon.oslo_config_glue [-] oslo_limit.region_name = None {{(pid=99382) log_opt_values /opt/stack/data/venv/lib/python3.12/site-packages/oslo_config/cfg.py:3560}}
Aug 19 05:45:48.504591 np0000007745 nova-conductor[99382]: DEBUG cotyledon.oslo_config_glue [-] oslo_limit.retriable_status_codes = None {{(pid=99382) log_opt_values /opt/stack/data/venv/lib/python3.12/site-packages/oslo_config/cfg.py:3560}}
Aug 19 05:45:48.504591 np0000007745 nova-conductor[99382]: DEBUG cotyledon.oslo_config_glue [-] oslo_limit.service_name = None {{(pid=99382) log_opt_values /opt/stack/data/venv/lib/python3.12/site-packages/oslo_config/cfg.py:3560}}
Aug 19 05:45:48.504591 np0000007745 nova-conductor[99382]: DEBUG cotyledon.oslo_config_glue [-] oslo_limit.service_type = None {{(pid=99382) log_opt_values /opt/stack/data/venv/lib/python3.12/site-packages/oslo_config/cfg.py:3560}}
Aug 19 05:45:48.504897 np0000007745 nova-conductor[99382]: DEBUG cotyledon.oslo_config_glue [-] oslo_limit.split_loggers = False {{(pid=99382) log_opt_values /opt/stack/data/venv/lib/python3.12/site-packages/oslo_config/cfg.py:3560}}
Aug 19 05:45:48.504897 np0000007745 nova-conductor[99382]: DEBUG cotyledon.oslo_config_glue [-] oslo_limit.status_code_retries = None {{(pid=99382) log_opt_values /opt/stack/data/venv/lib/python3.12/site-packages/oslo_config/cfg.py:3560}}
Aug 19 05:45:48.504897 np0000007745 nova-conductor[99382]: DEBUG cotyledon.oslo_config_glue [-] oslo_limit.status_code_retry_delay = None {{(pid=99382) log_opt_values /opt/stack/data/venv/lib/python3.12/site-packages/oslo_config/cfg.py:3560}}
Aug 19 05:45:48.504897 np0000007745 nova-conductor[99382]: DEBUG cotyledon.oslo_config_glue [-] oslo_limit.timeout = None {{(pid=99382) log_opt_values /opt/stack/data/venv/lib/python3.12/site-packages/oslo_config/cfg.py:3560}}
Aug 19 05:45:48.504897 np0000007745 nova-conductor[99382]: DEBUG cotyledon.oslo_config_glue [-] oslo_limit.valid_interfaces = None {{(pid=99382) log_opt_values /opt/stack/data/venv/lib/python3.12/site-packages/oslo_config/cfg.py:3560}}
Aug 19 05:45:48.504897 np0000007745 nova-conductor[99382]: DEBUG cotyledon.oslo_config_glue [-] oslo_limit.version = None {{(pid=99382) log_opt_values /opt/stack/data/venv/lib/python3.12/site-packages/oslo_config/cfg.py:3560}}
Aug 19 05:45:48.504897 np0000007745 nova-conductor[99382]: DEBUG cotyledon.oslo_config_glue [-] oslo_reports.file_event_handler = None {{(pid=99382) log_opt_values /opt/stack/data/venv/lib/python3.12/site-packages/oslo_config/cfg.py:3560}}
Aug 19 05:45:48.504897 np0000007745 nova-conductor[99382]: DEBUG cotyledon.oslo_config_glue [-] oslo_reports.file_event_handler_interval = 1 {{(pid=99382) log_opt_values /opt/stack/data/venv/lib/python3.12/site-packages/oslo_config/cfg.py:3560}}
Aug 19 05:45:48.504897 np0000007745 nova-conductor[99382]: DEBUG cotyledon.oslo_config_glue [-] oslo_reports.log_dir = None {{(pid=99382) log_opt_values /opt/stack/data/venv/lib/python3.12/site-packages/oslo_config/cfg.py:3560}}
Aug 19 05:45:48.505136 np0000007745 nova-conductor[99382]: DEBUG cotyledon.oslo_config_glue [-] ******************************************************************************** {{(pid=99382) log_opt_values /opt/stack/data/venv/lib/python3.12/site-packages/oslo_config/cfg.py:3567}}
Aug 19 05:45:48.505136 np0000007745 nova-conductor[99382]: DEBUG cotyledon._service_worker [-] Run service ServiceWrapper(3) [99382] {{(pid=99382) wait_forever /opt/stack/data/venv/lib/python3.12/site-packages/cotyledon/_service_worker.py:218}}
Aug 19 05:45:48.505136 np0000007745 nova-conductor[99382]: INFO nova.service [-] Starting conductor node (version 33.1.0)
Aug 19 05:45:48.505136 np0000007745 nova-conductor[99382]: INFO dbcounter [None req-36727572-8ca0-445a-bb30-8bf14ce87c65 None None] Registered counter for database nova_cell0
Aug 19 05:45:48.509529 np0000007745 nova-conductor[99364]: DEBUG oslo_db.sqlalchemy.engines [None req-758cdd2a-1c9a-4f2d-a1d3-8281b98100f1 None None] MySQL server mode set to STRICT_TRANS_TABLES,STRICT_ALL_TABLES,NO_ZERO_IN_DATE,NO_ZERO_DATE,ERROR_FOR_DIVISION_BY_ZERO,TRADITIONAL,NO_ENGINE_SUBSTITUTION {{(pid=99364) _check_effective_sql_mode /opt/stack/data/venv/lib/python3.12/site-packages/oslo_db/sqlalchemy/engines.py:325}}
Aug 19 05:45:48.512191 np0000007745 nova-conductor[99375]: DEBUG oslo_db.sqlalchemy.engines [None req-ee86c146-6c6e-4841-8a63-9adf28d4b0a2 None None] MySQL server mode set to STRICT_TRANS_TABLES,STRICT_ALL_TABLES,NO_ZERO_IN_DATE,NO_ZERO_DATE,ERROR_FOR_DIVISION_BY_ZERO,TRADITIONAL,NO_ENGINE_SUBSTITUTION {{(pid=99375) _check_effective_sql_mode /opt/stack/data/venv/lib/python3.12/site-packages/oslo_db/sqlalchemy/engines.py:325}}
Aug 19 05:45:48.520132 np0000007745 nova-conductor[99370]: DEBUG oslo_db.sqlalchemy.engines [None req-71bf2830-9230-4aa8-9521-070fde891413 None None] MySQL server mode set to STRICT_TRANS_TABLES,STRICT_ALL_TABLES,NO_ZERO_IN_DATE,NO_ZERO_DATE,ERROR_FOR_DIVISION_BY_ZERO,TRADITIONAL,NO_ENGINE_SUBSTITUTION {{(pid=99370) _check_effective_sql_mode /opt/stack/data/venv/lib/python3.12/site-packages/oslo_db/sqlalchemy/engines.py:325}}
Aug 19 05:45:48.520361 np0000007745 nova-conductor[99364]: DEBUG dbcounter [-] [99364] Writer thread running {{(pid=99364) stat_writer /opt/stack/data/venv/lib/python3.12/site-packages/dbcounter.py:102}}
Aug 19 05:45:48.521693 np0000007745 nova-conductor[99375]: DEBUG dbcounter [-] [99375] Writer thread running {{(pid=99375) stat_writer /opt/stack/data/venv/lib/python3.12/site-packages/dbcounter.py:102}}
Aug 19 05:45:48.532269 np0000007745 nova-conductor[99370]: DEBUG dbcounter [-] [99370] Writer thread running {{(pid=99370) stat_writer /opt/stack/data/venv/lib/python3.12/site-packages/dbcounter.py:102}}
Aug 19 05:45:48.537126 np0000007745 nova-conductor[99364]: DEBUG nova.service [None req-758cdd2a-1c9a-4f2d-a1d3-8281b98100f1 None None] Creating RPC server for service: nova-conductor on topic: conductor {{(pid=99364) start /opt/stack/nova/nova/service.py:262}}
Aug 19 05:45:48.540260 np0000007745 nova-conductor[99375]: DEBUG nova.service [None req-ee86c146-6c6e-4841-8a63-9adf28d4b0a2 None None] Creating RPC server for service: nova-conductor on topic: conductor {{(pid=99375) start /opt/stack/nova/nova/service.py:262}}
Aug 19 05:45:48.553589 np0000007745 nova-conductor[99370]: DEBUG nova.service [None req-71bf2830-9230-4aa8-9521-070fde891413 None None] Creating RPC server for service: nova-conductor on topic: conductor {{(pid=99370) start /opt/stack/nova/nova/service.py:262}}
Aug 19 05:45:48.563016 np0000007745 nova-conductor[99382]: DEBUG oslo_db.sqlalchemy.engines [None req-36727572-8ca0-445a-bb30-8bf14ce87c65 None None] MySQL server mode set to STRICT_TRANS_TABLES,STRICT_ALL_TABLES,NO_ZERO_IN_DATE,NO_ZERO_DATE,ERROR_FOR_DIVISION_BY_ZERO,TRADITIONAL,NO_ENGINE_SUBSTITUTION {{(pid=99382) _check_effective_sql_mode /opt/stack/data/venv/lib/python3.12/site-packages/oslo_db/sqlalchemy/engines.py:325}}
Aug 19 05:45:48.573630 np0000007745 nova-conductor[99382]: DEBUG dbcounter [-] [99382] Writer thread running {{(pid=99382) stat_writer /opt/stack/data/venv/lib/python3.12/site-packages/dbcounter.py:102}}
Aug 19 05:45:48.576909 np0000007745 nova-conductor[99370]: DEBUG nova.service [None req-71bf2830-9230-4aa8-9521-070fde891413 None None] Join ServiceGroup membership for this service conductor {{(pid=99370) start /opt/stack/nova/nova/service.py:288}}
Aug 19 05:45:48.577067 np0000007745 nova-conductor[99364]: DEBUG nova.service [None req-758cdd2a-1c9a-4f2d-a1d3-8281b98100f1 None None] Join ServiceGroup membership for this service conductor {{(pid=99364) start /opt/stack/nova/nova/service.py:288}}
Aug 19 05:45:48.577142 np0000007745 nova-conductor[99370]: DEBUG nova.servicegroup.drivers.db [None req-71bf2830-9230-4aa8-9521-070fde891413 None None] DB_Driver: join new ServiceGroup member np0000007745 to the conductor group, service = {{(pid=99370) join /opt/stack/nova/nova/servicegroup/drivers/db.py:44}}
Aug 19 05:45:48.577264 np0000007745 nova-conductor[99364]: DEBUG nova.servicegroup.drivers.db [None req-758cdd2a-1c9a-4f2d-a1d3-8281b98100f1 None None] DB_Driver: join new ServiceGroup member np0000007745 to the conductor group, service = {{(pid=99364) join /opt/stack/nova/nova/servicegroup/drivers/db.py:44}}
Aug 19 05:45:48.577379 np0000007745 nova-conductor[99375]: DEBUG nova.service [None req-ee86c146-6c6e-4841-8a63-9adf28d4b0a2 None None] Join ServiceGroup membership for this service conductor {{(pid=99375) start /opt/stack/nova/nova/service.py:288}}
Aug 19 05:45:48.577819 np0000007745 nova-conductor[99382]: DEBUG nova.service [None req-36727572-8ca0-445a-bb30-8bf14ce87c65 None None] Creating RPC server for service: nova-conductor on topic: conductor {{(pid=99382) start /opt/stack/nova/nova/service.py:262}}
Aug 19 05:45:48.577877 np0000007745 nova-conductor[99375]: DEBUG nova.servicegroup.drivers.db [None req-ee86c146-6c6e-4841-8a63-9adf28d4b0a2 None None] DB_Driver: join new ServiceGroup member np0000007745 to the conductor group, service = {{(pid=99375) join /opt/stack/nova/nova/servicegroup/drivers/db.py:44}}
Aug 19 05:45:48.604963 np0000007745 nova-conductor[99382]: DEBUG nova.service [None req-36727572-8ca0-445a-bb30-8bf14ce87c65 None None] Join ServiceGroup membership for this service conductor {{(pid=99382) start /opt/stack/nova/nova/service.py:288}}
Aug 19 05:45:48.605199 np0000007745 nova-conductor[99382]: DEBUG nova.servicegroup.drivers.db [None req-36727572-8ca0-445a-bb30-8bf14ce87c65 None None] DB_Driver: join new ServiceGroup member np0000007745 to the conductor group, service = {{(pid=99382) join /opt/stack/nova/nova/servicegroup/drivers/db.py:44}}
Aug 19 05:45:53.591158 np0000007745 nova-conductor[99370]: DEBUG oslo.service.backend._threading.loopingcall [-] Fixed interval looping call 'nova.servicegroup.drivers.db.DbDriver._report_state' sleeping for 119.99 seconds {{(pid=99370) _run_loop /opt/stack/data/venv/lib/python3.12/site-packages/oslo_service/backend/_threading/loopingcall.py:125}}
Aug 19 05:45:53.592223 np0000007745 nova-conductor[99364]: DEBUG oslo.service.backend._threading.loopingcall [-] Fixed interval looping call 'nova.servicegroup.drivers.db.DbDriver._report_state' sleeping for 119.99 seconds {{(pid=99364) _run_loop /opt/stack/data/venv/lib/python3.12/site-packages/oslo_service/backend/_threading/loopingcall.py:125}}
Aug 19 05:45:53.594822 np0000007745 nova-conductor[99375]: DEBUG oslo.service.backend._threading.loopingcall [-] Fixed interval looping call 'nova.servicegroup.drivers.db.DbDriver._report_state' sleeping for 119.99 seconds {{(pid=99375) _run_loop /opt/stack/data/venv/lib/python3.12/site-packages/oslo_service/backend/_threading/loopingcall.py:125}}
Aug 19 05:45:53.615701 np0000007745 nova-conductor[99382]: DEBUG oslo.service.backend._threading.loopingcall [-] Fixed interval looping call 'nova.servicegroup.drivers.db.DbDriver._report_state' sleeping for 119.99 seconds {{(pid=99382) _run_loop /opt/stack/data/venv/lib/python3.12/site-packages/oslo_service/backend/_threading/loopingcall.py:125}}
Aug 19 05:45:54.578897 np0000007745 nova-conductor[99370]: DEBUG oslo.service.backend._threading.loopingcall [None req-cc3597a0-a057-4300-85e9-c23203d1b1a6 None None] Dynamic interval looping call 'nova.service.Service.periodic_tasks' sleeping for 60.00 seconds {{(pid=99370) _run_loop /opt/stack/data/venv/lib/python3.12/site-packages/oslo_service/backend/_threading/loopingcall.py:125}}
Aug 19 05:45:57.097777 np0000007745 nova-conductor[97896]: DEBUG dbcounter [-] [97896] Writing DB stats nova_api:SELECT=1 {{(pid=97896) stat_writer /opt/stack/data/venv/lib/python3.12/site-packages/dbcounter.py:115}}
Aug 19 05:45:57.234472 np0000007745 nova-conductor[97896]: DEBUG dbcounter [-] [97896] Writing DB stats nova_cell0:SELECT=1 {{(pid=97896) stat_writer /opt/stack/data/venv/lib/python3.12/site-packages/dbcounter.py:115}}
Aug 19 05:45:57.239189 np0000007745 nova-conductor[97896]: DEBUG dbcounter [-] [97896] Writing DB stats nova_cell1:SELECT=1 {{(pid=97896) stat_writer /opt/stack/data/venv/lib/python3.12/site-packages/dbcounter.py:115}}
Aug 19 05:46:03.584247 np0000007745 nova-conductor[99370]: DEBUG dbcounter [-] [99370] Writing DB stats nova_cell0:SELECT=4,nova_cell0:INSERT=1,nova_cell0:UPDATE=1 {{(pid=99370) stat_writer /opt/stack/data/venv/lib/python3.12/site-packages/dbcounter.py:115}}
Aug 19 05:46:03.591907 np0000007745 nova-conductor[99364]: DEBUG dbcounter [-] [99364] Writing DB stats nova_cell0:SELECT=4,nova_cell0:INSERT=1,nova_cell0:UPDATE=1 {{(pid=99364) stat_writer /opt/stack/data/venv/lib/python3.12/site-packages/dbcounter.py:115}}
Aug 19 05:46:03.592740 np0000007745 nova-conductor[99375]: DEBUG dbcounter [-] [99375] Writing DB stats nova_cell0:SELECT=5,nova_cell0:INSERT=1,nova_cell0:UPDATE=1 {{(pid=99375) stat_writer /opt/stack/data/venv/lib/python3.12/site-packages/dbcounter.py:115}}
Aug 19 05:46:03.612901 np0000007745 nova-conductor[99382]: DEBUG dbcounter [-] [99382] Writing DB stats nova_cell0:SELECT=3 {{(pid=99382) stat_writer /opt/stack/data/venv/lib/python3.12/site-packages/dbcounter.py:115}}
Aug 19 05:46:08.580264 np0000007745 nova-conductor[99375]: DEBUG oslo.service.backend._threading.loopingcall [None req-391d1ce9-7bff-453b-83ed-6d35fbfd48d2 None None] Dynamic interval looping call 'nova.service.Service.periodic_tasks' sleeping for 60.00 seconds {{(pid=99375) _run_loop /opt/stack/data/venv/lib/python3.12/site-packages/oslo_service/backend/_threading/loopingcall.py:125}}
Aug 19 05:46:30.607087 np0000007745 nova-conductor[99382]: DEBUG oslo.service.backend._threading.loopingcall [None req-a3a2737d-1b9a-4c0a-a58c-75f43f84287f None None] Dynamic interval looping call 'nova.service.Service.periodic_tasks' sleeping for 60.00 seconds {{(pid=99382) _run_loop /opt/stack/data/venv/lib/python3.12/site-packages/oslo_service/backend/_threading/loopingcall.py:125}}
Aug 19 05:46:32.580207 np0000007745 nova-conductor[99364]: DEBUG oslo.service.backend._threading.loopingcall [None req-e6c3aa8d-e923-4260-a6bc-bc6bc069c6a9 None None] Dynamic interval looping call 'nova.service.Service.periodic_tasks' sleeping for 60.00 seconds {{(pid=99364) _run_loop /opt/stack/data/venv/lib/python3.12/site-packages/oslo_service/backend/_threading/loopingcall.py:125}}
Aug 19 05:46:54.579449 np0000007745 nova-conductor[99370]: DEBUG oslo.service.backend._threading.loopingcall [None req-cc3597a0-a057-4300-85e9-c23203d1b1a6 None None] Dynamic interval looping call 'nova.service.Service.periodic_tasks' sleeping for 60.00 seconds {{(pid=99370) _run_loop /opt/stack/data/venv/lib/python3.12/site-packages/oslo_service/backend/_threading/loopingcall.py:125}}
Aug 19 05:47:08.580720 np0000007745 nova-conductor[99375]: DEBUG oslo.service.backend._threading.loopingcall [None req-391d1ce9-7bff-453b-83ed-6d35fbfd48d2 None None] Dynamic interval looping call 'nova.service.Service.periodic_tasks' sleeping for 60.00 seconds {{(pid=99375) _run_loop /opt/stack/data/venv/lib/python3.12/site-packages/oslo_service/backend/_threading/loopingcall.py:125}}
Aug 19 05:47:30.607569 np0000007745 nova-conductor[99382]: DEBUG oslo.service.backend._threading.loopingcall [None req-a3a2737d-1b9a-4c0a-a58c-75f43f84287f None None] Dynamic interval looping call 'nova.service.Service.periodic_tasks' sleeping for 60.00 seconds {{(pid=99382) _run_loop /opt/stack/data/venv/lib/python3.12/site-packages/oslo_service/backend/_threading/loopingcall.py:125}}
Aug 19 05:47:32.580741 np0000007745 nova-conductor[99364]: DEBUG oslo.service.backend._threading.loopingcall [None req-e6c3aa8d-e923-4260-a6bc-bc6bc069c6a9 None None] Dynamic interval looping call 'nova.service.Service.periodic_tasks' sleeping for 60.00 seconds {{(pid=99364) _run_loop /opt/stack/data/venv/lib/python3.12/site-packages/oslo_service/backend/_threading/loopingcall.py:125}}
Aug 19 05:47:53.592787 np0000007745 nova-conductor[99370]: DEBUG oslo.service.backend._threading.loopingcall [-] Fixed interval looping call 'nova.servicegroup.drivers.db.DbDriver._report_state' sleeping for 119.99 seconds {{(pid=99370) _run_loop /opt/stack/data/venv/lib/python3.12/site-packages/oslo_service/backend/_threading/loopingcall.py:125}}
Aug 19 05:47:53.593216 np0000007745 nova-conductor[99375]: DEBUG oslo.service.backend._threading.loopingcall [-] Fixed interval looping call 'nova.servicegroup.drivers.db.DbDriver._report_state' sleeping for 119.99 seconds {{(pid=99375) _run_loop /opt/stack/data/venv/lib/python3.12/site-packages/oslo_service/backend/_threading/loopingcall.py:125}}
Aug 19 05:47:53.593723 np0000007745 nova-conductor[99364]: DEBUG oslo.service.backend._threading.loopingcall [-] Fixed interval looping call 'nova.servicegroup.drivers.db.DbDriver._report_state' sleeping for 119.99 seconds {{(pid=99364) _run_loop /opt/stack/data/venv/lib/python3.12/site-packages/oslo_service/backend/_threading/loopingcall.py:125}}
Aug 19 05:47:53.612044 np0000007745 nova-conductor[99382]: DEBUG oslo.service.backend._threading.loopingcall [-] Fixed interval looping call 'nova.servicegroup.drivers.db.DbDriver._report_state' sleeping for 119.99 seconds {{(pid=99382) _run_loop /opt/stack/data/venv/lib/python3.12/site-packages/oslo_service/backend/_threading/loopingcall.py:125}}
Aug 19 05:47:54.580082 np0000007745 nova-conductor[99370]: DEBUG oslo.service.backend._threading.loopingcall [None req-cc3597a0-a057-4300-85e9-c23203d1b1a6 None None] Dynamic interval looping call 'nova.service.Service.periodic_tasks' sleeping for 60.00 seconds {{(pid=99370) _run_loop /opt/stack/data/venv/lib/python3.12/site-packages/oslo_service/backend/_threading/loopingcall.py:125}}
Aug 19 05:48:03.588011 np0000007745 nova-conductor[99370]: DEBUG dbcounter [-] [99370] Writing DB stats nova_cell0:SELECT=1,nova_cell0:UPDATE=1 {{(pid=99370) stat_writer /opt/stack/data/venv/lib/python3.12/site-packages/dbcounter.py:115}}
Aug 19 05:48:03.590408 np0000007745 nova-conductor[99364]: DEBUG dbcounter [-] [99364] Writing DB stats nova_cell0:SELECT=1,nova_cell0:UPDATE=1 {{(pid=99364) stat_writer /opt/stack/data/venv/lib/python3.12/site-packages/dbcounter.py:115}}
Aug 19 05:48:03.594540 np0000007745 nova-conductor[99375]: DEBUG dbcounter [-] [99375] Writing DB stats nova_cell0:SELECT=1,nova_cell0:UPDATE=1 {{(pid=99375) stat_writer /opt/stack/data/venv/lib/python3.12/site-packages/dbcounter.py:115}}
Aug 19 05:48:03.610851 np0000007745 nova-conductor[99382]: DEBUG dbcounter [-] [99382] Writing DB stats nova_cell0:SELECT=1 {{(pid=99382) stat_writer /opt/stack/data/venv/lib/python3.12/site-packages/dbcounter.py:115}}
Aug 19 05:48:08.581388 np0000007745 nova-conductor[99375]: DEBUG oslo.service.backend._threading.loopingcall [None req-391d1ce9-7bff-453b-83ed-6d35fbfd48d2 None None] Dynamic interval looping call 'nova.service.Service.periodic_tasks' sleeping for 60.00 seconds {{(pid=99375) _run_loop /opt/stack/data/venv/lib/python3.12/site-packages/oslo_service/backend/_threading/loopingcall.py:125}}
Aug 19 05:48:23.676840 np0000007745 nova-conductor[99370]: DEBUG oslo_db.sqlalchemy.engines [None req-5fab483a-51d1-425a-be72-a617eec8c977 tempest-AttachVolumeMultiAttachTest-1735173658 tempest-AttachVolumeMultiAttachTest-1735173658-project-member] Parent process 97896 forked (99370) with an open database connection, which is being discarded and recreated. {{(pid=99370) checkout /opt/stack/data/venv/lib/python3.12/site-packages/oslo_db/sqlalchemy/engines.py:402}}
Aug 19 05:48:23.734440 np0000007745 nova-conductor[99370]: DEBUG dbcounter [-] [99370] Writer thread running {{(pid=99370) stat_writer /opt/stack/data/venv/lib/python3.12/site-packages/dbcounter.py:102}}
Aug 19 05:48:23.969688 np0000007745 nova-conductor[99364]: DEBUG dbcounter [-] [99364] Writer thread running {{(pid=99364) stat_writer /opt/stack/data/venv/lib/python3.12/site-packages/dbcounter.py:102}}
Aug 19 05:48:24.179263 np0000007745 nova-conductor[99375]: DEBUG dbcounter [-] [99375] Writer thread running {{(pid=99375) stat_writer /opt/stack/data/venv/lib/python3.12/site-packages/dbcounter.py:102}}
Aug 19 05:48:24.724168 np0000007745 nova-conductor[99370]: DEBUG nova.conductor.manager [None req-5fab483a-51d1-425a-be72-a617eec8c977 tempest-AttachVolumeMultiAttachTest-1735173658 tempest-AttachVolumeMultiAttachTest-1735173658-project-member] Took 0.99 seconds to select destinations for 1 instance(s). {{(pid=99370) _schedule_instances /opt/stack/nova/nova/conductor/manager.py:956}}
Aug 19 05:48:24.755912 np0000007745 nova-conductor[99370]: DEBUG oslo_concurrency.lockutils [None req-5fab483a-51d1-425a-be72-a617eec8c977 tempest-AttachVolumeMultiAttachTest-1735173658 tempest-AttachVolumeMultiAttachTest-1735173658-project-member] Acquiring lock "f65023cd-7a2b-4acc-9769-5bbcd5dad42e" by "nova.context.set_target_cell..get_or_set_cached_cell_and_set_connections" {{(pid=99370) inner /opt/stack/data/venv/lib/python3.12/site-packages/oslo_concurrency/lockutils.py:512}}
Aug 19 05:48:24.755912 np0000007745 nova-conductor[99370]: DEBUG oslo_concurrency.lockutils [None req-5fab483a-51d1-425a-be72-a617eec8c977 tempest-AttachVolumeMultiAttachTest-1735173658 tempest-AttachVolumeMultiAttachTest-1735173658-project-member] Lock "f65023cd-7a2b-4acc-9769-5bbcd5dad42e" acquired by "nova.context.set_target_cell..get_or_set_cached_cell_and_set_connections" :: waited 0.000s {{(pid=99370) inner /opt/stack/data/venv/lib/python3.12/site-packages/oslo_concurrency/lockutils.py:525}}
Aug 19 05:48:24.757107 np0000007745 nova-conductor[99370]: DEBUG oslo_concurrency.lockutils [None req-5fab483a-51d1-425a-be72-a617eec8c977 tempest-AttachVolumeMultiAttachTest-1735173658 tempest-AttachVolumeMultiAttachTest-1735173658-project-member] Lock "f65023cd-7a2b-4acc-9769-5bbcd5dad42e" "released" by "nova.context.set_target_cell..get_or_set_cached_cell_and_set_connections" :: held 0.001s {{(pid=99370) inner /opt/stack/data/venv/lib/python3.12/site-packages/oslo_concurrency/lockutils.py:544}}
Aug 19 05:48:24.759313 np0000007745 nova-conductor[99370]: INFO dbcounter [None req-5fab483a-51d1-425a-be72-a617eec8c977 tempest-AttachVolumeMultiAttachTest-1735173658 tempest-AttachVolumeMultiAttachTest-1735173658-project-member] Registered counter for database nova_cell1
Aug 19 05:48:24.799578 np0000007745 nova-conductor[99370]: DEBUG oslo_db.sqlalchemy.engines [None req-5fab483a-51d1-425a-be72-a617eec8c977 tempest-AttachVolumeMultiAttachTest-1735173658 tempest-AttachVolumeMultiAttachTest-1735173658-project-member] MySQL server mode set to STRICT_TRANS_TABLES,STRICT_ALL_TABLES,NO_ZERO_IN_DATE,NO_ZERO_DATE,ERROR_FOR_DIVISION_BY_ZERO,TRADITIONAL,NO_ENGINE_SUBSTITUTION {{(pid=99370) _check_effective_sql_mode /opt/stack/data/venv/lib/python3.12/site-packages/oslo_db/sqlalchemy/engines.py:325}}
Aug 19 05:48:24.809871 np0000007745 nova-conductor[99370]: DEBUG dbcounter [-] [99370] Writer thread running {{(pid=99370) stat_writer /opt/stack/data/venv/lib/python3.12/site-packages/dbcounter.py:102}}
Aug 19 05:48:24.866674 np0000007745 nova-conductor[99370]: INFO nova.utils [None req-5fab483a-51d1-425a-be72-a617eec8c977 tempest-AttachVolumeMultiAttachTest-1735173658 tempest-AttachVolumeMultiAttachTest-1735173658-project-member] The cell worker thread pool ForkProcess-2.cell_worker is initialized
Aug 19 05:48:24.867145 np0000007745 nova-conductor[99370]: DEBUG oslo_concurrency.lockutils [None req-5fab483a-51d1-425a-be72-a617eec8c977 tempest-AttachVolumeMultiAttachTest-1735173658 tempest-AttachVolumeMultiAttachTest-1735173658-project-member] Acquiring lock "00000000-0000-0000-0000-000000000000" by "nova.context.set_target_cell..get_or_set_cached_cell_and_set_connections" {{(pid=99370) inner /opt/stack/data/venv/lib/python3.12/site-packages/oslo_concurrency/lockutils.py:512}}
Aug 19 05:48:24.867520 np0000007745 nova-conductor[99370]: DEBUG oslo_concurrency.lockutils [None req-5fab483a-51d1-425a-be72-a617eec8c977 tempest-AttachVolumeMultiAttachTest-1735173658 tempest-AttachVolumeMultiAttachTest-1735173658-project-member] Lock "00000000-0000-0000-0000-000000000000" acquired by "nova.context.set_target_cell..get_or_set_cached_cell_and_set_connections" :: waited 0.000s {{(pid=99370) inner /opt/stack/data/venv/lib/python3.12/site-packages/oslo_concurrency/lockutils.py:525}}
Aug 19 05:48:24.868100 np0000007745 nova-conductor[99370]: DEBUG oslo_concurrency.lockutils [None req-5fab483a-51d1-425a-be72-a617eec8c977 tempest-AttachVolumeMultiAttachTest-1735173658 tempest-AttachVolumeMultiAttachTest-1735173658-project-member] Lock "00000000-0000-0000-0000-000000000000" "released" by "nova.context.set_target_cell..get_or_set_cached_cell_and_set_connections" :: held 0.001s {{(pid=99370) inner /opt/stack/data/venv/lib/python3.12/site-packages/oslo_concurrency/lockutils.py:544}}
Aug 19 05:48:24.869801 np0000007745 nova-conductor[99370]: DEBUG oslo_concurrency.lockutils [None req-5fab483a-51d1-425a-be72-a617eec8c977 tempest-AttachVolumeMultiAttachTest-1735173658 tempest-AttachVolumeMultiAttachTest-1735173658-project-member] Acquiring lock "f65023cd-7a2b-4acc-9769-5bbcd5dad42e" by "nova.context.set_target_cell..get_or_set_cached_cell_and_set_connections" {{(pid=99370) inner /opt/stack/data/venv/lib/python3.12/site-packages/oslo_concurrency/lockutils.py:512}}
Aug 19 05:48:24.869801 np0000007745 nova-conductor[99370]: DEBUG oslo_concurrency.lockutils [None req-5fab483a-51d1-425a-be72-a617eec8c977 tempest-AttachVolumeMultiAttachTest-1735173658 tempest-AttachVolumeMultiAttachTest-1735173658-project-member] Lock "f65023cd-7a2b-4acc-9769-5bbcd5dad42e" acquired by "nova.context.set_target_cell..get_or_set_cached_cell_and_set_connections" :: waited 0.000s {{(pid=99370) inner /opt/stack/data/venv/lib/python3.12/site-packages/oslo_concurrency/lockutils.py:525}}
