Jun 03 11:19:53.467447 np0000002048 nova-scheduler[95752]: DEBUG cotyledon.oslo_config_glue [-] oslo_limit.connect_retry_delay = None {{(pid=95752) log_opt_values /opt/stack/data/venv/lib/python3.12/site-packages/oslo_config/cfg.py:3256}}
Jun 03 11:19:53.467447 np0000002048 nova-scheduler[95752]: DEBUG cotyledon.oslo_config_glue [-] oslo_limit.endpoint_id = None {{(pid=95752) log_opt_values /opt/stack/data/venv/lib/python3.12/site-packages/oslo_config/cfg.py:3256}}
Jun 03 11:19:53.467447 np0000002048 nova-scheduler[95752]: DEBUG cotyledon.oslo_config_glue [-] oslo_limit.endpoint_interface = public {{(pid=95752) log_opt_values /opt/stack/data/venv/lib/python3.12/site-packages/oslo_config/cfg.py:3256}}
Jun 03 11:19:53.467447 np0000002048 nova-scheduler[95752]: DEBUG cotyledon.oslo_config_glue [-] oslo_limit.endpoint_override = None {{(pid=95752) log_opt_values /opt/stack/data/venv/lib/python3.12/site-packages/oslo_config/cfg.py:3256}}
Jun 03 11:19:53.467447 np0000002048 nova-scheduler[95752]: DEBUG cotyledon.oslo_config_glue [-] oslo_limit.endpoint_region_name = None {{(pid=95752) log_opt_values /opt/stack/data/venv/lib/python3.12/site-packages/oslo_config/cfg.py:3256}}
Jun 03 11:19:53.467447 np0000002048 nova-scheduler[95752]: DEBUG cotyledon.oslo_config_glue [-] oslo_limit.endpoint_service_name = None {{(pid=95752) log_opt_values /opt/stack/data/venv/lib/python3.12/site-packages/oslo_config/cfg.py:3256}}
Jun 03 11:19:53.467694 np0000002048 nova-scheduler[95752]: DEBUG cotyledon.oslo_config_glue [-] oslo_limit.endpoint_service_type = None {{(pid=95752) log_opt_values /opt/stack/data/venv/lib/python3.12/site-packages/oslo_config/cfg.py:3256}}
Jun 03 11:19:53.467694 np0000002048 nova-scheduler[95752]: DEBUG cotyledon.oslo_config_glue [-] oslo_limit.insecure = False {{(pid=95752) log_opt_values /opt/stack/data/venv/lib/python3.12/site-packages/oslo_config/cfg.py:3256}}
Jun 03 11:19:53.467694 np0000002048 nova-scheduler[95752]: DEBUG cotyledon.oslo_config_glue [-] oslo_limit.keyfile = None {{(pid=95752) log_opt_values /opt/stack/data/venv/lib/python3.12/site-packages/oslo_config/cfg.py:3256}}
Jun 03 11:19:53.467694 np0000002048 nova-scheduler[95752]: DEBUG cotyledon.oslo_config_glue [-] oslo_limit.max_version = None {{(pid=95752) log_opt_values /opt/stack/data/venv/lib/python3.12/site-packages/oslo_config/cfg.py:3256}}
Jun 03 11:19:53.467694 np0000002048 nova-scheduler[95752]: DEBUG cotyledon.oslo_config_glue [-] oslo_limit.min_version = None {{(pid=95752) log_opt_values /opt/stack/data/venv/lib/python3.12/site-packages/oslo_config/cfg.py:3256}}
Jun 03 11:19:53.467694 np0000002048 nova-scheduler[95752]: DEBUG cotyledon.oslo_config_glue [-] oslo_limit.region_name = None {{(pid=95752) log_opt_values /opt/stack/data/venv/lib/python3.12/site-packages/oslo_config/cfg.py:3256}}
Jun 03 11:19:53.467694 np0000002048 nova-scheduler[95752]: DEBUG cotyledon.oslo_config_glue [-] oslo_limit.retriable_status_codes = None {{(pid=95752) log_opt_values /opt/stack/data/venv/lib/python3.12/site-packages/oslo_config/cfg.py:3256}}
Jun 03 11:19:53.467694 np0000002048 nova-scheduler[95752]: DEBUG cotyledon.oslo_config_glue [-] oslo_limit.service_name = None {{(pid=95752) log_opt_values /opt/stack/data/venv/lib/python3.12/site-packages/oslo_config/cfg.py:3256}}
Jun 03 11:19:53.467694 np0000002048 nova-scheduler[95752]: DEBUG cotyledon.oslo_config_glue [-] oslo_limit.service_type = None {{(pid=95752) log_opt_values /opt/stack/data/venv/lib/python3.12/site-packages/oslo_config/cfg.py:3256}}
Jun 03 11:19:53.473209 np0000002048 nova-scheduler[95752]: DEBUG cotyledon.oslo_config_glue [-] oslo_limit.split_loggers = False {{(pid=95752) log_opt_values /opt/stack/data/venv/lib/python3.12/site-packages/oslo_config/cfg.py:3256}}
Jun 03 11:19:53.473362 np0000002048 nova-scheduler[95752]: DEBUG cotyledon.oslo_config_glue [-] oslo_limit.status_code_retries = None {{(pid=95752) log_opt_values /opt/stack/data/venv/lib/python3.12/site-packages/oslo_config/cfg.py:3256}}
Jun 03 11:19:53.473463 np0000002048 nova-scheduler[95752]: DEBUG cotyledon.oslo_config_glue [-] oslo_limit.status_code_retry_delay = None {{(pid=95752) log_opt_values /opt/stack/data/venv/lib/python3.12/site-packages/oslo_config/cfg.py:3256}}
Jun 03 11:19:53.473575 np0000002048 nova-scheduler[95752]: DEBUG cotyledon.oslo_config_glue [-] oslo_limit.timeout = None {{(pid=95752) log_opt_values /opt/stack/data/venv/lib/python3.12/site-packages/oslo_config/cfg.py:3256}}
Jun 03 11:19:53.473664 np0000002048 nova-scheduler[95752]: DEBUG cotyledon.oslo_config_glue [-] oslo_limit.valid_interfaces = None {{(pid=95752) log_opt_values /opt/stack/data/venv/lib/python3.12/site-packages/oslo_config/cfg.py:3256}}
Jun 03 11:19:53.473730 np0000002048 nova-scheduler[95752]: DEBUG cotyledon.oslo_config_glue [-] oslo_limit.version = None {{(pid=95752) log_opt_values /opt/stack/data/venv/lib/python3.12/site-packages/oslo_config/cfg.py:3256}}
Jun 03 11:19:53.473862 np0000002048 nova-scheduler[95752]: DEBUG cotyledon.oslo_config_glue [-] oslo_reports.file_event_handler = None {{(pid=95752) log_opt_values /opt/stack/data/venv/lib/python3.12/site-packages/oslo_config/cfg.py:3256}}
Jun 03 11:19:53.473929 np0000002048 nova-scheduler[95752]: DEBUG cotyledon.oslo_config_glue [-] oslo_reports.file_event_handler_interval = 1 {{(pid=95752) log_opt_values /opt/stack/data/venv/lib/python3.12/site-packages/oslo_config/cfg.py:3256}}
Jun 03 11:19:53.474030 np0000002048 nova-scheduler[95752]: DEBUG cotyledon.oslo_config_glue [-] oslo_reports.log_dir = None {{(pid=95752) log_opt_values /opt/stack/data/venv/lib/python3.12/site-packages/oslo_config/cfg.py:3256}}
Jun 03 11:19:53.474096 np0000002048 nova-scheduler[95752]: DEBUG cotyledon.oslo_config_glue [-] ******************************************************************************** {{(pid=95752) log_opt_values /opt/stack/data/venv/lib/python3.12/site-packages/oslo_config/cfg.py:3263}}
Jun 03 11:19:53.474280 np0000002048 nova-scheduler[95752]: DEBUG cotyledon._service_worker [-] Run service ServiceWrapper(1) [95752] {{(pid=95752) wait_forever /opt/stack/data/venv/lib/python3.12/site-packages/cotyledon/_service_worker.py:218}}
Jun 03 11:19:53.475723 np0000002048 nova-scheduler[95752]: INFO nova.service [-] Starting scheduler node (version 33.1.0)
Jun 03 11:19:53.480148 np0000002048 nova-scheduler[95752]: INFO dbcounter [None req-f7233960-4157-4059-8a20-184a4538f7c0 None None] Registered counter for database nova_cell0
Jun 03 11:19:53.513767 np0000002048 nova-scheduler[95750]: DEBUG oslo_db.sqlalchemy.engines [None req-09c485c5-5566-4399-a743-02193085a01b None None] MySQL server mode set to STRICT_TRANS_TABLES,STRICT_ALL_TABLES,NO_ZERO_IN_DATE,NO_ZERO_DATE,ERROR_FOR_DIVISION_BY_ZERO,TRADITIONAL,NO_ENGINE_SUBSTITUTION {{(pid=95750) _check_effective_sql_mode /opt/stack/data/venv/lib/python3.12/site-packages/oslo_db/sqlalchemy/engines.py:325}}
Jun 03 11:19:53.514179 np0000002048 nova-scheduler[95754]: DEBUG oslo_db.sqlalchemy.engines [None req-def68372-3c3f-4779-ac2a-a4099c59b335 None None] MySQL server mode set to STRICT_TRANS_TABLES,STRICT_ALL_TABLES,NO_ZERO_IN_DATE,NO_ZERO_DATE,ERROR_FOR_DIVISION_BY_ZERO,TRADITIONAL,NO_ENGINE_SUBSTITUTION {{(pid=95754) _check_effective_sql_mode /opt/stack/data/venv/lib/python3.12/site-packages/oslo_db/sqlalchemy/engines.py:325}}
Jun 03 11:19:53.521703 np0000002048 nova-scheduler[95750]: DEBUG dbcounter [-] [95750] Writer thread running {{(pid=95750) stat_writer /opt/stack/data/venv/lib/python3.12/site-packages/dbcounter.py:102}}
Jun 03 11:19:53.523360 np0000002048 nova-scheduler[95754]: DEBUG dbcounter [-] [95754] Writer thread running {{(pid=95754) stat_writer /opt/stack/data/venv/lib/python3.12/site-packages/dbcounter.py:102}}
Jun 03 11:19:53.537509 np0000002048 nova-scheduler[95752]: DEBUG oslo_db.sqlalchemy.engines [None req-f7233960-4157-4059-8a20-184a4538f7c0 None None] MySQL server mode set to STRICT_TRANS_TABLES,STRICT_ALL_TABLES,NO_ZERO_IN_DATE,NO_ZERO_DATE,ERROR_FOR_DIVISION_BY_ZERO,TRADITIONAL,NO_ENGINE_SUBSTITUTION {{(pid=95752) _check_effective_sql_mode /opt/stack/data/venv/lib/python3.12/site-packages/oslo_db/sqlalchemy/engines.py:325}}
Jun 03 11:19:53.541913 np0000002048 nova-scheduler[95750]: DEBUG nova.service [None req-09c485c5-5566-4399-a743-02193085a01b None None] Creating RPC server for service: nova-scheduler on topic: scheduler {{(pid=95750) start /opt/stack/nova/nova/service.py:195}}
Jun 03 11:19:53.547388 np0000002048 nova-scheduler[95752]: DEBUG dbcounter [-] [95752] Writer thread running {{(pid=95752) stat_writer /opt/stack/data/venv/lib/python3.12/site-packages/dbcounter.py:102}}
Jun 03 11:19:53.548853 np0000002048 nova-scheduler[95754]: DEBUG nova.service [None req-def68372-3c3f-4779-ac2a-a4099c59b335 None None] Creating RPC server for service: nova-scheduler on topic: scheduler {{(pid=95754) start /opt/stack/nova/nova/service.py:195}}
Jun 03 11:19:53.550245 np0000002048 nova-scheduler[95752]: DEBUG nova.service [None req-f7233960-4157-4059-8a20-184a4538f7c0 None None] Creating RPC server for service: nova-scheduler on topic: scheduler {{(pid=95752) start /opt/stack/nova/nova/service.py:195}}
Jun 03 11:19:53.577152 np0000002048 nova-scheduler[95752]: DEBUG nova.service [None req-f7233960-4157-4059-8a20-184a4538f7c0 None None] Join ServiceGroup membership for this service scheduler {{(pid=95752) start /opt/stack/nova/nova/service.py:221}}
Jun 03 11:19:53.578994 np0000002048 nova-scheduler[95752]: DEBUG nova.servicegroup.drivers.db [None req-f7233960-4157-4059-8a20-184a4538f7c0 None None] DB_Driver: join new ServiceGroup member np0000002048 to the scheduler group, service = {{(pid=95752) join /opt/stack/nova/nova/servicegroup/drivers/db.py:44}}
Jun 03 11:19:53.579100 np0000002048 nova-scheduler[95750]: DEBUG nova.service [None req-09c485c5-5566-4399-a743-02193085a01b None None] Join ServiceGroup membership for this service scheduler {{(pid=95750) start /opt/stack/nova/nova/service.py:221}}
Jun 03 11:19:53.579159 np0000002048 nova-scheduler[95754]: DEBUG nova.service [None req-def68372-3c3f-4779-ac2a-a4099c59b335 None None] Join ServiceGroup membership for this service scheduler {{(pid=95754) start /opt/stack/nova/nova/service.py:221}}
Jun 03 11:19:53.579203 np0000002048 nova-scheduler[95750]: DEBUG nova.servicegroup.drivers.db [None req-09c485c5-5566-4399-a743-02193085a01b None None] DB_Driver: join new ServiceGroup member np0000002048 to the scheduler group, service = {{(pid=95750) join /opt/stack/nova/nova/servicegroup/drivers/db.py:44}}
Jun 03 11:19:53.579235 np0000002048 nova-scheduler[95754]: DEBUG nova.servicegroup.drivers.db [None req-def68372-3c3f-4779-ac2a-a4099c59b335 None None] DB_Driver: join new ServiceGroup member np0000002048 to the scheduler group, service = {{(pid=95754) join /opt/stack/nova/nova/servicegroup/drivers/db.py:44}}
Jun 03 11:19:58.591685 np0000002048 nova-scheduler[95754]: DEBUG oslo.service.backend._threading.loopingcall [-] Fixed interval looping call 'nova.servicegroup.drivers.db.DbDriver._report_state' sleeping for 119.99 seconds {{(pid=95754) _run_loop /opt/stack/data/venv/lib/python3.12/site-packages/oslo_service/backend/_threading/loopingcall.py:125}}
Jun 03 11:19:58.596550 np0000002048 nova-scheduler[95750]: DEBUG oslo.service.backend._threading.loopingcall [-] Fixed interval looping call 'nova.servicegroup.drivers.db.DbDriver._report_state' sleeping for 119.98 seconds {{(pid=95750) _run_loop /opt/stack/data/venv/lib/python3.12/site-packages/oslo_service/backend/_threading/loopingcall.py:125}}
Jun 03 11:19:58.597345 np0000002048 nova-scheduler[95752]: DEBUG oslo.service.backend._threading.loopingcall [-] Fixed interval looping call 'nova.servicegroup.drivers.db.DbDriver._report_state' sleeping for 119.98 seconds {{(pid=95752) _run_loop /opt/stack/data/venv/lib/python3.12/site-packages/oslo_service/backend/_threading/loopingcall.py:125}}
Jun 03 11:20:02.061681 np0000002048 nova-scheduler[94555]: DEBUG dbcounter [-] [94555] Writing DB stats nova_api:SELECT=3 {{(pid=94555) stat_writer /opt/stack/data/venv/lib/python3.12/site-packages/dbcounter.py:115}}
Jun 03 11:20:02.202842 np0000002048 nova-scheduler[94555]: DEBUG dbcounter [-] [94555] Writing DB stats nova_cell0:SELECT=1 {{(pid=94555) stat_writer /opt/stack/data/venv/lib/python3.12/site-packages/dbcounter.py:115}}
Jun 03 11:20:02.210988 np0000002048 nova-scheduler[94555]: DEBUG dbcounter [-] [94555] Writing DB stats nova_cell1:SELECT=1 {{(pid=94555) stat_writer /opt/stack/data/venv/lib/python3.12/site-packages/dbcounter.py:115}}
Jun 03 11:20:02.582900 np0000002048 nova-scheduler[95754]: DEBUG oslo.service.backend._threading.loopingcall [None req-3449f6db-1136-4088-99ef-4290edc7c2f1 None None] Dynamic interval looping call 'nova.service.Service.periodic_tasks' sleeping for 60.00 seconds {{(pid=95754) _run_loop /opt/stack/data/venv/lib/python3.12/site-packages/oslo_service/backend/_threading/loopingcall.py:125}}
Jun 03 11:20:08.588788 np0000002048 nova-scheduler[95754]: DEBUG dbcounter [-] [95754] Writing DB stats nova_cell0:SELECT=5,nova_cell0:INSERT=1,nova_cell0:UPDATE=1 {{(pid=95754) stat_writer /opt/stack/data/venv/lib/python3.12/site-packages/dbcounter.py:115}}
Jun 03 11:20:08.595186 np0000002048 nova-scheduler[95752]: DEBUG dbcounter [-] [95752] Writing DB stats nova_cell0:SELECT=3,nova_cell0:UPDATE=1 {{(pid=95752) stat_writer /opt/stack/data/venv/lib/python3.12/site-packages/dbcounter.py:115}}
Jun 03 11:20:08.596699 np0000002048 nova-scheduler[95750]: DEBUG dbcounter [-] [95750] Writing DB stats nova_cell0:SELECT=4,nova_cell0:INSERT=1,nova_cell0:UPDATE=1 {{(pid=95750) stat_writer /opt/stack/data/venv/lib/python3.12/site-packages/dbcounter.py:115}}
Jun 03 11:20:22.583012 np0000002048 nova-scheduler[95752]: DEBUG oslo.service.backend._threading.loopingcall [None req-0999a8b1-ea68-4be3-ac01-5a22b3651d52 None None] Dynamic interval looping call 'nova.service.Service.periodic_tasks' sleeping for 60.00 seconds {{(pid=95752) _run_loop /opt/stack/data/venv/lib/python3.12/site-packages/oslo_service/backend/_threading/loopingcall.py:125}}
Jun 03 11:20:37.581390 np0000002048 nova-scheduler[95750]: DEBUG oslo.service.backend._threading.loopingcall [None req-beee1fc4-fbcc-407b-b888-ef9989fd8b9c None None] Dynamic interval looping call 'nova.service.Service.periodic_tasks' sleeping for 60.00 seconds {{(pid=95750) _run_loop /opt/stack/data/venv/lib/python3.12/site-packages/oslo_service/backend/_threading/loopingcall.py:125}}
Jun 03 11:21:02.583228 np0000002048 nova-scheduler[95754]: DEBUG oslo.service.backend._threading.loopingcall [None req-3449f6db-1136-4088-99ef-4290edc7c2f1 None None] Dynamic interval looping call 'nova.service.Service.periodic_tasks' sleeping for 60.00 seconds {{(pid=95754) _run_loop /opt/stack/data/venv/lib/python3.12/site-packages/oslo_service/backend/_threading/loopingcall.py:125}}
Jun 03 11:21:22.583354 np0000002048 nova-scheduler[95752]: DEBUG oslo.service.backend._threading.loopingcall [None req-0999a8b1-ea68-4be3-ac01-5a22b3651d52 None None] Dynamic interval looping call 'nova.service.Service.periodic_tasks' sleeping for 60.00 seconds {{(pid=95752) _run_loop /opt/stack/data/venv/lib/python3.12/site-packages/oslo_service/backend/_threading/loopingcall.py:125}}
Jun 03 11:21:37.581936 np0000002048 nova-scheduler[95750]: DEBUG oslo.service.backend._threading.loopingcall [None req-beee1fc4-fbcc-407b-b888-ef9989fd8b9c None None] Dynamic interval looping call 'nova.service.Service.periodic_tasks' sleeping for 60.00 seconds {{(pid=95750) _run_loop /opt/stack/data/venv/lib/python3.12/site-packages/oslo_service/backend/_threading/loopingcall.py:125}}
Jun 03 11:21:58.584335 np0000002048 nova-scheduler[95752]: DEBUG oslo.service.backend._threading.loopingcall [-] Fixed interval looping call 'nova.servicegroup.drivers.db.DbDriver._report_state' sleeping for 119.99 seconds {{(pid=95752) _run_loop /opt/stack/data/venv/lib/python3.12/site-packages/oslo_service/backend/_threading/loopingcall.py:125}}
Jun 03 11:21:58.584870 np0000002048 nova-scheduler[95750]: DEBUG oslo.service.backend._threading.loopingcall [-] Fixed interval looping call 'nova.servicegroup.drivers.db.DbDriver._report_state' sleeping for 119.99 seconds {{(pid=95750) _run_loop /opt/stack/data/venv/lib/python3.12/site-packages/oslo_service/backend/_threading/loopingcall.py:125}}
Jun 03 11:21:58.585333 np0000002048 nova-scheduler[95754]: DEBUG oslo.service.backend._threading.loopingcall [-] Fixed interval looping call 'nova.servicegroup.drivers.db.DbDriver._report_state' sleeping for 120.00 seconds {{(pid=95754) _run_loop /opt/stack/data/venv/lib/python3.12/site-packages/oslo_service/backend/_threading/loopingcall.py:125}}
Jun 03 11:22:02.583760 np0000002048 nova-scheduler[95754]: DEBUG oslo.service.backend._threading.loopingcall [None req-3449f6db-1136-4088-99ef-4290edc7c2f1 None None] Dynamic interval looping call 'nova.service.Service.periodic_tasks' sleeping for 60.00 seconds {{(pid=95754) _run_loop /opt/stack/data/venv/lib/python3.12/site-packages/oslo_service/backend/_threading/loopingcall.py:125}}
Jun 03 11:22:08.580554 np0000002048 nova-scheduler[95752]: DEBUG dbcounter [-] [95752] Writing DB stats nova_cell0:SELECT=1,nova_cell0:UPDATE=1 {{(pid=95752) stat_writer /opt/stack/data/venv/lib/python3.12/site-packages/dbcounter.py:115}}
Jun 03 11:22:08.581060 np0000002048 nova-scheduler[95750]: DEBUG dbcounter [-] [95750] Writing DB stats nova_cell0:SELECT=1,nova_cell0:UPDATE=1 {{(pid=95750) stat_writer /opt/stack/data/venv/lib/python3.12/site-packages/dbcounter.py:115}}
Jun 03 11:22:08.583794 np0000002048 nova-scheduler[95754]: DEBUG dbcounter [-] [95754] Writing DB stats nova_cell0:SELECT=1 {{(pid=95754) stat_writer /opt/stack/data/venv/lib/python3.12/site-packages/dbcounter.py:115}}
Jun 03 11:22:22.583849 np0000002048 nova-scheduler[95752]: DEBUG oslo.service.backend._threading.loopingcall [None req-0999a8b1-ea68-4be3-ac01-5a22b3651d52 None None] Dynamic interval looping call 'nova.service.Service.periodic_tasks' sleeping for 60.00 seconds {{(pid=95752) _run_loop /opt/stack/data/venv/lib/python3.12/site-packages/oslo_service/backend/_threading/loopingcall.py:125}}
Jun 03 11:22:37.582407 np0000002048 nova-scheduler[95750]: DEBUG oslo.service.backend._threading.loopingcall [None req-beee1fc4-fbcc-407b-b888-ef9989fd8b9c None None] Dynamic interval looping call 'nova.service.Service.periodic_tasks' sleeping for 60.00 seconds {{(pid=95750) _run_loop /opt/stack/data/venv/lib/python3.12/site-packages/oslo_service/backend/_threading/loopingcall.py:125}}
Jun 03 11:22:46.469605 np0000002048 nova-scheduler[95752]: DEBUG nova.scheduler.manager [None req-5985cdeb-2a34-4ca5-aedf-b8c96322fca5 tempest-DeleteServersTestJSON-2027518128 tempest-DeleteServersTestJSON-2027518128-project-member] Starting to schedule for instances: ['0ab60858-c04e-4322-9eb7-8ea631dfe6dc'] {{(pid=95752) select_destinations /opt/stack/nova/nova/scheduler/manager.py:210}}
Jun 03 11:22:46.471155 np0000002048 nova-scheduler[95752]: DEBUG nova.scheduler.request_filter [None req-5985cdeb-2a34-4ca5-aedf-b8c96322fca5 tempest-DeleteServersTestJSON-2027518128 tempest-DeleteServersTestJSON-2027518128-project-member] compute_status_filter request filter added forbidden trait COMPUTE_STATUS_DISABLED {{(pid=95752) compute_status_filter /opt/stack/nova/nova/scheduler/request_filter.py:253}}
Jun 03 11:22:46.471155 np0000002048 nova-scheduler[95752]: DEBUG nova.scheduler.request_filter [None req-5985cdeb-2a34-4ca5-aedf-b8c96322fca5 tempest-DeleteServersTestJSON-2027518128 tempest-DeleteServersTestJSON-2027518128-project-member] Request filter 'compute_status_filter' took 0.0 seconds {{(pid=95752) wrapper /opt/stack/nova/nova/scheduler/request_filter.py:46}}
Jun 03 11:22:46.472386 np0000002048 nova-scheduler[95752]: DEBUG nova.scheduler.request_filter [None req-5985cdeb-2a34-4ca5-aedf-b8c96322fca5 tempest-DeleteServersTestJSON-2027518128 tempest-DeleteServersTestJSON-2027518128-project-member] Request filter 'accelerators_filter' took 0.0 seconds {{(pid=95752) wrapper /opt/stack/nova/nova/scheduler/request_filter.py:46}}
Jun 03 11:22:46.472386 np0000002048 nova-scheduler[95752]: DEBUG nova.scheduler.request_filter [None req-5985cdeb-2a34-4ca5-aedf-b8c96322fca5 tempest-DeleteServersTestJSON-2027518128 tempest-DeleteServersTestJSON-2027518128-project-member] Request filter 'packed_virtqueue_filter' took 0.0 seconds {{(pid=95752) wrapper /opt/stack/nova/nova/scheduler/request_filter.py:46}}
Jun 03 11:22:46.473511 np0000002048 nova-scheduler[95752]: DEBUG nova.scheduler.request_filter [None req-5985cdeb-2a34-4ca5-aedf-b8c96322fca5 tempest-DeleteServersTestJSON-2027518128 tempest-DeleteServersTestJSON-2027518128-project-member] Request filter 'remote_managed_ports_filter' took 0.0 seconds {{(pid=95752) wrapper /opt/stack/nova/nova/scheduler/request_filter.py:46}}
Jun 03 11:22:46.474216 np0000002048 nova-scheduler[95752]: DEBUG nova.scheduler.request_filter [None req-5985cdeb-2a34-4ca5-aedf-b8c96322fca5 tempest-DeleteServersTestJSON-2027518128 tempest-DeleteServersTestJSON-2027518128-project-member] ephemeral_encryption_filter skipped {{(pid=95752) ephemeral_encryption_filter /opt/stack/nova/nova/scheduler/request_filter.py:426}}
Jun 03 11:22:46.474611 np0000002048 nova-scheduler[95752]: DEBUG nova.scheduler.request_filter [None req-5985cdeb-2a34-4ca5-aedf-b8c96322fca5 tempest-DeleteServersTestJSON-2027518128 tempest-DeleteServersTestJSON-2027518128-project-member] virtio_sound_filter skipped {{(pid=95752) virtio_sound_filter /opt/stack/nova/nova/scheduler/request_filter.py:460}}
Jun 03 11:22:46.474939 np0000002048 nova-scheduler[95752]: DEBUG nova.scheduler.request_filter [None req-5985cdeb-2a34-4ca5-aedf-b8c96322fca5 tempest-DeleteServersTestJSON-2027518128 tempest-DeleteServersTestJSON-2027518128-project-member] tpm_secret_security_filter skipped {{(pid=95752) tpm_secret_security_filter /opt/stack/nova/nova/scheduler/request_filter.py:477}}
Jun 03 11:22:47.100926 np0000002048 nova-scheduler[95752]: INFO nova.utils [None req-5985cdeb-2a34-4ca5-aedf-b8c96322fca5 tempest-DeleteServersTestJSON-2027518128 tempest-DeleteServersTestJSON-2027518128-project-member] The cell worker thread pool ForkProcess-2.cell_worker is initialized
Jun 03 11:22:47.101440 np0000002048 nova-scheduler[95752]: DEBUG oslo_concurrency.lockutils [None req-5985cdeb-2a34-4ca5-aedf-b8c96322fca5 tempest-DeleteServersTestJSON-2027518128 tempest-DeleteServersTestJSON-2027518128-project-member] Acquiring lock "5f247dd8-f1c2-4e67-bc3d-726e5651b570" by "nova.context.set_target_cell..get_or_set_cached_cell_and_set_connections" {{(pid=95752) inner /opt/stack/data/venv/lib/python3.12/site-packages/oslo_concurrency/lockutils.py:511}}
Jun 03 11:22:47.101723 np0000002048 nova-scheduler[95752]: DEBUG oslo_concurrency.lockutils [None req-5985cdeb-2a34-4ca5-aedf-b8c96322fca5 tempest-DeleteServersTestJSON-2027518128 tempest-DeleteServersTestJSON-2027518128-project-member] Lock "5f247dd8-f1c2-4e67-bc3d-726e5651b570" acquired by "nova.context.set_target_cell..get_or_set_cached_cell_and_set_connections" :: waited 0.000s {{(pid=95752) inner /opt/stack/data/venv/lib/python3.12/site-packages/oslo_concurrency/lockutils.py:524}}
Jun 03 11:22:47.104842 np0000002048 nova-scheduler[95752]: DEBUG oslo_concurrency.lockutils [None req-5985cdeb-2a34-4ca5-aedf-b8c96322fca5 tempest-DeleteServersTestJSON-2027518128 tempest-DeleteServersTestJSON-2027518128-project-member] Lock "5f247dd8-f1c2-4e67-bc3d-726e5651b570" "released" by "nova.context.set_target_cell..get_or_set_cached_cell_and_set_connections" :: held 0.003s {{(pid=95752) inner /opt/stack/data/venv/lib/python3.12/site-packages/oslo_concurrency/lockutils.py:543}}
Jun 03 11:22:47.107863 np0000002048 nova-scheduler[95752]: INFO dbcounter [None req-5985cdeb-2a34-4ca5-aedf-b8c96322fca5 tempest-DeleteServersTestJSON-2027518128 tempest-DeleteServersTestJSON-2027518128-project-member] Registered counter for database nova_cell1
Jun 03 11:22:47.149738 np0000002048 nova-scheduler[95752]: DEBUG oslo_db.sqlalchemy.engines [None req-5985cdeb-2a34-4ca5-aedf-b8c96322fca5 tempest-DeleteServersTestJSON-2027518128 tempest-DeleteServersTestJSON-2027518128-project-member] MySQL server mode set to STRICT_TRANS_TABLES,STRICT_ALL_TABLES,NO_ZERO_IN_DATE,NO_ZERO_DATE,ERROR_FOR_DIVISION_BY_ZERO,TRADITIONAL,NO_ENGINE_SUBSTITUTION {{(pid=95752) _check_effective_sql_mode /opt/stack/data/venv/lib/python3.12/site-packages/oslo_db/sqlalchemy/engines.py:325}}
Jun 03 11:22:47.156846 np0000002048 nova-scheduler[95752]: DEBUG dbcounter [-] [95752] Writer thread running {{(pid=95752) stat_writer /opt/stack/data/venv/lib/python3.12/site-packages/dbcounter.py:102}}
Jun 03 11:22:47.169771 np0000002048 nova-scheduler[95752]: DEBUG oslo_db.sqlalchemy.engines [None req-5985cdeb-2a34-4ca5-aedf-b8c96322fca5 tempest-DeleteServersTestJSON-2027518128 tempest-DeleteServersTestJSON-2027518128-project-member] Parent process 94555 forked (95752) with an open database connection, which is being discarded and recreated. {{(pid=95752) checkout /opt/stack/data/venv/lib/python3.12/site-packages/oslo_db/sqlalchemy/engines.py:402}}
Jun 03 11:22:47.206400 np0000002048 nova-scheduler[95752]: DEBUG dbcounter [-] [95752] Writer thread running {{(pid=95752) stat_writer /opt/stack/data/venv/lib/python3.12/site-packages/dbcounter.py:102}}
Jun 03 11:22:47.209764 np0000002048 nova-scheduler[95752]: DEBUG oslo_concurrency.lockutils [None req-5985cdeb-2a34-4ca5-aedf-b8c96322fca5 tempest-DeleteServersTestJSON-2027518128 tempest-DeleteServersTestJSON-2027518128-project-member] Acquiring lock "5f247dd8-f1c2-4e67-bc3d-726e5651b570" by "nova.context.set_target_cell..get_or_set_cached_cell_and_set_connections" {{(pid=95752) inner /opt/stack/data/venv/lib/python3.12/site-packages/oslo_concurrency/lockutils.py:511}}
Jun 03 11:22:47.209764 np0000002048 nova-scheduler[95752]: DEBUG oslo_concurrency.lockutils [None req-5985cdeb-2a34-4ca5-aedf-b8c96322fca5 tempest-DeleteServersTestJSON-2027518128 tempest-DeleteServersTestJSON-2027518128-project-member] Lock "5f247dd8-f1c2-4e67-bc3d-726e5651b570" acquired by "nova.context.set_target_cell..get_or_set_cached_cell_and_set_connections" :: waited 0.000s {{(pid=95752) inner /opt/stack/data/venv/lib/python3.12/site-packages/oslo_concurrency/lockutils.py:524}}
Jun 03 11:22:47.209764 np0000002048 nova-scheduler[95752]: DEBUG oslo_concurrency.lockutils [None req-5985cdeb-2a34-4ca5-aedf-b8c96322fca5 tempest-DeleteServersTestJSON-2027518128 tempest-DeleteServersTestJSON-2027518128-project-member] Lock "5f247dd8-f1c2-4e67-bc3d-726e5651b570" "released" by "nova.context.set_target_cell..get_or_set_cached_cell_and_set_connections" :: held 0.000s {{(pid=95752) inner /opt/stack/data/venv/lib/python3.12/site-packages/oslo_concurrency/lockutils.py:543}}
Jun 03 11:22:47.213728 np0000002048 nova-scheduler[95752]: DEBUG oslo_concurrency.lockutils [None req-5985cdeb-2a34-4ca5-aedf-b8c96322fca5 tempest-DeleteServersTestJSON-2027518128 tempest-DeleteServersTestJSON-2027518128-project-member] Acquiring lock "('np0000002048', 'np0000002048')" by "nova.scheduler.host_manager.HostState.update.._locked_update" {{(pid=95752) inner /opt/stack/data/venv/lib/python3.12/site-packages/oslo_concurrency/lockutils.py:511}}
Jun 03 11:22:47.213728 np0000002048 nova-scheduler[95752]: DEBUG oslo_concurrency.lockutils [None req-5985cdeb-2a34-4ca5-aedf-b8c96322fca5 tempest-DeleteServersTestJSON-2027518128 tempest-DeleteServersTestJSON-2027518128-project-member] Lock "('np0000002048', 'np0000002048')" acquired by "nova.scheduler.host_manager.HostState.update.._locked_update" :: waited 0.000s {{(pid=95752) inner /opt/stack/data/venv/lib/python3.12/site-packages/oslo_concurrency/lockutils.py:524}}
Jun 03 11:22:47.214602 np0000002048 nova-scheduler[95752]: DEBUG nova.scheduler.host_manager [None req-5985cdeb-2a34-4ca5-aedf-b8c96322fca5 tempest-DeleteServersTestJSON-2027518128 tempest-DeleteServersTestJSON-2027518128-project-member] Update host state from compute node: ComputeNode(cpu_allocation_ratio=4.0,cpu_info='{"arch": "x86_64", "model": "EPYC-Milan", "vendor": "AMD", "topology": {"cells": 1, "sockets": 12, "cores": 1, "threads": 1}, "maxphysaddr": {"mode": "emulate", "bits": 40}, "features": ["flushbyasid", "smep", "svme-addr-chk", "tsc-scale", "xsaveopt", "lfence-always-serializing", "xsavec", "xsaveerptr", "wbnoinvd", "spec-ctrl", "sha-ni", "sse4a", "umip", "pku", "tsc", "erms", "ibpb", "pfthreshold", "rdtscp", "hypervisor", "nrip-save", "3dnowprefetch", "amd-stibp", "pse", "perfctr_core", "rdseed", "fma", "pae", "vaes", "mmxext", "fxsr", "ssse3", "cx16", "vgif", "stibp-always-on", "abm", "sse4.1", "nx", "arch-capabilities", "pause-filter", "pdpe1gb", "f16c", "cr8legacy", "virt-ssbd", "arat", "x2apic", "bmi1", "de", "aes", "pni", "topoext", "fsrm", "rdrand", "vmcb-clean", "sse", "adx", "xsaves", "xgetbv1", "mmx", "v-vmsave-vmload", "clwb", "osvw", "lm", "smap", "cmov", "pat", "cx8", "sep", "misalignsse", "avx2", "lahf_lm", "cmp_legacy", "bmi2", "msr", "sse2", "rdctl-no", "xsave", "clflushopt", "amd-ssbd", "fxsr_opt", "syscall", "pge", "clflush", "vme", "avx", "mca", "tsc-deadline", "ssbd", "skip-l1dfl-vmentry", "pschange-mc-no", "fpu", "popcnt", "pclmuldq", "lbrv", "vpclmulqdq", "amd-psfd", "clzero", "mce", "sse4.2", "movbe", "null-sel-clr-base", "gds-no", "tsc_adjust", "pse36", "npt", "stibp", "apic", "mtrr", "fsgsbase", "mds-no", "pcid", "rdpid", "invpcid", "ibrs", "no-nested-data-bp", "svm"]}',created_at=2026-06-03T11:20:18Z,current_workload=0,deleted=False,deleted_at=None,disk_allocation_ratio=1.0,disk_available_least=74,free_disk_gb=95,free_ram_mb=23518,host='np0000002048',host_ip=10.4.3.195,hypervisor_hostname='np0000002048',hypervisor_type='QEMU',hypervisor_version=8002002,id=1,local_gb=95,local_gb_used=0,mapped=1,memory_mb=24030,memory_mb_used=512,metrics='[]',numa_topology='{"nova_object.name": "NUMATopology", "nova_object.namespace": "nova", "nova_object.version": "1.2", "nova_object.data": {"cells": [{"nova_object.name": "NUMACell", "nova_object.namespace": "nova", "nova_object.version": "1.5", "nova_object.data": {"id": 0, "cpuset": [0, 1, 2, 3, 4, 5, 6, 7, 8, 9, 10, 11], "pcpuset": [0, 1, 2, 3, 4, 5, 6, 7, 8, 9, 10, 11], "memory": 24030, "cpu_usage": 0, "memory_usage": 0, "pinned_cpus": [], "siblings": [[6], [2], [5], [11], [8], [4], [1], [7], [10], [0], [3], [9]], "mempages": [{"nova_object.name": "NUMAPagesTopology", "nova_object.namespace": "nova", "nova_object.version": "1.1", "nova_object.data": {"size_kb": 4, "total": 6151798, "used": 0, "reserved": 0}, "nova_object.changes": ["reserved", "used", "size_kb", "total"]}, {"nova_object.name": "NUMAPagesTopology", "nova_object.namespace": "nova", "nova_object.version": "1.1", "nova_object.data": {"size_kb": 2048, "total": 0, "used": 0, "reserved": 0}, "nova_object.changes": ["reserved", "used", "size_kb", "total"]}, {"nova_object.name": "NUMAPagesTopology", "nova_object.namespace": "nova", "nova_object.version": "1.1", "nova_object.data": {"size_kb": 1048576, "total": 0, "used": 0, "reserved": 0}, "nova_object.changes": ["reserved", "used", "size_kb", "total"]}], "network_metadata": {"nova_object.name": "NetworkMetadata", "nova_object.namespace": "nova", "nova_object.version": "1.0", "nova_object.data": {"physnets": [], "tunneled": false}, "nova_object.changes": ["physnets", "tunneled"]}, "socket": null}, "nova_object.changes": ["id", "pcpuset", "memory_usage", "pinned_cpus", "siblings", "mempages", "cpu_usage", "socket", "cpuset", "network_metadata", "memory"]}]}, "nova_object.changes": ["cells"]}',pci_device_pools=PciDevicePoolList,ram_allocation_ratio=1.0,running_vms=0,service_id=3,stats={failed_builds='0',uptime=' 11:22:04 up 29 min, 2 users, load average: 1.33, 1.45, 0.88
Jun 03 11:22:47.214602 np0000002048 nova-scheduler[95752]: '},supported_hv_specs=[HVSpec,HVSpec,HVSpec,HVSpec,HVSpec,HVSpec,HVSpec,HVSpec,HVSpec,HVSpec,HVSpec,HVSpec,HVSpec,HVSpec,HVSpec,HVSpec,HVSpec,HVSpec,HVSpec,HVSpec,HVSpec,HVSpec,HVSpec,HVSpec,HVSpec],updated_at=2026-06-03T11:22:06Z,uuid=90f419aa-d843-43b7-97d7-13757a64ee7e,vcpus=12,vcpus_used=0) {{(pid=95752) _locked_update /opt/stack/nova/nova/scheduler/host_manager.py:168}}
Jun 03 11:22:47.215338 np0000002048 nova-scheduler[95752]: DEBUG nova.scheduler.host_manager [None req-5985cdeb-2a34-4ca5-aedf-b8c96322fca5 tempest-DeleteServersTestJSON-2027518128 tempest-DeleteServersTestJSON-2027518128-project-member] Update host state with aggregates: [] {{(pid=95752) _locked_update /opt/stack/nova/nova/scheduler/host_manager.py:171}}
Jun 03 11:22:47.215456 np0000002048 nova-scheduler[95752]: DEBUG nova.scheduler.host_manager [None req-5985cdeb-2a34-4ca5-aedf-b8c96322fca5 tempest-DeleteServersTestJSON-2027518128 tempest-DeleteServersTestJSON-2027518128-project-member] Update host state with service dict: {'id': 3, 'uuid': 'aa511571-3b62-4f65-b430-5ed12ee9fa52', 'host': 'np0000002048', 'binary': 'nova-compute', 'topic': 'compute', 'report_count': 2, 'disabled': False, 'disabled_reason': None, 'last_seen_up': datetime.datetime(2026, 6, 3, 11, 22, 27, tzinfo=datetime.timezone.utc), 'forced_down': False, 'version': 72, 'created_at': datetime.datetime(2026, 6, 3, 11, 20, 16, tzinfo=datetime.timezone.utc), 'updated_at': datetime.datetime(2026, 6, 3, 11, 22, 27, tzinfo=datetime.timezone.utc), 'deleted_at': None, 'deleted': False} {{(pid=95752) _locked_update /opt/stack/nova/nova/scheduler/host_manager.py:174}}
Jun 03 11:22:47.215555 np0000002048 nova-scheduler[95752]: DEBUG nova.scheduler.host_manager [None req-5985cdeb-2a34-4ca5-aedf-b8c96322fca5 tempest-DeleteServersTestJSON-2027518128 tempest-DeleteServersTestJSON-2027518128-project-member] Update host state with instances: [] {{(pid=95752) _locked_update /opt/stack/nova/nova/scheduler/host_manager.py:177}}
Jun 03 11:22:47.215646 np0000002048 nova-scheduler[95752]: DEBUG oslo_concurrency.lockutils [None req-5985cdeb-2a34-4ca5-aedf-b8c96322fca5 tempest-DeleteServersTestJSON-2027518128 tempest-DeleteServersTestJSON-2027518128-project-member] Lock "('np0000002048', 'np0000002048')" "released" by "nova.scheduler.host_manager.HostState.update.._locked_update" :: held 0.002s {{(pid=95752) inner /opt/stack/data/venv/lib/python3.12/site-packages/oslo_concurrency/lockutils.py:543}}
Jun 03 11:22:47.216320 np0000002048 nova-scheduler[95752]: DEBUG nova.filters [None req-5985cdeb-2a34-4ca5-aedf-b8c96322fca5 tempest-DeleteServersTestJSON-2027518128 tempest-DeleteServersTestJSON-2027518128-project-member] Starting with 1 host(s) {{(pid=95752) get_filtered_objects /opt/stack/nova/nova/filters.py:70}}
Jun 03 11:22:47.216521 np0000002048 nova-scheduler[95752]: DEBUG nova.filters [None req-5985cdeb-2a34-4ca5-aedf-b8c96322fca5 tempest-DeleteServersTestJSON-2027518128 tempest-DeleteServersTestJSON-2027518128-project-member] Filter ComputeFilter returned 1 host(s) {{(pid=95752) get_filtered_objects /opt/stack/nova/nova/filters.py:102}}
Jun 03 11:22:47.216664 np0000002048 nova-scheduler[95752]: DEBUG nova.filters [None req-5985cdeb-2a34-4ca5-aedf-b8c96322fca5 tempest-DeleteServersTestJSON-2027518128 tempest-DeleteServersTestJSON-2027518128-project-member] Filter ComputeCapabilitiesFilter returned 1 host(s) {{(pid=95752) get_filtered_objects /opt/stack/nova/nova/filters.py:102}}
Jun 03 11:22:47.216890 np0000002048 nova-scheduler[95752]: DEBUG nova.filters [None req-5985cdeb-2a34-4ca5-aedf-b8c96322fca5 tempest-DeleteServersTestJSON-2027518128 tempest-DeleteServersTestJSON-2027518128-project-member] Filter ImagePropertiesFilter returned 1 host(s) {{(pid=95752) get_filtered_objects /opt/stack/nova/nova/filters.py:102}}
Jun 03 11:22:47.217153 np0000002048 nova-scheduler[95752]: DEBUG nova.filters [None req-5985cdeb-2a34-4ca5-aedf-b8c96322fca5 tempest-DeleteServersTestJSON-2027518128 tempest-DeleteServersTestJSON-2027518128-project-member] Filter ServerGroupAntiAffinityFilter returned 1 host(s) {{(pid=95752) get_filtered_objects /opt/stack/nova/nova/filters.py:102}}
Jun 03 11:22:47.217208 np0000002048 nova-scheduler[95752]: DEBUG nova.filters [None req-5985cdeb-2a34-4ca5-aedf-b8c96322fca5 tempest-DeleteServersTestJSON-2027518128 tempest-DeleteServersTestJSON-2027518128-project-member] Filter ServerGroupAffinityFilter returned 1 host(s) {{(pid=95752) get_filtered_objects /opt/stack/nova/nova/filters.py:102}}
Jun 03 11:22:47.217338 np0000002048 nova-scheduler[95752]: DEBUG nova.filters [None req-5985cdeb-2a34-4ca5-aedf-b8c96322fca5 tempest-DeleteServersTestJSON-2027518128 tempest-DeleteServersTestJSON-2027518128-project-member] Filter SameHostFilter returned 1 host(s) {{(pid=95752) get_filtered_objects /opt/stack/nova/nova/filters.py:102}}
Jun 03 11:22:47.217434 np0000002048 nova-scheduler[95752]: DEBUG nova.filters [None req-5985cdeb-2a34-4ca5-aedf-b8c96322fca5 tempest-DeleteServersTestJSON-2027518128 tempest-DeleteServersTestJSON-2027518128-project-member] Filter DifferentHostFilter returned 1 host(s) {{(pid=95752) get_filtered_objects /opt/stack/nova/nova/filters.py:102}}
Jun 03 11:22:47.217550 np0000002048 nova-scheduler[95752]: DEBUG nova.scheduler.manager [None req-5985cdeb-2a34-4ca5-aedf-b8c96322fca5 tempest-DeleteServersTestJSON-2027518128 tempest-DeleteServersTestJSON-2027518128-project-member] Filtered [(np0000002048, np0000002048) ram: 23518MB disk: 75776MB io_ops: 0 instances: 0, allocation_candidates: 1] {{(pid=95752) _get_sorted_hosts /opt/stack/nova/nova/scheduler/manager.py:743}}
Jun 03 11:22:47.217742 np0000002048 nova-scheduler[95752]: DEBUG nova.scheduler.manager [None req-5985cdeb-2a34-4ca5-aedf-b8c96322fca5 tempest-DeleteServersTestJSON-2027518128 tempest-DeleteServersTestJSON-2027518128-project-member] Weighed [WeighedHost [host: (np0000002048, np0000002048) ram: 23518MB disk: 75776MB io_ops: 0 instances: 0, allocation_candidates: 1, weight: 0.0]] {{(pid=95752) _get_sorted_hosts /opt/stack/nova/nova/scheduler/manager.py:765}}
Jun 03 11:22:47.217923 np0000002048 nova-scheduler[95752]: DEBUG nova.scheduler.utils [None req-5985cdeb-2a34-4ca5-aedf-b8c96322fca5 tempest-DeleteServersTestJSON-2027518128 tempest-DeleteServersTestJSON-2027518128-project-member] Attempting to claim resources in the placement API for instance 0ab60858-c04e-4322-9eb7-8ea631dfe6dc {{(pid=95752) claim_resources /opt/stack/nova/nova/scheduler/utils.py:1345}}
Jun 03 11:22:47.305489 np0000002048 nova-scheduler[95750]: DEBUG nova.scheduler.manager [None req-938cd416-c3c9-4428-a4c4-f0d684e8b27c tempest-ServerActionsTestOtherA-633420008 tempest-ServerActionsTestOtherA-633420008-project-member] Starting to schedule for instances: ['d99d99ec-b999-42e3-85d9-04f3b2760c49'] {{(pid=95750) select_destinations /opt/stack/nova/nova/scheduler/manager.py:210}}
Jun 03 11:22:47.306128 np0000002048 nova-scheduler[95750]: DEBUG nova.scheduler.request_filter [None req-938cd416-c3c9-4428-a4c4-f0d684e8b27c tempest-ServerActionsTestOtherA-633420008 tempest-ServerActionsTestOtherA-633420008-project-member] compute_status_filter request filter added forbidden trait COMPUTE_STATUS_DISABLED {{(pid=95750) compute_status_filter /opt/stack/nova/nova/scheduler/request_filter.py:253}}
Jun 03 11:22:47.306128 np0000002048 nova-scheduler[95750]: DEBUG nova.scheduler.request_filter [None req-938cd416-c3c9-4428-a4c4-f0d684e8b27c tempest-ServerActionsTestOtherA-633420008 tempest-ServerActionsTestOtherA-633420008-project-member] Request filter 'compute_status_filter' took 0.0 seconds {{(pid=95750) wrapper /opt/stack/nova/nova/scheduler/request_filter.py:46}}
Jun 03 11:22:47.306442 np0000002048 nova-scheduler[95750]: DEBUG nova.scheduler.request_filter [None req-938cd416-c3c9-4428-a4c4-f0d684e8b27c tempest-ServerActionsTestOtherA-633420008 tempest-ServerActionsTestOtherA-633420008-project-member] Request filter 'accelerators_filter' took 0.0 seconds {{(pid=95750) wrapper /opt/stack/nova/nova/scheduler/request_filter.py:46}}
Jun 03 11:22:47.306638 np0000002048 nova-scheduler[95750]: DEBUG nova.scheduler.request_filter [None req-938cd416-c3c9-4428-a4c4-f0d684e8b27c tempest-ServerActionsTestOtherA-633420008 tempest-ServerActionsTestOtherA-633420008-project-member] Request filter 'packed_virtqueue_filter' took 0.0 seconds {{(pid=95750) wrapper /opt/stack/nova/nova/scheduler/request_filter.py:46}}
Jun 03 11:22:47.306980 np0000002048 nova-scheduler[95750]: DEBUG nova.scheduler.request_filter [None req-938cd416-c3c9-4428-a4c4-f0d684e8b27c tempest-ServerActionsTestOtherA-633420008 tempest-ServerActionsTestOtherA-633420008-project-member] Request filter 'remote_managed_ports_filter' took 0.0 seconds {{(pid=95750) wrapper /opt/stack/nova/nova/scheduler/request_filter.py:46}}
Jun 03 11:22:47.307148 np0000002048 nova-scheduler[95750]: DEBUG nova.scheduler.request_filter [None req-938cd416-c3c9-4428-a4c4-f0d684e8b27c tempest-ServerActionsTestOtherA-633420008 tempest-ServerActionsTestOtherA-633420008-project-member] ephemeral_encryption_filter skipped {{(pid=95750) ephemeral_encryption_filter /opt/stack/nova/nova/scheduler/request_filter.py:426}}
Jun 03 11:22:47.307445 np0000002048 nova-scheduler[95750]: DEBUG nova.scheduler.request_filter [None req-938cd416-c3c9-4428-a4c4-f0d684e8b27c tempest-ServerActionsTestOtherA-633420008 tempest-ServerActionsTestOtherA-633420008-project-member] virtio_sound_filter skipped {{(pid=95750) virtio_sound_filter /opt/stack/nova/nova/scheduler/request_filter.py:460}}
Jun 03 11:22:47.307622 np0000002048 nova-scheduler[95750]: DEBUG nova.scheduler.request_filter [None req-938cd416-c3c9-4428-a4c4-f0d684e8b27c tempest-ServerActionsTestOtherA-633420008 tempest-ServerActionsTestOtherA-633420008-project-member] tpm_secret_security_filter skipped {{(pid=95750) tpm_secret_security_filter /opt/stack/nova/nova/scheduler/request_filter.py:477}}
Jun 03 11:22:47.410316 np0000002048 nova-scheduler[95752]: DEBUG nova.scheduler.manager [None req-5985cdeb-2a34-4ca5-aedf-b8c96322fca5 tempest-DeleteServersTestJSON-2027518128 tempest-DeleteServersTestJSON-2027518128-project-member] [instance: 0ab60858-c04e-4322-9eb7-8ea631dfe6dc] Selected host: (np0000002048, np0000002048) ram: 23518MB disk: 75776MB io_ops: 0 instances: 0, allocation_candidates: 1 {{(pid=95752) _consume_selected_host /opt/stack/nova/nova/scheduler/manager.py:625}}
Jun 03 11:22:47.410457 np0000002048 nova-scheduler[95752]: DEBUG oslo_concurrency.lockutils [None req-5985cdeb-2a34-4ca5-aedf-b8c96322fca5 tempest-DeleteServersTestJSON-2027518128 tempest-DeleteServersTestJSON-2027518128-project-member] Acquiring lock "('np0000002048', 'np0000002048')" by "nova.scheduler.host_manager.HostState.consume_from_request.._locked" {{(pid=95752) inner /opt/stack/data/venv/lib/python3.12/site-packages/oslo_concurrency/lockutils.py:511}}
Jun 03 11:22:47.410726 np0000002048 nova-scheduler[95752]: DEBUG oslo_concurrency.lockutils [None req-5985cdeb-2a34-4ca5-aedf-b8c96322fca5 tempest-DeleteServersTestJSON-2027518128 tempest-DeleteServersTestJSON-2027518128-project-member] Lock "('np0000002048', 'np0000002048')" acquired by "nova.scheduler.host_manager.HostState.consume_from_request.._locked" :: waited 0.000s {{(pid=95752) inner /opt/stack/data/venv/lib/python3.12/site-packages/oslo_concurrency/lockutils.py:524}}
Jun 03 11:22:47.410988 np0000002048 nova-scheduler[95752]: DEBUG oslo_concurrency.lockutils [None req-5985cdeb-2a34-4ca5-aedf-b8c96322fca5 tempest-DeleteServersTestJSON-2027518128 tempest-DeleteServersTestJSON-2027518128-project-member] Lock "('np0000002048', 'np0000002048')" "released" by "nova.scheduler.host_manager.HostState.consume_from_request.._locked" :: held 0.000s {{(pid=95752) inner /opt/stack/data/venv/lib/python3.12/site-packages/oslo_concurrency/lockutils.py:543}}
Jun 03 11:22:47.426629 np0000002048 nova-scheduler[95750]: INFO nova.utils [None req-938cd416-c3c9-4428-a4c4-f0d684e8b27c tempest-ServerActionsTestOtherA-633420008 tempest-ServerActionsTestOtherA-633420008-project-member] The cell worker thread pool ForkProcess-1.cell_worker is initialized
Jun 03 11:22:47.427151 np0000002048 nova-scheduler[95750]: DEBUG oslo_concurrency.lockutils [None req-938cd416-c3c9-4428-a4c4-f0d684e8b27c tempest-ServerActionsTestOtherA-633420008 tempest-ServerActionsTestOtherA-633420008-project-member] Acquiring lock "5f247dd8-f1c2-4e67-bc3d-726e5651b570" by "nova.context.set_target_cell..get_or_set_cached_cell_and_set_connections" {{(pid=95750) inner /opt/stack/data/venv/lib/python3.12/site-packages/oslo_concurrency/lockutils.py:511}}
Jun 03 11:22:47.427428 np0000002048 nova-scheduler[95750]: DEBUG oslo_concurrency.lockutils [None req-938cd416-c3c9-4428-a4c4-f0d684e8b27c tempest-ServerActionsTestOtherA-633420008 tempest-ServerActionsTestOtherA-633420008-project-member] Lock "5f247dd8-f1c2-4e67-bc3d-726e5651b570" acquired by "nova.context.set_target_cell..get_or_set_cached_cell_and_set_connections" :: waited 0.000s {{(pid=95750) inner /opt/stack/data/venv/lib/python3.12/site-packages/oslo_concurrency/lockutils.py:524}}
Jun 03 11:22:47.429356 np0000002048 nova-scheduler[95750]: DEBUG oslo_concurrency.lockutils [None req-938cd416-c3c9-4428-a4c4-f0d684e8b27c tempest-ServerActionsTestOtherA-633420008 tempest-ServerActionsTestOtherA-633420008-project-member] Lock "5f247dd8-f1c2-4e67-bc3d-726e5651b570" "released" by "nova.context.set_target_cell..get_or_set_cached_cell_and_set_connections" :: held 0.002s {{(pid=95750) inner /opt/stack/data/venv/lib/python3.12/site-packages/oslo_concurrency/lockutils.py:543}}
Jun 03 11:22:47.431817 np0000002048 nova-scheduler[95750]: INFO dbcounter [None req-938cd416-c3c9-4428-a4c4-f0d684e8b27c tempest-ServerActionsTestOtherA-633420008 tempest-ServerActionsTestOtherA-633420008-project-member] Registered counter for database nova_cell1
Jun 03 11:22:47.490518 np0000002048 nova-scheduler[95750]: DEBUG oslo_db.sqlalchemy.engines [None req-938cd416-c3c9-4428-a4c4-f0d684e8b27c tempest-ServerActionsTestOtherA-633420008 tempest-ServerActionsTestOtherA-633420008-project-member] MySQL server mode set to STRICT_TRANS_TABLES,STRICT_ALL_TABLES,NO_ZERO_IN_DATE,NO_ZERO_DATE,ERROR_FOR_DIVISION_BY_ZERO,TRADITIONAL,NO_ENGINE_SUBSTITUTION {{(pid=95750) _check_effective_sql_mode /opt/stack/data/venv/lib/python3.12/site-packages/oslo_db/sqlalchemy/engines.py:325}}
Jun 03 11:22:47.497253 np0000002048 nova-scheduler[95750]: DEBUG dbcounter [-] [95750] Writer thread running {{(pid=95750) stat_writer /opt/stack/data/venv/lib/python3.12/site-packages/dbcounter.py:102}}
Jun 03 11:22:47.560612 np0000002048 nova-scheduler[95750]: DEBUG dbcounter [-] [95750] Writer thread running {{(pid=95750) stat_writer /opt/stack/data/venv/lib/python3.12/site-packages/dbcounter.py:102}}
Jun 03 11:22:47.565994 np0000002048 nova-scheduler[95750]: DEBUG oslo_concurrency.lockutils [None req-938cd416-c3c9-4428-a4c4-f0d684e8b27c tempest-ServerActionsTestOtherA-633420008 tempest-ServerActionsTestOtherA-633420008-project-member] Acquiring lock "5f247dd8-f1c2-4e67-bc3d-726e5651b570" by "nova.context.set_target_cell..get_or_set_cached_cell_and_set_connections" {{(pid=95750) inner /opt/stack/data/venv/lib/python3.12/site-packages/oslo_concurrency/lockutils.py:511}}
Jun 03 11:22:47.566134 np0000002048 nova-scheduler[95750]: DEBUG oslo_concurrency.lockutils [None req-938cd416-c3c9-4428-a4c4-f0d684e8b27c tempest-ServerActionsTestOtherA-633420008 tempest-ServerActionsTestOtherA-633420008-project-member] Lock "5f247dd8-f1c2-4e67-bc3d-726e5651b570" acquired by "nova.context.set_target_cell..get_or_set_cached_cell_and_set_connections" :: waited 0.000s {{(pid=95750) inner /opt/stack/data/venv/lib/python3.12/site-packages/oslo_concurrency/lockutils.py:524}}
Jun 03 11:22:47.566241 np0000002048 nova-scheduler[95750]: DEBUG oslo_concurrency.lockutils [None req-938cd416-c3c9-4428-a4c4-f0d684e8b27c tempest-ServerActionsTestOtherA-633420008 tempest-ServerActionsTestOtherA-633420008-project-member] Lock "5f247dd8-f1c2-4e67-bc3d-726e5651b570" "released" by "nova.context.set_target_cell..get_or_set_cached_cell_and_set_connections" :: held 0.000s {{(pid=95750) inner /opt/stack/data/venv/lib/python3.12/site-packages/oslo_concurrency/lockutils.py:543}}
Jun 03 11:22:47.569600 np0000002048 nova-scheduler[95750]: DEBUG oslo_concurrency.lockutils [None req-938cd416-c3c9-4428-a4c4-f0d684e8b27c tempest-ServerActionsTestOtherA-633420008 tempest-ServerActionsTestOtherA-633420008-project-member] Acquiring lock "('np0000002048', 'np0000002048')" by "nova.scheduler.host_manager.HostState.update.._locked_update" {{(pid=95750) inner /opt/stack/data/venv/lib/python3.12/site-packages/oslo_concurrency/lockutils.py:511}}
Jun 03 11:22:47.569754 np0000002048 nova-scheduler[95750]: DEBUG oslo_concurrency.lockutils [None req-938cd416-c3c9-4428-a4c4-f0d684e8b27c tempest-ServerActionsTestOtherA-633420008 tempest-ServerActionsTestOtherA-633420008-project-member] Lock "('np0000002048', 'np0000002048')" acquired by "nova.scheduler.host_manager.HostState.update.._locked_update" :: waited 0.000s {{(pid=95750) inner /opt/stack/data/venv/lib/python3.12/site-packages/oslo_concurrency/lockutils.py:524}}
