Jun 03 11:19:53.497874 np0000002048 devstack@neutron-api.service[90028]: DEBUG ovsdbapp.backend.ovs_idl.transaction [None req-64f14ab0-6736-4a9f-8f64-66e9bf5100c4 None None] Running txn n=1 command(idx=0): CheckRevisionNumberCommand(_result=None, name=lrp-8d3d0efb-7a85-4c08-a51b-0f5361eaa024, resource={'id': '8d3d0efb-7a85-4c08-a51b-0f5361eaa024', 'name': '', 'network_id': '55df14eb-0cf3-4c47-9f81-125085485872', 'project_id': '2146a78c6b744cd8bdd6643bc7d6692c', 'mac_address': 'fa:16:3e:21:77:56', 'admin_state_up': True, 'status': 'ACTIVE', 'device_id': 'f4ccafd5-d775-4d80-8c04-b323df9313a7', 'device_owner': 'network:router_interface', 'standard_attr_id': 24, 'fixed_ips': [{'subnet_id': 'b8d78a8c-512b-459e-8ce7-6cedcaa3cc69', 'ip_address': 'fd55:ff99:4b4d::1'}], 'allowed_address_pairs': [], 'extra_dhcp_opts': [], 'security_groups': [], 'description': '', 'binding:vnic_type': 'normal', 'binding:profile': {}, 'binding:host_id': '', 'binding:vif_type': 'unbound', 'binding:vif_details': {}, 'port_security_enabled': False, 'tags': [], 'created_at': '2026-06-03T11:19:44Z', 'updated_at': '2026-06-03T11:19:47Z', 'revision_number': 4, 'tenant_id': '2146a78c6b744cd8bdd6643bc7d6692c'}, resource_type=router_ports, if_exists=True) {{(pid=90028) do_commit /opt/stack/data/venv/lib/python3.12/site-packages/ovsdbapp/backend/ovs_idl/transaction.py:89}}
Jun 03 11:19:53.498716 np0000002048 devstack@neutron-api.service[90028]: DEBUG ovsdbapp.backend.ovs_idl.transaction [None req-64f14ab0-6736-4a9f-8f64-66e9bf5100c4 None None] Running txn n=1 command(idx=1): UpdateLRouterPortCommand(_result=None, name=lrp-8d3d0efb-7a85-4c08-a51b-0f5361eaa024, columns={'external_ids': {'neutron:revision_number': '4', 'neutron:subnet_ids': 'b8d78a8c-512b-459e-8ce7-6cedcaa3cc69', 'neutron:network_name': 'neutron-55df14eb-0cf3-4c47-9f81-125085485872', 'neutron:is_ext_gw': 'False', 'neutron:router_name': 'neutron-f4ccafd5-d775-4d80-8c04-b323df9313a7'}, 'options': {}, 'networks': ['fd55:ff99:4b4d::1/64'], 'ipv6_ra_configs': {'address_mode': 'slaac', 'send_periodic': 'true', 'mtu': '1372'}}, if_exists=False) {{(pid=90028) do_commit /opt/stack/data/venv/lib/python3.12/site-packages/ovsdbapp/backend/ovs_idl/transaction.py:89}}
Jun 03 11:19:53.500108 np0000002048 devstack@neutron-api.service[90028]: DEBUG ovsdbapp.backend.ovs_idl.transaction [None req-64f14ab0-6736-4a9f-8f64-66e9bf5100c4 None None] Running txn n=1 command(idx=2): SetLRouterPortInLSwitchPortCommand(_result=None, lswitch_port=8d3d0efb-7a85-4c08-a51b-0f5361eaa024, lrouter_port=lrp-8d3d0efb-7a85-4c08-a51b-0f5361eaa024, is_gw_port=False, if_exists=True, lsp_address=router) {{(pid=90028) do_commit /opt/stack/data/venv/lib/python3.12/site-packages/ovsdbapp/backend/ovs_idl/transaction.py:89}}
Jun 03 11:19:53.500505 np0000002048 devstack@neutron-api.service[90028]: DEBUG ovsdbapp.backend.ovs_idl.transaction [None req-64f14ab0-6736-4a9f-8f64-66e9bf5100c4 None None] Transaction caused no change {{(pid=90028) do_commit /opt/stack/data/venv/lib/python3.12/site-packages/ovsdbapp/backend/ovs_idl/transaction.py:129}}
Jun 03 11:19:53.582858 np0000002048 devstack@neutron-api.service[90028]: DEBUG ovsdbapp.backend.ovs_idl.transaction [None req-64f14ab0-6736-4a9f-8f64-66e9bf5100c4 None None] Running txn n=1 command(idx=0): CheckRevisionNumberCommand(_result=None, name=lrp-8d3d0efb-7a85-4c08-a51b-0f5361eaa024, resource={'id': '8d3d0efb-7a85-4c08-a51b-0f5361eaa024', 'name': '', 'network_id': '55df14eb-0cf3-4c47-9f81-125085485872', 'project_id': '2146a78c6b744cd8bdd6643bc7d6692c', 'mac_address': 'fa:16:3e:21:77:56', 'admin_state_up': True, 'status': 'ACTIVE', 'device_id': 'f4ccafd5-d775-4d80-8c04-b323df9313a7', 'device_owner': 'network:router_interface', 'standard_attr_id': 24, 'fixed_ips': [{'subnet_id': 'b8d78a8c-512b-459e-8ce7-6cedcaa3cc69', 'ip_address': 'fd55:ff99:4b4d::1'}], 'allowed_address_pairs': [], 'extra_dhcp_opts': [], 'security_groups': [], 'description': '', 'binding:vnic_type': 'normal', 'binding:profile': {}, 'binding:host_id': '', 'binding:vif_type': 'unbound', 'binding:vif_details': {}, 'port_security_enabled': False, 'tags': [], 'created_at': '2026-06-03T11:19:44Z', 'updated_at': '2026-06-03T11:19:47Z', 'revision_number': 4, 'tenant_id': '2146a78c6b744cd8bdd6643bc7d6692c'}, resource_type=router_ports, if_exists=True) {{(pid=90028) do_commit /opt/stack/data/venv/lib/python3.12/site-packages/ovsdbapp/backend/ovs_idl/transaction.py:89}}
Jun 03 11:19:53.583346 np0000002048 devstack@neutron-api.service[90028]: DEBUG ovsdbapp.backend.ovs_idl.transaction [None req-64f14ab0-6736-4a9f-8f64-66e9bf5100c4 None None] Running txn n=1 command(idx=1): UpdateLRouterPortCommand(_result=None, name=lrp-8d3d0efb-7a85-4c08-a51b-0f5361eaa024, columns={'external_ids': {'neutron:revision_number': '4', 'neutron:subnet_ids': 'b8d78a8c-512b-459e-8ce7-6cedcaa3cc69', 'neutron:network_name': 'neutron-55df14eb-0cf3-4c47-9f81-125085485872', 'neutron:is_ext_gw': 'False', 'neutron:router_name': 'neutron-f4ccafd5-d775-4d80-8c04-b323df9313a7'}, 'options': {}, 'networks': ['fd55:ff99:4b4d::1/64'], 'ipv6_ra_configs': {'address_mode': 'slaac', 'send_periodic': 'true', 'mtu': '1372'}}, if_exists=False) {{(pid=90028) do_commit /opt/stack/data/venv/lib/python3.12/site-packages/ovsdbapp/backend/ovs_idl/transaction.py:89}}
Jun 03 11:19:53.583720 np0000002048 devstack@neutron-api.service[90028]: DEBUG ovsdbapp.backend.ovs_idl.transaction [None req-64f14ab0-6736-4a9f-8f64-66e9bf5100c4 None None] Running txn n=1 command(idx=2): SetLRouterPortInLSwitchPortCommand(_result=None, lswitch_port=8d3d0efb-7a85-4c08-a51b-0f5361eaa024, lrouter_port=lrp-8d3d0efb-7a85-4c08-a51b-0f5361eaa024, is_gw_port=False, if_exists=True, lsp_address=router) {{(pid=90028) do_commit /opt/stack/data/venv/lib/python3.12/site-packages/ovsdbapp/backend/ovs_idl/transaction.py:89}}
Jun 03 11:19:53.584788 np0000002048 devstack@neutron-api.service[90028]: DEBUG ovsdbapp.backend.ovs_idl.transaction [None req-64f14ab0-6736-4a9f-8f64-66e9bf5100c4 None None] Transaction caused no change {{(pid=90028) do_commit /opt/stack/data/venv/lib/python3.12/site-packages/ovsdbapp/backend/ovs_idl/transaction.py:129}}
Jun 03 11:19:53.626758 np0000002048 devstack@neutron-api.service[90028]: INFO neutron.common.ovn.utils [None req-ffd39dda-f485-4499-824e-bd107beaa8a8 None None] HA Chassis Group neutron-55df14eb-0cf3-4c47-9f81-125085485872 synchronized; highest priority chassis 7b457bc3-64c0-474f-a758-58811f2571e2
Jun 03 11:19:53.627596 np0000002048 devstack@neutron-api.service[90028]: DEBUG ovsdbapp.backend.ovs_idl.transaction [None req-64f14ab0-6736-4a9f-8f64-66e9bf5100c4 None None] Running txn n=1 command(idx=0): DbSetCommand(_result=None, table=HA_Chassis_Group, record=neutron-55df14eb-0cf3-4c47-9f81-125085485872, col_values=(('external_ids', {'neutron:availability_zone_hints': '', 'neutron:network_id': '55df14eb-0cf3-4c47-9f81-125085485872', 'neutron:router_id': 'f4ccafd5-d775-4d80-8c04-b323df9313a7'}),), if_exists=True) {{(pid=90028) do_commit /opt/stack/data/venv/lib/python3.12/site-packages/ovsdbapp/backend/ovs_idl/transaction.py:89}}
Jun 03 11:19:53.628085 np0000002048 devstack@neutron-api.service[90028]: DEBUG ovsdbapp.backend.ovs_idl.transaction [None req-64f14ab0-6736-4a9f-8f64-66e9bf5100c4 None None] Running txn n=1 command(idx=1): HAChassisGroupAddChassisCommand(_result=None, hcg=neutron-55df14eb-0cf3-4c47-9f81-125085485872, chassis=7b457bc3-64c0-474f-a758-58811f2571e2, priority=1, columns={}) {{(pid=90028) do_commit /opt/stack/data/venv/lib/python3.12/site-packages/ovsdbapp/backend/ovs_idl/transaction.py:89}}
Jun 03 11:19:53.628497 np0000002048 devstack@neutron-api.service[90028]: DEBUG ovsdbapp.backend.ovs_idl.transaction [None req-64f14ab0-6736-4a9f-8f64-66e9bf5100c4 None None] Transaction caused no change {{(pid=90028) do_commit /opt/stack/data/venv/lib/python3.12/site-packages/ovsdbapp/backend/ovs_idl/transaction.py:129}}
Jun 03 11:19:53.658295 np0000002048 devstack@neutron-api.service[90028]: INFO neutron.common.ovn.utils [None req-ffd39dda-f485-4499-824e-bd107beaa8a8 None None] HA Chassis Group neutron-55df14eb-0cf3-4c47-9f81-125085485872 synchronized; highest priority chassis 7b457bc3-64c0-474f-a758-58811f2571e2
Jun 03 11:19:53.659126 np0000002048 devstack@neutron-api.service[90028]: DEBUG ovsdbapp.backend.ovs_idl.transaction [None req-64f14ab0-6736-4a9f-8f64-66e9bf5100c4 None None] Running txn n=1 command(idx=0): DbSetCommand(_result=None, table=HA_Chassis_Group, record=neutron-55df14eb-0cf3-4c47-9f81-125085485872, col_values=(('external_ids', {'neutron:availability_zone_hints': '', 'neutron:network_id': '55df14eb-0cf3-4c47-9f81-125085485872', 'neutron:router_id': 'f4ccafd5-d775-4d80-8c04-b323df9313a7'}),), if_exists=True) {{(pid=90028) do_commit /opt/stack/data/venv/lib/python3.12/site-packages/ovsdbapp/backend/ovs_idl/transaction.py:89}}
Jun 03 11:19:53.659603 np0000002048 devstack@neutron-api.service[90028]: DEBUG ovsdbapp.backend.ovs_idl.transaction [None req-64f14ab0-6736-4a9f-8f64-66e9bf5100c4 None None] Running txn n=1 command(idx=1): HAChassisGroupAddChassisCommand(_result=None, hcg=neutron-55df14eb-0cf3-4c47-9f81-125085485872, chassis=7b457bc3-64c0-474f-a758-58811f2571e2, priority=1, columns={}) {{(pid=90028) do_commit /opt/stack/data/venv/lib/python3.12/site-packages/ovsdbapp/backend/ovs_idl/transaction.py:89}}
Jun 03 11:19:53.660065 np0000002048 devstack@neutron-api.service[90028]: DEBUG ovsdbapp.backend.ovs_idl.transaction [None req-64f14ab0-6736-4a9f-8f64-66e9bf5100c4 None None] Transaction caused no change {{(pid=90028) do_commit /opt/stack/data/venv/lib/python3.12/site-packages/ovsdbapp/backend/ovs_idl/transaction.py:129}}
Jun 03 11:19:56.820392 np0000002048 devstack@neutron-api.service[90028]: DEBUG futurist.periodics [-] Submitting periodic callback 'neutron.plugins.ml2.drivers.ovn.mech_driver.ovsdb.maintenance.HashRingHealthCheckPeriodics.touch_hash_ring_node' {{(pid=90028) _process_scheduled /opt/stack/data/venv/lib/python3.12/site-packages/futurist/periodics.py:784}}
Jun 03 11:19:56.820860 np0000002048 devstack@neutron-api.service[90028]: DEBUG neutron.plugins.ml2.drivers.ovn.mech_driver.ovsdb.maintenance [-] Touching Hash Ring node "8e24d894dc7651c0b6bb6f826380ad15" from periodic health check thread {{(pid=90028) touch_hash_ring_node /opt/stack/neutron/neutron/plugins/ml2/drivers/ovn/mech_driver/ovsdb/maintenance.py:1421}}
Jun 03 11:19:57.674990 np0000002048 devstack@neutron-api.service[90027]: DEBUG futurist.periodics [-] Submitting periodic callback 'neutron.plugins.ml2.drivers.ovn.mech_driver.ovsdb.maintenance.HashRingHealthCheckPeriodics.touch_hash_ring_node' {{(pid=90027) _process_scheduled /opt/stack/data/venv/lib/python3.12/site-packages/futurist/periodics.py:784}}
Jun 03 11:19:57.674990 np0000002048 devstack@neutron-api.service[90027]: DEBUG neutron.plugins.ml2.drivers.ovn.mech_driver.ovsdb.maintenance [-] Touching Hash Ring node "3d5133c5a7e159c8ad184828659df98a" from periodic health check thread {{(pid=90027) touch_hash_ring_node /opt/stack/neutron/neutron/plugins/ml2/drivers/ovn/mech_driver/ovsdb/maintenance.py:1421}}
Jun 03 11:19:57.782035 np0000002048 devstack@neutron-api.service[90029]: DEBUG futurist.periodics [-] Submitting periodic callback 'neutron.plugins.ml2.drivers.ovn.mech_driver.ovsdb.maintenance.HashRingHealthCheckPeriodics.touch_hash_ring_node' {{(pid=90029) _process_scheduled /opt/stack/data/venv/lib/python3.12/site-packages/futurist/periodics.py:784}}
Jun 03 11:19:57.782035 np0000002048 devstack@neutron-api.service[90029]: DEBUG neutron.plugins.ml2.drivers.ovn.mech_driver.ovsdb.maintenance [-] Touching Hash Ring node "66ce3f6cbd0451a8b9ee6a6a9d0661c4" from periodic health check thread {{(pid=90029) touch_hash_ring_node /opt/stack/neutron/neutron/plugins/ml2/drivers/ovn/mech_driver/ovsdb/maintenance.py:1421}}
Jun 03 11:20:06.827742 np0000002048 devstack@neutron-api.service[90028]: DEBUG dbcounter [-] [90028] Writing DB stats neutron:SELECT=3310,neutron:INSERT=730,neutron:DELETE=12,neutron:UPDATE=136 {{(pid=90028) stat_writer /opt/stack/data/venv/lib/python3.12/site-packages/dbcounter.py:115}}
Jun 03 11:20:07.685043 np0000002048 devstack@neutron-api.service[90027]: DEBUG dbcounter [-] [90027] Writing DB stats neutron:SELECT=1083,neutron:INSERT=19,neutron:DELETE=7,neutron:UPDATE=52 {{(pid=90027) stat_writer /opt/stack/data/venv/lib/python3.12/site-packages/dbcounter.py:115}}
Jun 03 11:20:07.790948 np0000002048 devstack@neutron-api.service[90029]: DEBUG dbcounter [-] [90029] Writing DB stats neutron:SELECT=1897,neutron:INSERT=55,neutron:DELETE=9,neutron:UPDATE=45 {{(pid=90029) stat_writer /opt/stack/data/venv/lib/python3.12/site-packages/dbcounter.py:115}}
Jun 03 11:20:11.820910 np0000002048 devstack@neutron-api.service[90028]: DEBUG futurist.periodics [-] Submitting periodic callback 'neutron.plugins.ml2.drivers.ovn.mech_driver.ovsdb.maintenance.HashRingHealthCheckPeriodics.touch_hash_ring_node' {{(pid=90028) _process_scheduled /opt/stack/data/venv/lib/python3.12/site-packages/futurist/periodics.py:784}}
Jun 03 11:20:11.821363 np0000002048 devstack@neutron-api.service[90028]: DEBUG neutron.plugins.ml2.drivers.ovn.mech_driver.ovsdb.maintenance [-] Touching Hash Ring node "8e24d894dc7651c0b6bb6f826380ad15" from periodic health check thread {{(pid=90028) touch_hash_ring_node /opt/stack/neutron/neutron/plugins/ml2/drivers/ovn/mech_driver/ovsdb/maintenance.py:1421}}
Jun 03 11:20:12.674837 np0000002048 devstack@neutron-api.service[90027]: DEBUG futurist.periodics [-] Submitting periodic callback 'neutron.plugins.ml2.drivers.ovn.mech_driver.ovsdb.maintenance.HashRingHealthCheckPeriodics.touch_hash_ring_node' {{(pid=90027) _process_scheduled /opt/stack/data/venv/lib/python3.12/site-packages/futurist/periodics.py:784}}
Jun 03 11:20:12.675365 np0000002048 devstack@neutron-api.service[90027]: DEBUG neutron.plugins.ml2.drivers.ovn.mech_driver.ovsdb.maintenance [-] Touching Hash Ring node "3d5133c5a7e159c8ad184828659df98a" from periodic health check thread {{(pid=90027) touch_hash_ring_node /opt/stack/neutron/neutron/plugins/ml2/drivers/ovn/mech_driver/ovsdb/maintenance.py:1421}}
Jun 03 11:20:12.781723 np0000002048 devstack@neutron-api.service[90029]: DEBUG futurist.periodics [-] Submitting periodic callback 'neutron.plugins.ml2.drivers.ovn.mech_driver.ovsdb.maintenance.HashRingHealthCheckPeriodics.touch_hash_ring_node' {{(pid=90029) _process_scheduled /opt/stack/data/venv/lib/python3.12/site-packages/futurist/periodics.py:784}}
Jun 03 11:20:12.782255 np0000002048 devstack@neutron-api.service[90029]: DEBUG neutron.plugins.ml2.drivers.ovn.mech_driver.ovsdb.maintenance [-] Touching Hash Ring node "66ce3f6cbd0451a8b9ee6a6a9d0661c4" from periodic health check thread {{(pid=90029) touch_hash_ring_node /opt/stack/neutron/neutron/plugins/ml2/drivers/ovn/mech_driver/ovsdb/maintenance.py:1421}}
Jun 03 11:20:21.832585 np0000002048 devstack@neutron-api.service[90028]: DEBUG dbcounter [-] [90028] Writing DB stats neutron:UPDATE=1,neutron:SELECT=1 {{(pid=90028) stat_writer /opt/stack/data/venv/lib/python3.12/site-packages/dbcounter.py:115}}
Jun 03 11:20:22.686716 np0000002048 devstack@neutron-api.service[90027]: DEBUG dbcounter [-] [90027] Writing DB stats neutron:UPDATE=1,neutron:SELECT=1 {{(pid=90027) stat_writer /opt/stack/data/venv/lib/python3.12/site-packages/dbcounter.py:115}}
Jun 03 11:20:22.788854 np0000002048 devstack@neutron-api.service[90029]: DEBUG dbcounter [-] [90029] Writing DB stats neutron:UPDATE=1,neutron:SELECT=1 {{(pid=90029) stat_writer /opt/stack/data/venv/lib/python3.12/site-packages/dbcounter.py:115}}
Jun 03 11:20:26.821477 np0000002048 devstack@neutron-api.service[90028]: DEBUG futurist.periodics [-] Submitting periodic callback 'neutron.plugins.ml2.drivers.ovn.mech_driver.ovsdb.maintenance.HashRingHealthCheckPeriodics.touch_hash_ring_node' {{(pid=90028) _process_scheduled /opt/stack/data/venv/lib/python3.12/site-packages/futurist/periodics.py:784}}
Jun 03 11:20:26.821886 np0000002048 devstack@neutron-api.service[90028]: DEBUG neutron.plugins.ml2.drivers.ovn.mech_driver.ovsdb.maintenance [-] Touching Hash Ring node "8e24d894dc7651c0b6bb6f826380ad15" from periodic health check thread {{(pid=90028) touch_hash_ring_node /opt/stack/neutron/neutron/plugins/ml2/drivers/ovn/mech_driver/ovsdb/maintenance.py:1421}}
Jun 03 11:20:27.675498 np0000002048 devstack@neutron-api.service[90027]: DEBUG futurist.periodics [-] Submitting periodic callback 'neutron.plugins.ml2.drivers.ovn.mech_driver.ovsdb.maintenance.HashRingHealthCheckPeriodics.touch_hash_ring_node' {{(pid=90027) _process_scheduled /opt/stack/data/venv/lib/python3.12/site-packages/futurist/periodics.py:784}}
Jun 03 11:20:27.675946 np0000002048 devstack@neutron-api.service[90027]: DEBUG neutron.plugins.ml2.drivers.ovn.mech_driver.ovsdb.maintenance [-] Touching Hash Ring node "3d5133c5a7e159c8ad184828659df98a" from periodic health check thread {{(pid=90027) touch_hash_ring_node /opt/stack/neutron/neutron/plugins/ml2/drivers/ovn/mech_driver/ovsdb/maintenance.py:1421}}
Jun 03 11:20:27.782401 np0000002048 devstack@neutron-api.service[90029]: DEBUG futurist.periodics [-] Submitting periodic callback 'neutron.plugins.ml2.drivers.ovn.mech_driver.ovsdb.maintenance.HashRingHealthCheckPeriodics.touch_hash_ring_node' {{(pid=90029) _process_scheduled /opt/stack/data/venv/lib/python3.12/site-packages/futurist/periodics.py:784}}
Jun 03 11:20:27.782868 np0000002048 devstack@neutron-api.service[90029]: DEBUG neutron.plugins.ml2.drivers.ovn.mech_driver.ovsdb.maintenance [-] Touching Hash Ring node "66ce3f6cbd0451a8b9ee6a6a9d0661c4" from periodic health check thread {{(pid=90029) touch_hash_ring_node /opt/stack/neutron/neutron/plugins/ml2/drivers/ovn/mech_driver/ovsdb/maintenance.py:1421}}
Jun 03 11:20:36.829475 np0000002048 devstack@neutron-api.service[90028]: DEBUG dbcounter [-] [90028] Writing DB stats neutron:UPDATE=1,neutron:SELECT=1 {{(pid=90028) stat_writer /opt/stack/data/venv/lib/python3.12/site-packages/dbcounter.py:115}}
Jun 03 11:20:37.683278 np0000002048 devstack@neutron-api.service[90027]: DEBUG dbcounter [-] [90027] Writing DB stats neutron:UPDATE=1,neutron:SELECT=1 {{(pid=90027) stat_writer /opt/stack/data/venv/lib/python3.12/site-packages/dbcounter.py:115}}
Jun 03 11:20:37.788930 np0000002048 devstack@neutron-api.service[90029]: DEBUG dbcounter [-] [90029] Writing DB stats neutron:UPDATE=1,neutron:SELECT=1 {{(pid=90029) stat_writer /opt/stack/data/venv/lib/python3.12/site-packages/dbcounter.py:115}}
Jun 03 11:20:41.822134 np0000002048 devstack@neutron-api.service[90028]: DEBUG futurist.periodics [-] Submitting periodic callback 'neutron.plugins.ml2.drivers.ovn.mech_driver.ovsdb.maintenance.HashRingHealthCheckPeriodics.touch_hash_ring_node' {{(pid=90028) _process_scheduled /opt/stack/data/venv/lib/python3.12/site-packages/futurist/periodics.py:784}}
Jun 03 11:20:41.822923 np0000002048 devstack@neutron-api.service[90028]: DEBUG neutron.plugins.ml2.drivers.ovn.mech_driver.ovsdb.maintenance [-] Touching Hash Ring node "8e24d894dc7651c0b6bb6f826380ad15" from periodic health check thread {{(pid=90028) touch_hash_ring_node /opt/stack/neutron/neutron/plugins/ml2/drivers/ovn/mech_driver/ovsdb/maintenance.py:1421}}
Jun 03 11:20:42.675986 np0000002048 devstack@neutron-api.service[90027]: DEBUG futurist.periodics [-] Submitting periodic callback 'neutron.plugins.ml2.drivers.ovn.mech_driver.ovsdb.maintenance.HashRingHealthCheckPeriodics.touch_hash_ring_node' {{(pid=90027) _process_scheduled /opt/stack/data/venv/lib/python3.12/site-packages/futurist/periodics.py:784}}
Jun 03 11:20:42.676380 np0000002048 devstack@neutron-api.service[90027]: DEBUG neutron.plugins.ml2.drivers.ovn.mech_driver.ovsdb.maintenance [-] Touching Hash Ring node "3d5133c5a7e159c8ad184828659df98a" from periodic health check thread {{(pid=90027) touch_hash_ring_node /opt/stack/neutron/neutron/plugins/ml2/drivers/ovn/mech_driver/ovsdb/maintenance.py:1421}}
Jun 03 11:20:42.782940 np0000002048 devstack@neutron-api.service[90029]: DEBUG futurist.periodics [-] Submitting periodic callback 'neutron.plugins.ml2.drivers.ovn.mech_driver.ovsdb.maintenance.HashRingHealthCheckPeriodics.touch_hash_ring_node' {{(pid=90029) _process_scheduled /opt/stack/data/venv/lib/python3.12/site-packages/futurist/periodics.py:784}}
Jun 03 11:20:42.783359 np0000002048 devstack@neutron-api.service[90029]: DEBUG neutron.plugins.ml2.drivers.ovn.mech_driver.ovsdb.maintenance [-] Touching Hash Ring node "66ce3f6cbd0451a8b9ee6a6a9d0661c4" from periodic health check thread {{(pid=90029) touch_hash_ring_node /opt/stack/neutron/neutron/plugins/ml2/drivers/ovn/mech_driver/ovsdb/maintenance.py:1421}}
Jun 03 11:20:51.115835 np0000002048 devstack@neutron-api.service[90029]: DEBUG neutron.api.wsgi [None req-f00447db-12a1-481b-8239-48f91a727eac admin admin] Missing Content-Type {{(pid=90029) get_content_type /opt/stack/neutron/neutron/api/wsgi.py:80}}
Jun 03 11:20:51.116247 np0000002048 devstack@neutron-api.service[90029]: DEBUG neutron.api.wsgi [None req-f00447db-12a1-481b-8239-48f91a727eac admin admin] https://10.4.3.195/networking/v2.0/extensions returned with HTTP 200 {{(pid=90029) __call__ /opt/stack/neutron/neutron/api/wsgi.py:540}}
Jun 03 11:20:51.116567 np0000002048 devstack@neutron-api.service[90029]: [pid: 90029|app: 0|req: 11/34] 10.4.3.195 () {64 vars in 1292 bytes} [Wed Jun 3 11:20:51 2026] GET /networking/v2.0/extensions => generated 15393 bytes in 3 msecs (HTTP/1.1 200) 4 headers in 159 bytes (1 switches on core 0)
Jun 03 11:20:51.365052 np0000002048 devstack@neutron-api.service[90028]: INFO neutron.pecan_wsgi.hooks.translation [None req-b94785f4-1f32-4e7f-beaa-9dc8c840273e admin admin] GET failed (client error): The resource could not be found.
Jun 03 11:20:51.365527 np0000002048 devstack@neutron-api.service[90028]: [pid: 90028|app: 0|req: 13/35] 10.4.3.195 () {64 vars in 1294 bytes} [Wed Jun 3 11:20:51 2026] GET /networking/v2.0/networks/public => generated 108 bytes in 8 msecs (HTTP/1.1 404) 4 headers in 164 bytes (1 switches on core 0)
Jun 03 11:20:51.408993 np0000002048 devstack@neutron-api.service[90027]: DEBUG neutron.pecan_wsgi.hooks.policy_enforcement [None req-ed2e305b-1784-413d-8711-0d8464151c7b admin admin] Attributes excluded by policy engine: ['standard_attr_id'] {{(pid=90027) _exclude_attributes_by_policy /opt/stack/neutron/neutron/pecan_wsgi/hooks/policy_enforcement.py:256}}
Jun 03 11:20:51.409488 np0000002048 devstack@neutron-api.service[90027]: [pid: 90027|app: 0|req: 12/36] 10.4.3.195 () {64 vars in 1309 bytes} [Wed Jun 3 11:20:51 2026] GET /networking/v2.0/networks?name=public => generated 759 bytes in 38 msecs (HTTP/1.1 200) 4 headers in 157 bytes (1 switches on core 0)
Jun 03 11:20:51.625478 np0000002048 devstack@neutron-api.service[90029]: DEBUG neutron.api.v2.base [None req-af5e6424-4ef5-40b1-a756-f6f6c0eaddb3 admin admin] Request body: {'network': {'name': 'shared', 'admin_state_up': True, 'shared': True}} {{(pid=90029) prepare_request_body /opt/stack/neutron/neutron/api/v2/base.py:727}}
Jun 03 11:20:51.639311 np0000002048 devstack@neutron-api.service[90029]: DEBUG neutron.pecan_wsgi.hooks.quota_enforcement [None req-af5e6424-4ef5-40b1-a756-f6f6c0eaddb3 admin admin] Made reservation on behalf of 2146a78c6b744cd8bdd6643bc7d6692c for: {'network': 1} {{(pid=90029) before /opt/stack/neutron/neutron/pecan_wsgi/hooks/quota_enforcement.py:66}}
Jun 03 11:20:51.643044 np0000002048 devstack@neutron-api.service[90029]: DEBUG neutron_lib.callbacks.manager [None req-af5e6424-4ef5-40b1-a756-f6f6c0eaddb3 admin admin] Publish callbacks ['neutron.plugins.ml2.plugin.SecurityGroupDbMixin._ensure_default_security_group_handler-451994'] for network (None), before_create {{(pid=90029) _notify_loop /opt/stack/data/venv/lib/python3.12/site-packages/neutron_lib/callbacks/manager.py:184}}
Jun 03 11:20:51.671528 np0000002048 devstack@neutron-api.service[90029]: WARNING neutron.services.revisions.revision_plugin [None req-af5e6424-4ef5-40b1-a756-f6f6c0eaddb3 admin admin] Could not find related network for resource to bump revision.
Jun 03 11:20:51.700652 np0000002048 devstack@neutron-api.service[90029]: DEBUG neutron.plugins.ml2.drivers.helpers [None req-af5e6424-4ef5-40b1-a756-f6f6c0eaddb3 admin admin] geneve segment allocate from pool success with {'geneve_vni': 43188} {{(pid=90029) allocate_partially_specified_segment /opt/stack/neutron/neutron/plugins/ml2/drivers/helpers.py:142}}
Jun 03 11:20:51.708789 np0000002048 devstack@neutron-api.service[90029]: DEBUG neutron_lib.callbacks.manager [None req-af5e6424-4ef5-40b1-a756-f6f6c0eaddb3 admin admin] Publish callbacks ['neutron.plugins.ml2.plugin.Ml2Plugin._handle_segment_change-188426'] for segment (c06e646e-21f1-41f7-8073-652b58b987c7), precommit_create {{(pid=90029) _notify_loop /opt/stack/data/venv/lib/python3.12/site-packages/neutron_lib/callbacks/manager.py:184}}
Jun 03 11:20:51.708789 np0000002048 devstack@neutron-api.service[90029]: INFO neutron.db.segments_db [None req-af5e6424-4ef5-40b1-a756-f6f6c0eaddb3 admin admin] Added segment c06e646e-21f1-41f7-8073-652b58b987c7 of type geneve for network fd1b8ded-9361-4178-b591-f4470882abb8
Jun 03 11:20:51.723574 np0000002048 devstack@neutron-api.service[90029]: DEBUG neutron_lib.callbacks.manager [None req-af5e6424-4ef5-40b1-a756-f6f6c0eaddb3 admin admin] Publish callbacks ['neutron.services.auto_allocate.db._ensure_external_network_default_value_callback-7947704012974'] for network (fd1b8ded-9361-4178-b591-f4470882abb8), precommit_create {{(pid=90029) _notify_loop /opt/stack/data/venv/lib/python3.12/site-packages/neutron_lib/callbacks/manager.py:184}}
Jun 03 11:20:51.733021 np0000002048 devstack@neutron-api.service[90029]: DEBUG neutron.plugins.ml2.drivers.ovn.mech_driver.mech_driver [None req-af5e6424-4ef5-40b1-a756-f6f6c0eaddb3 admin admin] Validating network segment with type geneve, segmentation ID 43188, physical network None {{(pid=90029) _validate_network_segments /opt/stack/neutron/neutron/plugins/ml2/drivers/ovn/mech_driver/mech_driver.py:643}}
Jun 03 11:20:51.733128 np0000002048 devstack@neutron-api.service[90029]: DEBUG neutron.db.ovn_revision_numbers_db [None req-af5e6424-4ef5-40b1-a756-f6f6c0eaddb3 admin admin] create_initial_revision uuid=fd1b8ded-9361-4178-b591-f4470882abb8, type=networks, rev=-1 {{(pid=90029) create_initial_revision /opt/stack/neutron/neutron/db/ovn_revision_numbers_db.py:98}}
Jun 03 11:20:51.741039 np0000002048 devstack@neutron-api.service[90029]: DEBUG neutron_lib.callbacks.manager [None req-af5e6424-4ef5-40b1-a756-f6f6c0eaddb3 admin admin] Publish callbacks ['neutron.plugins.ml2.ovo_rpc._ObjectChangeHandler.handle_event-1186666'] for network (fd1b8ded-9361-4178-b591-f4470882abb8), after_create {{(pid=90029) _notify_loop /opt/stack/data/venv/lib/python3.12/site-packages/neutron_lib/callbacks/manager.py:184}}
Jun 03 11:20:51.753980 np0000002048 devstack@neutron-api.service[90029]: DEBUG neutron.api.rpc.handlers.resources_rpc [None req-af5e6424-4ef5-40b1-a756-f6f6c0eaddb3 admin admin] Pushing event updated for resources: {'Network': ['ID=fd1b8ded-9361-4178-b591-f4470882abb8,revision_number=1']} {{(pid=90029) push /opt/stack/neutron/neutron/api/rpc/handlers/resources_rpc.py:237}}
Jun 03 11:20:51.757873 np0000002048 devstack@neutron-api.service[90029]: DEBUG ovsdbapp.backend.ovs_idl.transaction [None req-03c59e82-4955-4460-8b1c-06db429ddc85 None None] Running txn n=1 command(idx=0): CheckLivenessCommand(_result=None) {{(pid=90029) do_commit /opt/stack/data/venv/lib/python3.12/site-packages/ovsdbapp/backend/ovs_idl/transaction.py:89}}
Jun 03 11:20:51.763081 np0000002048 devstack@neutron-api.service[90029]: DEBUG neutron.plugins.ml2.drivers.ovn.mech_driver.ovsdb.ovsdb_monitor [None req-e3f5d7c4-b079-4779-99d7-e8b283d074b4 None None] ChassisAgentWriteEvent : Matched Chassis_Private, update, None None {{(pid=90029) matches /opt/stack/neutron/neutron/plugins/ml2/drivers/ovn/mech_driver/ovsdb/ovsdb_monitor.py:64}}
Jun 03 11:20:51.763258 np0000002048 devstack@neutron-api.service[90027]: DEBUG neutron.plugins.ml2.drivers.ovn.mech_driver.ovsdb.ovsdb_monitor [None req-4fea31a4-0049-491c-b367-d010f768e192 None None] ChassisAgentWriteEvent : Matched Chassis_Private, update, None None {{(pid=90027) matches /opt/stack/neutron/neutron/plugins/ml2/drivers/ovn/mech_driver/ovsdb/ovsdb_monitor.py:64}}
Jun 03 11:20:51.763596 np0000002048 devstack@neutron-api.service[90028]: DEBUG neutron.plugins.ml2.drivers.ovn.mech_driver.ovsdb.ovsdb_monitor [None req-294a35f1-e38f-414d-8b30-c2e381dc9f09 None None] ChassisAgentWriteEvent : Matched Chassis_Private, update, None None {{(pid=90028) matches /opt/stack/neutron/neutron/plugins/ml2/drivers/ovn/mech_driver/ovsdb/ovsdb_monitor.py:64}}
Jun 03 11:20:51.767753 np0000002048 devstack@neutron-api.service[90029]: DEBUG neutron.common.ovn.hash_ring_manager [None req-03c59e82-4955-4460-8b1c-06db429ddc85 None None] Hash Ring loaded. 3 active nodes. 0 offline nodes {{(pid=90029) _load_hash_ring /opt/stack/neutron/neutron/common/ovn/hash_ring_manager.py:102}}
Jun 03 11:20:51.771826 np0000002048 devstack@neutron-api.service[90027]: DEBUG neutron.common.ovn.hash_ring_manager [None req-4fea31a4-0049-491c-b367-d010f768e192 None None] Hash Ring loaded. 3 active nodes. 0 offline nodes {{(pid=90027) _load_hash_ring /opt/stack/neutron/neutron/common/ovn/hash_ring_manager.py:102}}
Jun 03 11:20:51.772390 np0000002048 devstack@neutron-api.service[90028]: DEBUG neutron.common.ovn.hash_ring_manager [None req-64f14ab0-6736-4a9f-8f64-66e9bf5100c4 None None] Hash Ring loaded. 3 active nodes. 0 offline nodes {{(pid=90028) _load_hash_ring /opt/stack/neutron/neutron/common/ovn/hash_ring_manager.py:102}}
Jun 03 11:20:51.772662 np0000002048 devstack@neutron-api.service[90028]: DEBUG neutron.plugins.ml2.drivers.ovn.mech_driver.ovsdb.ovsdb_monitor [None req-64f14ab0-6736-4a9f-8f64-66e9bf5100c4 None None] Hash Ring: Node 8e24d894dc7651c0b6bb6f826380ad15 (host: np0000002048) handling event "update" for row 285de276-b366-4079-8c33-606803f00a98 (table: NB_Global) {{(pid=90028) notify /opt/stack/neutron/neutron/plugins/ml2/drivers/ovn/mech_driver/ovsdb/ovsdb_monitor.py:1015}}
Jun 03 11:20:51.772770 np0000002048 devstack@neutron-api.service[90027]: DEBUG neutron.common.ovn.hash_ring_manager [None req-2e29b20c-271a-4667-b1f9-a5e98f171c7d None None] Hash Ring loaded. 3 active nodes. 0 offline nodes {{(pid=90027) _load_hash_ring /opt/stack/neutron/neutron/common/ovn/hash_ring_manager.py:102}}
Jun 03 11:20:51.773401 np0000002048 devstack@neutron-api.service[90028]: DEBUG neutron.plugins.ml2.drivers.ovn.mech_driver.ovsdb.ovsdb_monitor [None req-64f14ab0-6736-4a9f-8f64-66e9bf5100c4 None None] Hash Ring: Node 8e24d894dc7651c0b6bb6f826380ad15 (host: np0000002048) handling event "update" for row 285de276-b366-4079-8c33-606803f00a98 (table: NB_Global) {{(pid=90028) notify /opt/stack/neutron/neutron/plugins/ml2/drivers/ovn/mech_driver/ovsdb/ovsdb_monitor.py:1015}}
Jun 03 11:20:51.773955 np0000002048 devstack@neutron-api.service[90028]: DEBUG neutron.plugins.ml2.drivers.ovn.mech_driver.ovsdb.ovsdb_monitor [None req-64f14ab0-6736-4a9f-8f64-66e9bf5100c4 None None] Hash Ring: Node 8e24d894dc7651c0b6bb6f826380ad15 (host: np0000002048) handling event "update" for row 285de276-b366-4079-8c33-606803f00a98 (table: NB_Global) {{(pid=90028) notify /opt/stack/neutron/neutron/plugins/ml2/drivers/ovn/mech_driver/ovsdb/ovsdb_monitor.py:1015}}
Jun 03 11:20:51.774224 np0000002048 devstack@neutron-api.service[90028]: DEBUG neutron.common.ovn.hash_ring_manager [None req-294a35f1-e38f-414d-8b30-c2e381dc9f09 None None] Hash Ring loaded. 3 active nodes. 0 offline nodes {{(pid=90028) _load_hash_ring /opt/stack/neutron/neutron/common/ovn/hash_ring_manager.py:102}}
Jun 03 11:20:51.774618 np0000002048 devstack@neutron-api.service[90028]: DEBUG neutron.plugins.ml2.drivers.ovn.mech_driver.ovsdb.ovsdb_monitor [None req-294a35f1-e38f-414d-8b30-c2e381dc9f09 None None] Hash Ring: Node 8e24d894dc7651c0b6bb6f826380ad15 (host: np0000002048) handling event "update" for row 9609c483-36b2-4f0a-84ef-2054aa86df04 (table: Chassis_Private) {{(pid=90028) notify /opt/stack/neutron/neutron/plugins/ml2/drivers/ovn/mech_driver/ovsdb/ovsdb_monitor.py:1015}}
Jun 03 11:20:51.774900 np0000002048 devstack@neutron-api.service[90028]: DEBUG neutron.plugins.ml2.drivers.ovn.mech_driver.ovsdb.ovsdb_monitor [None req-64f14ab0-6736-4a9f-8f64-66e9bf5100c4 None None] Hash Ring: Node 8e24d894dc7651c0b6bb6f826380ad15 (host: np0000002048) handling event "update" for row 285de276-b366-4079-8c33-606803f00a98 (table: NB_Global) {{(pid=90028) notify /opt/stack/neutron/neutron/plugins/ml2/drivers/ovn/mech_driver/ovsdb/ovsdb_monitor.py:1015}}
Jun 03 11:20:51.780310 np0000002048 devstack@neutron-api.service[90029]: DEBUG neutron.common.ovn.hash_ring_manager [None req-e3f5d7c4-b079-4779-99d7-e8b283d074b4 None None] Hash Ring loaded. 3 active nodes. 0 offline nodes {{(pid=90029) _load_hash_ring /opt/stack/neutron/neutron/common/ovn/hash_ring_manager.py:102}}
Jun 03 11:20:51.781362 np0000002048 devstack@neutron-api.service[90029]: DEBUG ovsdbapp.backend.ovs_idl.transaction [None req-03c59e82-4955-4460-8b1c-06db429ddc85 None None] Running txn n=1 command(idx=0): AddNetworkCommand(_result=None, network_uuid=fd1b8ded-9361-4178-b591-f4470882abb8, may_exist=True, columns={'external_ids': {'neutron:network_name': 'shared', 'neutron:mtu': '1372', 'neutron:revision_number': '1', 'neutron:availability_zone_hints': '', 'neutron:provnet-network-type': 'geneve'}, 'other_config': {'mcast_snoop': 'false', 'mcast_flood_unregistered': 'false', 'vlan-passthru': 'false'}}) {{(pid=90029) do_commit /opt/stack/data/venv/lib/python3.12/site-packages/ovsdbapp/backend/ovs_idl/transaction.py:89}}
Jun 03 11:20:51.783324 np0000002048 devstack@neutron-api.service[90027]: DEBUG neutron.plugins.ml2.drivers.ovn.mech_driver.ovsdb.ovsdb_monitor [None req-2e29b20c-271a-4667-b1f9-a5e98f171c7d None None] Hash Ring: Node 3d5133c5a7e159c8ad184828659df98a (host: np0000002048) handling event "create" for row fd1b8ded-9361-4178-b591-f4470882abb8 (table: Logical_Switch) {{(pid=90027) notify /opt/stack/neutron/neutron/plugins/ml2/drivers/ovn/mech_driver/ovsdb/ovsdb_monitor.py:1015}}
Jun 03 11:20:51.786834 np0000002048 devstack@neutron-api.service[90027]: DEBUG neutron.plugins.ml2.drivers.ovn.mech_driver.ovsdb.ovsdb_monitor [None req-4fea31a4-0049-491c-b367-d010f768e192 None None] Hash Ring: Node 3d5133c5a7e159c8ad184828659df98a (host: np0000002048) handling event "create" for row 2ff709c1-0f2b-4dbf-ab44-c810bd5c998f (table: Datapath_Binding) {{(pid=90027) notify /opt/stack/neutron/neutron/plugins/ml2/drivers/ovn/mech_driver/ovsdb/ovsdb_monitor.py:1015}}
Jun 03 11:20:51.802723 np0000002048 devstack@neutron-api.service[90029]: INFO neutron.db.ovn_revision_numbers_db [None req-af5e6424-4ef5-40b1-a756-f6f6c0eaddb3 admin admin] Successfully bumped revision number for resource fd1b8ded-9361-4178-b591-f4470882abb8 (type: networks) to 1
Jun 03 11:20:51.813268 np0000002048 devstack@neutron-api.service[90029]: DEBUG neutron_lib.callbacks.manager [None req-af5e6424-4ef5-40b1-a756-f6f6c0eaddb3 admin admin] Publish callbacks ['neutron.plugins.ml2.plugin.SecurityGroupDbMixin._ensure_default_security_group_handler-451994'] for port (None), before_create {{(pid=90029) _notify_loop /opt/stack/data/venv/lib/python3.12/site-packages/neutron_lib/callbacks/manager.py:184}}
Jun 03 11:20:51.871122 np0000002048 devstack@neutron-api.service[90029]: DEBUG neutron_lib.callbacks.manager [None req-af5e6424-4ef5-40b1-a756-f6f6c0eaddb3 admin admin] Publish callbacks ['neutron.plugins.ml2.drivers.ovn.mech_driver.mech_driver.OVNMechanismDriver._validate_allowed_address_pairs-850570'] for allowed_address_pair (cfe2bac3-8652-4b73-a6b2-6f9e54161e86), before_create {{(pid=90029) _notify_loop /opt/stack/data/venv/lib/python3.12/site-packages/neutron_lib/callbacks/manager.py:184}}
Jun 03 11:20:51.871749 np0000002048 devstack@neutron-api.service[90029]: DEBUG neutron_lib.callbacks.manager [None req-af5e6424-4ef5-40b1-a756-f6f6c0eaddb3 admin admin] Publish callbacks [] for port (cfe2bac3-8652-4b73-a6b2-6f9e54161e86), precommit_create {{(pid=90029) _notify_loop /opt/stack/data/venv/lib/python3.12/site-packages/neutron_lib/callbacks/manager.py:184}}
Jun 03 11:20:51.871916 np0000002048 devstack@neutron-api.service[90029]: DEBUG neutron.plugins.ml2.drivers.ovn.mech_driver.mech_driver [None req-af5e6424-4ef5-40b1-a756-f6f6c0eaddb3 admin admin] No provisioning block for port cfe2bac3-8652-4b73-a6b2-6f9e54161e86 since it does not have a host {{(pid=90029) _is_port_provisioning_required /opt/stack/neutron/neutron/plugins/ml2/drivers/ovn/mech_driver/mech_driver.py:896}}
Jun 03 11:20:51.872066 np0000002048 devstack@neutron-api.service[90029]: DEBUG neutron.db.ovn_revision_numbers_db [None req-af5e6424-4ef5-40b1-a756-f6f6c0eaddb3 admin admin] create_initial_revision uuid=cfe2bac3-8652-4b73-a6b2-6f9e54161e86, type=ports, rev=-1 {{(pid=90029) create_initial_revision /opt/stack/neutron/neutron/db/ovn_revision_numbers_db.py:98}}
Jun 03 11:20:51.901340 np0000002048 devstack@neutron-api.service[90029]: DEBUG neutron_lib.callbacks.manager [None req-af5e6424-4ef5-40b1-a756-f6f6c0eaddb3 admin admin] Publish callbacks ['neutron.plugins.ml2.ovo_rpc._ObjectChangeHandler.handle_event-510808'] for port (cfe2bac3-8652-4b73-a6b2-6f9e54161e86), after_create {{(pid=90029) _notify_loop /opt/stack/data/venv/lib/python3.12/site-packages/neutron_lib/callbacks/manager.py:184}}
Jun 03 11:20:51.931098 np0000002048 devstack@neutron-api.service[90029]: DEBUG neutron.api.rpc.handlers.resources_rpc [None req-af5e6424-4ef5-40b1-a756-f6f6c0eaddb3 admin admin] Pushing event updated for resources: {'Port': ['ID=cfe2bac3-8652-4b73-a6b2-6f9e54161e86,revision_number=1']} {{(pid=90029) push /opt/stack/neutron/neutron/api/rpc/handlers/resources_rpc.py:237}}
Jun 03 11:20:51.936513 np0000002048 devstack@neutron-api.service[90029]: DEBUG ovsdbapp.backend.ovs_idl.transaction [None req-03c59e82-4955-4460-8b1c-06db429ddc85 None None] Running txn n=1 command(idx=0): AddLSwitchPortCommand(_result=None, lport=cfe2bac3-8652-4b73-a6b2-6f9e54161e86, lswitch=neutron-fd1b8ded-9361-4178-b591-f4470882abb8, may_exist=True, network_uuid=fd1b8ded-9361-4178-b591-f4470882abb8, columns={'addresses': ['fa:16:3e:b3:f4:76'], 'external_ids': {'neutron:port_name': '', 'neutron:device_id': 'ovnmeta-fd1b8ded-9361-4178-b591-f4470882abb8', 'neutron:project_id': '2146a78c6b744cd8bdd6643bc7d6692c', 'neutron:cidrs': '', 'neutron:device_owner': 'network:distributed', 'neutron:subnet_pool_addr_scope4': '', 'neutron:subnet_pool_addr_scope6': '', 'neutron:network_name': 'neutron-fd1b8ded-9361-4178-b591-f4470882abb8', 'neutron:security_group_ids': '', 'neutron:revision_number': '1', 'neutron:vnic_type': 'normal', 'neutron:port_capabilities': '', 'neutron:mtu': '1372'}, 'parent_name': [], 'tag': [], 'enabled': True, 'options': {}, 'type': 'localport', 'port_security': [], 'dhcpv4_options': [], 'dhcpv6_options': []}) {{(pid=90029) do_commit /opt/stack/data/venv/lib/python3.12/site-packages/ovsdbapp/backend/ovs_idl/transaction.py:89}}
Jun 03 11:20:51.936900 np0000002048 devstack@neutron-api.service[90029]: DEBUG ovsdbapp.backend.ovs_idl.transaction [None req-03c59e82-4955-4460-8b1c-06db429ddc85 None None] Running txn n=1 command(idx=1): QoSDelCommand(_result=None, switch=neutron-fd1b8ded-9361-4178-b591-f4470882abb8, conditions=[('direction', '=', 'to-lport'), ('priority', '=', 2002), ('match', '=', 'outport == "cfe2bac3-8652-4b73-a6b2-6f9e54161e86"')], if_exists=True) {{(pid=90029) do_commit /opt/stack/data/venv/lib/python3.12/site-packages/ovsdbapp/backend/ovs_idl/transaction.py:89}}
Jun 03 11:20:51.937069 np0000002048 devstack@neutron-api.service[90029]: DEBUG ovsdbapp.backend.ovs_idl.transaction [None req-03c59e82-4955-4460-8b1c-06db429ddc85 None None] Running txn n=1 command(idx=2): QoSDelCommand(_result=None, switch=neutron-fd1b8ded-9361-4178-b591-f4470882abb8, conditions=[('direction', '=', 'from-lport'), ('priority', '=', 2002), ('match', '=', 'inport == "cfe2bac3-8652-4b73-a6b2-6f9e54161e86"')], if_exists=True) {{(pid=90029) do_commit /opt/stack/data/venv/lib/python3.12/site-packages/ovsdbapp/backend/ovs_idl/transaction.py:89}}
Jun 03 11:20:51.939238 np0000002048 devstack@neutron-api.service[90029]: DEBUG neutron.plugins.ml2.drivers.ovn.mech_driver.ovsdb.ovsdb_monitor [None req-03c59e82-4955-4460-8b1c-06db429ddc85 None None] Hash Ring: Node 66ce3f6cbd0451a8b9ee6a6a9d0661c4 (host: np0000002048) handling event "create" for row d8b21439-4dac-4559-a9b7-3ba77969acd4 (table: Logical_Switch_Port) {{(pid=90029) notify /opt/stack/neutron/neutron/plugins/ml2/drivers/ovn/mech_driver/ovsdb/ovsdb_monitor.py:1015}}
Jun 03 11:20:51.940100 np0000002048 devstack@neutron-api.service[90029]: DEBUG ovsdbapp.backend.ovs_idl.event [None req-03c59e82-4955-4460-8b1c-06db429ddc85 None None] Matched CREATE: LogicalSwitchPortCreateEvent(events=('create',), table='Logical_Switch_Port', conditions=[], old_conditions=None), priority=20 to row=Logical_Switch_Port(uuid=d8b21439-4dac-4559-a9b7-3ba77969acd4, addresses=['fa:16:3e:b3:f4:76'], dhcpv4_options=[], dhcpv6_options=[], dynamic_addresses=[], enabled=True, external_ids={'neutron:cidrs': '', 'neutron:device_id': 'ovnmeta-fd1b8ded-9361-4178-b591-f4470882abb8', 'neutron:device_owner': 'network:distributed', 'neutron:mtu': '1372', 'neutron:network_name': 'neutron-fd1b8ded-9361-4178-b591-f4470882abb8', 'neutron:port_capabilities': '', 'neutron:port_name': '', 'neutron:project_id': '2146a78c6b744cd8bdd6643bc7d6692c', 'neutron:revision_number': '1', 'neutron:security_group_ids': '', 'neutron:subnet_pool_addr_scope4': '', 'neutron:subnet_pool_addr_scope6': '', 'neutron:vnic_type': 'normal'}, ha_chassis_group=[], mirror_rules=[], name='cfe2bac3-8652-4b73-a6b2-6f9e54161e86', options={}, parent_name=[], port_security=[], tag=[], tag_request=[], type='localport', up=[]) old= {{(pid=90029) matches /opt/stack/data/venv/lib/python3.12/site-packages/ovsdbapp/backend/ovs_idl/event.py:55}}
Jun 03 11:20:51.940305 np0000002048 devstack@neutron-api.service[90027]: DEBUG neutron.plugins.ml2.drivers.ovn.mech_driver.ovsdb.ovsdb_monitor [None req-2e29b20c-271a-4667-b1f9-a5e98f171c7d None None] Hash Ring: Node 3d5133c5a7e159c8ad184828659df98a (host: np0000002048) handling event "update" for row fd1b8ded-9361-4178-b591-f4470882abb8 (table: Logical_Switch) {{(pid=90027) notify /opt/stack/neutron/neutron/plugins/ml2/drivers/ovn/mech_driver/ovsdb/ovsdb_monitor.py:1015}}
Jun 03 11:20:51.940992 np0000002048 devstack@neutron-api.service[90029]: DEBUG neutron.plugins.ml2.drivers.ovn.mech_driver.ovsdb.ovsdb_monitor [None req-03c59e82-4955-4460-8b1c-06db429ddc85 None None] Hash Ring: Node 66ce3f6cbd0451a8b9ee6a6a9d0661c4 (host: np0000002048) handling event "update" for row d8b21439-4dac-4559-a9b7-3ba77969acd4 (table: Logical_Switch_Port) {{(pid=90029) notify /opt/stack/neutron/neutron/plugins/ml2/drivers/ovn/mech_driver/ovsdb/ovsdb_monitor.py:1015}}
Jun 03 11:20:51.942676 np0000002048 devstack@neutron-api.service[90029]: INFO neutron.plugins.ml2.drivers.ovn.mech_driver.mech_driver [-] OVN reports status down for port: cfe2bac3-8652-4b73-a6b2-6f9e54161e86
Jun 03 11:20:51.943319 np0000002048 devstack@neutron-api.service[90028]: DEBUG neutron.plugins.ml2.drivers.ovn.mech_driver.ovsdb.ovsdb_monitor [None req-294a35f1-e38f-414d-8b30-c2e381dc9f09 None None] Hash Ring: Node 8e24d894dc7651c0b6bb6f826380ad15 (host: np0000002048) handling event "create" for row ed7e52a3-d348-4afa-b0c1-867a6fbf91ad (table: Port_Binding) {{(pid=90028) notify /opt/stack/neutron/neutron/plugins/ml2/drivers/ovn/mech_driver/ovsdb/ovsdb_monitor.py:1015}}
Jun 03 11:20:52.004654 np0000002048 devstack@neutron-api.service[90029]: INFO neutron.db.ovn_revision_numbers_db [None req-af5e6424-4ef5-40b1-a756-f6f6c0eaddb3 admin admin] Successfully bumped revision number for resource cfe2bac3-8652-4b73-a6b2-6f9e54161e86 (type: ports) to 1
Jun 03 11:20:52.005859 np0000002048 devstack@neutron-api.service[90029]: DEBUG neutron.db.provisioning_blocks [None req-0b2e8970-f41b-42bb-8ba4-97de301af56f None None] Transition to ACTIVE for port object cfe2bac3-8652-4b73-a6b2-6f9e54161e86 will not be triggered until provisioned by entity L2. {{(pid=90029) add_provisioning_component /opt/stack/neutron/neutron/db/provisioning_blocks.py:74}}
Jun 03 11:20:52.014694 np0000002048 devstack@neutron-api.service[90029]: DEBUG neutron.pecan_wsgi.hooks.policy_enforcement [None req-af5e6424-4ef5-40b1-a756-f6f6c0eaddb3 admin admin] Attributes excluded by policy engine: ['standard_attr_id'] {{(pid=90029) _exclude_attributes_by_policy /opt/stack/neutron/neutron/pecan_wsgi/hooks/policy_enforcement.py:256}}
Jun 03 11:20:52.015005 np0000002048 devstack@neutron-api.service[90029]: DEBUG neutron_lib.callbacks.manager [None req-af5e6424-4ef5-40b1-a756-f6f6c0eaddb3 admin admin] Publish callbacks [] for network (None), before_response {{(pid=90029) _notify_loop /opt/stack/data/venv/lib/python3.12/site-packages/neutron_lib/callbacks/manager.py:184}}
Jun 03 11:20:52.049066 np0000002048 devstack@neutron-api.service[90029]: [pid: 90029|app: 0|req: 12/37] 10.4.3.195 () {68 vars in 1326 bytes} [Wed Jun 3 11:20:51 2026] POST /networking/v2.0/networks => generated 679 bytes in 426 msecs (HTTP/1.1 201) 4 headers in 162 bytes (1 switches on core 0)
Jun 03 11:20:52.053075 np0000002048 devstack@neutron-api.service[90029]: DEBUG neutron.plugins.ml2.plugin [None req-0b2e8970-f41b-42bb-8ba4-97de301af56f None None] Current status of the port cfe2bac3-8652-4b73-a6b2-6f9e54161e86 is: DOWN; New status is: DOWN {{(pid=90029) _update_individual_port_db_status /opt/stack/neutron/neutron/plugins/ml2/plugin.py:2469}}
Jun 03 11:20:52.054155 np0000002048 devstack@neutron-api.service[90029]: DEBUG ovsdbapp.backend.ovs_idl.transaction [None req-03c59e82-4955-4460-8b1c-06db429ddc85 None None] Running txn n=1 command(idx=0): DbRemoveCommand(_result=None, table=Logical_Switch_Port, record=cfe2bac3-8652-4b73-a6b2-6f9e54161e86, column=external_ids, values=('neutron:host_id',), keyvalues={}, if_exists=True) {{(pid=90029) do_commit /opt/stack/data/venv/lib/python3.12/site-packages/ovsdbapp/backend/ovs_idl/transaction.py:89}}
Jun 03 11:20:52.229471 np0000002048 devstack@neutron-api.service[90028]: INFO neutron.pecan_wsgi.hooks.translation [None req-989c2f3b-1524-42bb-9309-3f1cf31706ca admin admin] GET failed (client error): The resource could not be found.
Jun 03 11:20:52.230098 np0000002048 devstack@neutron-api.service[90028]: [pid: 90028|app: 0|req: 14/38] 10.4.3.195 () {64 vars in 1294 bytes} [Wed Jun 3 11:20:52 2026] GET /networking/v2.0/networks/shared => generated 108 bytes in 7 msecs (HTTP/1.1 404) 4 headers in 164 bytes (1 switches on core 0)
Jun 03 11:20:52.255689 np0000002048 devstack@neutron-api.service[90027]: DEBUG neutron.pecan_wsgi.hooks.policy_enforcement [None req-70080cd3-bf3c-45d6-9188-2ffc051228bb admin admin] Attributes excluded by policy engine: ['standard_attr_id'] {{(pid=90027) _exclude_attributes_by_policy /opt/stack/neutron/neutron/pecan_wsgi/hooks/policy_enforcement.py:256}}
Jun 03 11:20:52.256264 np0000002048 devstack@neutron-api.service[90027]: [pid: 90027|app: 0|req: 13/39] 10.4.3.195 () {64 vars in 1309 bytes} [Wed Jun 3 11:20:52 2026] GET /networking/v2.0/networks?name=shared => generated 663 bytes in 20 msecs (HTTP/1.1 200) 4 headers in 157 bytes (1 switches on core 0)
Jun 03 11:20:52.267329 np0000002048 devstack@neutron-api.service[90029]: DEBUG neutron.api.v2.base [None req-f16ed122-afe8-4104-8b78-6047d339db19 admin admin] Request body: {'subnet': {'ip_version': 4, 'network_id': 'fd1b8ded-9361-4178-b591-f4470882abb8', 'name': 'shared-subnet', 'description': 'shared-subnet', 'cidr': '192.168.233.0/24'}} {{(pid=90029) prepare_request_body /opt/stack/neutron/neutron/api/v2/base.py:727}}
Jun 03 11:20:52.280109 np0000002048 devstack@neutron-api.service[90029]: DEBUG neutron.pecan_wsgi.hooks.quota_enforcement [None req-f16ed122-afe8-4104-8b78-6047d339db19 admin admin] Made reservation on behalf of 2146a78c6b744cd8bdd6643bc7d6692c for: {'subnet': 1} {{(pid=90029) before /opt/stack/neutron/neutron/pecan_wsgi/hooks/quota_enforcement.py:66}}
Jun 03 11:20:52.282184 np0000002048 devstack@neutron-api.service[90029]: DEBUG neutron_lib.callbacks.manager [None req-f16ed122-afe8-4104-8b78-6047d339db19 admin admin] Publish callbacks [] for subnet (None), before_create {{(pid=90029) _notify_loop /opt/stack/data/venv/lib/python3.12/site-packages/neutron_lib/callbacks/manager.py:184}}
Jun 03 11:20:52.331365 np0000002048 devstack@neutron-api.service[90029]: DEBUG neutron.db.ovn_revision_numbers_db [None req-f16ed122-afe8-4104-8b78-6047d339db19 admin admin] create_initial_revision uuid=c09f82ea-8b3a-4088-b8d1-649b6f46b477, type=subnets, rev=-1 {{(pid=90029) create_initial_revision /opt/stack/neutron/neutron/db/ovn_revision_numbers_db.py:98}}
Jun 03 11:20:52.337226 np0000002048 devstack@neutron-api.service[90029]: DEBUG neutron_lib.callbacks.manager [None req-f16ed122-afe8-4104-8b78-6047d339db19 admin admin] Publish callbacks ['neutron.plugins.ml2.ovo_rpc._ObjectChangeHandler.handle_event-1186597'] for subnet (c09f82ea-8b3a-4088-b8d1-649b6f46b477), after_create {{(pid=90029) _notify_loop /opt/stack/data/venv/lib/python3.12/site-packages/neutron_lib/callbacks/manager.py:184}}
Jun 03 11:20:52.347644 np0000002048 devstack@neutron-api.service[90029]: DEBUG neutron.api.rpc.handlers.resources_rpc [None req-f16ed122-afe8-4104-8b78-6047d339db19 admin admin] Pushing event updated for resources: {'Subnet': ['ID=c09f82ea-8b3a-4088-b8d1-649b6f46b477,revision_number=0']} {{(pid=90029) push /opt/stack/neutron/neutron/api/rpc/handlers/resources_rpc.py:237}}
