Jul 15 08:21:32.090497 np0000005183 nova-scheduler[96480]: DEBUG cotyledon.oslo_config_glue [-] workarounds.disable_group_policy_check_upcall = False {{(pid=96480) log_opt_values /opt/stack/data/venv/lib/python3.12/site-packages/oslo_config/cfg.py:3253}}
Jul 15 08:21:32.090497 np0000005183 nova-scheduler[96480]: DEBUG cotyledon.oslo_config_glue [-] workarounds.disable_libvirt_livesnapshot = False {{(pid=96480) log_opt_values /opt/stack/data/venv/lib/python3.12/site-packages/oslo_config/cfg.py:3253}}
Jul 15 08:21:32.090497 np0000005183 nova-scheduler[96480]: DEBUG cotyledon.oslo_config_glue [-] workarounds.disable_rootwrap = False {{(pid=96480) log_opt_values /opt/stack/data/venv/lib/python3.12/site-packages/oslo_config/cfg.py:3253}}
Jul 15 08:21:32.090674 np0000005183 nova-scheduler[96480]: DEBUG cotyledon.oslo_config_glue [-] workarounds.enable_numa_live_migration = False {{(pid=96480) log_opt_values /opt/stack/data/venv/lib/python3.12/site-packages/oslo_config/cfg.py:3253}}
Jul 15 08:21:32.090674 np0000005183 nova-scheduler[96480]: DEBUG cotyledon.oslo_config_glue [-] workarounds.enable_qemu_monitor_announce_self = False {{(pid=96480) log_opt_values /opt/stack/data/venv/lib/python3.12/site-packages/oslo_config/cfg.py:3253}}
Jul 15 08:21:32.090674 np0000005183 nova-scheduler[96480]: DEBUG cotyledon.oslo_config_glue [-] workarounds.ensure_libvirt_rbd_instance_dir_cleanup = False {{(pid=96480) log_opt_values /opt/stack/data/venv/lib/python3.12/site-packages/oslo_config/cfg.py:3253}}
Jul 15 08:21:32.090674 np0000005183 nova-scheduler[96480]: DEBUG cotyledon.oslo_config_glue [-] workarounds.handle_virt_lifecycle_events = True {{(pid=96480) log_opt_values /opt/stack/data/venv/lib/python3.12/site-packages/oslo_config/cfg.py:3253}}
Jul 15 08:21:32.090674 np0000005183 nova-scheduler[96480]: DEBUG cotyledon.oslo_config_glue [-] workarounds.libvirt_disable_apic = False {{(pid=96480) log_opt_values /opt/stack/data/venv/lib/python3.12/site-packages/oslo_config/cfg.py:3253}}
Jul 15 08:21:32.090674 np0000005183 nova-scheduler[96480]: DEBUG cotyledon.oslo_config_glue [-] workarounds.never_download_image_if_on_rbd = False {{(pid=96480) log_opt_values /opt/stack/data/venv/lib/python3.12/site-packages/oslo_config/cfg.py:3253}}
Jul 15 08:21:32.090674 np0000005183 nova-scheduler[96480]: DEBUG cotyledon.oslo_config_glue [-] workarounds.qemu_monitor_announce_self_count = 3 {{(pid=96480) log_opt_values /opt/stack/data/venv/lib/python3.12/site-packages/oslo_config/cfg.py:3253}}
Jul 15 08:21:32.090674 np0000005183 nova-scheduler[96480]: DEBUG cotyledon.oslo_config_glue [-] workarounds.qemu_monitor_announce_self_interval = 1 {{(pid=96480) log_opt_values /opt/stack/data/venv/lib/python3.12/site-packages/oslo_config/cfg.py:3253}}
Jul 15 08:21:32.090674 np0000005183 nova-scheduler[96480]: DEBUG cotyledon.oslo_config_glue [-] workarounds.reserve_disk_resource_for_image_cache = False {{(pid=96480) log_opt_values /opt/stack/data/venv/lib/python3.12/site-packages/oslo_config/cfg.py:3253}}
Jul 15 08:21:32.090901 np0000005183 nova-scheduler[96480]: DEBUG cotyledon.oslo_config_glue [-] workarounds.skip_cpu_compare_at_startup = False {{(pid=96480) log_opt_values /opt/stack/data/venv/lib/python3.12/site-packages/oslo_config/cfg.py:3253}}
Jul 15 08:21:32.090901 np0000005183 nova-scheduler[96480]: DEBUG cotyledon.oslo_config_glue [-] workarounds.skip_cpu_compare_on_dest = False {{(pid=96480) log_opt_values /opt/stack/data/venv/lib/python3.12/site-packages/oslo_config/cfg.py:3253}}
Jul 15 08:21:32.090901 np0000005183 nova-scheduler[96480]: DEBUG cotyledon.oslo_config_glue [-] workarounds.skip_hypervisor_version_check_on_lm = False {{(pid=96480) log_opt_values /opt/stack/data/venv/lib/python3.12/site-packages/oslo_config/cfg.py:3253}}
Jul 15 08:21:32.090901 np0000005183 nova-scheduler[96480]: DEBUG cotyledon.oslo_config_glue [-] workarounds.skip_reserve_in_use_ironic_nodes = False {{(pid=96480) log_opt_values /opt/stack/data/venv/lib/python3.12/site-packages/oslo_config/cfg.py:3253}}
Jul 15 08:21:32.090901 np0000005183 nova-scheduler[96480]: DEBUG cotyledon.oslo_config_glue [-] workarounds.unified_limits_count_pcpu_as_vcpu = False {{(pid=96480) log_opt_values /opt/stack/data/venv/lib/python3.12/site-packages/oslo_config/cfg.py:3253}}
Jul 15 08:21:32.090901 np0000005183 nova-scheduler[96480]: DEBUG cotyledon.oslo_config_glue [-] workarounds.wait_for_vif_plugged_event_during_hard_reboot = [] {{(pid=96480) log_opt_values /opt/stack/data/venv/lib/python3.12/site-packages/oslo_config/cfg.py:3253}}
Jul 15 08:21:32.090901 np0000005183 nova-scheduler[96480]: DEBUG cotyledon.oslo_config_glue [-] wsgi.api_paste_config = /etc/nova/api-paste.ini {{(pid=96480) log_opt_values /opt/stack/data/venv/lib/python3.12/site-packages/oslo_config/cfg.py:3253}}
Jul 15 08:21:32.090901 np0000005183 nova-scheduler[96480]: DEBUG cotyledon.oslo_config_glue [-] wsgi.secure_proxy_ssl_header = None {{(pid=96480) log_opt_values /opt/stack/data/venv/lib/python3.12/site-packages/oslo_config/cfg.py:3253}}
Jul 15 08:21:32.090901 np0000005183 nova-scheduler[96480]: DEBUG cotyledon.oslo_config_glue [-] zvm.ca_file = None {{(pid=96480) log_opt_values /opt/stack/data/venv/lib/python3.12/site-packages/oslo_config/cfg.py:3253}}
Jul 15 08:21:32.091105 np0000005183 nova-scheduler[96480]: DEBUG cotyledon.oslo_config_glue [-] zvm.cloud_connector_url = None {{(pid=96480) log_opt_values /opt/stack/data/venv/lib/python3.12/site-packages/oslo_config/cfg.py:3253}}
Jul 15 08:21:32.091105 np0000005183 nova-scheduler[96480]: DEBUG cotyledon.oslo_config_glue [-] zvm.image_tmp_path = /opt/stack/data/nova/images {{(pid=96480) log_opt_values /opt/stack/data/venv/lib/python3.12/site-packages/oslo_config/cfg.py:3253}}
Jul 15 08:21:32.091105 np0000005183 nova-scheduler[96480]: DEBUG cotyledon.oslo_config_glue [-] zvm.reachable_timeout = 300 {{(pid=96480) log_opt_values /opt/stack/data/venv/lib/python3.12/site-packages/oslo_config/cfg.py:3253}}
Jul 15 08:21:32.091105 np0000005183 nova-scheduler[96480]: DEBUG cotyledon.oslo_config_glue [-] oslo_versionedobjects.fatal_exception_format_errors = False {{(pid=96480) log_opt_values /opt/stack/data/venv/lib/python3.12/site-packages/oslo_config/cfg.py:3253}}
Jul 15 08:21:32.091105 np0000005183 nova-scheduler[96480]: DEBUG cotyledon.oslo_config_glue [-] oslo_middleware.http_basic_auth_user_file = /etc/htpasswd {{(pid=96480) log_opt_values /opt/stack/data/venv/lib/python3.12/site-packages/oslo_config/cfg.py:3253}}
Jul 15 08:21:32.091105 np0000005183 nova-scheduler[96480]: DEBUG cotyledon.oslo_config_glue [-] oslo_messaging_metrics.metrics_buffer_size = 1000 {{(pid=96480) log_opt_values /opt/stack/data/venv/lib/python3.12/site-packages/oslo_config/cfg.py:3253}}
Jul 15 08:21:32.091105 np0000005183 nova-scheduler[96480]: DEBUG cotyledon.oslo_config_glue [-] oslo_messaging_metrics.metrics_enabled = False {{(pid=96480) log_opt_values /opt/stack/data/venv/lib/python3.12/site-packages/oslo_config/cfg.py:3253}}
Jul 15 08:21:32.091105 np0000005183 nova-scheduler[96480]: DEBUG cotyledon.oslo_config_glue [-] oslo_messaging_metrics.metrics_process_name = {{(pid=96480) log_opt_values /opt/stack/data/venv/lib/python3.12/site-packages/oslo_config/cfg.py:3253}}
Jul 15 08:21:32.091278 np0000005183 nova-scheduler[96480]: DEBUG cotyledon.oslo_config_glue [-] oslo_messaging_metrics.metrics_socket_file = /var/tmp/metrics_collector.sock {{(pid=96480) log_opt_values /opt/stack/data/venv/lib/python3.12/site-packages/oslo_config/cfg.py:3253}}
Jul 15 08:21:32.091278 np0000005183 nova-scheduler[96480]: DEBUG cotyledon.oslo_config_glue [-] oslo_messaging_metrics.metrics_thread_stop_timeout = 10 {{(pid=96480) log_opt_values /opt/stack/data/venv/lib/python3.12/site-packages/oslo_config/cfg.py:3253}}
Jul 15 08:21:32.091278 np0000005183 nova-scheduler[96480]: DEBUG cotyledon.oslo_config_glue [-] profiler.connection_string = messaging:// {{(pid=96480) log_opt_values /opt/stack/data/venv/lib/python3.12/site-packages/oslo_config/cfg.py:3253}}
Jul 15 08:21:32.091278 np0000005183 nova-scheduler[96480]: DEBUG cotyledon.oslo_config_glue [-] profiler.enabled = False {{(pid=96480) log_opt_values /opt/stack/data/venv/lib/python3.12/site-packages/oslo_config/cfg.py:3253}}
Jul 15 08:21:32.091278 np0000005183 nova-scheduler[96480]: DEBUG cotyledon.oslo_config_glue [-] profiler.es_doc_type = notification {{(pid=96480) log_opt_values /opt/stack/data/venv/lib/python3.12/site-packages/oslo_config/cfg.py:3253}}
Jul 15 08:21:32.091278 np0000005183 nova-scheduler[96480]: DEBUG cotyledon.oslo_config_glue [-] profiler.es_scroll_size = 10000 {{(pid=96480) log_opt_values /opt/stack/data/venv/lib/python3.12/site-packages/oslo_config/cfg.py:3253}}
Jul 15 08:21:32.091278 np0000005183 nova-scheduler[96480]: DEBUG cotyledon.oslo_config_glue [-] profiler.es_scroll_time = 2m {{(pid=96480) log_opt_values /opt/stack/data/venv/lib/python3.12/site-packages/oslo_config/cfg.py:3253}}
Jul 15 08:21:32.091278 np0000005183 nova-scheduler[96480]: DEBUG cotyledon.oslo_config_glue [-] profiler.filter_error_trace = False {{(pid=96480) log_opt_values /opt/stack/data/venv/lib/python3.12/site-packages/oslo_config/cfg.py:3253}}
Jul 15 08:21:32.091278 np0000005183 nova-scheduler[96480]: DEBUG cotyledon.oslo_config_glue [-] profiler.hmac_keys = **** {{(pid=96480) log_opt_values /opt/stack/data/venv/lib/python3.12/site-packages/oslo_config/cfg.py:3253}}
Jul 15 08:21:32.091475 np0000005183 nova-scheduler[96480]: DEBUG cotyledon.oslo_config_glue [-] profiler.sentinel_service_name = mymaster {{(pid=96480) log_opt_values /opt/stack/data/venv/lib/python3.12/site-packages/oslo_config/cfg.py:3253}}
Jul 15 08:21:32.091475 np0000005183 nova-scheduler[96480]: DEBUG cotyledon.oslo_config_glue [-] profiler.socket_timeout = 0.1 {{(pid=96480) log_opt_values /opt/stack/data/venv/lib/python3.12/site-packages/oslo_config/cfg.py:3253}}
Jul 15 08:21:32.091475 np0000005183 nova-scheduler[96480]: DEBUG cotyledon.oslo_config_glue [-] profiler.trace_requests = False {{(pid=96480) log_opt_values /opt/stack/data/venv/lib/python3.12/site-packages/oslo_config/cfg.py:3253}}
Jul 15 08:21:32.091475 np0000005183 nova-scheduler[96480]: DEBUG cotyledon.oslo_config_glue [-] profiler.trace_sqlalchemy = False {{(pid=96480) log_opt_values /opt/stack/data/venv/lib/python3.12/site-packages/oslo_config/cfg.py:3253}}
Jul 15 08:21:32.091475 np0000005183 nova-scheduler[96480]: DEBUG cotyledon.oslo_config_glue [-] profiler_jaeger.process_tags = {} {{(pid=96480) log_opt_values /opt/stack/data/venv/lib/python3.12/site-packages/oslo_config/cfg.py:3253}}
Jul 15 08:21:32.091475 np0000005183 nova-scheduler[96480]: DEBUG cotyledon.oslo_config_glue [-] profiler_jaeger.service_name_prefix = None {{(pid=96480) log_opt_values /opt/stack/data/venv/lib/python3.12/site-packages/oslo_config/cfg.py:3253}}
Jul 15 08:21:32.091475 np0000005183 nova-scheduler[96480]: DEBUG cotyledon.oslo_config_glue [-] profiler_otlp.service_name_prefix = None {{(pid=96480) log_opt_values /opt/stack/data/venv/lib/python3.12/site-packages/oslo_config/cfg.py:3253}}
Jul 15 08:21:32.091475 np0000005183 nova-scheduler[96480]: DEBUG cotyledon.oslo_config_glue [-] oslo_messaging_rabbit.amqp_auto_delete = False {{(pid=96480) log_opt_values /opt/stack/data/venv/lib/python3.12/site-packages/oslo_config/cfg.py:3253}}
Jul 15 08:21:32.091475 np0000005183 nova-scheduler[96480]: DEBUG cotyledon.oslo_config_glue [-] oslo_messaging_rabbit.amqp_durable_queues = False {{(pid=96480) log_opt_values /opt/stack/data/venv/lib/python3.12/site-packages/oslo_config/cfg.py:3253}}
Jul 15 08:21:32.091659 np0000005183 nova-scheduler[96480]: DEBUG cotyledon.oslo_config_glue [-] oslo_messaging_rabbit.conn_pool_min_size = 2 {{(pid=96480) log_opt_values /opt/stack/data/venv/lib/python3.12/site-packages/oslo_config/cfg.py:3253}}
Jul 15 08:21:32.091659 np0000005183 nova-scheduler[96480]: DEBUG cotyledon.oslo_config_glue [-] oslo_messaging_rabbit.conn_pool_ttl = 1200 {{(pid=96480) log_opt_values /opt/stack/data/venv/lib/python3.12/site-packages/oslo_config/cfg.py:3253}}
Jul 15 08:21:32.091659 np0000005183 nova-scheduler[96480]: DEBUG cotyledon.oslo_config_glue [-] oslo_messaging_rabbit.direct_mandatory_flag = True {{(pid=96480) log_opt_values /opt/stack/data/venv/lib/python3.12/site-packages/oslo_config/cfg.py:3253}}
Jul 15 08:21:32.091659 np0000005183 nova-scheduler[96480]: DEBUG cotyledon.oslo_config_glue [-] oslo_messaging_rabbit.enable_cancel_on_failover = False {{(pid=96480) log_opt_values /opt/stack/data/venv/lib/python3.12/site-packages/oslo_config/cfg.py:3253}}
Jul 15 08:21:32.091659 np0000005183 nova-scheduler[96480]: DEBUG cotyledon.oslo_config_glue [-] oslo_messaging_rabbit.heartbeat_rate = 3 {{(pid=96480) log_opt_values /opt/stack/data/venv/lib/python3.12/site-packages/oslo_config/cfg.py:3253}}
Jul 15 08:21:32.091659 np0000005183 nova-scheduler[96480]: DEBUG cotyledon.oslo_config_glue [-] oslo_messaging_rabbit.heartbeat_timeout_threshold = 60 {{(pid=96480) log_opt_values /opt/stack/data/venv/lib/python3.12/site-packages/oslo_config/cfg.py:3253}}
Jul 15 08:21:32.091659 np0000005183 nova-scheduler[96480]: DEBUG cotyledon.oslo_config_glue [-] oslo_messaging_rabbit.hostname = np0000005183 {{(pid=96480) log_opt_values /opt/stack/data/venv/lib/python3.12/site-packages/oslo_config/cfg.py:3253}}
Jul 15 08:21:32.091659 np0000005183 nova-scheduler[96480]: DEBUG cotyledon.oslo_config_glue [-] oslo_messaging_rabbit.kombu_compression = None {{(pid=96480) log_opt_values /opt/stack/data/venv/lib/python3.12/site-packages/oslo_config/cfg.py:3253}}
Jul 15 08:21:32.091659 np0000005183 nova-scheduler[96480]: DEBUG cotyledon.oslo_config_glue [-] oslo_messaging_rabbit.kombu_failover_strategy = round-robin {{(pid=96480) log_opt_values /opt/stack/data/venv/lib/python3.12/site-packages/oslo_config/cfg.py:3253}}
Jul 15 08:21:32.091849 np0000005183 nova-scheduler[96480]: DEBUG cotyledon.oslo_config_glue [-] oslo_messaging_rabbit.kombu_missing_consumer_retry_timeout = 60 {{(pid=96480) log_opt_values /opt/stack/data/venv/lib/python3.12/site-packages/oslo_config/cfg.py:3253}}
Jul 15 08:21:32.091849 np0000005183 nova-scheduler[96480]: DEBUG cotyledon.oslo_config_glue [-] oslo_messaging_rabbit.kombu_reconnect_delay = 1.0 {{(pid=96480) log_opt_values /opt/stack/data/venv/lib/python3.12/site-packages/oslo_config/cfg.py:3253}}
Jul 15 08:21:32.091849 np0000005183 nova-scheduler[96480]: DEBUG cotyledon.oslo_config_glue [-] oslo_messaging_rabbit.kombu_reconnect_splay = 0.0 {{(pid=96480) log_opt_values /opt/stack/data/venv/lib/python3.12/site-packages/oslo_config/cfg.py:3253}}
Jul 15 08:21:32.091849 np0000005183 nova-scheduler[96480]: DEBUG cotyledon.oslo_config_glue [-] oslo_messaging_rabbit.processname = nova-scheduler {{(pid=96480) log_opt_values /opt/stack/data/venv/lib/python3.12/site-packages/oslo_config/cfg.py:3253}}
Jul 15 08:21:32.091849 np0000005183 nova-scheduler[96480]: DEBUG cotyledon.oslo_config_glue [-] oslo_messaging_rabbit.rabbit_ha_queues = False {{(pid=96480) log_opt_values /opt/stack/data/venv/lib/python3.12/site-packages/oslo_config/cfg.py:3253}}
Jul 15 08:21:32.091849 np0000005183 nova-scheduler[96480]: DEBUG cotyledon.oslo_config_glue [-] oslo_messaging_rabbit.rabbit_interval_max = 30 {{(pid=96480) log_opt_values /opt/stack/data/venv/lib/python3.12/site-packages/oslo_config/cfg.py:3253}}
Jul 15 08:21:32.091849 np0000005183 nova-scheduler[96480]: DEBUG cotyledon.oslo_config_glue [-] oslo_messaging_rabbit.rabbit_login_method = AMQPLAIN {{(pid=96480) log_opt_values /opt/stack/data/venv/lib/python3.12/site-packages/oslo_config/cfg.py:3253}}
Jul 15 08:21:32.091849 np0000005183 nova-scheduler[96480]: DEBUG cotyledon.oslo_config_glue [-] oslo_messaging_rabbit.rabbit_qos_prefetch_count = 0 {{(pid=96480) log_opt_values /opt/stack/data/venv/lib/python3.12/site-packages/oslo_config/cfg.py:3253}}
Jul 15 08:21:32.091849 np0000005183 nova-scheduler[96480]: DEBUG cotyledon.oslo_config_glue [-] oslo_messaging_rabbit.rabbit_quorum_delivery_limit = 0 {{(pid=96480) log_opt_values /opt/stack/data/venv/lib/python3.12/site-packages/oslo_config/cfg.py:3253}}
Jul 15 08:21:32.092039 np0000005183 nova-scheduler[96480]: DEBUG cotyledon.oslo_config_glue [-] oslo_messaging_rabbit.rabbit_quorum_max_memory_bytes = 0 {{(pid=96480) log_opt_values /opt/stack/data/venv/lib/python3.12/site-packages/oslo_config/cfg.py:3253}}
Jul 15 08:21:32.092039 np0000005183 nova-scheduler[96480]: DEBUG cotyledon.oslo_config_glue [-] oslo_messaging_rabbit.rabbit_quorum_max_memory_length = 0 {{(pid=96480) log_opt_values /opt/stack/data/venv/lib/python3.12/site-packages/oslo_config/cfg.py:3253}}
Jul 15 08:21:32.092039 np0000005183 nova-scheduler[96480]: DEBUG cotyledon.oslo_config_glue [-] oslo_messaging_rabbit.rabbit_quorum_queue = False {{(pid=96480) log_opt_values /opt/stack/data/venv/lib/python3.12/site-packages/oslo_config/cfg.py:3253}}
Jul 15 08:21:32.092039 np0000005183 nova-scheduler[96480]: DEBUG cotyledon.oslo_config_glue [-] oslo_messaging_rabbit.rabbit_retry_backoff = 2 {{(pid=96480) log_opt_values /opt/stack/data/venv/lib/python3.12/site-packages/oslo_config/cfg.py:3253}}
Jul 15 08:21:32.092039 np0000005183 nova-scheduler[96480]: DEBUG cotyledon.oslo_config_glue [-] oslo_messaging_rabbit.rabbit_retry_interval = 1 {{(pid=96480) log_opt_values /opt/stack/data/venv/lib/python3.12/site-packages/oslo_config/cfg.py:3253}}
Jul 15 08:21:32.092039 np0000005183 nova-scheduler[96480]: DEBUG cotyledon.oslo_config_glue [-] oslo_messaging_rabbit.rabbit_stream_fanout = False {{(pid=96480) log_opt_values /opt/stack/data/venv/lib/python3.12/site-packages/oslo_config/cfg.py:3253}}
Jul 15 08:21:32.092039 np0000005183 nova-scheduler[96480]: DEBUG cotyledon.oslo_config_glue [-] oslo_messaging_rabbit.rabbit_transient_queues_ttl = 1800 {{(pid=96480) log_opt_values /opt/stack/data/venv/lib/python3.12/site-packages/oslo_config/cfg.py:3253}}
Jul 15 08:21:32.092039 np0000005183 nova-scheduler[96480]: DEBUG cotyledon.oslo_config_glue [-] oslo_messaging_rabbit.rabbit_transient_quorum_queue = False {{(pid=96480) log_opt_values /opt/stack/data/venv/lib/python3.12/site-packages/oslo_config/cfg.py:3253}}
Jul 15 08:21:32.092232 np0000005183 nova-scheduler[96480]: DEBUG cotyledon.oslo_config_glue [-] oslo_messaging_rabbit.rpc_conn_pool_size = 30 {{(pid=96480) log_opt_values /opt/stack/data/venv/lib/python3.12/site-packages/oslo_config/cfg.py:3253}}
Jul 15 08:21:32.092232 np0000005183 nova-scheduler[96480]: DEBUG cotyledon.oslo_config_glue [-] oslo_messaging_rabbit.ssl = False {{(pid=96480) log_opt_values /opt/stack/data/venv/lib/python3.12/site-packages/oslo_config/cfg.py:3253}}
Jul 15 08:21:32.092232 np0000005183 nova-scheduler[96480]: DEBUG cotyledon.oslo_config_glue [-] oslo_messaging_rabbit.ssl_ca_file = {{(pid=96480) log_opt_values /opt/stack/data/venv/lib/python3.12/site-packages/oslo_config/cfg.py:3253}}
Jul 15 08:21:32.092232 np0000005183 nova-scheduler[96480]: DEBUG cotyledon.oslo_config_glue [-] oslo_messaging_rabbit.ssl_cert_file = {{(pid=96480) log_opt_values /opt/stack/data/venv/lib/python3.12/site-packages/oslo_config/cfg.py:3253}}
Jul 15 08:21:32.092232 np0000005183 nova-scheduler[96480]: DEBUG cotyledon.oslo_config_glue [-] oslo_messaging_rabbit.ssl_enforce_fips_mode = False {{(pid=96480) log_opt_values /opt/stack/data/venv/lib/python3.12/site-packages/oslo_config/cfg.py:3253}}
Jul 15 08:21:32.092232 np0000005183 nova-scheduler[96480]: DEBUG cotyledon.oslo_config_glue [-] oslo_messaging_rabbit.ssl_enforce_hostname_verification = True {{(pid=96480) log_opt_values /opt/stack/data/venv/lib/python3.12/site-packages/oslo_config/cfg.py:3253}}
Jul 15 08:21:32.092232 np0000005183 nova-scheduler[96480]: DEBUG cotyledon.oslo_config_glue [-] oslo_messaging_rabbit.ssl_key_file = {{(pid=96480) log_opt_values /opt/stack/data/venv/lib/python3.12/site-packages/oslo_config/cfg.py:3253}}
Jul 15 08:21:32.092232 np0000005183 nova-scheduler[96480]: DEBUG cotyledon.oslo_config_glue [-] oslo_messaging_rabbit.ssl_version = {{(pid=96480) log_opt_values /opt/stack/data/venv/lib/python3.12/site-packages/oslo_config/cfg.py:3253}}
Jul 15 08:21:32.092232 np0000005183 nova-scheduler[96480]: DEBUG cotyledon.oslo_config_glue [-] oslo_messaging_rabbit.use_queue_manager = False {{(pid=96480) log_opt_values /opt/stack/data/venv/lib/python3.12/site-packages/oslo_config/cfg.py:3253}}
Jul 15 08:21:32.092735 np0000005183 nova-scheduler[96480]: DEBUG cotyledon.oslo_config_glue [-] oslo_messaging_notifications.driver = ['messagingv2'] {{(pid=96480) log_opt_values /opt/stack/data/venv/lib/python3.12/site-packages/oslo_config/cfg.py:3253}}
Jul 15 08:21:32.092767 np0000005183 nova-scheduler[96474]: DEBUG oslo_db.sqlalchemy.engines [None req-0fa4e3c7-789d-4f59-b0f8-05bc9dc54e3c None None] MySQL server mode set to STRICT_TRANS_TABLES,STRICT_ALL_TABLES,NO_ZERO_IN_DATE,NO_ZERO_DATE,ERROR_FOR_DIVISION_BY_ZERO,TRADITIONAL,NO_ENGINE_SUBSTITUTION {{(pid=96474) _check_effective_sql_mode /opt/stack/data/venv/lib/python3.12/site-packages/oslo_db/sqlalchemy/engines.py:325}}
Jul 15 08:21:32.092803 np0000005183 nova-scheduler[96480]: DEBUG cotyledon.oslo_config_glue [-] oslo_messaging_notifications.retry = -1 {{(pid=96480) log_opt_values /opt/stack/data/venv/lib/python3.12/site-packages/oslo_config/cfg.py:3253}}
Jul 15 08:21:32.092803 np0000005183 nova-scheduler[96480]: DEBUG cotyledon.oslo_config_glue [-] oslo_messaging_notifications.topics = ['notifications'] {{(pid=96480) log_opt_values /opt/stack/data/venv/lib/python3.12/site-packages/oslo_config/cfg.py:3253}}
Jul 15 08:21:32.092803 np0000005183 nova-scheduler[96480]: DEBUG cotyledon.oslo_config_glue [-] oslo_messaging_notifications.transport_url = **** {{(pid=96480) log_opt_values /opt/stack/data/venv/lib/python3.12/site-packages/oslo_config/cfg.py:3253}}
Jul 15 08:21:32.092803 np0000005183 nova-scheduler[96480]: DEBUG cotyledon.oslo_config_glue [-] oslo_limit.auth_section = None {{(pid=96480) log_opt_values /opt/stack/data/venv/lib/python3.12/site-packages/oslo_config/cfg.py:3253}}
Jul 15 08:21:32.092803 np0000005183 nova-scheduler[96480]: DEBUG cotyledon.oslo_config_glue [-] oslo_limit.auth_type = None {{(pid=96480) log_opt_values /opt/stack/data/venv/lib/python3.12/site-packages/oslo_config/cfg.py:3253}}
Jul 15 08:21:32.092803 np0000005183 nova-scheduler[96480]: DEBUG cotyledon.oslo_config_glue [-] oslo_limit.cafile = None {{(pid=96480) log_opt_values /opt/stack/data/venv/lib/python3.12/site-packages/oslo_config/cfg.py:3253}}
Jul 15 08:21:32.092803 np0000005183 nova-scheduler[96480]: DEBUG cotyledon.oslo_config_glue [-] oslo_limit.certfile = None {{(pid=96480) log_opt_values /opt/stack/data/venv/lib/python3.12/site-packages/oslo_config/cfg.py:3253}}
Jul 15 08:21:32.092803 np0000005183 nova-scheduler[96480]: DEBUG cotyledon.oslo_config_glue [-] oslo_limit.collect_timing = False {{(pid=96480) log_opt_values /opt/stack/data/venv/lib/python3.12/site-packages/oslo_config/cfg.py:3253}}
Jul 15 08:21:32.092803 np0000005183 nova-scheduler[96480]: DEBUG cotyledon.oslo_config_glue [-] oslo_limit.connect_retries = None {{(pid=96480) log_opt_values /opt/stack/data/venv/lib/python3.12/site-packages/oslo_config/cfg.py:3253}}
Jul 15 08:21:32.093038 np0000005183 nova-scheduler[96480]: DEBUG cotyledon.oslo_config_glue [-] oslo_limit.connect_retry_delay = None {{(pid=96480) log_opt_values /opt/stack/data/venv/lib/python3.12/site-packages/oslo_config/cfg.py:3253}}
Jul 15 08:21:32.093038 np0000005183 nova-scheduler[96480]: DEBUG cotyledon.oslo_config_glue [-] oslo_limit.endpoint_id = None {{(pid=96480) log_opt_values /opt/stack/data/venv/lib/python3.12/site-packages/oslo_config/cfg.py:3253}}
Jul 15 08:21:32.093038 np0000005183 nova-scheduler[96480]: DEBUG cotyledon.oslo_config_glue [-] oslo_limit.endpoint_interface = public {{(pid=96480) log_opt_values /opt/stack/data/venv/lib/python3.12/site-packages/oslo_config/cfg.py:3253}}
Jul 15 08:21:32.093038 np0000005183 nova-scheduler[96480]: DEBUG cotyledon.oslo_config_glue [-] oslo_limit.endpoint_override = None {{(pid=96480) log_opt_values /opt/stack/data/venv/lib/python3.12/site-packages/oslo_config/cfg.py:3253}}
Jul 15 08:21:32.093038 np0000005183 nova-scheduler[96480]: DEBUG cotyledon.oslo_config_glue [-] oslo_limit.endpoint_region_name = None {{(pid=96480) log_opt_values /opt/stack/data/venv/lib/python3.12/site-packages/oslo_config/cfg.py:3253}}
Jul 15 08:21:32.093038 np0000005183 nova-scheduler[96480]: DEBUG cotyledon.oslo_config_glue [-] oslo_limit.endpoint_service_name = None {{(pid=96480) log_opt_values /opt/stack/data/venv/lib/python3.12/site-packages/oslo_config/cfg.py:3253}}
Jul 15 08:21:32.093038 np0000005183 nova-scheduler[96480]: DEBUG cotyledon.oslo_config_glue [-] oslo_limit.endpoint_service_type = None {{(pid=96480) log_opt_values /opt/stack/data/venv/lib/python3.12/site-packages/oslo_config/cfg.py:3253}}
Jul 15 08:21:32.093038 np0000005183 nova-scheduler[96480]: DEBUG cotyledon.oslo_config_glue [-] oslo_limit.insecure = False {{(pid=96480) log_opt_values /opt/stack/data/venv/lib/python3.12/site-packages/oslo_config/cfg.py:3253}}
Jul 15 08:21:32.093038 np0000005183 nova-scheduler[96480]: DEBUG cotyledon.oslo_config_glue [-] oslo_limit.keyfile = None {{(pid=96480) log_opt_values /opt/stack/data/venv/lib/python3.12/site-packages/oslo_config/cfg.py:3253}}
Jul 15 08:21:32.093240 np0000005183 nova-scheduler[96480]: DEBUG cotyledon.oslo_config_glue [-] oslo_limit.max_version = None {{(pid=96480) log_opt_values /opt/stack/data/venv/lib/python3.12/site-packages/oslo_config/cfg.py:3253}}
Jul 15 08:21:32.093240 np0000005183 nova-scheduler[96480]: DEBUG cotyledon.oslo_config_glue [-] oslo_limit.min_version = None {{(pid=96480) log_opt_values /opt/stack/data/venv/lib/python3.12/site-packages/oslo_config/cfg.py:3253}}
Jul 15 08:21:32.093240 np0000005183 nova-scheduler[96480]: DEBUG cotyledon.oslo_config_glue [-] oslo_limit.region_name = None {{(pid=96480) log_opt_values /opt/stack/data/venv/lib/python3.12/site-packages/oslo_config/cfg.py:3253}}
Jul 15 08:21:32.093240 np0000005183 nova-scheduler[96480]: DEBUG cotyledon.oslo_config_glue [-] oslo_limit.retriable_status_codes = None {{(pid=96480) log_opt_values /opt/stack/data/venv/lib/python3.12/site-packages/oslo_config/cfg.py:3253}}
Jul 15 08:21:32.093240 np0000005183 nova-scheduler[96480]: DEBUG cotyledon.oslo_config_glue [-] oslo_limit.service_name = None {{(pid=96480) log_opt_values /opt/stack/data/venv/lib/python3.12/site-packages/oslo_config/cfg.py:3253}}
Jul 15 08:21:32.093240 np0000005183 nova-scheduler[96480]: DEBUG cotyledon.oslo_config_glue [-] oslo_limit.service_type = None {{(pid=96480) log_opt_values /opt/stack/data/venv/lib/python3.12/site-packages/oslo_config/cfg.py:3253}}
Jul 15 08:21:32.093240 np0000005183 nova-scheduler[96480]: DEBUG cotyledon.oslo_config_glue [-] oslo_limit.split_loggers = False {{(pid=96480) log_opt_values /opt/stack/data/venv/lib/python3.12/site-packages/oslo_config/cfg.py:3253}}
Jul 15 08:21:32.093240 np0000005183 nova-scheduler[96480]: DEBUG cotyledon.oslo_config_glue [-] oslo_limit.status_code_retries = None {{(pid=96480) log_opt_values /opt/stack/data/venv/lib/python3.12/site-packages/oslo_config/cfg.py:3253}}
Jul 15 08:21:32.093240 np0000005183 nova-scheduler[96480]: DEBUG cotyledon.oslo_config_glue [-] oslo_limit.status_code_retry_delay = None {{(pid=96480) log_opt_values /opt/stack/data/venv/lib/python3.12/site-packages/oslo_config/cfg.py:3253}}
Jul 15 08:21:32.093479 np0000005183 nova-scheduler[96480]: DEBUG cotyledon.oslo_config_glue [-] oslo_limit.timeout = None {{(pid=96480) log_opt_values /opt/stack/data/venv/lib/python3.12/site-packages/oslo_config/cfg.py:3253}}
Jul 15 08:21:32.093479 np0000005183 nova-scheduler[96480]: DEBUG cotyledon.oslo_config_glue [-] oslo_limit.valid_interfaces = None {{(pid=96480) log_opt_values /opt/stack/data/venv/lib/python3.12/site-packages/oslo_config/cfg.py:3253}}
Jul 15 08:21:32.093479 np0000005183 nova-scheduler[96480]: DEBUG cotyledon.oslo_config_glue [-] oslo_limit.version = None {{(pid=96480) log_opt_values /opt/stack/data/venv/lib/python3.12/site-packages/oslo_config/cfg.py:3253}}
Jul 15 08:21:32.093479 np0000005183 nova-scheduler[96480]: DEBUG cotyledon.oslo_config_glue [-] oslo_reports.file_event_handler = None {{(pid=96480) log_opt_values /opt/stack/data/venv/lib/python3.12/site-packages/oslo_config/cfg.py:3253}}
Jul 15 08:21:32.093479 np0000005183 nova-scheduler[96480]: DEBUG cotyledon.oslo_config_glue [-] oslo_reports.file_event_handler_interval = 1 {{(pid=96480) log_opt_values /opt/stack/data/venv/lib/python3.12/site-packages/oslo_config/cfg.py:3253}}
Jul 15 08:21:32.093479 np0000005183 nova-scheduler[96480]: DEBUG cotyledon.oslo_config_glue [-] oslo_reports.log_dir = None {{(pid=96480) log_opt_values /opt/stack/data/venv/lib/python3.12/site-packages/oslo_config/cfg.py:3253}}
Jul 15 08:21:32.093479 np0000005183 nova-scheduler[96480]: DEBUG cotyledon.oslo_config_glue [-] ******************************************************************************** {{(pid=96480) log_opt_values /opt/stack/data/venv/lib/python3.12/site-packages/oslo_config/cfg.py:3260}}
Jul 15 08:21:32.093479 np0000005183 nova-scheduler[96480]: DEBUG cotyledon._service_worker [-] Run service ServiceWrapper(3) [96480] {{(pid=96480) wait_forever /opt/stack/data/venv/lib/python3.12/site-packages/cotyledon/_service_worker.py:218}}
Jul 15 08:21:32.093479 np0000005183 nova-scheduler[96480]: INFO nova.service [-] Starting scheduler node (version 33.1.0)
Jul 15 08:21:32.093479 np0000005183 nova-scheduler[96480]: INFO dbcounter [None req-5e5c1560-4733-480e-84b6-b1d5fefe82d0 None None] Registered counter for database nova_cell0
Jul 15 08:21:32.093707 np0000005183 nova-scheduler[96474]: DEBUG dbcounter [-] [96474] Writer thread running {{(pid=96474) stat_writer /opt/stack/data/venv/lib/python3.12/site-packages/dbcounter.py:102}}
Jul 15 08:21:32.093736 np0000005183 nova-scheduler[96476]: DEBUG oslo_db.sqlalchemy.engines [None req-4239cc78-5573-4ce3-b242-c245705729c3 None None] MySQL server mode set to STRICT_TRANS_TABLES,STRICT_ALL_TABLES,NO_ZERO_IN_DATE,NO_ZERO_DATE,ERROR_FOR_DIVISION_BY_ZERO,TRADITIONAL,NO_ENGINE_SUBSTITUTION {{(pid=96476) _check_effective_sql_mode /opt/stack/data/venv/lib/python3.12/site-packages/oslo_db/sqlalchemy/engines.py:325}}
Jul 15 08:21:32.093763 np0000005183 nova-scheduler[96474]: DEBUG nova.service [None req-0fa4e3c7-789d-4f59-b0f8-05bc9dc54e3c None None] Creating RPC server for service: nova-scheduler on topic: scheduler {{(pid=96474) start /opt/stack/nova/nova/service.py:196}}
Jul 15 08:21:32.093794 np0000005183 nova-scheduler[96476]: DEBUG dbcounter [-] [96476] Writer thread running {{(pid=96476) stat_writer /opt/stack/data/venv/lib/python3.12/site-packages/dbcounter.py:102}}
Jul 15 08:21:32.094614 np0000005183 nova-scheduler[96476]: DEBUG nova.service [None req-4239cc78-5573-4ce3-b242-c245705729c3 None None] Creating RPC server for service: nova-scheduler on topic: scheduler {{(pid=96476) start /opt/stack/nova/nova/service.py:196}}
Jul 15 08:21:32.097000 np0000005183 nova-scheduler[96478]: DEBUG oslo_db.sqlalchemy.engines [None req-78a4f5f1-8462-476c-b165-47effbb6fe25 None None] MySQL server mode set to STRICT_TRANS_TABLES,STRICT_ALL_TABLES,NO_ZERO_IN_DATE,NO_ZERO_DATE,ERROR_FOR_DIVISION_BY_ZERO,TRADITIONAL,NO_ENGINE_SUBSTITUTION {{(pid=96478) _check_effective_sql_mode /opt/stack/data/venv/lib/python3.12/site-packages/oslo_db/sqlalchemy/engines.py:325}}
Jul 15 08:21:32.110917 np0000005183 nova-scheduler[96478]: DEBUG dbcounter [-] [96478] Writer thread running {{(pid=96478) stat_writer /opt/stack/data/venv/lib/python3.12/site-packages/dbcounter.py:102}}
Jul 15 08:21:32.115132 np0000005183 nova-scheduler[96474]: DEBUG nova.service [None req-0fa4e3c7-789d-4f59-b0f8-05bc9dc54e3c None None] Join ServiceGroup membership for this service scheduler {{(pid=96474) start /opt/stack/nova/nova/service.py:222}}
Jul 15 08:21:32.115389 np0000005183 nova-scheduler[96478]: DEBUG nova.service [None req-78a4f5f1-8462-476c-b165-47effbb6fe25 None None] Creating RPC server for service: nova-scheduler on topic: scheduler {{(pid=96478) start /opt/stack/nova/nova/service.py:196}}
Jul 15 08:21:32.115440 np0000005183 nova-scheduler[96474]: DEBUG nova.servicegroup.drivers.db [None req-0fa4e3c7-789d-4f59-b0f8-05bc9dc54e3c None None] DB_Driver: join new ServiceGroup member np0000005183 to the scheduler group, service = {{(pid=96474) join /opt/stack/nova/nova/servicegroup/drivers/db.py:44}}
Jul 15 08:21:32.116774 np0000005183 nova-scheduler[96474]: DEBUG oslo.service.backend._threading.loopingcall [None req-826b3e27-4a85-4241-8990-96a1642c51ad None None] Dynamic interval looping call 'nova.service.Service.periodic_tasks' sleeping for 60.00 seconds {{(pid=96474) _run_loop /opt/stack/data/venv/lib/python3.12/site-packages/oslo_service/backend/_threading/loopingcall.py:125}}
Jul 15 08:21:32.116819 np0000005183 nova-scheduler[96476]: DEBUG nova.service [None req-4239cc78-5573-4ce3-b242-c245705729c3 None None] Join ServiceGroup membership for this service scheduler {{(pid=96476) start /opt/stack/nova/nova/service.py:222}}
Jul 15 08:21:32.117181 np0000005183 nova-scheduler[96476]: DEBUG nova.servicegroup.drivers.db [None req-4239cc78-5573-4ce3-b242-c245705729c3 None None] DB_Driver: join new ServiceGroup member np0000005183 to the scheduler group, service = {{(pid=96476) join /opt/stack/nova/nova/servicegroup/drivers/db.py:44}}
Jul 15 08:21:32.139960 np0000005183 nova-scheduler[96480]: DEBUG oslo_db.sqlalchemy.engines [None req-5e5c1560-4733-480e-84b6-b1d5fefe82d0 None None] MySQL server mode set to STRICT_TRANS_TABLES,STRICT_ALL_TABLES,NO_ZERO_IN_DATE,NO_ZERO_DATE,ERROR_FOR_DIVISION_BY_ZERO,TRADITIONAL,NO_ENGINE_SUBSTITUTION {{(pid=96480) _check_effective_sql_mode /opt/stack/data/venv/lib/python3.12/site-packages/oslo_db/sqlalchemy/engines.py:325}}
Jul 15 08:21:32.140431 np0000005183 nova-scheduler[96478]: DEBUG nova.service [None req-78a4f5f1-8462-476c-b165-47effbb6fe25 None None] Join ServiceGroup membership for this service scheduler {{(pid=96478) start /opt/stack/nova/nova/service.py:222}}
Jul 15 08:21:32.140632 np0000005183 nova-scheduler[96478]: DEBUG nova.servicegroup.drivers.db [None req-78a4f5f1-8462-476c-b165-47effbb6fe25 None None] DB_Driver: join new ServiceGroup member np0000005183 to the scheduler group, service = {{(pid=96478) join /opt/stack/nova/nova/servicegroup/drivers/db.py:44}}
Jul 15 08:21:32.151629 np0000005183 nova-scheduler[96480]: DEBUG dbcounter [-] [96480] Writer thread running {{(pid=96480) stat_writer /opt/stack/data/venv/lib/python3.12/site-packages/dbcounter.py:102}}
Jul 15 08:21:32.154217 np0000005183 nova-scheduler[96480]: DEBUG nova.service [None req-5e5c1560-4733-480e-84b6-b1d5fefe82d0 None None] Creating RPC server for service: nova-scheduler on topic: scheduler {{(pid=96480) start /opt/stack/nova/nova/service.py:196}}
Jul 15 08:21:32.170963 np0000005183 nova-scheduler[96480]: DEBUG nova.service [None req-5e5c1560-4733-480e-84b6-b1d5fefe82d0 None None] Join ServiceGroup membership for this service scheduler {{(pid=96480) start /opt/stack/nova/nova/service.py:222}}
Jul 15 08:21:32.171238 np0000005183 nova-scheduler[96480]: DEBUG nova.servicegroup.drivers.db [None req-5e5c1560-4733-480e-84b6-b1d5fefe82d0 None None] DB_Driver: join new ServiceGroup member np0000005183 to the scheduler group, service = {{(pid=96480) join /opt/stack/nova/nova/servicegroup/drivers/db.py:44}}
Jul 15 08:21:37.130814 np0000005183 nova-scheduler[96474]: DEBUG oslo.service.backend._threading.loopingcall [-] Fixed interval looping call 'nova.servicegroup.drivers.db.DbDriver._report_state' sleeping for 119.99 seconds {{(pid=96474) _run_loop /opt/stack/data/venv/lib/python3.12/site-packages/oslo_service/backend/_threading/loopingcall.py:125}}
Jul 15 08:21:37.131197 np0000005183 nova-scheduler[96476]: DEBUG oslo.service.backend._threading.loopingcall [-] Fixed interval looping call 'nova.servicegroup.drivers.db.DbDriver._report_state' sleeping for 119.99 seconds {{(pid=96476) _run_loop /opt/stack/data/venv/lib/python3.12/site-packages/oslo_service/backend/_threading/loopingcall.py:125}}
Jul 15 08:21:37.154417 np0000005183 nova-scheduler[96478]: DEBUG oslo.service.backend._threading.loopingcall [-] Fixed interval looping call 'nova.servicegroup.drivers.db.DbDriver._report_state' sleeping for 119.99 seconds {{(pid=96478) _run_loop /opt/stack/data/venv/lib/python3.12/site-packages/oslo_service/backend/_threading/loopingcall.py:125}}
Jul 15 08:21:37.187489 np0000005183 nova-scheduler[96480]: DEBUG oslo.service.backend._threading.loopingcall [-] Fixed interval looping call 'nova.servicegroup.drivers.db.DbDriver._report_state' sleeping for 119.99 seconds {{(pid=96480) _run_loop /opt/stack/data/venv/lib/python3.12/site-packages/oslo_service/backend/_threading/loopingcall.py:125}}
Jul 15 08:21:40.697343 np0000005183 nova-scheduler[95273]: DEBUG dbcounter [-] [95273] Writing DB stats nova_api:SELECT=3 {{(pid=95273) stat_writer /opt/stack/data/venv/lib/python3.12/site-packages/dbcounter.py:115}}
Jul 15 08:21:40.833296 np0000005183 nova-scheduler[95273]: DEBUG dbcounter [-] [95273] Writing DB stats nova_cell0:SELECT=1 {{(pid=95273) stat_writer /opt/stack/data/venv/lib/python3.12/site-packages/dbcounter.py:115}}
Jul 15 08:21:40.834669 np0000005183 nova-scheduler[95273]: DEBUG dbcounter [-] [95273] Writing DB stats nova_cell1:SELECT=1 {{(pid=95273) stat_writer /opt/stack/data/venv/lib/python3.12/site-packages/dbcounter.py:115}}
Jul 15 08:21:47.125776 np0000005183 nova-scheduler[96474]: DEBUG dbcounter [-] [96474] Writing DB stats nova_cell0:SELECT=4,nova_cell0:INSERT=1,nova_cell0:UPDATE=1 {{(pid=96474) stat_writer /opt/stack/data/venv/lib/python3.12/site-packages/dbcounter.py:115}}
Jul 15 08:21:47.129178 np0000005183 nova-scheduler[96476]: DEBUG dbcounter [-] [96476] Writing DB stats nova_cell0:SELECT=3,nova_cell0:UPDATE=1 {{(pid=96476) stat_writer /opt/stack/data/venv/lib/python3.12/site-packages/dbcounter.py:115}}
Jul 15 08:21:47.151749 np0000005183 nova-scheduler[96478]: DEBUG dbcounter [-] [96478] Writing DB stats nova_cell0:SELECT=3 {{(pid=96478) stat_writer /opt/stack/data/venv/lib/python3.12/site-packages/dbcounter.py:115}}
Jul 15 08:21:47.186674 np0000005183 nova-scheduler[96480]: DEBUG dbcounter [-] [96480] Writing DB stats nova_cell0:SELECT=3 {{(pid=96480) stat_writer /opt/stack/data/venv/lib/python3.12/site-packages/dbcounter.py:115}}
Jul 15 08:21:53.119228 np0000005183 nova-scheduler[96476]: DEBUG oslo.service.backend._threading.loopingcall [None req-6f314b33-867d-4f9d-8b20-5c24ae290a7f None None] Dynamic interval looping call 'nova.service.Service.periodic_tasks' sleeping for 60.00 seconds {{(pid=96476) _run_loop /opt/stack/data/venv/lib/python3.12/site-packages/oslo_service/backend/_threading/loopingcall.py:125}}
Jul 15 08:21:53.143479 np0000005183 nova-scheduler[96478]: DEBUG oslo.service.backend._threading.loopingcall [None req-a5dbcd73-5549-4603-9543-9d7ac1c6a874 None None] Dynamic interval looping call 'nova.service.Service.periodic_tasks' sleeping for 60.00 seconds {{(pid=96478) _run_loop /opt/stack/data/venv/lib/python3.12/site-packages/oslo_service/backend/_threading/loopingcall.py:125}}
Jul 15 08:22:07.173399 np0000005183 nova-scheduler[96480]: DEBUG oslo.service.backend._threading.loopingcall [None req-96e30749-3847-499c-98f1-919eb8c3779f None None] Dynamic interval looping call 'nova.service.Service.periodic_tasks' sleeping for 60.00 seconds {{(pid=96480) _run_loop /opt/stack/data/venv/lib/python3.12/site-packages/oslo_service/backend/_threading/loopingcall.py:125}}
Jul 15 08:22:32.117344 np0000005183 nova-scheduler[96474]: DEBUG oslo.service.backend._threading.loopingcall [None req-826b3e27-4a85-4241-8990-96a1642c51ad None None] Dynamic interval looping call 'nova.service.Service.periodic_tasks' sleeping for 60.00 seconds {{(pid=96474) _run_loop /opt/stack/data/venv/lib/python3.12/site-packages/oslo_service/backend/_threading/loopingcall.py:125}}
Jul 15 08:22:53.119597 np0000005183 nova-scheduler[96476]: DEBUG oslo.service.backend._threading.loopingcall [None req-6f314b33-867d-4f9d-8b20-5c24ae290a7f None None] Dynamic interval looping call 'nova.service.Service.periodic_tasks' sleeping for 60.00 seconds {{(pid=96476) _run_loop /opt/stack/data/venv/lib/python3.12/site-packages/oslo_service/backend/_threading/loopingcall.py:125}}
Jul 15 08:22:53.143906 np0000005183 nova-scheduler[96478]: DEBUG oslo.service.backend._threading.loopingcall [None req-a5dbcd73-5549-4603-9543-9d7ac1c6a874 None None] Dynamic interval looping call 'nova.service.Service.periodic_tasks' sleeping for 60.00 seconds {{(pid=96478) _run_loop /opt/stack/data/venv/lib/python3.12/site-packages/oslo_service/backend/_threading/loopingcall.py:125}}
Jul 15 08:23:07.173861 np0000005183 nova-scheduler[96480]: DEBUG oslo.service.backend._threading.loopingcall [None req-96e30749-3847-499c-98f1-919eb8c3779f None None] Dynamic interval looping call 'nova.service.Service.periodic_tasks' sleeping for 60.00 seconds {{(pid=96480) _run_loop /opt/stack/data/venv/lib/python3.12/site-packages/oslo_service/backend/_threading/loopingcall.py:125}}
Jul 15 08:23:32.117857 np0000005183 nova-scheduler[96474]: DEBUG oslo.service.backend._threading.loopingcall [None req-826b3e27-4a85-4241-8990-96a1642c51ad None None] Dynamic interval looping call 'nova.service.Service.periodic_tasks' sleeping for 60.00 seconds {{(pid=96474) _run_loop /opt/stack/data/venv/lib/python3.12/site-packages/oslo_service/backend/_threading/loopingcall.py:125}}
Jul 15 08:23:37.127370 np0000005183 nova-scheduler[96474]: DEBUG oslo.service.backend._threading.loopingcall [-] Fixed interval looping call 'nova.servicegroup.drivers.db.DbDriver._report_state' sleeping for 119.99 seconds {{(pid=96474) _run_loop /opt/stack/data/venv/lib/python3.12/site-packages/oslo_service/backend/_threading/loopingcall.py:125}}
Jul 15 08:23:37.128313 np0000005183 nova-scheduler[96476]: DEBUG oslo.service.backend._threading.loopingcall [-] Fixed interval looping call 'nova.servicegroup.drivers.db.DbDriver._report_state' sleeping for 119.99 seconds {{(pid=96476) _run_loop /opt/stack/data/venv/lib/python3.12/site-packages/oslo_service/backend/_threading/loopingcall.py:125}}
Jul 15 08:23:37.148258 np0000005183 nova-scheduler[96478]: DEBUG oslo.service.backend._threading.loopingcall [-] Fixed interval looping call 'nova.servicegroup.drivers.db.DbDriver._report_state' sleeping for 120.00 seconds {{(pid=96478) _run_loop /opt/stack/data/venv/lib/python3.12/site-packages/oslo_service/backend/_threading/loopingcall.py:125}}
Jul 15 08:23:37.181088 np0000005183 nova-scheduler[96480]: DEBUG oslo.service.backend._threading.loopingcall [-] Fixed interval looping call 'nova.servicegroup.drivers.db.DbDriver._report_state' sleeping for 120.00 seconds {{(pid=96480) _run_loop /opt/stack/data/venv/lib/python3.12/site-packages/oslo_service/backend/_threading/loopingcall.py:125}}
Jul 15 08:23:47.124371 np0000005183 nova-scheduler[96474]: DEBUG dbcounter [-] [96474] Writing DB stats nova_cell0:SELECT=1,nova_cell0:UPDATE=1 {{(pid=96474) stat_writer /opt/stack/data/venv/lib/python3.12/site-packages/dbcounter.py:115}}
Jul 15 08:23:47.124710 np0000005183 nova-scheduler[96476]: DEBUG dbcounter [-] [96476] Writing DB stats nova_cell0:SELECT=1,nova_cell0:UPDATE=1 {{(pid=96476) stat_writer /opt/stack/data/venv/lib/python3.12/site-packages/dbcounter.py:115}}
Jul 15 08:23:47.147160 np0000005183 nova-scheduler[96478]: DEBUG dbcounter [-] [96478] Writing DB stats nova_cell0:SELECT=1 {{(pid=96478) stat_writer /opt/stack/data/venv/lib/python3.12/site-packages/dbcounter.py:115}}
Jul 15 08:23:47.179223 np0000005183 nova-scheduler[96480]: DEBUG dbcounter [-] [96480] Writing DB stats nova_cell0:SELECT=1 {{(pid=96480) stat_writer /opt/stack/data/venv/lib/python3.12/site-packages/dbcounter.py:115}}
Jul 15 08:23:53.120267 np0000005183 nova-scheduler[96476]: DEBUG oslo.service.backend._threading.loopingcall [None req-6f314b33-867d-4f9d-8b20-5c24ae290a7f None None] Dynamic interval looping call 'nova.service.Service.periodic_tasks' sleeping for 60.00 seconds {{(pid=96476) _run_loop /opt/stack/data/venv/lib/python3.12/site-packages/oslo_service/backend/_threading/loopingcall.py:125}}
Jul 15 08:23:53.144634 np0000005183 nova-scheduler[96478]: DEBUG oslo.service.backend._threading.loopingcall [None req-a5dbcd73-5549-4603-9543-9d7ac1c6a874 None None] Dynamic interval looping call 'nova.service.Service.periodic_tasks' sleeping for 60.00 seconds {{(pid=96478) _run_loop /opt/stack/data/venv/lib/python3.12/site-packages/oslo_service/backend/_threading/loopingcall.py:125}}
Jul 15 08:23:53.790049 np0000005183 nova-scheduler[96474]: DEBUG nova.scheduler.manager [None req-a63866e7-d93c-4601-b948-dd00298ce139 tempest-ServerActionsTestOtherA-1894734981 tempest-ServerActionsTestOtherA-1894734981-project-member] Starting to schedule for instances: ['3b6bba64-4c72-4ce5-bde7-16e0d416dfcf'] {{(pid=96474) select_destinations /opt/stack/nova/nova/scheduler/manager.py:209}}
Jul 15 08:23:53.791076 np0000005183 nova-scheduler[96474]: DEBUG nova.scheduler.request_filter [None req-a63866e7-d93c-4601-b948-dd00298ce139 tempest-ServerActionsTestOtherA-1894734981 tempest-ServerActionsTestOtherA-1894734981-project-member] compute_status_filter request filter added forbidden trait COMPUTE_STATUS_DISABLED {{(pid=96474) compute_status_filter /opt/stack/nova/nova/scheduler/request_filter.py:253}}
Jul 15 08:23:53.791437 np0000005183 nova-scheduler[96474]: DEBUG nova.scheduler.request_filter [None req-a63866e7-d93c-4601-b948-dd00298ce139 tempest-ServerActionsTestOtherA-1894734981 tempest-ServerActionsTestOtherA-1894734981-project-member] Request filter 'compute_status_filter' took 0.0 seconds {{(pid=96474) wrapper /opt/stack/nova/nova/scheduler/request_filter.py:46}}
Jul 15 08:23:53.791724 np0000005183 nova-scheduler[96474]: DEBUG nova.scheduler.request_filter [None req-a63866e7-d93c-4601-b948-dd00298ce139 tempest-ServerActionsTestOtherA-1894734981 tempest-ServerActionsTestOtherA-1894734981-project-member] Request filter 'accelerators_filter' took 0.0 seconds {{(pid=96474) wrapper /opt/stack/nova/nova/scheduler/request_filter.py:46}}
Jul 15 08:23:53.792002 np0000005183 nova-scheduler[96474]: DEBUG nova.scheduler.request_filter [None req-a63866e7-d93c-4601-b948-dd00298ce139 tempest-ServerActionsTestOtherA-1894734981 tempest-ServerActionsTestOtherA-1894734981-project-member] Request filter 'packed_virtqueue_filter' took 0.0 seconds {{(pid=96474) wrapper /opt/stack/nova/nova/scheduler/request_filter.py:46}}
Jul 15 08:23:53.792358 np0000005183 nova-scheduler[96474]: DEBUG nova.scheduler.request_filter [None req-a63866e7-d93c-4601-b948-dd00298ce139 tempest-ServerActionsTestOtherA-1894734981 tempest-ServerActionsTestOtherA-1894734981-project-member] Request filter 'remote_managed_ports_filter' took 0.0 seconds {{(pid=96474) wrapper /opt/stack/nova/nova/scheduler/request_filter.py:46}}
Jul 15 08:23:53.792635 np0000005183 nova-scheduler[96474]: DEBUG nova.scheduler.request_filter [None req-a63866e7-d93c-4601-b948-dd00298ce139 tempest-ServerActionsTestOtherA-1894734981 tempest-ServerActionsTestOtherA-1894734981-project-member] ephemeral_encryption_filter skipped {{(pid=96474) ephemeral_encryption_filter /opt/stack/nova/nova/scheduler/request_filter.py:426}}
Jul 15 08:23:53.792845 np0000005183 nova-scheduler[96474]: DEBUG nova.scheduler.request_filter [None req-a63866e7-d93c-4601-b948-dd00298ce139 tempest-ServerActionsTestOtherA-1894734981 tempest-ServerActionsTestOtherA-1894734981-project-member] virtio_sound_filter skipped {{(pid=96474) virtio_sound_filter /opt/stack/nova/nova/scheduler/request_filter.py:460}}
Jul 15 08:23:53.793047 np0000005183 nova-scheduler[96474]: DEBUG nova.scheduler.request_filter [None req-a63866e7-d93c-4601-b948-dd00298ce139 tempest-ServerActionsTestOtherA-1894734981 tempest-ServerActionsTestOtherA-1894734981-project-member] tpm_secret_security_filter skipped {{(pid=96474) tpm_secret_security_filter /opt/stack/nova/nova/scheduler/request_filter.py:477}}
Jul 15 08:23:54.368642 np0000005183 nova-scheduler[96474]: INFO nova.utils [None req-a63866e7-d93c-4601-b948-dd00298ce139 tempest-ServerActionsTestOtherA-1894734981 tempest-ServerActionsTestOtherA-1894734981-project-member] The cell worker thread pool ForkProcess-1.cell_worker is initialized
Jul 15 08:23:54.369094 np0000005183 nova-scheduler[96474]: DEBUG oslo_concurrency.lockutils [None req-a63866e7-d93c-4601-b948-dd00298ce139 tempest-ServerActionsTestOtherA-1894734981 tempest-ServerActionsTestOtherA-1894734981-project-member] Acquiring lock "4a7df8ef-603d-4255-893f-56dd13e2b7ee" by "nova.context.set_target_cell..get_or_set_cached_cell_and_set_connections" {{(pid=96474) inner /opt/stack/data/venv/lib/python3.12/site-packages/oslo_concurrency/lockutils.py:511}}
Jul 15 08:23:54.369349 np0000005183 nova-scheduler[96474]: DEBUG oslo_concurrency.lockutils [None req-a63866e7-d93c-4601-b948-dd00298ce139 tempest-ServerActionsTestOtherA-1894734981 tempest-ServerActionsTestOtherA-1894734981-project-member] Lock "4a7df8ef-603d-4255-893f-56dd13e2b7ee" acquired by "nova.context.set_target_cell..get_or_set_cached_cell_and_set_connections" :: waited 0.000s {{(pid=96474) inner /opt/stack/data/venv/lib/python3.12/site-packages/oslo_concurrency/lockutils.py:524}}
Jul 15 08:23:54.370680 np0000005183 nova-scheduler[96474]: DEBUG oslo_concurrency.lockutils [None req-a63866e7-d93c-4601-b948-dd00298ce139 tempest-ServerActionsTestOtherA-1894734981 tempest-ServerActionsTestOtherA-1894734981-project-member] Lock "4a7df8ef-603d-4255-893f-56dd13e2b7ee" "released" by "nova.context.set_target_cell..get_or_set_cached_cell_and_set_connections" :: held 0.001s {{(pid=96474) inner /opt/stack/data/venv/lib/python3.12/site-packages/oslo_concurrency/lockutils.py:543}}
