Jul 22 16:43:53.465871 np0000005645 devstack@g-api.service[99864]: DEBUG glance_store.driver [-] Late loading location class glance_store._drivers.swift.store.StoreLocation {{(pid=99864) get_store_location_class /opt/stack/data/venv/lib/python3.12/site-packages/glance_store/driver.py:134}}
Jul 22 16:43:53.465945 np0000005645 devstack@g-api.service[99864]: DEBUG glance_store.location [-] Registering scheme swift+https with {'store': , 'location_class': , 'store_entry': 'swift'} {{(pid=99864) register_scheme_map /opt/stack/data/venv/lib/python3.12/site-packages/glance_store/location.py:146}}
Jul 22 16:43:53.466007 np0000005645 devstack@g-api.service[99864]: DEBUG glance_store.location [-] Registering scheme swift+https with {'store': , 'location_class': , 'store_entry': 'swift'} {{(pid=99864) register_scheme_map /opt/stack/data/venv/lib/python3.12/site-packages/glance_store/location.py:146}}
Jul 22 16:43:53.466043 np0000005645 devstack@g-api.service[99864]: DEBUG glance_store.location [-] Registering scheme swift with {'store': , 'location_class': , 'store_entry': 'swift'} {{(pid=99864) register_scheme_map /opt/stack/data/venv/lib/python3.12/site-packages/glance_store/location.py:146}}
Jul 22 16:43:53.466097 np0000005645 devstack@g-api.service[99864]: DEBUG glance_store.location [-] Registering scheme swift+https with {'store': , 'location_class': , 'store_entry': 'swift'} {{(pid=99864) register_scheme_map /opt/stack/data/venv/lib/python3.12/site-packages/glance_store/location.py:146}}
Jul 22 16:43:53.466146 np0000005645 devstack@g-api.service[99864]: DEBUG glance_store.location [-] Registering scheme swift with {'store': , 'location_class': , 'store_entry': 'swift'} {{(pid=99864) register_scheme_map /opt/stack/data/venv/lib/python3.12/site-packages/glance_store/location.py:146}}
Jul 22 16:43:53.466194 np0000005645 devstack@g-api.service[99864]: DEBUG glance_store.location [-] Registering scheme swift+http with {'store': , 'location_class': , 'store_entry': 'swift'} {{(pid=99864) register_scheme_map /opt/stack/data/venv/lib/python3.12/site-packages/glance_store/location.py:146}}
Jul 22 16:43:53.466244 np0000005645 devstack@g-api.service[99864]: DEBUG glance_store.location [-] Registering scheme swift+https with {'store': , 'location_class': , 'store_entry': 'swift'} {{(pid=99864) register_scheme_map /opt/stack/data/venv/lib/python3.12/site-packages/glance_store/location.py:146}}
Jul 22 16:43:53.466292 np0000005645 devstack@g-api.service[99864]: DEBUG glance_store.location [-] Registering scheme swift with {'store': , 'location_class': , 'store_entry': 'swift'} {{(pid=99864) register_scheme_map /opt/stack/data/venv/lib/python3.12/site-packages/glance_store/location.py:146}}
Jul 22 16:43:53.466342 np0000005645 devstack@g-api.service[99864]: DEBUG glance_store.location [-] Registering scheme swift+http with {'store': , 'location_class': , 'store_entry': 'swift'} {{(pid=99864) register_scheme_map /opt/stack/data/venv/lib/python3.12/site-packages/glance_store/location.py:146}}
Jul 22 16:43:53.466393 np0000005645 devstack@g-api.service[99864]: DEBUG glance_store.location [-] Registering scheme swift+config with {'store': , 'location_class': , 'store_entry': 'swift'} {{(pid=99864) register_scheme_map /opt/stack/data/venv/lib/python3.12/site-packages/glance_store/location.py:146}}
Jul 22 16:43:53.466611 np0000005645 devstack@g-api.service[99865]: DEBUG glance_store.capabilities [-] Store glance_store._drivers.swift.store.SingleTenantStore doesn't support updating dynamic storage capabilities. Please overwrite 'update_capabilities' method of the store to implement updating logics if needed. {{(pid=99865) update_capabilities /opt/stack/data/venv/lib/python3.12/site-packages/glance_store/capabilities.py:91}}
Jul 22 16:43:53.466656 np0000005645 devstack@g-api.service[99864]: DEBUG glance.sqlite_migration [-] SQLite caching database not located, skipping migration {{(pid=99864) get_db_path /opt/stack/glance/glance/sqlite_migration.py:68}}
Jul 22 16:43:53.466679 np0000005645 devstack@g-api.service[99865]: DEBUG glance_store.driver [-] Late loading location class glance_store._drivers.swift.store.StoreLocation {{(pid=99865) get_store_location_class /opt/stack/data/venv/lib/python3.12/site-packages/glance_store/driver.py:134}}
Jul 22 16:43:53.466756 np0000005645 devstack@g-api.service[99865]: DEBUG glance_store.location [-] Registering scheme swift+https with {'store': , 'location_class': , 'store_entry': 'swift'} {{(pid=99865) register_scheme_map /opt/stack/data/venv/lib/python3.12/site-packages/glance_store/location.py:146}}
Jul 22 16:43:53.466816 np0000005645 devstack@g-api.service[99864]: WARNING glance.common.wsgi_app [-] Import methods are enabled but staging directory /tmp/staging/ does not exist; Imports will fail!
Jul 22 16:43:53.466845 np0000005645 devstack@g-api.service[99865]: DEBUG glance_store.location [-] Registering scheme swift+https with {'store': , 'location_class': , 'store_entry': 'swift'} {{(pid=99865) register_scheme_map /opt/stack/data/venv/lib/python3.12/site-packages/glance_store/location.py:146}}
Jul 22 16:43:53.466928 np0000005645 devstack@g-api.service[99865]: DEBUG glance_store.location [-] Registering scheme swift with {'store': , 'location_class': , 'store_entry': 'swift'} {{(pid=99865) register_scheme_map /opt/stack/data/venv/lib/python3.12/site-packages/glance_store/location.py:146}}
Jul 22 16:43:53.467004 np0000005645 devstack@g-api.service[99865]: DEBUG glance_store.location [-] Registering scheme swift+https with {'store': , 'location_class': , 'store_entry': 'swift'} {{(pid=99865) register_scheme_map /opt/stack/data/venv/lib/python3.12/site-packages/glance_store/location.py:146}}
Jul 22 16:43:53.467081 np0000005645 devstack@g-api.service[99865]: DEBUG glance_store.location [-] Registering scheme swift with {'store': , 'location_class': , 'store_entry': 'swift'} {{(pid=99865) register_scheme_map /opt/stack/data/venv/lib/python3.12/site-packages/glance_store/location.py:146}}
Jul 22 16:43:53.467155 np0000005645 devstack@g-api.service[99865]: DEBUG glance_store.location [-] Registering scheme swift+http with {'store': , 'location_class': , 'store_entry': 'swift'} {{(pid=99865) register_scheme_map /opt/stack/data/venv/lib/python3.12/site-packages/glance_store/location.py:146}}
Jul 22 16:43:53.467240 np0000005645 devstack@g-api.service[99865]: DEBUG glance_store.location [-] Registering scheme swift+https with {'store': , 'location_class': , 'store_entry': 'swift'} {{(pid=99865) register_scheme_map /opt/stack/data/venv/lib/python3.12/site-packages/glance_store/location.py:146}}
Jul 22 16:43:53.467316 np0000005645 devstack@g-api.service[99865]: DEBUG glance_store.location [-] Registering scheme swift with {'store': , 'location_class': , 'store_entry': 'swift'} {{(pid=99865) register_scheme_map /opt/stack/data/venv/lib/python3.12/site-packages/glance_store/location.py:146}}
Jul 22 16:43:53.467389 np0000005645 devstack@g-api.service[99865]: DEBUG glance_store.location [-] Registering scheme swift+http with {'store': , 'location_class': , 'store_entry': 'swift'} {{(pid=99865) register_scheme_map /opt/stack/data/venv/lib/python3.12/site-packages/glance_store/location.py:146}}
Jul 22 16:43:53.467462 np0000005645 devstack@g-api.service[99865]: DEBUG glance_store.location [-] Registering scheme swift+config with {'store': , 'location_class': , 'store_entry': 'swift'} {{(pid=99865) register_scheme_map /opt/stack/data/venv/lib/python3.12/site-packages/glance_store/location.py:146}}
Jul 22 16:43:53.467749 np0000005645 devstack@g-api.service[99865]: DEBUG glance.sqlite_migration [-] SQLite caching database not located, skipping migration {{(pid=99865) get_db_path /opt/stack/glance/glance/sqlite_migration.py:68}}
Jul 22 16:43:53.467949 np0000005645 devstack@g-api.service[99865]: WARNING glance.common.wsgi_app [-] Import methods are enabled but staging directory /tmp/staging/ does not exist; Imports will fail!
Jul 22 16:43:53.583090 np0000005645 devstack@g-api.service[99866]: DEBUG glance.common.config [None req-f104153b-51b5-42eb-9f92-0dbc98360682 None None] Loading glance-api-keystone+cachemanagement from /etc/glance/glance-api-paste.ini {{(pid=99866) load_paste_app /opt/stack/glance/glance/common/config.py:765}}
Jul 22 16:43:53.610181 np0000005645 devstack@g-api.service[99864]: DEBUG glance.common.config [None req-a932b940-fd3d-4696-a0c7-90b3f1aff0ed None None] Loading glance-api-keystone+cachemanagement from /etc/glance/glance-api-paste.ini {{(pid=99864) load_paste_app /opt/stack/glance/glance/common/config.py:765}}
Jul 22 16:43:53.610343 np0000005645 devstack@g-api.service[99865]: DEBUG glance.common.config [None req-68208da9-2c47-4d47-a65e-2089358c5800 None None] Loading glance-api-keystone+cachemanagement from /etc/glance/glance-api-paste.ini {{(pid=99865) load_paste_app /opt/stack/glance/glance/common/config.py:765}}
Jul 22 16:43:54.208208 np0000005645 devstack@g-api.service[99866]: INFO glance.image_cache [None req-f104153b-51b5-42eb-9f92-0dbc98360682 None None] Image cache loaded driver 'centralized_db'.
Jul 22 16:43:54.220575 np0000005645 devstack@g-api.service[99864]: INFO glance.image_cache [None req-a932b940-fd3d-4696-a0c7-90b3f1aff0ed None None] Image cache loaded driver 'centralized_db'.
Jul 22 16:43:54.223947 np0000005645 devstack@g-api.service[99865]: INFO glance.image_cache [None req-68208da9-2c47-4d47-a65e-2089358c5800 None None] Image cache loaded driver 'centralized_db'.
Jul 22 16:43:54.257437 np0000005645 devstack@g-api.service[99866]: INFO dbcounter [None req-f104153b-51b5-42eb-9f92-0dbc98360682 None None] Registered counter for database glance
Jul 22 16:43:54.270877 np0000005645 devstack@g-api.service[99865]: INFO dbcounter [None req-68208da9-2c47-4d47-a65e-2089358c5800 None None] Registered counter for database glance
Jul 22 16:43:54.272405 np0000005645 devstack@g-api.service[99864]: INFO dbcounter [None req-a932b940-fd3d-4696-a0c7-90b3f1aff0ed None None] Registered counter for database glance
Jul 22 16:43:54.303674 np0000005645 devstack@g-api.service[99866]: DEBUG oslo_db.sqlalchemy.engines [None req-f104153b-51b5-42eb-9f92-0dbc98360682 None None] MySQL server mode set to STRICT_TRANS_TABLES,STRICT_ALL_TABLES,NO_ZERO_IN_DATE,NO_ZERO_DATE,ERROR_FOR_DIVISION_BY_ZERO,TRADITIONAL,NO_ENGINE_SUBSTITUTION {{(pid=99866) _check_effective_sql_mode /opt/stack/data/venv/lib/python3.12/site-packages/oslo_db/sqlalchemy/engines.py:325}}
Jul 22 16:43:54.310360 np0000005645 devstack@g-api.service[99865]: DEBUG oslo_db.sqlalchemy.engines [None req-68208da9-2c47-4d47-a65e-2089358c5800 None None] MySQL server mode set to STRICT_TRANS_TABLES,STRICT_ALL_TABLES,NO_ZERO_IN_DATE,NO_ZERO_DATE,ERROR_FOR_DIVISION_BY_ZERO,TRADITIONAL,NO_ENGINE_SUBSTITUTION {{(pid=99865) _check_effective_sql_mode /opt/stack/data/venv/lib/python3.12/site-packages/oslo_db/sqlalchemy/engines.py:325}}
Jul 22 16:43:54.320389 np0000005645 devstack@g-api.service[99864]: DEBUG oslo_db.sqlalchemy.engines [None req-a932b940-fd3d-4696-a0c7-90b3f1aff0ed None None] MySQL server mode set to STRICT_TRANS_TABLES,STRICT_ALL_TABLES,NO_ZERO_IN_DATE,NO_ZERO_DATE,ERROR_FOR_DIVISION_BY_ZERO,TRADITIONAL,NO_ENGINE_SUBSTITUTION {{(pid=99864) _check_effective_sql_mode /opt/stack/data/venv/lib/python3.12/site-packages/oslo_db/sqlalchemy/engines.py:325}}
Jul 22 16:43:54.325335 np0000005645 devstack@g-api.service[99866]: DEBUG dbcounter [-] [99866] Writer thread running {{(pid=99866) stat_writer /opt/stack/data/venv/lib/python3.12/site-packages/dbcounter.py:102}}
Jul 22 16:43:54.332735 np0000005645 devstack@g-api.service[99865]: DEBUG dbcounter [-] [99865] Writer thread running {{(pid=99865) stat_writer /opt/stack/data/venv/lib/python3.12/site-packages/dbcounter.py:102}}
Jul 22 16:43:54.334779 np0000005645 devstack@g-api.service[99865]: DEBUG glance.image_cache.drivers.centralized_db [None req-68208da9-2c47-4d47-a65e-2089358c5800 None None] Node reference is already recorded, ignoring it {{(pid=99865) configure /opt/stack/glance/glance/image_cache/drivers/centralized_db.py:71}}
Jul 22 16:43:54.342456 np0000005645 devstack@g-api.service[99865]: INFO glance.image_cache [None req-68208da9-2c47-4d47-a65e-2089358c5800 None None] Image cache loaded driver 'centralized_db'.
Jul 22 16:43:54.345334 np0000005645 devstack@g-api.service[99864]: DEBUG dbcounter [-] [99864] Writer thread running {{(pid=99864) stat_writer /opt/stack/data/venv/lib/python3.12/site-packages/dbcounter.py:102}}
Jul 22 16:43:54.348752 np0000005645 devstack@g-api.service[99864]: DEBUG glance.image_cache.drivers.centralized_db [None req-a932b940-fd3d-4696-a0c7-90b3f1aff0ed None None] Node reference is already recorded, ignoring it {{(pid=99864) configure /opt/stack/glance/glance/image_cache/drivers/centralized_db.py:71}}
Jul 22 16:43:54.355122 np0000005645 devstack@g-api.service[99864]: INFO glance.image_cache [None req-a932b940-fd3d-4696-a0c7-90b3f1aff0ed None None] Image cache loaded driver 'centralized_db'.
Jul 22 16:43:54.443387 np0000005645 devstack@g-api.service[99865]: DEBUG glance.image_cache.drivers.centralized_db [None req-68208da9-2c47-4d47-a65e-2089358c5800 None None] Node reference is already recorded, ignoring it {{(pid=99865) configure /opt/stack/glance/glance/image_cache/drivers/centralized_db.py:71}}
Jul 22 16:43:54.448054 np0000005645 devstack@g-api.service[99865]: DEBUG glance.api.v2.cached_images [None req-68208da9-2c47-4d47-a65e-2089358c5800 None None] Started cache worker thread {{(pid=99865) __init__ /opt/stack/glance/glance/api/v2/cached_images.py:71}}
Jul 22 16:43:54.448810 np0000005645 devstack@g-api.service[99865]: INFO glance.image_cache [None req-68208da9-2c47-4d47-a65e-2089358c5800 None None] Image cache loaded driver 'centralized_db'.
Jul 22 16:43:54.453285 np0000005645 devstack@g-api.service[99866]: INFO glance.image_cache [None req-f104153b-51b5-42eb-9f92-0dbc98360682 None None] Image cache loaded driver 'centralized_db'.
Jul 22 16:43:54.455720 np0000005645 devstack@g-api.service[99865]: DEBUG glance.image_cache.drivers.centralized_db [None req-68208da9-2c47-4d47-a65e-2089358c5800 None None] Node reference is already recorded, ignoring it {{(pid=99865) configure /opt/stack/glance/glance/image_cache/drivers/centralized_db.py:71}}
Jul 22 16:43:54.461130 np0000005645 devstack@g-api.service[99865]: INFO glance.api.middleware.cache_manage [None req-68208da9-2c47-4d47-a65e-2089358c5800 None None] Initialized image cache management middleware
Jul 22 16:43:54.461306 np0000005645 devstack@g-api.service[99865]: INFO glance.image_cache [None req-68208da9-2c47-4d47-a65e-2089358c5800 None None] Image cache loaded driver 'centralized_db'.
Jul 22 16:43:54.461353 np0000005645 devstack@g-api.service[99864]: DEBUG glance.image_cache.drivers.centralized_db [None req-a932b940-fd3d-4696-a0c7-90b3f1aff0ed None None] Node reference is already recorded, ignoring it {{(pid=99864) configure /opt/stack/glance/glance/image_cache/drivers/centralized_db.py:71}}
Jul 22 16:43:54.462922 np0000005645 devstack@g-api.service[99866]: DEBUG glance.image_cache.drivers.centralized_db [None req-f104153b-51b5-42eb-9f92-0dbc98360682 None None] Node reference is already recorded, ignoring it {{(pid=99866) configure /opt/stack/glance/glance/image_cache/drivers/centralized_db.py:71}}
Jul 22 16:43:54.466348 np0000005645 devstack@g-api.service[99864]: DEBUG glance.api.v2.cached_images [None req-a932b940-fd3d-4696-a0c7-90b3f1aff0ed None None] Started cache worker thread {{(pid=99864) __init__ /opt/stack/glance/glance/api/v2/cached_images.py:71}}
Jul 22 16:43:54.467054 np0000005645 devstack@g-api.service[99864]: INFO glance.image_cache [None req-a932b940-fd3d-4696-a0c7-90b3f1aff0ed None None] Image cache loaded driver 'centralized_db'.
Jul 22 16:43:54.468857 np0000005645 devstack@g-api.service[99865]: DEBUG glance.image_cache.drivers.centralized_db [None req-68208da9-2c47-4d47-a65e-2089358c5800 None None] Node reference is already recorded, ignoring it {{(pid=99865) configure /opt/stack/glance/glance/image_cache/drivers/centralized_db.py:71}}
Jul 22 16:43:54.469802 np0000005645 devstack@g-api.service[99866]: DEBUG glance.api.v2.cached_images [None req-f104153b-51b5-42eb-9f92-0dbc98360682 None None] Started cache worker thread {{(pid=99866) __init__ /opt/stack/glance/glance/api/v2/cached_images.py:71}}
Jul 22 16:43:54.470805 np0000005645 devstack@g-api.service[99866]: INFO glance.image_cache [None req-f104153b-51b5-42eb-9f92-0dbc98360682 None None] Image cache loaded driver 'centralized_db'.
Jul 22 16:43:54.472379 np0000005645 devstack@g-api.service[99865]: INFO glance.api.middleware.cache [None req-68208da9-2c47-4d47-a65e-2089358c5800 None None] Initialized image cache middleware
Jul 22 16:43:54.473718 np0000005645 devstack@g-api.service[99864]: DEBUG glance.image_cache.drivers.centralized_db [None req-a932b940-fd3d-4696-a0c7-90b3f1aff0ed None None] Node reference is already recorded, ignoring it {{(pid=99864) configure /opt/stack/glance/glance/image_cache/drivers/centralized_db.py:71}}
Jul 22 16:43:54.478384 np0000005645 devstack@g-api.service[99866]: DEBUG glance.image_cache.drivers.centralized_db [None req-f104153b-51b5-42eb-9f92-0dbc98360682 None None] Node reference is already recorded, ignoring it {{(pid=99866) configure /opt/stack/glance/glance/image_cache/drivers/centralized_db.py:71}}
Jul 22 16:43:54.478878 np0000005645 devstack@g-api.service[99864]: INFO glance.api.middleware.cache_manage [None req-a932b940-fd3d-4696-a0c7-90b3f1aff0ed None None] Initialized image cache management middleware
Jul 22 16:43:54.479078 np0000005645 devstack@g-api.service[99864]: INFO glance.image_cache [None req-a932b940-fd3d-4696-a0c7-90b3f1aff0ed None None] Image cache loaded driver 'centralized_db'.
Jul 22 16:43:54.482679 np0000005645 devstack@g-api.service[99866]: INFO glance.api.middleware.cache_manage [None req-f104153b-51b5-42eb-9f92-0dbc98360682 None None] Initialized image cache management middleware
Jul 22 16:43:54.482837 np0000005645 devstack@g-api.service[99866]: INFO glance.image_cache [None req-f104153b-51b5-42eb-9f92-0dbc98360682 None None] Image cache loaded driver 'centralized_db'.
Jul 22 16:43:54.484410 np0000005645 devstack@g-api.service[99865]: DEBUG glance.common.config [None req-68208da9-2c47-4d47-a65e-2089358c5800 None None] ******************************************************************************** {{(pid=99865) log_opt_values /opt/stack/data/venv/lib/python3.12/site-packages/oslo_config/cfg.py:3226}}
Jul 22 16:43:54.484523 np0000005645 devstack@g-api.service[99865]: DEBUG glance.common.config [None req-68208da9-2c47-4d47-a65e-2089358c5800 None None] Configuration options gathered from: {{(pid=99865) log_opt_values /opt/stack/data/venv/lib/python3.12/site-packages/oslo_config/cfg.py:3227}}
Jul 22 16:43:54.484860 np0000005645 devstack@g-api.service[99865]: DEBUG glance.common.config [None req-68208da9-2c47-4d47-a65e-2089358c5800 None None] command line args: [] {{(pid=99865) log_opt_values /opt/stack/data/venv/lib/python3.12/site-packages/oslo_config/cfg.py:3228}}
Jul 22 16:43:54.485054 np0000005645 devstack@g-api.service[99865]: DEBUG glance.common.config [None req-68208da9-2c47-4d47-a65e-2089358c5800 None None] config files: ['/etc/glance/glance-image-import.conf', '/etc/glance/glance-api.conf'] {{(pid=99865) log_opt_values /opt/stack/data/venv/lib/python3.12/site-packages/oslo_config/cfg.py:3229}}
Jul 22 16:43:54.485133 np0000005645 devstack@g-api.service[99865]: DEBUG glance.common.config [None req-68208da9-2c47-4d47-a65e-2089358c5800 None None] ================================================================================ {{(pid=99865) log_opt_values /opt/stack/data/venv/lib/python3.12/site-packages/oslo_config/cfg.py:3234}}
Jul 22 16:43:54.485261 np0000005645 devstack@g-api.service[99865]: DEBUG glance.common.config [None req-68208da9-2c47-4d47-a65e-2089358c5800 None None] allow_anonymous_access = False {{(pid=99865) log_opt_values /opt/stack/data/venv/lib/python3.12/site-packages/oslo_config/cfg.py:3242}}
Jul 22 16:43:54.485400 np0000005645 devstack@g-api.service[99865]: DEBUG glance.common.config [None req-68208da9-2c47-4d47-a65e-2089358c5800 None None] api_limit_max = 1000 {{(pid=99865) log_opt_values /opt/stack/data/venv/lib/python3.12/site-packages/oslo_config/cfg.py:3242}}
Jul 22 16:43:54.485534 np0000005645 devstack@g-api.service[99865]: DEBUG glance.common.config [None req-68208da9-2c47-4d47-a65e-2089358c5800 None None] config_dir = [] {{(pid=99865) log_opt_values /opt/stack/data/venv/lib/python3.12/site-packages/oslo_config/cfg.py:3242}}
Jul 22 16:43:54.485633 np0000005645 devstack@g-api.service[99865]: DEBUG glance.common.config [None req-68208da9-2c47-4d47-a65e-2089358c5800 None None] config_file = ['/etc/glance/glance-image-import.conf', '/etc/glance/glance-api.conf'] {{(pid=99865) log_opt_values /opt/stack/data/venv/lib/python3.12/site-packages/oslo_config/cfg.py:3242}}
Jul 22 16:43:54.485793 np0000005645 devstack@g-api.service[99865]: DEBUG glance.common.config [None req-68208da9-2c47-4d47-a65e-2089358c5800 None None] config_source = [] {{(pid=99865) log_opt_values /opt/stack/data/venv/lib/python3.12/site-packages/oslo_config/cfg.py:3242}}
Jul 22 16:43:54.485918 np0000005645 devstack@g-api.service[99865]: DEBUG glance.common.config [None req-68208da9-2c47-4d47-a65e-2089358c5800 None None] control_exchange = glance {{(pid=99865) log_opt_values /opt/stack/data/venv/lib/python3.12/site-packages/oslo_config/cfg.py:3242}}
Jul 22 16:43:54.486036 np0000005645 devstack@g-api.service[99865]: DEBUG glance.common.config [None req-68208da9-2c47-4d47-a65e-2089358c5800 None None] debug = True {{(pid=99865) log_opt_values /opt/stack/data/venv/lib/python3.12/site-packages/oslo_config/cfg.py:3242}}
Jul 22 16:43:54.486220 np0000005645 devstack@g-api.service[99865]: DEBUG glance.common.config [None req-68208da9-2c47-4d47-a65e-2089358c5800 None None] default_log_levels = ['amqp=WARN', 'boto=WARN', 'sqlalchemy=WARN', 'suds=INFO', 'oslo.messaging=INFO', 'oslo_messaging=INFO', 'iso8601=WARN', 'requests.packages.urllib3.connectionpool=WARN', 'urllib3.connectionpool=WARN', 'websocket=WARN', 'requests.packages.urllib3.util.retry=WARN', 'urllib3.util.retry=WARN', 'keystonemiddleware=WARN', 'routes.middleware=WARN', 'stevedore=WARN', 'taskflow=WARN', 'keystoneauth=WARN', 'oslo.cache=INFO', 'oslo_policy=INFO', 'dogpile.core.dogpile=INFO'] {{(pid=99865) log_opt_values /opt/stack/data/venv/lib/python3.12/site-packages/oslo_config/cfg.py:3242}}
Jul 22 16:43:54.486329 np0000005645 devstack@g-api.service[99864]: DEBUG glance.image_cache.drivers.centralized_db [None req-a932b940-fd3d-4696-a0c7-90b3f1aff0ed None None] Node reference is already recorded, ignoring it {{(pid=99864) configure /opt/stack/glance/glance/image_cache/drivers/centralized_db.py:71}}
Jul 22 16:43:54.486382 np0000005645 devstack@g-api.service[99865]: DEBUG glance.common.config [None req-68208da9-2c47-4d47-a65e-2089358c5800 None None] default_publisher_id = image.localhost {{(pid=99865) log_opt_values /opt/stack/data/venv/lib/python3.12/site-packages/oslo_config/cfg.py:3242}}
Jul 22 16:43:54.486452 np0000005645 devstack@g-api.service[99865]: DEBUG glance.common.config [None req-68208da9-2c47-4d47-a65e-2089358c5800 None None] delayed_delete = False {{(pid=99865) log_opt_values /opt/stack/data/venv/lib/python3.12/site-packages/oslo_config/cfg.py:3242}}
Jul 22 16:43:54.486594 np0000005645 devstack@g-api.service[99865]: DEBUG glance.common.config [None req-68208da9-2c47-4d47-a65e-2089358c5800 None None] digest_algorithm = sha256 {{(pid=99865) log_opt_values /opt/stack/data/venv/lib/python3.12/site-packages/oslo_config/cfg.py:3242}}
Jul 22 16:43:54.486737 np0000005645 devstack@g-api.service[99865]: DEBUG glance.common.config [None req-68208da9-2c47-4d47-a65e-2089358c5800 None None] disabled_notifications = [] {{(pid=99865) log_opt_values /opt/stack/data/venv/lib/python3.12/site-packages/oslo_config/cfg.py:3242}}
Jul 22 16:43:54.486840 np0000005645 devstack@g-api.service[99865]: DEBUG glance.common.config [None req-68208da9-2c47-4d47-a65e-2089358c5800 None None] do_secure_hash = True {{(pid=99865) log_opt_values /opt/stack/data/venv/lib/python3.12/site-packages/oslo_config/cfg.py:3242}}
Jul 22 16:43:54.486932 np0000005645 devstack@g-api.service[99865]: DEBUG glance.common.config [None req-68208da9-2c47-4d47-a65e-2089358c5800 None None] enabled_backends = None {{(pid=99865) log_opt_values /opt/stack/data/venv/lib/python3.12/site-packages/oslo_config/cfg.py:3242}}
Jul 22 16:43:54.487085 np0000005645 devstack@g-api.service[99865]: DEBUG glance.common.config [None req-68208da9-2c47-4d47-a65e-2089358c5800 None None] enabled_import_methods = ['glance-direct', 'web-download', 'copy-image'] {{(pid=99865) log_opt_values /opt/stack/data/venv/lib/python3.12/site-packages/oslo_config/cfg.py:3242}}
Jul 22 16:43:54.487182 np0000005645 devstack@g-api.service[99865]: DEBUG glance.common.config [None req-68208da9-2c47-4d47-a65e-2089358c5800 None None] fatal_deprecations = False {{(pid=99865) log_opt_values /opt/stack/data/venv/lib/python3.12/site-packages/oslo_config/cfg.py:3242}}
Jul 22 16:43:54.487289 np0000005645 devstack@g-api.service[99865]: DEBUG glance.common.config [None req-68208da9-2c47-4d47-a65e-2089358c5800 None None] hashing_algorithm = sha512 {{(pid=99865) log_opt_values /opt/stack/data/venv/lib/python3.12/site-packages/oslo_config/cfg.py:3242}}
Jul 22 16:43:54.487383 np0000005645 devstack@g-api.service[99865]: DEBUG glance.common.config [None req-68208da9-2c47-4d47-a65e-2089358c5800 None None] http_retries = 3 {{(pid=99865) log_opt_values /opt/stack/data/venv/lib/python3.12/site-packages/oslo_config/cfg.py:3242}}
Jul 22 16:43:54.487562 np0000005645 devstack@g-api.service[99865]: DEBUG glance.common.config [None req-68208da9-2c47-4d47-a65e-2089358c5800 None None] image_cache_dir = /opt/stack/data/glance/cache/ {{(pid=99865) log_opt_values /opt/stack/data/venv/lib/python3.12/site-packages/oslo_config/cfg.py:3242}}
Jul 22 16:43:54.487667 np0000005645 devstack@g-api.service[99865]: DEBUG glance.common.config [None req-68208da9-2c47-4d47-a65e-2089358c5800 None None] image_cache_driver = centralized_db {{(pid=99865) log_opt_values /opt/stack/data/venv/lib/python3.12/site-packages/oslo_config/cfg.py:3242}}
Jul 22 16:43:54.487878 np0000005645 devstack@g-api.service[99865]: DEBUG glance.common.config [None req-68208da9-2c47-4d47-a65e-2089358c5800 None None] image_cache_max_size = 10737418240 {{(pid=99865) log_opt_values /opt/stack/data/venv/lib/python3.12/site-packages/oslo_config/cfg.py:3242}}
Jul 22 16:43:54.487939 np0000005645 devstack@g-api.service[99865]: DEBUG glance.common.config [None req-68208da9-2c47-4d47-a65e-2089358c5800 None None] image_cache_sqlite_db = cache.db {{(pid=99865) log_opt_values /opt/stack/data/venv/lib/python3.12/site-packages/oslo_config/cfg.py:3242}}
Jul 22 16:43:54.488042 np0000005645 devstack@g-api.service[99865]: DEBUG glance.common.config [None req-68208da9-2c47-4d47-a65e-2089358c5800 None None] image_cache_stall_time = 86400 {{(pid=99865) log_opt_values /opt/stack/data/venv/lib/python3.12/site-packages/oslo_config/cfg.py:3242}}
Jul 22 16:43:54.488166 np0000005645 devstack@g-api.service[99865]: DEBUG glance.common.config [None req-68208da9-2c47-4d47-a65e-2089358c5800 None None] image_location_quota = 10 {{(pid=99865) log_opt_values /opt/stack/data/venv/lib/python3.12/site-packages/oslo_config/cfg.py:3242}}
Jul 22 16:43:54.488277 np0000005645 devstack@g-api.service[99865]: DEBUG glance.common.config [None req-68208da9-2c47-4d47-a65e-2089358c5800 None None] image_member_quota = 128 {{(pid=99865) log_opt_values /opt/stack/data/venv/lib/python3.12/site-packages/oslo_config/cfg.py:3242}}
Jul 22 16:43:54.488381 np0000005645 devstack@g-api.service[99865]: DEBUG glance.common.config [None req-68208da9-2c47-4d47-a65e-2089358c5800 None None] image_property_quota = 128 {{(pid=99865) log_opt_values /opt/stack/data/venv/lib/python3.12/site-packages/oslo_config/cfg.py:3242}}
Jul 22 16:43:54.488502 np0000005645 devstack@g-api.service[99865]: DEBUG glance.common.config [None req-68208da9-2c47-4d47-a65e-2089358c5800 None None] image_size_cap = 1099511627776 {{(pid=99865) log_opt_values /opt/stack/data/venv/lib/python3.12/site-packages/oslo_config/cfg.py:3242}}
Jul 22 16:43:54.488598 np0000005645 devstack@g-api.service[99865]: DEBUG glance.common.config [None req-68208da9-2c47-4d47-a65e-2089358c5800 None None] image_tag_quota = 128 {{(pid=99865) log_opt_values /opt/stack/data/venv/lib/python3.12/site-packages/oslo_config/cfg.py:3242}}
Jul 22 16:43:54.488717 np0000005645 devstack@g-api.service[99865]: DEBUG glance.common.config [None req-68208da9-2c47-4d47-a65e-2089358c5800 None None] instance_format = [instance: %(uuid)s] {{(pid=99865) log_opt_values /opt/stack/data/venv/lib/python3.12/site-packages/oslo_config/cfg.py:3242}}
Jul 22 16:43:54.488812 np0000005645 devstack@g-api.service[99866]: DEBUG glance.image_cache.drivers.centralized_db [None req-f104153b-51b5-42eb-9f92-0dbc98360682 None None] Node reference is already recorded, ignoring it {{(pid=99866) configure /opt/stack/glance/glance/image_cache/drivers/centralized_db.py:71}}
Jul 22 16:43:54.488862 np0000005645 devstack@g-api.service[99865]: DEBUG glance.common.config [None req-68208da9-2c47-4d47-a65e-2089358c5800 None None] instance_uuid_format = [instance: %(uuid)s] {{(pid=99865) log_opt_values /opt/stack/data/venv/lib/python3.12/site-packages/oslo_config/cfg.py:3242}}
Jul 22 16:43:54.488911 np0000005645 devstack@g-api.service[99865]: DEBUG glance.common.config [None req-68208da9-2c47-4d47-a65e-2089358c5800 None None] limit_param_default = 25 {{(pid=99865) log_opt_values /opt/stack/data/venv/lib/python3.12/site-packages/oslo_config/cfg.py:3242}}
Jul 22 16:43:54.489059 np0000005645 devstack@g-api.service[99865]: DEBUG glance.common.config [None req-68208da9-2c47-4d47-a65e-2089358c5800 None None] log_color = False {{(pid=99865) log_opt_values /opt/stack/data/venv/lib/python3.12/site-packages/oslo_config/cfg.py:3242}}
Jul 22 16:43:54.489163 np0000005645 devstack@g-api.service[99865]: DEBUG glance.common.config [None req-68208da9-2c47-4d47-a65e-2089358c5800 None None] log_config_append = None {{(pid=99865) log_opt_values /opt/stack/data/venv/lib/python3.12/site-packages/oslo_config/cfg.py:3242}}
Jul 22 16:43:54.489272 np0000005645 devstack@g-api.service[99865]: DEBUG glance.common.config [None req-68208da9-2c47-4d47-a65e-2089358c5800 None None] log_date_format = %Y-%m-%d %H:%M:%S {{(pid=99865) log_opt_values /opt/stack/data/venv/lib/python3.12/site-packages/oslo_config/cfg.py:3242}}
Jul 22 16:43:54.489378 np0000005645 devstack@g-api.service[99865]: DEBUG glance.common.config [None req-68208da9-2c47-4d47-a65e-2089358c5800 None None] log_dir = None {{(pid=99865) log_opt_values /opt/stack/data/venv/lib/python3.12/site-packages/oslo_config/cfg.py:3242}}
Jul 22 16:43:54.489467 np0000005645 devstack@g-api.service[99865]: DEBUG glance.common.config [None req-68208da9-2c47-4d47-a65e-2089358c5800 None None] log_file = None {{(pid=99865) log_opt_values /opt/stack/data/venv/lib/python3.12/site-packages/oslo_config/cfg.py:3242}}
Jul 22 16:43:54.489579 np0000005645 devstack@g-api.service[99865]: DEBUG glance.common.config [None req-68208da9-2c47-4d47-a65e-2089358c5800 None None] log_rotate_interval = 1 {{(pid=99865) log_opt_values /opt/stack/data/venv/lib/python3.12/site-packages/oslo_config/cfg.py:3242}}
Jul 22 16:43:54.489697 np0000005645 devstack@g-api.service[99865]: DEBUG glance.common.config [None req-68208da9-2c47-4d47-a65e-2089358c5800 None None] log_rotate_interval_type = days {{(pid=99865) log_opt_values /opt/stack/data/venv/lib/python3.12/site-packages/oslo_config/cfg.py:3242}}
Jul 22 16:43:54.489833 np0000005645 devstack@g-api.service[99865]: DEBUG glance.common.config [None req-68208da9-2c47-4d47-a65e-2089358c5800 None None] log_rotation_type = none {{(pid=99865) log_opt_values /opt/stack/data/venv/lib/python3.12/site-packages/oslo_config/cfg.py:3242}}
Jul 22 16:43:54.489895 np0000005645 devstack@g-api.service[99865]: DEBUG glance.common.config [None req-68208da9-2c47-4d47-a65e-2089358c5800 None None] logging_context_format_string = %(color)s%(levelname)s %(name)s [%(global_request_id)s %(request_id)s %(project_name)s %(user_name)s%(color)s] %(instance)s%(color)s%(message)s {{(pid=99865) log_opt_values /opt/stack/data/venv/lib/python3.12/site-packages/oslo_config/cfg.py:3242}}
Jul 22 16:43:54.489972 np0000005645 devstack@g-api.service[99865]: DEBUG glance.common.config [None req-68208da9-2c47-4d47-a65e-2089358c5800 None None] logging_debug_format_suffix = {{(pid=%(process)d) %(funcName)s %(pathname)s:%(lineno)d}} {{(pid=99865) log_opt_values /opt/stack/data/venv/lib/python3.12/site-packages/oslo_config/cfg.py:3242}}
Jul 22 16:43:54.490089 np0000005645 devstack@g-api.service[99865]: DEBUG glance.common.config [None req-68208da9-2c47-4d47-a65e-2089358c5800 None None] logging_default_format_string = %(color)s%(levelname)s %(name)s [-%(color)s] %(instance)s%(color)s%(message)s {{(pid=99865) log_opt_values /opt/stack/data/venv/lib/python3.12/site-packages/oslo_config/cfg.py:3242}}
Jul 22 16:43:54.490200 np0000005645 devstack@g-api.service[99865]: DEBUG glance.common.config [None req-68208da9-2c47-4d47-a65e-2089358c5800 None None] logging_exception_prefix = ERROR %(name)s %(instance)s {{(pid=99865) log_opt_values /opt/stack/data/venv/lib/python3.12/site-packages/oslo_config/cfg.py:3242}}
Jul 22 16:43:54.490298 np0000005645 devstack@g-api.service[99865]: DEBUG glance.common.config [None req-68208da9-2c47-4d47-a65e-2089358c5800 None None] logging_user_identity_format = %(user)s %(project)s %(domain)s %(system_scope)s %(user_domain)s %(project_domain)s {{(pid=99865) log_opt_values /opt/stack/data/venv/lib/python3.12/site-packages/oslo_config/cfg.py:3242}}
Jul 22 16:43:54.490407 np0000005645 devstack@g-api.service[99865]: DEBUG glance.common.config [None req-68208da9-2c47-4d47-a65e-2089358c5800 None None] max_logfile_count = 30 {{(pid=99865) log_opt_values /opt/stack/data/venv/lib/python3.12/site-packages/oslo_config/cfg.py:3242}}
Jul 22 16:43:54.490497 np0000005645 devstack@g-api.service[99865]: DEBUG glance.common.config [None req-68208da9-2c47-4d47-a65e-2089358c5800 None None] max_logfile_size_mb = 200 {{(pid=99865) log_opt_values /opt/stack/data/venv/lib/python3.12/site-packages/oslo_config/cfg.py:3242}}
Jul 22 16:43:54.490583 np0000005645 devstack@g-api.service[99865]: DEBUG glance.common.config [None req-68208da9-2c47-4d47-a65e-2089358c5800 None None] max_request_id_length = 64 {{(pid=99865) log_opt_values /opt/stack/data/venv/lib/python3.12/site-packages/oslo_config/cfg.py:3242}}
Jul 22 16:43:54.490672 np0000005645 devstack@g-api.service[99865]: DEBUG glance.common.config [None req-68208da9-2c47-4d47-a65e-2089358c5800 None None] metadata_encryption_key = **** {{(pid=99865) log_opt_values /opt/stack/data/venv/lib/python3.12/site-packages/oslo_config/cfg.py:3242}}
Jul 22 16:43:54.490800 np0000005645 devstack@g-api.service[99865]: DEBUG glance.common.config [None req-68208da9-2c47-4d47-a65e-2089358c5800 None None] node_staging_uri = file:///tmp/staging/ {{(pid=99865) log_opt_values /opt/stack/data/venv/lib/python3.12/site-packages/oslo_config/cfg.py:3242}}
Jul 22 16:43:54.490892 np0000005645 devstack@g-api.service[99865]: DEBUG glance.common.config [None req-68208da9-2c47-4d47-a65e-2089358c5800 None None] property_protection_file = None {{(pid=99865) log_opt_values /opt/stack/data/venv/lib/python3.12/site-packages/oslo_config/cfg.py:3242}}
Jul 22 16:43:54.490995 np0000005645 devstack@g-api.service[99865]: DEBUG glance.common.config [None req-68208da9-2c47-4d47-a65e-2089358c5800 None None] property_protection_rule_format = roles {{(pid=99865) log_opt_values /opt/stack/data/venv/lib/python3.12/site-packages/oslo_config/cfg.py:3242}}
Jul 22 16:43:54.491107 np0000005645 devstack@g-api.service[99865]: DEBUG glance.common.config [None req-68208da9-2c47-4d47-a65e-2089358c5800 None None] public_endpoint = https://10.4.3.183/image {{(pid=99865) log_opt_values /opt/stack/data/venv/lib/python3.12/site-packages/oslo_config/cfg.py:3242}}
Jul 22 16:43:54.491197 np0000005645 devstack@g-api.service[99865]: DEBUG glance.common.config [None req-68208da9-2c47-4d47-a65e-2089358c5800 None None] publish_errors = False {{(pid=99865) log_opt_values /opt/stack/data/venv/lib/python3.12/site-packages/oslo_config/cfg.py:3242}}
Jul 22 16:43:54.491282 np0000005645 devstack@g-api.service[99865]: DEBUG glance.common.config [None req-68208da9-2c47-4d47-a65e-2089358c5800 None None] pydev_worker_debug_host = None {{(pid=99865) log_opt_values /opt/stack/data/venv/lib/python3.12/site-packages/oslo_config/cfg.py:3242}}
Jul 22 16:43:54.491393 np0000005645 devstack@g-api.service[99865]: DEBUG glance.common.config [None req-68208da9-2c47-4d47-a65e-2089358c5800 None None] pydev_worker_debug_port = 5678 {{(pid=99865) log_opt_values /opt/stack/data/venv/lib/python3.12/site-packages/oslo_config/cfg.py:3242}}
Jul 22 16:43:54.491485 np0000005645 devstack@g-api.service[99865]: DEBUG glance.common.config [None req-68208da9-2c47-4d47-a65e-2089358c5800 None None] rate_limit_burst = 0 {{(pid=99865) log_opt_values /opt/stack/data/venv/lib/python3.12/site-packages/oslo_config/cfg.py:3242}}
Jul 22 16:43:54.491580 np0000005645 devstack@g-api.service[99865]: DEBUG glance.common.config [None req-68208da9-2c47-4d47-a65e-2089358c5800 None None] rate_limit_except_level = CRITICAL {{(pid=99865) log_opt_values /opt/stack/data/venv/lib/python3.12/site-packages/oslo_config/cfg.py:3242}}
Jul 22 16:43:54.491663 np0000005645 devstack@g-api.service[99865]: DEBUG glance.common.config [None req-68208da9-2c47-4d47-a65e-2089358c5800 None None] rate_limit_interval = 0 {{(pid=99865) log_opt_values /opt/stack/data/venv/lib/python3.12/site-packages/oslo_config/cfg.py:3242}}
Jul 22 16:43:54.491765 np0000005645 devstack@g-api.service[99865]: DEBUG glance.common.config [None req-68208da9-2c47-4d47-a65e-2089358c5800 None None] scrub_pool_size = 1 {{(pid=99865) log_opt_values /opt/stack/data/venv/lib/python3.12/site-packages/oslo_config/cfg.py:3242}}
Jul 22 16:43:54.491879 np0000005645 devstack@g-api.service[99865]: DEBUG glance.common.config [None req-68208da9-2c47-4d47-a65e-2089358c5800 None None] scrub_time = 0 {{(pid=99865) log_opt_values /opt/stack/data/venv/lib/python3.12/site-packages/oslo_config/cfg.py:3242}}
Jul 22 16:43:54.491976 np0000005645 devstack@g-api.service[99865]: DEBUG glance.common.config [None req-68208da9-2c47-4d47-a65e-2089358c5800 None None] shell_completion = None {{(pid=99865) log_opt_values /opt/stack/data/venv/lib/python3.12/site-packages/oslo_config/cfg.py:3242}}
Jul 22 16:43:54.492092 np0000005645 devstack@g-api.service[99865]: DEBUG glance.common.config [None req-68208da9-2c47-4d47-a65e-2089358c5800 None None] show_image_direct_url = False {{(pid=99865) log_opt_values /opt/stack/data/venv/lib/python3.12/site-packages/oslo_config/cfg.py:3242}}
Jul 22 16:43:54.492236 np0000005645 devstack@g-api.service[99864]: INFO glance.api.middleware.cache [None req-a932b940-fd3d-4696-a0c7-90b3f1aff0ed None None] Initialized image cache middleware
Jul 22 16:43:54.492429 np0000005645 devstack@g-api.service[99865]: WARNING oslo_config.cfg [None req-68208da9-2c47-4d47-a65e-2089358c5800 None None] Deprecated: Option "show_multiple_locations" from group "DEFAULT" is deprecated for removal (Use of this option, deprecated since Newton, is a security risk and will be removed once we figure out a way to satisfy those use cases that currently require it. An earlier announcement that the same functionality can be achieved with greater granularity by using policies is incorrect. You cannot work around this option via policy configuration at the present time, though that is the direction we believe the fix will take. Please keep an eye on the Glance release notes to stay up to date on progress in addressing this issue.). Its value may be silently ignored in the future.
Jul 22 16:43:54.492527 np0000005645 devstack@g-api.service[99865]: DEBUG glance.common.config [None req-68208da9-2c47-4d47-a65e-2089358c5800 None None] show_multiple_locations = False {{(pid=99865) log_opt_values /opt/stack/data/venv/lib/python3.12/site-packages/oslo_config/cfg.py:3242}}
Jul 22 16:43:54.492631 np0000005645 devstack@g-api.service[99865]: DEBUG glance.common.config [None req-68208da9-2c47-4d47-a65e-2089358c5800 None None] syslog_log_facility = LOG_USER {{(pid=99865) log_opt_values /opt/stack/data/venv/lib/python3.12/site-packages/oslo_config/cfg.py:3242}}
Jul 22 16:43:54.492744 np0000005645 devstack@g-api.service[99865]: DEBUG glance.common.config [None req-68208da9-2c47-4d47-a65e-2089358c5800 None None] transport_url = **** {{(pid=99865) log_opt_values /opt/stack/data/venv/lib/python3.12/site-packages/oslo_config/cfg.py:3242}}
Jul 22 16:43:54.492835 np0000005645 devstack@g-api.service[99865]: DEBUG glance.common.config [None req-68208da9-2c47-4d47-a65e-2089358c5800 None None] use_journal = False {{(pid=99865) log_opt_values /opt/stack/data/venv/lib/python3.12/site-packages/oslo_config/cfg.py:3242}}
Jul 22 16:43:54.492949 np0000005645 devstack@g-api.service[99865]: DEBUG glance.common.config [None req-68208da9-2c47-4d47-a65e-2089358c5800 None None] use_json = False {{(pid=99865) log_opt_values /opt/stack/data/venv/lib/python3.12/site-packages/oslo_config/cfg.py:3242}}
Jul 22 16:43:54.493079 np0000005645 devstack@g-api.service[99865]: DEBUG glance.common.config [None req-68208da9-2c47-4d47-a65e-2089358c5800 None None] use_keystone_limits = True {{(pid=99865) log_opt_values /opt/stack/data/venv/lib/python3.12/site-packages/oslo_config/cfg.py:3242}}
Jul 22 16:43:54.493139 np0000005645 devstack@g-api.service[99866]: INFO glance.api.middleware.cache [None req-f104153b-51b5-42eb-9f92-0dbc98360682 None None] Initialized image cache middleware
Jul 22 16:43:54.493190 np0000005645 devstack@g-api.service[99865]: DEBUG glance.common.config [None req-68208da9-2c47-4d47-a65e-2089358c5800 None None] use_stderr = False {{(pid=99865) log_opt_values /opt/stack/data/venv/lib/python3.12/site-packages/oslo_config/cfg.py:3242}}
Jul 22 16:43:54.493258 np0000005645 devstack@g-api.service[99865]: DEBUG glance.common.config [None req-68208da9-2c47-4d47-a65e-2089358c5800 None None] use_syslog = False {{(pid=99865) log_opt_values /opt/stack/data/venv/lib/python3.12/site-packages/oslo_config/cfg.py:3242}}
Jul 22 16:43:54.493349 np0000005645 devstack@g-api.service[99865]: DEBUG glance.common.config [None req-68208da9-2c47-4d47-a65e-2089358c5800 None None] user_storage_quota = 0 {{(pid=99865) log_opt_values /opt/stack/data/venv/lib/python3.12/site-packages/oslo_config/cfg.py:3242}}
Jul 22 16:43:54.493454 np0000005645 devstack@g-api.service[99865]: DEBUG glance.common.config [None req-68208da9-2c47-4d47-a65e-2089358c5800 None None] worker_self_reference_url = http://127.0.0.1:60999 {{(pid=99865) log_opt_values /opt/stack/data/venv/lib/python3.12/site-packages/oslo_config/cfg.py:3242}}
Jul 22 16:43:54.493558 np0000005645 devstack@g-api.service[99865]: DEBUG glance.common.config [None req-68208da9-2c47-4d47-a65e-2089358c5800 None None] oslo_concurrency.disable_process_locking = False {{(pid=99865) log_opt_values /opt/stack/data/venv/lib/python3.12/site-packages/oslo_config/cfg.py:3253}}
Jul 22 16:43:54.493664 np0000005645 devstack@g-api.service[99865]: DEBUG glance.common.config [None req-68208da9-2c47-4d47-a65e-2089358c5800 None None] oslo_concurrency.lock_path = /opt/stack/data/glance/locks {{(pid=99865) log_opt_values /opt/stack/data/venv/lib/python3.12/site-packages/oslo_config/cfg.py:3253}}
Jul 22 16:43:54.493803 np0000005645 devstack@g-api.service[99865]: DEBUG glance.common.config [None req-68208da9-2c47-4d47-a65e-2089358c5800 None None] oslo_middleware.enable_proxy_headers_parsing = False {{(pid=99865) log_opt_values /opt/stack/data/venv/lib/python3.12/site-packages/oslo_config/cfg.py:3253}}
Jul 22 16:43:54.493966 np0000005645 devstack@g-api.service[99865]: DEBUG glance.common.config [None req-68208da9-2c47-4d47-a65e-2089358c5800 None None] oslo_middleware.http_basic_auth_user_file = /etc/htpasswd {{(pid=99865) log_opt_values /opt/stack/data/venv/lib/python3.12/site-packages/oslo_config/cfg.py:3253}}
Jul 22 16:43:54.494107 np0000005645 devstack@g-api.service[99865]: DEBUG glance.common.config [None req-68208da9-2c47-4d47-a65e-2089358c5800 None None] paste_deploy.config_file = None {{(pid=99865) log_opt_values /opt/stack/data/venv/lib/python3.12/site-packages/oslo_config/cfg.py:3253}}
Jul 22 16:43:54.494212 np0000005645 devstack@g-api.service[99865]: DEBUG glance.common.config [None req-68208da9-2c47-4d47-a65e-2089358c5800 None None] paste_deploy.flavor = keystone+cachemanagement {{(pid=99865) log_opt_values /opt/stack/data/venv/lib/python3.12/site-packages/oslo_config/cfg.py:3253}}
Jul 22 16:43:54.494386 np0000005645 devstack@g-api.service[99865]: DEBUG glance.common.config [None req-68208da9-2c47-4d47-a65e-2089358c5800 None None] image_format.container_formats = ['ami', 'ari', 'aki', 'bare', 'ovf', 'ova', 'docker', 'compressed'] {{(pid=99865) log_opt_values /opt/stack/data/venv/lib/python3.12/site-packages/oslo_config/cfg.py:3253}}
Jul 22 16:43:54.494525 np0000005645 devstack@g-api.service[99865]: DEBUG glance.common.config [None req-68208da9-2c47-4d47-a65e-2089358c5800 None None] image_format.disk_formats = ['ami', 'ari', 'aki', 'vhd', 'vhdx', 'vmdk', 'raw', 'qcow2', 'vdi', 'iso', 'ploop'] {{(pid=99865) log_opt_values /opt/stack/data/venv/lib/python3.12/site-packages/oslo_config/cfg.py:3253}}
Jul 22 16:43:54.494649 np0000005645 devstack@g-api.service[99865]: DEBUG glance.common.config [None req-68208da9-2c47-4d47-a65e-2089358c5800 None None] image_format.gpt_safety_checks_nonfatal = [] {{(pid=99865) log_opt_values /opt/stack/data/venv/lib/python3.12/site-packages/oslo_config/cfg.py:3253}}
Jul 22 16:43:54.494770 np0000005645 devstack@g-api.service[99865]: DEBUG glance.common.config [None req-68208da9-2c47-4d47-a65e-2089358c5800 None None] image_format.require_image_format_match = True {{(pid=99865) log_opt_values /opt/stack/data/venv/lib/python3.12/site-packages/oslo_config/cfg.py:3253}}
Jul 22 16:43:54.494884 np0000005645 devstack@g-api.service[99865]: DEBUG glance.common.config [None req-68208da9-2c47-4d47-a65e-2089358c5800 None None] image_format.vmdk_allowed_types = ['streamOptimized', 'monolithicSparse'] {{(pid=99865) log_opt_values /opt/stack/data/venv/lib/python3.12/site-packages/oslo_config/cfg.py:3253}}
Jul 22 16:43:54.495029 np0000005645 devstack@g-api.service[99865]: DEBUG glance.common.config [None req-68208da9-2c47-4d47-a65e-2089358c5800 None None] task.task_executor = taskflow {{(pid=99865) log_opt_values /opt/stack/data/venv/lib/python3.12/site-packages/oslo_config/cfg.py:3253}}
Jul 22 16:43:54.495166 np0000005645 devstack@g-api.service[99865]: DEBUG glance.common.config [None req-68208da9-2c47-4d47-a65e-2089358c5800 None None] task.task_time_to_live = 48 {{(pid=99865) log_opt_values /opt/stack/data/venv/lib/python3.12/site-packages/oslo_config/cfg.py:3253}}
Jul 22 16:43:54.495267 np0000005645 devstack@g-api.service[99865]: DEBUG glance.common.config [None req-68208da9-2c47-4d47-a65e-2089358c5800 None None] task.work_dir = None {{(pid=99865) log_opt_values /opt/stack/data/venv/lib/python3.12/site-packages/oslo_config/cfg.py:3253}}
Jul 22 16:43:54.495391 np0000005645 devstack@g-api.service[99865]: DEBUG glance.common.config [None req-68208da9-2c47-4d47-a65e-2089358c5800 None None] wsgi.python_interpreter = /opt/stack/data/venv/bin/python3 {{(pid=99865) log_opt_values /opt/stack/data/venv/lib/python3.12/site-packages/oslo_config/cfg.py:3253}}
Jul 22 16:43:54.495498 np0000005645 devstack@g-api.service[99865]: DEBUG glance.common.config [None req-68208da9-2c47-4d47-a65e-2089358c5800 None None] wsgi.task_pool_threads = 16 {{(pid=99865) log_opt_values /opt/stack/data/venv/lib/python3.12/site-packages/oslo_config/cfg.py:3253}}
Jul 22 16:43:54.495600 np0000005645 devstack@g-api.service[99865]: DEBUG glance.common.config [None req-68208da9-2c47-4d47-a65e-2089358c5800 None None] import_filtering_opts.allowed_hosts = [] {{(pid=99865) log_opt_values /opt/stack/data/venv/lib/python3.12/site-packages/oslo_config/cfg.py:3253}}
Jul 22 16:43:54.495745 np0000005645 devstack@g-api.service[99865]: DEBUG glance.common.config [None req-68208da9-2c47-4d47-a65e-2089358c5800 None None] import_filtering_opts.allowed_ports = [80, 443] {{(pid=99865) log_opt_values /opt/stack/data/venv/lib/python3.12/site-packages/oslo_config/cfg.py:3253}}
Jul 22 16:43:54.495875 np0000005645 devstack@g-api.service[99865]: DEBUG glance.common.config [None req-68208da9-2c47-4d47-a65e-2089358c5800 None None] import_filtering_opts.allowed_schemes = ['http', 'https'] {{(pid=99865) log_opt_values /opt/stack/data/venv/lib/python3.12/site-packages/oslo_config/cfg.py:3253}}
Jul 22 16:43:54.496033 np0000005645 devstack@g-api.service[99865]: DEBUG glance.common.config [None req-68208da9-2c47-4d47-a65e-2089358c5800 None None] import_filtering_opts.disallowed_hosts = [] {{(pid=99865) log_opt_values /opt/stack/data/venv/lib/python3.12/site-packages/oslo_config/cfg.py:3253}}
Jul 22 16:43:54.496177 np0000005645 devstack@g-api.service[99865]: DEBUG glance.common.config [None req-68208da9-2c47-4d47-a65e-2089358c5800 None None] import_filtering_opts.disallowed_ports = [] {{(pid=99865) log_opt_values /opt/stack/data/venv/lib/python3.12/site-packages/oslo_config/cfg.py:3253}}
Jul 22 16:43:54.496306 np0000005645 devstack@g-api.service[99865]: DEBUG glance.common.config [None req-68208da9-2c47-4d47-a65e-2089358c5800 None None] import_filtering_opts.disallowed_schemes = [] {{(pid=99865) log_opt_values /opt/stack/data/venv/lib/python3.12/site-packages/oslo_config/cfg.py:3253}}
