May 23 15:52:09.102431 np0000001340 devstack@g-api.service[101962]: DEBUG glance_store.location [-] Registering scheme swift+config with {'store': , 'location_class': , 'store_entry': 'swift'} {{(pid=101962) register_scheme_map /opt/stack/data/venv/lib/python3.12/site-packages/glance_store/location.py:146}}
May 23 15:52:09.102506 np0000001340 devstack@g-api.service[101962]: DEBUG glance_store.backend [-] Attempting to import store file {{(pid=101962) _load_store /opt/stack/data/venv/lib/python3.12/site-packages/glance_store/backend.py:215}}
May 23 15:52:09.102939 np0000001340 devstack@g-api.service[101962]: DEBUG glance_store.capabilities [-] Store glance_store._drivers.filesystem.Store doesn't support updating dynamic storage capabilities. Please overwrite 'update_capabilities' method of the store to implement updating logics if needed. {{(pid=101962) update_capabilities /opt/stack/data/venv/lib/python3.12/site-packages/glance_store/capabilities.py:91}}
May 23 15:52:09.102985 np0000001340 devstack@g-api.service[101962]: DEBUG glance_store.backend [-] Registering store file with schemes ('file', 'filesystem') {{(pid=101962) create_stores /opt/stack/data/venv/lib/python3.12/site-packages/glance_store/backend.py:261}}
May 23 15:52:09.103050 np0000001340 devstack@g-api.service[101962]: DEBUG glance_store.driver [-] Late loading location class glance_store._drivers.filesystem.StoreLocation {{(pid=101962) get_store_location_class /opt/stack/data/venv/lib/python3.12/site-packages/glance_store/driver.py:134}}
May 23 15:52:09.103114 np0000001340 devstack@g-api.service[101962]: DEBUG glance_store.location [-] Registering scheme file with {'store': , 'location_class': , 'store_entry': 'file'} {{(pid=101962) register_scheme_map /opt/stack/data/venv/lib/python3.12/site-packages/glance_store/location.py:146}}
May 23 15:52:09.103162 np0000001340 devstack@g-api.service[101962]: DEBUG glance_store.location [-] Registering scheme filesystem with {'store': , 'location_class': , 'store_entry': 'file'} {{(pid=101962) register_scheme_map /opt/stack/data/venv/lib/python3.12/site-packages/glance_store/location.py:146}}
May 23 15:52:09.103209 np0000001340 devstack@g-api.service[101962]: DEBUG glance_store.backend [-] Attempting to import store http {{(pid=101962) _load_store /opt/stack/data/venv/lib/python3.12/site-packages/glance_store/backend.py:215}}
May 23 15:52:09.103411 np0000001340 devstack@g-api.service[101962]: DEBUG glance_store.capabilities [-] Store glance_store._drivers.http.Store doesn't support updating dynamic storage capabilities. Please overwrite 'update_capabilities' method of the store to implement updating logics if needed. {{(pid=101962) update_capabilities /opt/stack/data/venv/lib/python3.12/site-packages/glance_store/capabilities.py:91}}
May 23 15:52:09.103471 np0000001340 devstack@g-api.service[101962]: DEBUG glance_store.backend [-] Registering store http with schemes ('http', 'https') {{(pid=101962) create_stores /opt/stack/data/venv/lib/python3.12/site-packages/glance_store/backend.py:261}}
May 23 15:52:09.103538 np0000001340 devstack@g-api.service[101962]: DEBUG glance_store.driver [-] Late loading location class glance_store._drivers.http.StoreLocation {{(pid=101962) get_store_location_class /opt/stack/data/venv/lib/python3.12/site-packages/glance_store/driver.py:134}}
May 23 15:52:09.103597 np0000001340 devstack@g-api.service[101962]: DEBUG glance_store.location [-] Registering scheme http with {'store': , 'location_class': , 'store_entry': 'http'} {{(pid=101962) register_scheme_map /opt/stack/data/venv/lib/python3.12/site-packages/glance_store/location.py:146}}
May 23 15:52:09.103649 np0000001340 devstack@g-api.service[101962]: DEBUG glance_store.location [-] Registering scheme https with {'store': , 'location_class': , 'store_entry': 'http'} {{(pid=101962) register_scheme_map /opt/stack/data/venv/lib/python3.12/site-packages/glance_store/location.py:146}}
May 23 15:52:09.103753 np0000001340 devstack@g-api.service[101962]: DEBUG glance_store.backend [-] Attempting to import store swift {{(pid=101962) _load_store /opt/stack/data/venv/lib/python3.12/site-packages/glance_store/backend.py:215}}
May 23 15:52:09.104773 np0000001340 devstack@g-api.service[101962]: DEBUG glance_store.capabilities [-] Store glance_store._drivers.swift.store.SingleTenantStore doesn't support updating dynamic storage capabilities. Please overwrite 'update_capabilities' method of the store to implement updating logics if needed. {{(pid=101962) update_capabilities /opt/stack/data/venv/lib/python3.12/site-packages/glance_store/capabilities.py:91}}
May 23 15:52:09.104838 np0000001340 devstack@g-api.service[101962]: DEBUG glance_store.driver [-] Late loading location class glance_store._drivers.swift.store.StoreLocation {{(pid=101962) get_store_location_class /opt/stack/data/venv/lib/python3.12/site-packages/glance_store/driver.py:134}}
May 23 15:52:09.104895 np0000001340 devstack@g-api.service[101962]: DEBUG glance_store.location [-] Registering scheme swift+https with {'store': , 'location_class': , 'store_entry': 'swift'} {{(pid=101962) register_scheme_map /opt/stack/data/venv/lib/python3.12/site-packages/glance_store/location.py:146}}
May 23 15:52:09.104943 np0000001340 devstack@g-api.service[101962]: DEBUG glance_store.location [-] Registering scheme swift+https with {'store': , 'location_class': , 'store_entry': 'swift'} {{(pid=101962) register_scheme_map /opt/stack/data/venv/lib/python3.12/site-packages/glance_store/location.py:146}}
May 23 15:52:09.105000 np0000001340 devstack@g-api.service[101962]: DEBUG glance_store.location [-] Registering scheme swift with {'store': , 'location_class': , 'store_entry': 'swift'} {{(pid=101962) register_scheme_map /opt/stack/data/venv/lib/python3.12/site-packages/glance_store/location.py:146}}
May 23 15:52:09.105053 np0000001340 devstack@g-api.service[101962]: DEBUG glance_store.location [-] Registering scheme swift+https with {'store': , 'location_class': , 'store_entry': 'swift'} {{(pid=101962) register_scheme_map /opt/stack/data/venv/lib/python3.12/site-packages/glance_store/location.py:146}}
May 23 15:52:09.105104 np0000001340 devstack@g-api.service[101962]: DEBUG glance_store.location [-] Registering scheme swift with {'store': , 'location_class': , 'store_entry': 'swift'} {{(pid=101962) register_scheme_map /opt/stack/data/venv/lib/python3.12/site-packages/glance_store/location.py:146}}
May 23 15:52:09.105154 np0000001340 devstack@g-api.service[101962]: DEBUG glance_store.location [-] Registering scheme swift+http with {'store': , 'location_class': , 'store_entry': 'swift'} {{(pid=101962) register_scheme_map /opt/stack/data/venv/lib/python3.12/site-packages/glance_store/location.py:146}}
May 23 15:52:09.105212 np0000001340 devstack@g-api.service[101962]: DEBUG glance_store.location [-] Registering scheme swift+https with {'store': , 'location_class': , 'store_entry': 'swift'} {{(pid=101962) register_scheme_map /opt/stack/data/venv/lib/python3.12/site-packages/glance_store/location.py:146}}
May 23 15:52:09.105254 np0000001340 devstack@g-api.service[101962]: DEBUG glance_store.location [-] Registering scheme swift with {'store': , 'location_class': , 'store_entry': 'swift'} {{(pid=101962) register_scheme_map /opt/stack/data/venv/lib/python3.12/site-packages/glance_store/location.py:146}}
May 23 15:52:09.105303 np0000001340 devstack@g-api.service[101962]: DEBUG glance_store.location [-] Registering scheme swift+http with {'store': , 'location_class': , 'store_entry': 'swift'} {{(pid=101962) register_scheme_map /opt/stack/data/venv/lib/python3.12/site-packages/glance_store/location.py:146}}
May 23 15:52:09.105382 np0000001340 devstack@g-api.service[101962]: DEBUG glance_store.location [-] Registering scheme swift+config with {'store': , 'location_class': , 'store_entry': 'swift'} {{(pid=101962) register_scheme_map /opt/stack/data/venv/lib/python3.12/site-packages/glance_store/location.py:146}}
May 23 15:52:09.105633 np0000001340 devstack@g-api.service[101962]: DEBUG glance.sqlite_migration [-] SQLite caching database not located, skipping migration {{(pid=101962) get_db_path /opt/stack/glance/glance/sqlite_migration.py:68}}
May 23 15:52:09.105810 np0000001340 devstack@g-api.service[101962]: WARNING glance.common.wsgi_app [-] Import methods are enabled but staging directory /tmp/staging/ does not exist; Imports will fail!
May 23 15:52:09.331303 np0000001340 devstack@g-api.service[101961]: DEBUG glance.common.config [None req-276d5f8c-cbea-4af3-a61e-7cf78ff09775 None None] Loading glance-api-keystone+cachemanagement from /etc/glance/glance-api-paste.ini {{(pid=101961) load_paste_app /opt/stack/glance/glance/common/config.py:758}}
May 23 15:52:09.341643 np0000001340 devstack@g-api.service[101960]: DEBUG glance.common.config [None req-0d7e7768-aae6-4a97-ad73-8771f389a508 None None] Loading glance-api-keystone+cachemanagement from /etc/glance/glance-api-paste.ini {{(pid=101960) load_paste_app /opt/stack/glance/glance/common/config.py:758}}
May 23 15:52:09.346971 np0000001340 devstack@g-api.service[101962]: DEBUG glance.common.config [None req-3c71a445-78e5-49ca-942f-82c49bab313f None None] Loading glance-api-keystone+cachemanagement from /etc/glance/glance-api-paste.ini {{(pid=101962) load_paste_app /opt/stack/glance/glance/common/config.py:758}}
May 23 15:52:09.869078 np0000001340 devstack@g-api.service[101962]: INFO glance.image_cache [None req-3c71a445-78e5-49ca-942f-82c49bab313f None None] Image cache loaded driver 'centralized_db'.
May 23 15:52:09.877129 np0000001340 devstack@g-api.service[101961]: INFO glance.image_cache [None req-276d5f8c-cbea-4af3-a61e-7cf78ff09775 None None] Image cache loaded driver 'centralized_db'.
May 23 15:52:09.883593 np0000001340 devstack@g-api.service[101960]: INFO glance.image_cache [None req-0d7e7768-aae6-4a97-ad73-8771f389a508 None None] Image cache loaded driver 'centralized_db'.
May 23 15:52:09.910139 np0000001340 devstack@g-api.service[101962]: INFO dbcounter [None req-3c71a445-78e5-49ca-942f-82c49bab313f None None] Registered counter for database glance
May 23 15:52:09.920042 np0000001340 devstack@g-api.service[101961]: INFO dbcounter [None req-276d5f8c-cbea-4af3-a61e-7cf78ff09775 None None] Registered counter for database glance
May 23 15:52:09.922971 np0000001340 devstack@g-api.service[101962]: DEBUG oslo_db.sqlalchemy.engines [None req-3c71a445-78e5-49ca-942f-82c49bab313f None None] MySQL server mode set to STRICT_TRANS_TABLES,STRICT_ALL_TABLES,NO_ZERO_IN_DATE,NO_ZERO_DATE,ERROR_FOR_DIVISION_BY_ZERO,TRADITIONAL,NO_ENGINE_SUBSTITUTION {{(pid=101962) _check_effective_sql_mode /opt/stack/data/venv/lib/python3.12/site-packages/oslo_db/sqlalchemy/engines.py:325}}
May 23 15:52:09.926515 np0000001340 devstack@g-api.service[101960]: INFO dbcounter [None req-0d7e7768-aae6-4a97-ad73-8771f389a508 None None] Registered counter for database glance
May 23 15:52:09.932399 np0000001340 devstack@g-api.service[101961]: DEBUG oslo_db.sqlalchemy.engines [None req-276d5f8c-cbea-4af3-a61e-7cf78ff09775 None None] MySQL server mode set to STRICT_TRANS_TABLES,STRICT_ALL_TABLES,NO_ZERO_IN_DATE,NO_ZERO_DATE,ERROR_FOR_DIVISION_BY_ZERO,TRADITIONAL,NO_ENGINE_SUBSTITUTION {{(pid=101961) _check_effective_sql_mode /opt/stack/data/venv/lib/python3.12/site-packages/oslo_db/sqlalchemy/engines.py:325}}
May 23 15:52:09.940445 np0000001340 devstack@g-api.service[101960]: DEBUG oslo_db.sqlalchemy.engines [None req-0d7e7768-aae6-4a97-ad73-8771f389a508 None None] MySQL server mode set to STRICT_TRANS_TABLES,STRICT_ALL_TABLES,NO_ZERO_IN_DATE,NO_ZERO_DATE,ERROR_FOR_DIVISION_BY_ZERO,TRADITIONAL,NO_ENGINE_SUBSTITUTION {{(pid=101960) _check_effective_sql_mode /opt/stack/data/venv/lib/python3.12/site-packages/oslo_db/sqlalchemy/engines.py:325}}
May 23 15:52:09.942209 np0000001340 devstack@g-api.service[101962]: DEBUG dbcounter [-] [101962] Writer thread running {{(pid=101962) stat_writer /opt/stack/data/venv/lib/python3.12/site-packages/dbcounter.py:102}}
May 23 15:52:09.952883 np0000001340 devstack@g-api.service[101961]: DEBUG dbcounter [-] [101961] Writer thread running {{(pid=101961) stat_writer /opt/stack/data/venv/lib/python3.12/site-packages/dbcounter.py:102}}
May 23 15:52:09.953286 np0000001340 devstack@g-api.service[101962]: INFO glance.image_cache [None req-3c71a445-78e5-49ca-942f-82c49bab313f None None] Image cache loaded driver 'centralized_db'.
May 23 15:52:09.955141 np0000001340 devstack@g-api.service[101961]: DEBUG glance.image_cache.drivers.centralized_db [None req-276d5f8c-cbea-4af3-a61e-7cf78ff09775 None None] Node reference is already recorded, ignoring it {{(pid=101961) configure /opt/stack/glance/glance/image_cache/drivers/centralized_db.py:71}}
May 23 15:52:09.959164 np0000001340 devstack@g-api.service[101962]: DEBUG glance.image_cache.drivers.centralized_db [None req-3c71a445-78e5-49ca-942f-82c49bab313f None None] Node reference is already recorded, ignoring it {{(pid=101962) configure /opt/stack/glance/glance/image_cache/drivers/centralized_db.py:71}}
May 23 15:52:09.960125 np0000001340 devstack@g-api.service[101960]: DEBUG dbcounter [-] [101960] Writer thread running {{(pid=101960) stat_writer /opt/stack/data/venv/lib/python3.12/site-packages/dbcounter.py:102}}
May 23 15:52:09.960457 np0000001340 devstack@g-api.service[101961]: INFO glance.image_cache [None req-276d5f8c-cbea-4af3-a61e-7cf78ff09775 None None] Image cache loaded driver 'centralized_db'.
May 23 15:52:09.962603 np0000001340 devstack@g-api.service[101960]: DEBUG glance.image_cache.drivers.centralized_db [None req-0d7e7768-aae6-4a97-ad73-8771f389a508 None None] Node reference is already recorded, ignoring it {{(pid=101960) configure /opt/stack/glance/glance/image_cache/drivers/centralized_db.py:71}}
May 23 15:52:09.963466 np0000001340 devstack@g-api.service[101962]: DEBUG glance.api.v2.cached_images [None req-3c71a445-78e5-49ca-942f-82c49bab313f None None] Started cache worker thread {{(pid=101962) __init__ /opt/stack/glance/glance/api/v2/cached_images.py:69}}
May 23 15:52:09.964067 np0000001340 devstack@g-api.service[101962]: INFO glance.image_cache [None req-3c71a445-78e5-49ca-942f-82c49bab313f None None] Image cache loaded driver 'centralized_db'.
May 23 15:52:09.966400 np0000001340 devstack@g-api.service[101961]: DEBUG glance.image_cache.drivers.centralized_db [None req-276d5f8c-cbea-4af3-a61e-7cf78ff09775 None None] Node reference is already recorded, ignoring it {{(pid=101961) configure /opt/stack/glance/glance/image_cache/drivers/centralized_db.py:71}}
May 23 15:52:09.967387 np0000001340 devstack@g-api.service[101960]: INFO glance.image_cache [None req-0d7e7768-aae6-4a97-ad73-8771f389a508 None None] Image cache loaded driver 'centralized_db'.
May 23 15:52:09.970853 np0000001340 devstack@g-api.service[101961]: DEBUG glance.api.v2.cached_images [None req-276d5f8c-cbea-4af3-a61e-7cf78ff09775 None None] Started cache worker thread {{(pid=101961) __init__ /opt/stack/glance/glance/api/v2/cached_images.py:69}}
May 23 15:52:09.971028 np0000001340 devstack@g-api.service[101962]: DEBUG glance.image_cache.drivers.centralized_db [None req-3c71a445-78e5-49ca-942f-82c49bab313f None None] Node reference is already recorded, ignoring it {{(pid=101962) configure /opt/stack/glance/glance/image_cache/drivers/centralized_db.py:71}}
May 23 15:52:09.971380 np0000001340 devstack@g-api.service[101961]: INFO glance.image_cache [None req-276d5f8c-cbea-4af3-a61e-7cf78ff09775 None None] Image cache loaded driver 'centralized_db'.
May 23 15:52:09.973107 np0000001340 devstack@g-api.service[101960]: DEBUG glance.image_cache.drivers.centralized_db [None req-0d7e7768-aae6-4a97-ad73-8771f389a508 None None] Node reference is already recorded, ignoring it {{(pid=101960) configure /opt/stack/glance/glance/image_cache/drivers/centralized_db.py:71}}
May 23 15:52:09.975203 np0000001340 devstack@g-api.service[101962]: INFO glance.api.middleware.cache_manage [None req-3c71a445-78e5-49ca-942f-82c49bab313f None None] Initialized image cache management middleware
May 23 15:52:09.975343 np0000001340 devstack@g-api.service[101962]: INFO glance.image_cache [None req-3c71a445-78e5-49ca-942f-82c49bab313f None None] Image cache loaded driver 'centralized_db'.
May 23 15:52:09.977203 np0000001340 devstack@g-api.service[101961]: DEBUG glance.image_cache.drivers.centralized_db [None req-276d5f8c-cbea-4af3-a61e-7cf78ff09775 None None] Node reference is already recorded, ignoring it {{(pid=101961) configure /opt/stack/glance/glance/image_cache/drivers/centralized_db.py:71}}
May 23 15:52:09.977462 np0000001340 devstack@g-api.service[101960]: DEBUG glance.api.v2.cached_images [None req-0d7e7768-aae6-4a97-ad73-8771f389a508 None None] Started cache worker thread {{(pid=101960) __init__ /opt/stack/glance/glance/api/v2/cached_images.py:69}}
May 23 15:52:09.977940 np0000001340 devstack@g-api.service[101960]: INFO glance.image_cache [None req-0d7e7768-aae6-4a97-ad73-8771f389a508 None None] Image cache loaded driver 'centralized_db'.
May 23 15:52:09.980610 np0000001340 devstack@g-api.service[101962]: DEBUG glance.image_cache.drivers.centralized_db [None req-3c71a445-78e5-49ca-942f-82c49bab313f None None] Node reference is already recorded, ignoring it {{(pid=101962) configure /opt/stack/glance/glance/image_cache/drivers/centralized_db.py:71}}
May 23 15:52:09.982659 np0000001340 devstack@g-api.service[101961]: INFO glance.api.middleware.cache_manage [None req-276d5f8c-cbea-4af3-a61e-7cf78ff09775 None None] Initialized image cache management middleware
May 23 15:52:09.982820 np0000001340 devstack@g-api.service[101961]: INFO glance.image_cache [None req-276d5f8c-cbea-4af3-a61e-7cf78ff09775 None None] Image cache loaded driver 'centralized_db'.
May 23 15:52:09.983461 np0000001340 devstack@g-api.service[101960]: DEBUG glance.image_cache.drivers.centralized_db [None req-0d7e7768-aae6-4a97-ad73-8771f389a508 None None] Node reference is already recorded, ignoring it {{(pid=101960) configure /opt/stack/glance/glance/image_cache/drivers/centralized_db.py:71}}
May 23 15:52:09.983735 np0000001340 devstack@g-api.service[101962]: INFO glance.api.middleware.cache [None req-3c71a445-78e5-49ca-942f-82c49bab313f None None] Initialized image cache middleware
May 23 15:52:09.987364 np0000001340 devstack@g-api.service[101960]: INFO glance.api.middleware.cache_manage [None req-0d7e7768-aae6-4a97-ad73-8771f389a508 None None] Initialized image cache management middleware
May 23 15:52:09.987519 np0000001340 devstack@g-api.service[101960]: INFO glance.image_cache [None req-0d7e7768-aae6-4a97-ad73-8771f389a508 None None] Image cache loaded driver 'centralized_db'.
May 23 15:52:09.988698 np0000001340 devstack@g-api.service[101961]: DEBUG glance.image_cache.drivers.centralized_db [None req-276d5f8c-cbea-4af3-a61e-7cf78ff09775 None None] Node reference is already recorded, ignoring it {{(pid=101961) configure /opt/stack/glance/glance/image_cache/drivers/centralized_db.py:71}}
May 23 15:52:09.992038 np0000001340 devstack@g-api.service[101961]: INFO glance.api.middleware.cache [None req-276d5f8c-cbea-4af3-a61e-7cf78ff09775 None None] Initialized image cache middleware
May 23 15:52:09.993337 np0000001340 devstack@g-api.service[101962]: DEBUG glance.common.config [None req-3c71a445-78e5-49ca-942f-82c49bab313f None None] ******************************************************************************** {{(pid=101962) log_opt_values /opt/stack/data/venv/lib/python3.12/site-packages/oslo_config/cfg.py:3229}}
May 23 15:52:09.993435 np0000001340 devstack@g-api.service[101962]: DEBUG glance.common.config [None req-3c71a445-78e5-49ca-942f-82c49bab313f None None] Configuration options gathered from: {{(pid=101962) log_opt_values /opt/stack/data/venv/lib/python3.12/site-packages/oslo_config/cfg.py:3230}}
May 23 15:52:09.993690 np0000001340 devstack@g-api.service[101962]: DEBUG glance.common.config [None req-3c71a445-78e5-49ca-942f-82c49bab313f None None] command line args: [] {{(pid=101962) log_opt_values /opt/stack/data/venv/lib/python3.12/site-packages/oslo_config/cfg.py:3231}}
May 23 15:52:09.993818 np0000001340 devstack@g-api.service[101962]: DEBUG glance.common.config [None req-3c71a445-78e5-49ca-942f-82c49bab313f None None] config files: ['/etc/glance/glance-image-import.conf', '/etc/glance/glance-api.conf'] {{(pid=101962) log_opt_values /opt/stack/data/venv/lib/python3.12/site-packages/oslo_config/cfg.py:3232}}
May 23 15:52:09.993879 np0000001340 devstack@g-api.service[101962]: DEBUG glance.common.config [None req-3c71a445-78e5-49ca-942f-82c49bab313f None None] ================================================================================ {{(pid=101962) log_opt_values /opt/stack/data/venv/lib/python3.12/site-packages/oslo_config/cfg.py:3237}}
May 23 15:52:09.993999 np0000001340 devstack@g-api.service[101962]: DEBUG glance.common.config [None req-3c71a445-78e5-49ca-942f-82c49bab313f None None] allow_anonymous_access = False {{(pid=101962) log_opt_values /opt/stack/data/venv/lib/python3.12/site-packages/oslo_config/cfg.py:3245}}
May 23 15:52:09.994052 np0000001340 devstack@g-api.service[101960]: DEBUG glance.image_cache.drivers.centralized_db [None req-0d7e7768-aae6-4a97-ad73-8771f389a508 None None] Node reference is already recorded, ignoring it {{(pid=101960) configure /opt/stack/glance/glance/image_cache/drivers/centralized_db.py:71}}
May 23 15:52:09.994102 np0000001340 devstack@g-api.service[101962]: DEBUG glance.common.config [None req-3c71a445-78e5-49ca-942f-82c49bab313f None None] api_limit_max = 1000 {{(pid=101962) log_opt_values /opt/stack/data/venv/lib/python3.12/site-packages/oslo_config/cfg.py:3245}}
May 23 15:52:09.994181 np0000001340 devstack@g-api.service[101962]: DEBUG glance.common.config [None req-3c71a445-78e5-49ca-942f-82c49bab313f None None] backlog = 4096 {{(pid=101962) log_opt_values /opt/stack/data/venv/lib/python3.12/site-packages/oslo_config/cfg.py:3245}}
May 23 15:52:09.994301 np0000001340 devstack@g-api.service[101962]: DEBUG glance.common.config [None req-3c71a445-78e5-49ca-942f-82c49bab313f None None] bind_host = 0.0.0.0 {{(pid=101962) log_opt_values /opt/stack/data/venv/lib/python3.12/site-packages/oslo_config/cfg.py:3245}}
May 23 15:52:09.994431 np0000001340 devstack@g-api.service[101962]: DEBUG glance.common.config [None req-3c71a445-78e5-49ca-942f-82c49bab313f None None] bind_port = 19292 {{(pid=101962) log_opt_values /opt/stack/data/venv/lib/python3.12/site-packages/oslo_config/cfg.py:3245}}
May 23 15:52:09.994525 np0000001340 devstack@g-api.service[101962]: DEBUG glance.common.config [None req-3c71a445-78e5-49ca-942f-82c49bab313f None None] client_socket_timeout = 900 {{(pid=101962) log_opt_values /opt/stack/data/venv/lib/python3.12/site-packages/oslo_config/cfg.py:3245}}
May 23 15:52:09.994621 np0000001340 devstack@g-api.service[101962]: DEBUG glance.common.config [None req-3c71a445-78e5-49ca-942f-82c49bab313f None None] config_dir = [] {{(pid=101962) log_opt_values /opt/stack/data/venv/lib/python3.12/site-packages/oslo_config/cfg.py:3245}}
May 23 15:52:09.994692 np0000001340 devstack@g-api.service[101962]: DEBUG glance.common.config [None req-3c71a445-78e5-49ca-942f-82c49bab313f None None] config_file = ['/etc/glance/glance-image-import.conf', '/etc/glance/glance-api.conf'] {{(pid=101962) log_opt_values /opt/stack/data/venv/lib/python3.12/site-packages/oslo_config/cfg.py:3245}}
May 23 15:52:09.994795 np0000001340 devstack@g-api.service[101962]: DEBUG glance.common.config [None req-3c71a445-78e5-49ca-942f-82c49bab313f None None] config_source = [] {{(pid=101962) log_opt_values /opt/stack/data/venv/lib/python3.12/site-packages/oslo_config/cfg.py:3245}}
May 23 15:52:09.994886 np0000001340 devstack@g-api.service[101962]: DEBUG glance.common.config [None req-3c71a445-78e5-49ca-942f-82c49bab313f None None] control_exchange = glance {{(pid=101962) log_opt_values /opt/stack/data/venv/lib/python3.12/site-packages/oslo_config/cfg.py:3245}}
May 23 15:52:09.994953 np0000001340 devstack@g-api.service[101962]: DEBUG glance.common.config [None req-3c71a445-78e5-49ca-942f-82c49bab313f None None] debug = True {{(pid=101962) log_opt_values /opt/stack/data/venv/lib/python3.12/site-packages/oslo_config/cfg.py:3245}}
May 23 15:52:09.995110 np0000001340 devstack@g-api.service[101962]: DEBUG glance.common.config [None req-3c71a445-78e5-49ca-942f-82c49bab313f None None] default_log_levels = ['amqp=WARN', 'boto=WARN', 'sqlalchemy=WARN', 'suds=INFO', 'oslo.messaging=INFO', 'oslo_messaging=INFO', 'iso8601=WARN', 'requests.packages.urllib3.connectionpool=WARN', 'urllib3.connectionpool=WARN', 'websocket=WARN', 'requests.packages.urllib3.util.retry=WARN', 'urllib3.util.retry=WARN', 'keystonemiddleware=WARN', 'routes.middleware=WARN', 'stevedore=WARN', 'taskflow=WARN', 'keystoneauth=WARN', 'oslo.cache=INFO', 'oslo_policy=INFO', 'dogpile.core.dogpile=INFO'] {{(pid=101962) log_opt_values /opt/stack/data/venv/lib/python3.12/site-packages/oslo_config/cfg.py:3245}}
May 23 15:52:09.995206 np0000001340 devstack@g-api.service[101962]: DEBUG glance.common.config [None req-3c71a445-78e5-49ca-942f-82c49bab313f None None] default_publisher_id = image.localhost {{(pid=101962) log_opt_values /opt/stack/data/venv/lib/python3.12/site-packages/oslo_config/cfg.py:3245}}
May 23 15:52:09.995275 np0000001340 devstack@g-api.service[101962]: DEBUG glance.common.config [None req-3c71a445-78e5-49ca-942f-82c49bab313f None None] delayed_delete = False {{(pid=101962) log_opt_values /opt/stack/data/venv/lib/python3.12/site-packages/oslo_config/cfg.py:3245}}
May 23 15:52:09.995389 np0000001340 devstack@g-api.service[101962]: DEBUG glance.common.config [None req-3c71a445-78e5-49ca-942f-82c49bab313f None None] digest_algorithm = sha256 {{(pid=101962) log_opt_values /opt/stack/data/venv/lib/python3.12/site-packages/oslo_config/cfg.py:3245}}
May 23 15:52:09.995482 np0000001340 devstack@g-api.service[101962]: DEBUG glance.common.config [None req-3c71a445-78e5-49ca-942f-82c49bab313f None None] disabled_notifications = [] {{(pid=101962) log_opt_values /opt/stack/data/venv/lib/python3.12/site-packages/oslo_config/cfg.py:3245}}
May 23 15:52:09.995570 np0000001340 devstack@g-api.service[101962]: DEBUG glance.common.config [None req-3c71a445-78e5-49ca-942f-82c49bab313f None None] do_secure_hash = True {{(pid=101962) log_opt_values /opt/stack/data/venv/lib/python3.12/site-packages/oslo_config/cfg.py:3245}}
May 23 15:52:09.995657 np0000001340 devstack@g-api.service[101962]: DEBUG glance.common.config [None req-3c71a445-78e5-49ca-942f-82c49bab313f None None] enabled_backends = None {{(pid=101962) log_opt_values /opt/stack/data/venv/lib/python3.12/site-packages/oslo_config/cfg.py:3245}}
May 23 15:52:09.995762 np0000001340 devstack@g-api.service[101962]: DEBUG glance.common.config [None req-3c71a445-78e5-49ca-942f-82c49bab313f None None] enabled_import_methods = ['glance-direct', 'web-download', 'copy-image'] {{(pid=101962) log_opt_values /opt/stack/data/venv/lib/python3.12/site-packages/oslo_config/cfg.py:3245}}
May 23 15:52:09.995865 np0000001340 devstack@g-api.service[101962]: DEBUG glance.common.config [None req-3c71a445-78e5-49ca-942f-82c49bab313f None None] fatal_deprecations = False {{(pid=101962) log_opt_values /opt/stack/data/venv/lib/python3.12/site-packages/oslo_config/cfg.py:3245}}
May 23 15:52:09.995958 np0000001340 devstack@g-api.service[101962]: DEBUG glance.common.config [None req-3c71a445-78e5-49ca-942f-82c49bab313f None None] hashing_algorithm = sha512 {{(pid=101962) log_opt_values /opt/stack/data/venv/lib/python3.12/site-packages/oslo_config/cfg.py:3245}}
May 23 15:52:09.996043 np0000001340 devstack@g-api.service[101962]: DEBUG glance.common.config [None req-3c71a445-78e5-49ca-942f-82c49bab313f None None] http_keepalive = True {{(pid=101962) log_opt_values /opt/stack/data/venv/lib/python3.12/site-packages/oslo_config/cfg.py:3245}}
May 23 15:52:09.996115 np0000001340 devstack@g-api.service[101962]: DEBUG glance.common.config [None req-3c71a445-78e5-49ca-942f-82c49bab313f None None] http_retries = 3 {{(pid=101962) log_opt_values /opt/stack/data/venv/lib/python3.12/site-packages/oslo_config/cfg.py:3245}}
May 23 15:52:09.996211 np0000001340 devstack@g-api.service[101962]: DEBUG glance.common.config [None req-3c71a445-78e5-49ca-942f-82c49bab313f None None] image_cache_dir = /opt/stack/data/glance/cache/ {{(pid=101962) log_opt_values /opt/stack/data/venv/lib/python3.12/site-packages/oslo_config/cfg.py:3245}}
May 23 15:52:09.996302 np0000001340 devstack@g-api.service[101962]: DEBUG glance.common.config [None req-3c71a445-78e5-49ca-942f-82c49bab313f None None] image_cache_driver = centralized_db {{(pid=101962) log_opt_values /opt/stack/data/venv/lib/python3.12/site-packages/oslo_config/cfg.py:3245}}
May 23 15:52:09.996416 np0000001340 devstack@g-api.service[101962]: DEBUG glance.common.config [None req-3c71a445-78e5-49ca-942f-82c49bab313f None None] image_cache_max_size = 10737418240 {{(pid=101962) log_opt_values /opt/stack/data/venv/lib/python3.12/site-packages/oslo_config/cfg.py:3245}}
May 23 15:52:09.996513 np0000001340 devstack@g-api.service[101962]: DEBUG glance.common.config [None req-3c71a445-78e5-49ca-942f-82c49bab313f None None] image_cache_sqlite_db = cache.db {{(pid=101962) log_opt_values /opt/stack/data/venv/lib/python3.12/site-packages/oslo_config/cfg.py:3245}}
May 23 15:52:09.996604 np0000001340 devstack@g-api.service[101962]: DEBUG glance.common.config [None req-3c71a445-78e5-49ca-942f-82c49bab313f None None] image_cache_stall_time = 86400 {{(pid=101962) log_opt_values /opt/stack/data/venv/lib/python3.12/site-packages/oslo_config/cfg.py:3245}}
May 23 15:52:09.996693 np0000001340 devstack@g-api.service[101962]: DEBUG glance.common.config [None req-3c71a445-78e5-49ca-942f-82c49bab313f None None] image_location_quota = 10 {{(pid=101962) log_opt_values /opt/stack/data/venv/lib/python3.12/site-packages/oslo_config/cfg.py:3245}}
May 23 15:52:09.996778 np0000001340 devstack@g-api.service[101962]: DEBUG glance.common.config [None req-3c71a445-78e5-49ca-942f-82c49bab313f None None] image_member_quota = 128 {{(pid=101962) log_opt_values /opt/stack/data/venv/lib/python3.12/site-packages/oslo_config/cfg.py:3245}}
May 23 15:52:09.996867 np0000001340 devstack@g-api.service[101962]: DEBUG glance.common.config [None req-3c71a445-78e5-49ca-942f-82c49bab313f None None] image_property_quota = 128 {{(pid=101962) log_opt_values /opt/stack/data/venv/lib/python3.12/site-packages/oslo_config/cfg.py:3245}}
May 23 15:52:09.996957 np0000001340 devstack@g-api.service[101962]: DEBUG glance.common.config [None req-3c71a445-78e5-49ca-942f-82c49bab313f None None] image_size_cap = 1099511627776 {{(pid=101962) log_opt_values /opt/stack/data/venv/lib/python3.12/site-packages/oslo_config/cfg.py:3245}}
May 23 15:52:09.997043 np0000001340 devstack@g-api.service[101962]: DEBUG glance.common.config [None req-3c71a445-78e5-49ca-942f-82c49bab313f None None] image_tag_quota = 128 {{(pid=101962) log_opt_values /opt/stack/data/venv/lib/python3.12/site-packages/oslo_config/cfg.py:3245}}
May 23 15:52:09.997134 np0000001340 devstack@g-api.service[101962]: DEBUG glance.common.config [None req-3c71a445-78e5-49ca-942f-82c49bab313f None None] instance_format = [instance: %(uuid)s] {{(pid=101962) log_opt_values /opt/stack/data/venv/lib/python3.12/site-packages/oslo_config/cfg.py:3245}}
May 23 15:52:09.997226 np0000001340 devstack@g-api.service[101962]: DEBUG glance.common.config [None req-3c71a445-78e5-49ca-942f-82c49bab313f None None] instance_uuid_format = [instance: %(uuid)s] {{(pid=101962) log_opt_values /opt/stack/data/venv/lib/python3.12/site-packages/oslo_config/cfg.py:3245}}
May 23 15:52:09.997300 np0000001340 devstack@g-api.service[101960]: INFO glance.api.middleware.cache [None req-0d7e7768-aae6-4a97-ad73-8771f389a508 None None] Initialized image cache middleware
May 23 15:52:09.997386 np0000001340 devstack@g-api.service[101962]: DEBUG glance.common.config [None req-3c71a445-78e5-49ca-942f-82c49bab313f None None] limit_param_default = 25 {{(pid=101962) log_opt_values /opt/stack/data/venv/lib/python3.12/site-packages/oslo_config/cfg.py:3245}}
May 23 15:52:09.997441 np0000001340 devstack@g-api.service[101962]: DEBUG glance.common.config [None req-3c71a445-78e5-49ca-942f-82c49bab313f None None] log_color = False {{(pid=101962) log_opt_values /opt/stack/data/venv/lib/python3.12/site-packages/oslo_config/cfg.py:3245}}
May 23 15:52:09.997528 np0000001340 devstack@g-api.service[101962]: DEBUG glance.common.config [None req-3c71a445-78e5-49ca-942f-82c49bab313f None None] log_config_append = None {{(pid=101962) log_opt_values /opt/stack/data/venv/lib/python3.12/site-packages/oslo_config/cfg.py:3245}}
May 23 15:52:09.997620 np0000001340 devstack@g-api.service[101962]: DEBUG glance.common.config [None req-3c71a445-78e5-49ca-942f-82c49bab313f None None] log_date_format = %Y-%m-%d %H:%M:%S {{(pid=101962) log_opt_values /opt/stack/data/venv/lib/python3.12/site-packages/oslo_config/cfg.py:3245}}
May 23 15:52:09.997708 np0000001340 devstack@g-api.service[101962]: DEBUG glance.common.config [None req-3c71a445-78e5-49ca-942f-82c49bab313f None None] log_dir = None {{(pid=101962) log_opt_values /opt/stack/data/venv/lib/python3.12/site-packages/oslo_config/cfg.py:3245}}
May 23 15:52:09.997794 np0000001340 devstack@g-api.service[101962]: DEBUG glance.common.config [None req-3c71a445-78e5-49ca-942f-82c49bab313f None None] log_file = None {{(pid=101962) log_opt_values /opt/stack/data/venv/lib/python3.12/site-packages/oslo_config/cfg.py:3245}}
May 23 15:52:09.997881 np0000001340 devstack@g-api.service[101962]: DEBUG glance.common.config [None req-3c71a445-78e5-49ca-942f-82c49bab313f None None] log_rotate_interval = 1 {{(pid=101962) log_opt_values /opt/stack/data/venv/lib/python3.12/site-packages/oslo_config/cfg.py:3245}}
May 23 15:52:09.997977 np0000001340 devstack@g-api.service[101962]: DEBUG glance.common.config [None req-3c71a445-78e5-49ca-942f-82c49bab313f None None] log_rotate_interval_type = days {{(pid=101962) log_opt_values /opt/stack/data/venv/lib/python3.12/site-packages/oslo_config/cfg.py:3245}}
May 23 15:52:09.998067 np0000001340 devstack@g-api.service[101962]: DEBUG glance.common.config [None req-3c71a445-78e5-49ca-942f-82c49bab313f None None] log_rotation_type = none {{(pid=101962) log_opt_values /opt/stack/data/venv/lib/python3.12/site-packages/oslo_config/cfg.py:3245}}
May 23 15:52:09.998130 np0000001340 devstack@g-api.service[101962]: DEBUG glance.common.config [None req-3c71a445-78e5-49ca-942f-82c49bab313f None None] logging_context_format_string = %(color)s%(levelname)s %(name)s [%(global_request_id)s %(request_id)s %(project_name)s %(user_name)s%(color)s] %(instance)s%(color)s%(message)s {{(pid=101962) log_opt_values /opt/stack/data/venv/lib/python3.12/site-packages/oslo_config/cfg.py:3245}}
May 23 15:52:09.998183 np0000001340 devstack@g-api.service[101962]: DEBUG glance.common.config [None req-3c71a445-78e5-49ca-942f-82c49bab313f None None] logging_debug_format_suffix = {{(pid=%(process)d) %(funcName)s %(pathname)s:%(lineno)d}} {{(pid=101962) log_opt_values /opt/stack/data/venv/lib/python3.12/site-packages/oslo_config/cfg.py:3245}}
May 23 15:52:09.998283 np0000001340 devstack@g-api.service[101962]: DEBUG glance.common.config [None req-3c71a445-78e5-49ca-942f-82c49bab313f None None] logging_default_format_string = %(color)s%(levelname)s %(name)s [-%(color)s] %(instance)s%(color)s%(message)s {{(pid=101962) log_opt_values /opt/stack/data/venv/lib/python3.12/site-packages/oslo_config/cfg.py:3245}}
May 23 15:52:09.998396 np0000001340 devstack@g-api.service[101962]: DEBUG glance.common.config [None req-3c71a445-78e5-49ca-942f-82c49bab313f None None] logging_exception_prefix = ERROR %(name)s %(instance)s {{(pid=101962) log_opt_values /opt/stack/data/venv/lib/python3.12/site-packages/oslo_config/cfg.py:3245}}
May 23 15:52:09.998457 np0000001340 devstack@g-api.service[101962]: DEBUG glance.common.config [None req-3c71a445-78e5-49ca-942f-82c49bab313f None None] logging_user_identity_format = %(user)s %(project)s %(domain)s %(system_scope)s %(user_domain)s %(project_domain)s {{(pid=101962) log_opt_values /opt/stack/data/venv/lib/python3.12/site-packages/oslo_config/cfg.py:3245}}
May 23 15:52:09.998548 np0000001340 devstack@g-api.service[101962]: DEBUG glance.common.config [None req-3c71a445-78e5-49ca-942f-82c49bab313f None None] max_header_line = 16384 {{(pid=101962) log_opt_values /opt/stack/data/venv/lib/python3.12/site-packages/oslo_config/cfg.py:3245}}
May 23 15:52:09.998633 np0000001340 devstack@g-api.service[101962]: DEBUG glance.common.config [None req-3c71a445-78e5-49ca-942f-82c49bab313f None None] max_logfile_count = 30 {{(pid=101962) log_opt_values /opt/stack/data/venv/lib/python3.12/site-packages/oslo_config/cfg.py:3245}}
May 23 15:52:09.998718 np0000001340 devstack@g-api.service[101962]: DEBUG glance.common.config [None req-3c71a445-78e5-49ca-942f-82c49bab313f None None] max_logfile_size_mb = 200 {{(pid=101962) log_opt_values /opt/stack/data/venv/lib/python3.12/site-packages/oslo_config/cfg.py:3245}}
May 23 15:52:09.998802 np0000001340 devstack@g-api.service[101962]: DEBUG glance.common.config [None req-3c71a445-78e5-49ca-942f-82c49bab313f None None] max_request_id_length = 64 {{(pid=101962) log_opt_values /opt/stack/data/venv/lib/python3.12/site-packages/oslo_config/cfg.py:3245}}
May 23 15:52:09.998889 np0000001340 devstack@g-api.service[101962]: DEBUG glance.common.config [None req-3c71a445-78e5-49ca-942f-82c49bab313f None None] metadata_encryption_key = **** {{(pid=101962) log_opt_values /opt/stack/data/venv/lib/python3.12/site-packages/oslo_config/cfg.py:3245}}
May 23 15:52:09.998978 np0000001340 devstack@g-api.service[101962]: DEBUG glance.common.config [None req-3c71a445-78e5-49ca-942f-82c49bab313f None None] node_staging_uri = file:///tmp/staging/ {{(pid=101962) log_opt_values /opt/stack/data/venv/lib/python3.12/site-packages/oslo_config/cfg.py:3245}}
May 23 15:52:09.999060 np0000001340 devstack@g-api.service[101962]: DEBUG glance.common.config [None req-3c71a445-78e5-49ca-942f-82c49bab313f None None] property_protection_file = None {{(pid=101962) log_opt_values /opt/stack/data/venv/lib/python3.12/site-packages/oslo_config/cfg.py:3245}}
May 23 15:52:09.999152 np0000001340 devstack@g-api.service[101962]: DEBUG glance.common.config [None req-3c71a445-78e5-49ca-942f-82c49bab313f None None] property_protection_rule_format = roles {{(pid=101962) log_opt_values /opt/stack/data/venv/lib/python3.12/site-packages/oslo_config/cfg.py:3245}}
May 23 15:52:09.999243 np0000001340 devstack@g-api.service[101962]: DEBUG glance.common.config [None req-3c71a445-78e5-49ca-942f-82c49bab313f None None] public_endpoint = https://10.4.3.173/image {{(pid=101962) log_opt_values /opt/stack/data/venv/lib/python3.12/site-packages/oslo_config/cfg.py:3245}}
May 23 15:52:09.999338 np0000001340 devstack@g-api.service[101962]: DEBUG glance.common.config [None req-3c71a445-78e5-49ca-942f-82c49bab313f None None] publish_errors = False {{(pid=101962) log_opt_values /opt/stack/data/venv/lib/python3.12/site-packages/oslo_config/cfg.py:3245}}
May 23 15:52:09.999442 np0000001340 devstack@g-api.service[101962]: DEBUG glance.common.config [None req-3c71a445-78e5-49ca-942f-82c49bab313f None None] pydev_worker_debug_host = None {{(pid=101962) log_opt_values /opt/stack/data/venv/lib/python3.12/site-packages/oslo_config/cfg.py:3245}}
May 23 15:52:09.999531 np0000001340 devstack@g-api.service[101962]: DEBUG glance.common.config [None req-3c71a445-78e5-49ca-942f-82c49bab313f None None] pydev_worker_debug_port = 5678 {{(pid=101962) log_opt_values /opt/stack/data/venv/lib/python3.12/site-packages/oslo_config/cfg.py:3245}}
May 23 15:52:09.999618 np0000001340 devstack@g-api.service[101962]: DEBUG glance.common.config [None req-3c71a445-78e5-49ca-942f-82c49bab313f None None] rate_limit_burst = 0 {{(pid=101962) log_opt_values /opt/stack/data/venv/lib/python3.12/site-packages/oslo_config/cfg.py:3245}}
May 23 15:52:09.999711 np0000001340 devstack@g-api.service[101962]: DEBUG glance.common.config [None req-3c71a445-78e5-49ca-942f-82c49bab313f None None] rate_limit_except_level = CRITICAL {{(pid=101962) log_opt_values /opt/stack/data/venv/lib/python3.12/site-packages/oslo_config/cfg.py:3245}}
May 23 15:52:09.999822 np0000001340 devstack@g-api.service[101962]: DEBUG glance.common.config [None req-3c71a445-78e5-49ca-942f-82c49bab313f None None] rate_limit_interval = 0 {{(pid=101962) log_opt_values /opt/stack/data/venv/lib/python3.12/site-packages/oslo_config/cfg.py:3245}}
May 23 15:52:09.999878 np0000001340 devstack@g-api.service[101962]: DEBUG glance.common.config [None req-3c71a445-78e5-49ca-942f-82c49bab313f None None] scrub_pool_size = 1 {{(pid=101962) log_opt_values /opt/stack/data/venv/lib/python3.12/site-packages/oslo_config/cfg.py:3245}}
May 23 15:52:09.999963 np0000001340 devstack@g-api.service[101962]: DEBUG glance.common.config [None req-3c71a445-78e5-49ca-942f-82c49bab313f None None] scrub_time = 0 {{(pid=101962) log_opt_values /opt/stack/data/venv/lib/python3.12/site-packages/oslo_config/cfg.py:3245}}
May 23 15:52:10.000044 np0000001340 devstack@g-api.service[101962]: DEBUG glance.common.config [None req-3c71a445-78e5-49ca-942f-82c49bab313f None None] shell_completion = None {{(pid=101962) log_opt_values /opt/stack/data/venv/lib/python3.12/site-packages/oslo_config/cfg.py:3245}}
May 23 15:52:10.000137 np0000001340 devstack@g-api.service[101962]: DEBUG glance.common.config [None req-3c71a445-78e5-49ca-942f-82c49bab313f None None] show_image_direct_url = False {{(pid=101962) log_opt_values /opt/stack/data/venv/lib/python3.12/site-packages/oslo_config/cfg.py:3245}}
May 23 15:52:10.000338 np0000001340 devstack@g-api.service[101962]: WARNING oslo_config.cfg [None req-3c71a445-78e5-49ca-942f-82c49bab313f None None] Deprecated: Option "show_multiple_locations" from group "DEFAULT" is deprecated for removal (Use of this option, deprecated since Newton, is a security risk and will be removed once we figure out a way to satisfy those use cases that currently require it. An earlier announcement that the same functionality can be achieved with greater granularity by using policies is incorrect. You cannot work around this option via policy configuration at the present time, though that is the direction we believe the fix will take. Please keep an eye on the Glance release notes to stay up to date on progress in addressing this issue.). Its value may be silently ignored in the future.
May 23 15:52:10.000451 np0000001340 devstack@g-api.service[101962]: DEBUG glance.common.config [None req-3c71a445-78e5-49ca-942f-82c49bab313f None None] show_multiple_locations = False {{(pid=101962) log_opt_values /opt/stack/data/venv/lib/python3.12/site-packages/oslo_config/cfg.py:3245}}
May 23 15:52:10.000551 np0000001340 devstack@g-api.service[101962]: DEBUG glance.common.config [None req-3c71a445-78e5-49ca-942f-82c49bab313f None None] syslog_log_facility = LOG_USER {{(pid=101962) log_opt_values /opt/stack/data/venv/lib/python3.12/site-packages/oslo_config/cfg.py:3245}}
May 23 15:52:10.000637 np0000001340 devstack@g-api.service[101962]: DEBUG glance.common.config [None req-3c71a445-78e5-49ca-942f-82c49bab313f None None] tcp_keepidle = 600 {{(pid=101962) log_opt_values /opt/stack/data/venv/lib/python3.12/site-packages/oslo_config/cfg.py:3245}}
May 23 15:52:10.000731 np0000001340 devstack@g-api.service[101962]: DEBUG glance.common.config [None req-3c71a445-78e5-49ca-942f-82c49bab313f None None] transport_url = **** {{(pid=101962) log_opt_values /opt/stack/data/venv/lib/python3.12/site-packages/oslo_config/cfg.py:3245}}
May 23 15:52:10.000818 np0000001340 devstack@g-api.service[101962]: DEBUG glance.common.config [None req-3c71a445-78e5-49ca-942f-82c49bab313f None None] use_journal = False {{(pid=101962) log_opt_values /opt/stack/data/venv/lib/python3.12/site-packages/oslo_config/cfg.py:3245}}
May 23 15:52:10.000907 np0000001340 devstack@g-api.service[101962]: DEBUG glance.common.config [None req-3c71a445-78e5-49ca-942f-82c49bab313f None None] use_json = False {{(pid=101962) log_opt_values /opt/stack/data/venv/lib/python3.12/site-packages/oslo_config/cfg.py:3245}}
May 23 15:52:10.001001 np0000001340 devstack@g-api.service[101962]: DEBUG glance.common.config [None req-3c71a445-78e5-49ca-942f-82c49bab313f None None] use_keystone_limits = True {{(pid=101962) log_opt_values /opt/stack/data/venv/lib/python3.12/site-packages/oslo_config/cfg.py:3245}}
May 23 15:52:10.001087 np0000001340 devstack@g-api.service[101962]: DEBUG glance.common.config [None req-3c71a445-78e5-49ca-942f-82c49bab313f None None] use_stderr = False {{(pid=101962) log_opt_values /opt/stack/data/venv/lib/python3.12/site-packages/oslo_config/cfg.py:3245}}
May 23 15:52:10.001197 np0000001340 devstack@g-api.service[101962]: DEBUG glance.common.config [None req-3c71a445-78e5-49ca-942f-82c49bab313f None None] use_syslog = False {{(pid=101962) log_opt_values /opt/stack/data/venv/lib/python3.12/site-packages/oslo_config/cfg.py:3245}}
May 23 15:52:10.001259 np0000001340 devstack@g-api.service[101962]: DEBUG glance.common.config [None req-3c71a445-78e5-49ca-942f-82c49bab313f None None] user_storage_quota = 0 {{(pid=101962) log_opt_values /opt/stack/data/venv/lib/python3.12/site-packages/oslo_config/cfg.py:3245}}
May 23 15:52:10.001378 np0000001340 devstack@g-api.service[101962]: DEBUG glance.common.config [None req-3c71a445-78e5-49ca-942f-82c49bab313f None None] worker_self_reference_url = http://127.0.0.1:60999 {{(pid=101962) log_opt_values /opt/stack/data/venv/lib/python3.12/site-packages/oslo_config/cfg.py:3245}}
May 23 15:52:10.001468 np0000001340 devstack@g-api.service[101962]: DEBUG glance.common.config [None req-3c71a445-78e5-49ca-942f-82c49bab313f None None] workers = None {{(pid=101962) log_opt_values /opt/stack/data/venv/lib/python3.12/site-packages/oslo_config/cfg.py:3245}}
May 23 15:52:10.001565 np0000001340 devstack@g-api.service[101962]: DEBUG glance.common.config [None req-3c71a445-78e5-49ca-942f-82c49bab313f None None] oslo_concurrency.disable_process_locking = False {{(pid=101962) log_opt_values /opt/stack/data/venv/lib/python3.12/site-packages/oslo_config/cfg.py:3256}}
May 23 15:52:10.001660 np0000001340 devstack@g-api.service[101962]: DEBUG glance.common.config [None req-3c71a445-78e5-49ca-942f-82c49bab313f None None] oslo_concurrency.lock_path = /opt/stack/data/glance/locks {{(pid=101962) log_opt_values /opt/stack/data/venv/lib/python3.12/site-packages/oslo_config/cfg.py:3256}}
May 23 15:52:10.001755 np0000001340 devstack@g-api.service[101962]: DEBUG glance.common.config [None req-3c71a445-78e5-49ca-942f-82c49bab313f None None] oslo_middleware.enable_proxy_headers_parsing = False {{(pid=101962) log_opt_values /opt/stack/data/venv/lib/python3.12/site-packages/oslo_config/cfg.py:3256}}
May 23 15:52:10.001852 np0000001340 devstack@g-api.service[101962]: DEBUG glance.common.config [None req-3c71a445-78e5-49ca-942f-82c49bab313f None None] oslo_middleware.http_basic_auth_user_file = /etc/htpasswd {{(pid=101962) log_opt_values /opt/stack/data/venv/lib/python3.12/site-packages/oslo_config/cfg.py:3256}}
May 23 15:52:10.001944 np0000001340 devstack@g-api.service[101962]: DEBUG glance.common.config [None req-3c71a445-78e5-49ca-942f-82c49bab313f None None] paste_deploy.config_file = None {{(pid=101962) log_opt_values /opt/stack/data/venv/lib/python3.12/site-packages/oslo_config/cfg.py:3256}}
May 23 15:52:10.002038 np0000001340 devstack@g-api.service[101962]: DEBUG glance.common.config [None req-3c71a445-78e5-49ca-942f-82c49bab313f None None] paste_deploy.flavor = keystone+cachemanagement {{(pid=101962) log_opt_values /opt/stack/data/venv/lib/python3.12/site-packages/oslo_config/cfg.py:3256}}
May 23 15:52:10.002171 np0000001340 devstack@g-api.service[101962]: DEBUG glance.common.config [None req-3c71a445-78e5-49ca-942f-82c49bab313f None None] image_format.container_formats = ['ami', 'ari', 'aki', 'bare', 'ovf', 'ova', 'docker', 'compressed'] {{(pid=101962) log_opt_values /opt/stack/data/venv/lib/python3.12/site-packages/oslo_config/cfg.py:3256}}
May 23 15:52:10.002295 np0000001340 devstack@g-api.service[101962]: DEBUG glance.common.config [None req-3c71a445-78e5-49ca-942f-82c49bab313f None None] image_format.disk_formats = ['ami', 'ari', 'aki', 'vhd', 'vhdx', 'vmdk', 'raw', 'qcow2', 'vdi', 'iso', 'ploop'] {{(pid=101962) log_opt_values /opt/stack/data/venv/lib/python3.12/site-packages/oslo_config/cfg.py:3256}}
May 23 15:52:10.002388 np0000001340 devstack@g-api.service[101961]: DEBUG glance.common.config [None req-276d5f8c-cbea-4af3-a61e-7cf78ff09775 None None] ******************************************************************************** {{(pid=101961) log_opt_values /opt/stack/data/venv/lib/python3.12/site-packages/oslo_config/cfg.py:3229}}
May 23 15:52:10.002437 np0000001340 devstack@g-api.service[101962]: DEBUG glance.common.config [None req-3c71a445-78e5-49ca-942f-82c49bab313f None None] image_format.gpt_safety_checks_nonfatal = [] {{(pid=101962) log_opt_values /opt/stack/data/venv/lib/python3.12/site-packages/oslo_config/cfg.py:3256}}
May 23 15:52:10.002479 np0000001340 devstack@g-api.service[101961]: DEBUG glance.common.config [None req-276d5f8c-cbea-4af3-a61e-7cf78ff09775 None None] Configuration options gathered from: {{(pid=101961) log_opt_values /opt/stack/data/venv/lib/python3.12/site-packages/oslo_config/cfg.py:3230}}
May 23 15:52:10.002520 np0000001340 devstack@g-api.service[101962]: DEBUG glance.common.config [None req-3c71a445-78e5-49ca-942f-82c49bab313f None None] image_format.require_image_format_match = True {{(pid=101962) log_opt_values /opt/stack/data/venv/lib/python3.12/site-packages/oslo_config/cfg.py:3256}}
