May 23 15:51:21.958057 np0000001340 devstack@neutron-api.service[89937]: DEBUG neutron.manager [None req-9fee87fe-7a61-46a8-8e8a-6a19832a2bcb None None] Loading services supported by the core plugin {{(pid=89937) _load_services_from_core_plugin /opt/stack/neutron/neutron/manager.py:170}}
May 23 15:51:21.958161 np0000001340 devstack@neutron-api.service[89937]: INFO neutron.plugins.ml2.managers [None req-9fee87fe-7a61-46a8-8e8a-6a19832a2bcb None None] Got port-security extension from driver 'port_security'
May 23 15:51:21.958495 np0000001340 devstack@neutron-api.service[89937]: DEBUG neutron.manager [None req-9fee87fe-7a61-46a8-8e8a-6a19832a2bcb None None] Loading service plugins: ['ovn-router', 'auto_allocate', 'tag', 'timestamp', 'network_ip_availability', 'flavors', 'revisions'] {{(pid=89937) _load_service_plugins /opt/stack/neutron/neutron/manager.py:195}}
May 23 15:51:21.958587 np0000001340 devstack@neutron-api.service[89937]: INFO neutron.manager [None req-9fee87fe-7a61-46a8-8e8a-6a19832a2bcb None None] Loading Plugin: ovn-router
May 23 15:51:21.969515 np0000001340 devstack@neutron-api.service[89937]: DEBUG neutron_lib.callbacks.manager [None req-9fee87fe-7a61-46a8-8e8a-6a19832a2bcb None None] Subscribe: > router before_delete 55550000, False {{(pid=89937) subscribe /opt/stack/data/venv/lib/python3.12/site-packages/neutron_lib/callbacks/manager.py:52}}
May 23 15:51:21.969631 np0000001340 devstack@neutron-api.service[89937]: DEBUG neutron_lib.callbacks.manager [None req-9fee87fe-7a61-46a8-8e8a-6a19832a2bcb None None] Subscribe: port before_update 55550000, False {{(pid=89937) subscribe /opt/stack/data/venv/lib/python3.12/site-packages/neutron_lib/callbacks/manager.py:52}}
May 23 15:51:21.969773 np0000001340 devstack@neutron-api.service[89937]: DEBUG neutron_lib.callbacks.manager [None req-9fee87fe-7a61-46a8-8e8a-6a19832a2bcb None None] Subscribe: port after_update 55550000, False {{(pid=89937) subscribe /opt/stack/data/venv/lib/python3.12/site-packages/neutron_lib/callbacks/manager.py:52}}
May 23 15:51:21.969841 np0000001340 devstack@neutron-api.service[89937]: DEBUG neutron_lib.callbacks.manager [None req-9fee87fe-7a61-46a8-8e8a-6a19832a2bcb None None] Subscribe: > port precommit_delete 55550000, False {{(pid=89937) subscribe /opt/stack/data/venv/lib/python3.12/site-packages/neutron_lib/callbacks/manager.py:52}}
May 23 15:51:21.969974 np0000001340 devstack@neutron-api.service[89937]: DEBUG neutron_lib.callbacks.manager [None req-9fee87fe-7a61-46a8-8e8a-6a19832a2bcb None None] Subscribe: port before_update 55550000, False {{(pid=89937) subscribe /opt/stack/data/venv/lib/python3.12/site-packages/neutron_lib/callbacks/manager.py:52}}
May 23 15:51:21.970029 np0000001340 devstack@neutron-api.service[89937]: DEBUG neutron_lib.callbacks.manager [None req-9fee87fe-7a61-46a8-8e8a-6a19832a2bcb None None] Subscribe: port before_delete 55550000, False {{(pid=89937) subscribe /opt/stack/data/venv/lib/python3.12/site-packages/neutron_lib/callbacks/manager.py:52}}
May 23 15:51:21.970123 np0000001340 devstack@neutron-api.service[89937]: DEBUG neutron_lib.callbacks.manager [None req-9fee87fe-7a61-46a8-8e8a-6a19832a2bcb None None] Subscribe: > router precommit_create 55550000, False {{(pid=89937) subscribe /opt/stack/data/venv/lib/python3.12/site-packages/neutron_lib/callbacks/manager.py:52}}
May 23 15:51:21.970217 np0000001340 devstack@neutron-api.service[89937]: DEBUG neutron_lib.callbacks.manager [None req-9fee87fe-7a61-46a8-8e8a-6a19832a2bcb None None] Subscribe: > router precommit_create 55550000, False {{(pid=89937) subscribe /opt/stack/data/venv/lib/python3.12/site-packages/neutron_lib/callbacks/manager.py:52}}
May 23 15:51:21.970319 np0000001340 devstack@neutron-api.service[89937]: DEBUG neutron_lib.callbacks.manager [None req-9fee87fe-7a61-46a8-8e8a-6a19832a2bcb None None] Subscribe: > router precommit_update 55550000, False {{(pid=89937) subscribe /opt/stack/data/venv/lib/python3.12/site-packages/neutron_lib/callbacks/manager.py:52}}
May 23 15:51:21.970422 np0000001340 devstack@neutron-api.service[89937]: DEBUG neutron_lib.callbacks.manager [None req-9fee87fe-7a61-46a8-8e8a-6a19832a2bcb None None] Subscribe: subnet after_update 55550000, False {{(pid=89937) subscribe /opt/stack/data/venv/lib/python3.12/site-packages/neutron_lib/callbacks/manager.py:52}}
May 23 15:51:21.970708 np0000001340 devstack@neutron-api.service[89937]: DEBUG neutron.quota.resource_registry [None req-9fee87fe-7a61-46a8-8e8a-6a19832a2bcb None None] Tracking information for resource: router configured {{(pid=89937) set_tracked_resource /opt/stack/neutron/neutron/quota/resource_registry.py:203}}
May 23 15:51:21.970803 np0000001340 devstack@neutron-api.service[89937]: DEBUG neutron.quota.resource_registry [None req-9fee87fe-7a61-46a8-8e8a-6a19832a2bcb None None] Tracking information for resource: floatingip configured {{(pid=89937) set_tracked_resource /opt/stack/neutron/neutron/quota/resource_registry.py:203}}
May 23 15:51:21.970909 np0000001340 devstack@neutron-api.service[89937]: INFO neutron.services.ovn_l3.plugin [None req-9fee87fe-7a61-46a8-8e8a-6a19832a2bcb None None] Starting OVNL3RouterPlugin
May 23 15:51:21.971186 np0000001340 devstack@neutron-api.service[89937]: DEBUG neutron_lib.callbacks.manager [None req-9fee87fe-7a61-46a8-8e8a-6a19832a2bcb None None] Subscribe: > port_forwarding_plugin after_init 55550000, False {{(pid=89937) subscribe /opt/stack/data/venv/lib/python3.12/site-packages/neutron_lib/callbacks/manager.py:52}}
May 23 15:51:21.971511 np0000001340 devstack@neutron-api.service[89937]: DEBUG neutron_lib.callbacks.manager [None req-9fee87fe-7a61-46a8-8e8a-6a19832a2bcb None None] Subscribe: > router before_create 55550100, False {{(pid=89937) subscribe /opt/stack/data/venv/lib/python3.12/site-packages/neutron_lib/callbacks/manager.py:52}}
May 23 15:51:21.971511 np0000001340 devstack@neutron-api.service[89937]: DEBUG neutron_lib.callbacks.manager [None req-9fee87fe-7a61-46a8-8e8a-6a19832a2bcb None None] Subscribe: > router precommit_delete 55550100, False {{(pid=89937) subscribe /opt/stack/data/venv/lib/python3.12/site-packages/neutron_lib/callbacks/manager.py:52}}
May 23 15:51:21.971617 np0000001340 devstack@neutron-api.service[89937]: DEBUG neutron_lib.callbacks.manager [None req-9fee87fe-7a61-46a8-8e8a-6a19832a2bcb None None] Subscribe: > router precommit_create 55550100, False {{(pid=89937) subscribe /opt/stack/data/venv/lib/python3.12/site-packages/neutron_lib/callbacks/manager.py:52}}
May 23 15:51:21.971701 np0000001340 devstack@neutron-api.service[89937]: DEBUG neutron_lib.callbacks.manager [None req-9fee87fe-7a61-46a8-8e8a-6a19832a2bcb None None] Subscribe: > router precommit_update 55550100, False {{(pid=89937) subscribe /opt/stack/data/venv/lib/python3.12/site-packages/neutron_lib/callbacks/manager.py:52}}
May 23 15:51:21.975015 np0000001340 devstack@neutron-api.service[89937]: DEBUG neutron.services.provider_configuration [None req-9fee87fe-7a61-46a8-8e8a-6a19832a2bcb None None] Service providers = [] {{(pid=89937) parse_service_provider_opt /opt/stack/neutron/neutron/services/provider_configuration.py:170}}
May 23 15:51:21.975155 np0000001340 devstack@neutron-api.service[89937]: DEBUG neutron.db.servicetype_db [None req-9fee87fe-7a61-46a8-8e8a-6a19832a2bcb None None] Adding provider configuration for service L3_ROUTER_NAT {{(pid=89937) add_provider_configuration /opt/stack/neutron/neutron/db/servicetype_db.py:45}}
May 23 15:51:21.976586 np0000001340 devstack@neutron-api.service[89937]: DEBUG neutron_lib.callbacks.manager [None req-9fee87fe-7a61-46a8-8e8a-6a19832a2bcb None None] Subscribe: > router precommit_create 55549900, False {{(pid=89937) subscribe /opt/stack/data/venv/lib/python3.12/site-packages/neutron_lib/callbacks/manager.py:52}}
May 23 15:51:21.976702 np0000001340 devstack@neutron-api.service[89937]: DEBUG neutron_lib.callbacks.manager [None req-9fee87fe-7a61-46a8-8e8a-6a19832a2bcb None None] Subscribe: > router_interface after_create 55550000, False {{(pid=89937) subscribe /opt/stack/data/venv/lib/python3.12/site-packages/neutron_lib/callbacks/manager.py:52}}
May 23 15:51:21.976824 np0000001340 devstack@neutron-api.service[89937]: DEBUG neutron_lib.callbacks.manager [None req-9fee87fe-7a61-46a8-8e8a-6a19832a2bcb None None] Subscribe: > floatingip after_create 55550000, False {{(pid=89937) subscribe /opt/stack/data/venv/lib/python3.12/site-packages/neutron_lib/callbacks/manager.py:52}}
May 23 15:51:21.976930 np0000001340 devstack@neutron-api.service[89937]: DEBUG neutron_lib.callbacks.manager [None req-9fee87fe-7a61-46a8-8e8a-6a19832a2bcb None None] Subscribe: > floatingip precommit_create 55550000, False {{(pid=89937) subscribe /opt/stack/data/venv/lib/python3.12/site-packages/neutron_lib/callbacks/manager.py:52}}
May 23 15:51:21.977014 np0000001340 devstack@neutron-api.service[89937]: DEBUG neutron_lib.callbacks.manager [None req-9fee87fe-7a61-46a8-8e8a-6a19832a2bcb None None] Subscribe: > floatingip precommit_update 55550000, False {{(pid=89937) subscribe /opt/stack/data/venv/lib/python3.12/site-packages/neutron_lib/callbacks/manager.py:52}}
May 23 15:51:21.977128 np0000001340 devstack@neutron-api.service[89937]: DEBUG neutron_lib.callbacks.manager [None req-9fee87fe-7a61-46a8-8e8a-6a19832a2bcb None None] Subscribe: > floatingip after_delete 55550000, False {{(pid=89937) subscribe /opt/stack/data/venv/lib/python3.12/site-packages/neutron_lib/callbacks/manager.py:52}}
May 23 15:51:21.977239 np0000001340 devstack@neutron-api.service[89937]: DEBUG neutron_lib.callbacks.manager [None req-9fee87fe-7a61-46a8-8e8a-6a19832a2bcb None None] Subscribe: > floatingip after_status_update 55550000, False {{(pid=89937) subscribe /opt/stack/data/venv/lib/python3.12/site-packages/neutron_lib/callbacks/manager.py:52}}
May 23 15:51:21.977275 np0000001340 devstack@neutron-api.service[89937]: DEBUG neutron_lib.callbacks.manager [None req-9fee87fe-7a61-46a8-8e8a-6a19832a2bcb None None] Subscribe: > floatingip after_update 55550000, False {{(pid=89937) subscribe /opt/stack/data/venv/lib/python3.12/site-packages/neutron_lib/callbacks/manager.py:52}}
May 23 15:51:21.977392 np0000001340 devstack@neutron-api.service[89937]: DEBUG neutron_lib.callbacks.manager [None req-9fee87fe-7a61-46a8-8e8a-6a19832a2bcb None None] Subscribe: > port_forwarding after_create 55550000, False {{(pid=89937) subscribe /opt/stack/data/venv/lib/python3.12/site-packages/neutron_lib/callbacks/manager.py:52}}
May 23 15:51:21.977488 np0000001340 devstack@neutron-api.service[89937]: DEBUG neutron_lib.callbacks.manager [None req-9fee87fe-7a61-46a8-8e8a-6a19832a2bcb None None] Subscribe: > router_interface after_delete 55550000, False {{(pid=89937) subscribe /opt/stack/data/venv/lib/python3.12/site-packages/neutron_lib/callbacks/manager.py:52}}
May 23 15:51:21.977597 np0000001340 devstack@neutron-api.service[89937]: DEBUG neutron_lib.callbacks.manager [None req-9fee87fe-7a61-46a8-8e8a-6a19832a2bcb None None] Subscribe: > router after_create 55550000, False {{(pid=89937) subscribe /opt/stack/data/venv/lib/python3.12/site-packages/neutron_lib/callbacks/manager.py:52}}
May 23 15:51:21.977695 np0000001340 devstack@neutron-api.service[89937]: DEBUG neutron_lib.callbacks.manager [None req-9fee87fe-7a61-46a8-8e8a-6a19832a2bcb None None] Subscribe: > router precommit_create 55550000, False {{(pid=89937) subscribe /opt/stack/data/venv/lib/python3.12/site-packages/neutron_lib/callbacks/manager.py:52}}
May 23 15:51:21.977845 np0000001340 devstack@neutron-api.service[89937]: DEBUG neutron_lib.callbacks.manager [None req-9fee87fe-7a61-46a8-8e8a-6a19832a2bcb None None] Subscribe: > router after_delete 55550000, False {{(pid=89937) subscribe /opt/stack/data/venv/lib/python3.12/site-packages/neutron_lib/callbacks/manager.py:52}}
May 23 15:51:21.977917 np0000001340 devstack@neutron-api.service[89937]: DEBUG neutron_lib.callbacks.manager [None req-9fee87fe-7a61-46a8-8e8a-6a19832a2bcb None None] Subscribe: > router after_update 55550000, False {{(pid=89937) subscribe /opt/stack/data/venv/lib/python3.12/site-packages/neutron_lib/callbacks/manager.py:52}}
May 23 15:51:21.977985 np0000001340 devstack@neutron-api.service[89937]: DEBUG neutron.services.service_base [None req-9fee87fe-7a61-46a8-8e8a-6a19832a2bcb None None] Loaded 'neutron.services.ovn_l3.service_providers.ovn.OvnDriver' provider for service L3_ROUTER_NAT {{(pid=89937) load_drivers /opt/stack/neutron/neutron/services/service_base.py:49}}
May 23 15:51:21.978129 np0000001340 devstack@neutron-api.service[89937]: DEBUG neutron_lib.callbacks.manager [None req-9fee87fe-7a61-46a8-8e8a-6a19832a2bcb None None] Subscribe: > process after_init 55550001, True {{(pid=89937) subscribe /opt/stack/data/venv/lib/python3.12/site-packages/neutron_lib/callbacks/manager.py:52}}
May 23 15:51:21.978223 np0000001340 devstack@neutron-api.service[89937]: DEBUG neutron.manager [None req-9fee87fe-7a61-46a8-8e8a-6a19832a2bcb None None] Successfully loaded L3_ROUTER_NAT plugin. Description: L3 Router Service Plugin for basic L3 forwarding using OVN {{(pid=89937) _create_and_add_service_plugin /opt/stack/neutron/neutron/manager.py:239}}
May 23 15:51:21.978297 np0000001340 devstack@neutron-api.service[89937]: INFO neutron.manager [None req-9fee87fe-7a61-46a8-8e8a-6a19832a2bcb None None] Loading Plugin: auto_allocate
May 23 15:51:21.979307 np0000001340 devstack@neutron-api.service[89937]: DEBUG neutron_lib.callbacks.manager [None req-9fee87fe-7a61-46a8-8e8a-6a19832a2bcb None None] Subscribe: network precommit_update 55550000, False {{(pid=89937) subscribe /opt/stack/data/venv/lib/python3.12/site-packages/neutron_lib/callbacks/manager.py:52}}
May 23 15:51:21.979451 np0000001340 devstack@neutron-api.service[89937]: DEBUG neutron_lib.callbacks.manager [None req-9fee87fe-7a61-46a8-8e8a-6a19832a2bcb None None] Subscribe: network precommit_create 55550000, False {{(pid=89937) subscribe /opt/stack/data/venv/lib/python3.12/site-packages/neutron_lib/callbacks/manager.py:52}}
May 23 15:51:21.979965 np0000001340 devstack@neutron-api.service[89937]: DEBUG neutron.manager [None req-9fee87fe-7a61-46a8-8e8a-6a19832a2bcb None None] Successfully loaded auto-allocated-topology plugin. Description: Auto Allocated Topology - aka get me a network. {{(pid=89937) _create_and_add_service_plugin /opt/stack/neutron/neutron/manager.py:239}}
May 23 15:51:21.979965 np0000001340 devstack@neutron-api.service[89937]: INFO neutron.manager [None req-9fee87fe-7a61-46a8-8e8a-6a19832a2bcb None None] Loading Plugin: tag
May 23 15:51:21.982538 np0000001340 devstack@neutron-api.service[89937]: DEBUG neutron.manager [None req-9fee87fe-7a61-46a8-8e8a-6a19832a2bcb None None] Successfully loaded TAG plugin. Description: Tag support {{(pid=89937) _create_and_add_service_plugin /opt/stack/neutron/neutron/manager.py:239}}
May 23 15:51:21.982656 np0000001340 devstack@neutron-api.service[89937]: INFO neutron.manager [None req-9fee87fe-7a61-46a8-8e8a-6a19832a2bcb None None] Loading Plugin: timestamp
May 23 15:51:21.983892 np0000001340 devstack@neutron-api.service[89937]: DEBUG neutron.manager [None req-9fee87fe-7a61-46a8-8e8a-6a19832a2bcb None None] Successfully loaded timestamp plugin. Description: Adds timestamps to Neutron resources with standard attributes {{(pid=89937) _create_and_add_service_plugin /opt/stack/neutron/neutron/manager.py:239}}
May 23 15:51:21.983988 np0000001340 devstack@neutron-api.service[89937]: INFO neutron.manager [None req-9fee87fe-7a61-46a8-8e8a-6a19832a2bcb None None] Loading Plugin: network_ip_availability
May 23 15:51:21.985588 np0000001340 devstack@neutron-api.service[89937]: DEBUG neutron.manager [None req-9fee87fe-7a61-46a8-8e8a-6a19832a2bcb None None] Successfully loaded network-ip-availability plugin. Description: Provides IP availability data for each network and subnet. {{(pid=89937) _create_and_add_service_plugin /opt/stack/neutron/neutron/manager.py:239}}
May 23 15:51:21.985682 np0000001340 devstack@neutron-api.service[89937]: INFO neutron.manager [None req-9fee87fe-7a61-46a8-8e8a-6a19832a2bcb None None] Loading Plugin: flavors
May 23 15:51:21.986613 np0000001340 devstack@neutron-api.service[89937]: DEBUG neutron.manager [None req-9fee87fe-7a61-46a8-8e8a-6a19832a2bcb None None] Successfully loaded FLAVORS plugin. Description: Neutron Flavors and Service Profiles manager plugin {{(pid=89937) _create_and_add_service_plugin /opt/stack/neutron/neutron/manager.py:239}}
May 23 15:51:21.986774 np0000001340 devstack@neutron-api.service[89937]: INFO neutron.manager [None req-9fee87fe-7a61-46a8-8e8a-6a19832a2bcb None None] Loading Plugin: revisions
May 23 15:51:21.987771 np0000001340 devstack@neutron-api.service[89937]: DEBUG neutron.manager [None req-9fee87fe-7a61-46a8-8e8a-6a19832a2bcb None None] Successfully loaded revision_plugin plugin. Description: Adds revision numbers to resources. {{(pid=89937) _create_and_add_service_plugin /opt/stack/neutron/neutron/manager.py:239}}
May 23 15:51:21.987920 np0000001340 devstack@neutron-api.service[89937]: DEBUG oslo_concurrency.lockutils [None req-9fee87fe-7a61-46a8-8e8a-6a19832a2bcb None None] Lock "manager" "released" by "neutron.manager.NeutronManager._create_instance" :: held 3.711s {{(pid=89937) inner /opt/stack/data/venv/lib/python3.12/site-packages/oslo_concurrency/lockutils.py:543}}
May 23 15:51:21.988174 np0000001340 devstack@neutron-api.service[89937]: DEBUG neutron.api.extensions [None req-9fee87fe-7a61-46a8-8e8a-6a19832a2bcb None None] get_extension_paths = OrderedDict({'/opt/stack/neutron/neutron/extensions': 1}) {{(pid=89937) get_extensions_path /opt/stack/neutron/neutron/api/extensions.py:640}}
May 23 15:51:21.988297 np0000001340 devstack@neutron-api.service[89937]: INFO neutron.api.extensions [None req-9fee87fe-7a61-46a8-8e8a-6a19832a2bcb None None] Initializing extension manager.
May 23 15:51:21.988608 np0000001340 devstack@neutron-api.service[89937]: DEBUG neutron.api.extensions [None req-9fee87fe-7a61-46a8-8e8a-6a19832a2bcb None None] Loading extension file: __init__.py {{(pid=89937) _load_all_extensions_from_path /opt/stack/neutron/neutron/api/extensions.py:449}}
May 23 15:51:21.988732 np0000001340 devstack@neutron-api.service[89937]: DEBUG neutron.api.extensions [None req-9fee87fe-7a61-46a8-8e8a-6a19832a2bcb None None] Loading extension file: __pycache__ {{(pid=89937) _load_all_extensions_from_path /opt/stack/neutron/neutron/api/extensions.py:449}}
May 23 15:51:21.988860 np0000001340 devstack@neutron-api.service[89937]: DEBUG neutron.api.extensions [None req-9fee87fe-7a61-46a8-8e8a-6a19832a2bcb None None] Loading extension file: aap_reject_multicast.py {{(pid=89937) _load_all_extensions_from_path /opt/stack/neutron/neutron/api/extensions.py:449}}
May 23 15:51:21.989227 np0000001340 devstack@neutron-api.service[89937]: DEBUG neutron.api.extensions [None req-9fee87fe-7a61-46a8-8e8a-6a19832a2bcb None None] Ext name="Allowed address pairs reject multicast extension" alias="aap-reject-multicast" description="Reject multicast addresses in Allowed Address Pairs" updated="2026-04-01T00:00:00-00:00" {{(pid=89937) _check_extension /opt/stack/neutron/neutron/api/extensions.py:415}}
May 23 15:51:21.989489 np0000001340 devstack@neutron-api.service[89937]: INFO neutron.api.extensions [None req-9fee87fe-7a61-46a8-8e8a-6a19832a2bcb None None] Extension aap-reject-multicast not supported by any of loaded plugins
May 23 15:51:21.989569 np0000001340 devstack@neutron-api.service[89937]: DEBUG neutron.api.extensions [None req-9fee87fe-7a61-46a8-8e8a-6a19832a2bcb None None] Loading extension file: address_group.py {{(pid=89937) _load_all_extensions_from_path /opt/stack/neutron/neutron/api/extensions.py:449}}
May 23 15:51:21.989919 np0000001340 devstack@neutron-api.service[89937]: DEBUG neutron.api.extensions [None req-9fee87fe-7a61-46a8-8e8a-6a19832a2bcb None None] Ext name="Address group" alias="address-group" description="Support address group" updated="2020-07-15T10:00:00-00:00" {{(pid=89937) _check_extension /opt/stack/neutron/neutron/api/extensions.py:415}}
May 23 15:51:21.990127 np0000001340 devstack@neutron-api.service[89937]: INFO neutron.api.extensions [None req-9fee87fe-7a61-46a8-8e8a-6a19832a2bcb None None] Loaded extension: address-group
May 23 15:51:21.990165 np0000001340 devstack@neutron-api.service[89937]: DEBUG neutron.api.extensions [None req-9fee87fe-7a61-46a8-8e8a-6a19832a2bcb None None] Loading extension file: address_scope.py {{(pid=89937) _load_all_extensions_from_path /opt/stack/neutron/neutron/api/extensions.py:449}}
May 23 15:51:21.990479 np0000001340 devstack@neutron-api.service[89937]: DEBUG neutron.api.extensions [None req-9fee87fe-7a61-46a8-8e8a-6a19832a2bcb None None] Ext name="Address scope" alias="address-scope" description="Address scopes extension." updated="2015-07-26T10:00:00-00:00" {{(pid=89937) _check_extension /opt/stack/neutron/neutron/api/extensions.py:415}}
May 23 15:51:21.990645 np0000001340 devstack@neutron-api.service[89937]: INFO neutron.api.extensions [None req-9fee87fe-7a61-46a8-8e8a-6a19832a2bcb None None] Loaded extension: address-scope
May 23 15:51:21.990786 np0000001340 devstack@neutron-api.service[89937]: DEBUG neutron.api.extensions [None req-9fee87fe-7a61-46a8-8e8a-6a19832a2bcb None None] Loading extension file: admin_state_down_before_update.py {{(pid=89937) _load_all_extensions_from_path /opt/stack/neutron/neutron/api/extensions.py:449}}
May 23 15:51:21.991096 np0000001340 devstack@neutron-api.service[89937]: DEBUG neutron.api.extensions [None req-9fee87fe-7a61-46a8-8e8a-6a19832a2bcb None None] Ext name="Enforce Router's Admin State Down Before Update Extension" alias="router-admin-state-down-before-update" description="Ensure that the admin state of a router is DOWN (admin_state_up=False) before updating the distributed attribute" updated="2019-07-02T15:56:00" {{(pid=89937) _check_extension /opt/stack/neutron/neutron/api/extensions.py:415}}
May 23 15:51:21.991311 np0000001340 devstack@neutron-api.service[89937]: INFO neutron.api.extensions [None req-9fee87fe-7a61-46a8-8e8a-6a19832a2bcb None None] Extension router-admin-state-down-before-update not supported by any of loaded plugins
May 23 15:51:21.991490 np0000001340 devstack@neutron-api.service[89937]: DEBUG neutron.api.extensions [None req-9fee87fe-7a61-46a8-8e8a-6a19832a2bcb None None] Loading extension file: agent.py {{(pid=89937) _load_all_extensions_from_path /opt/stack/neutron/neutron/api/extensions.py:449}}
May 23 15:51:21.991861 np0000001340 devstack@neutron-api.service[89937]: DEBUG neutron.api.extensions [None req-9fee87fe-7a61-46a8-8e8a-6a19832a2bcb None None] Ext name="agent" alias="agent" description="The agent management extension." updated="2013-02-03T10:00:00-00:00" {{(pid=89937) _check_extension /opt/stack/neutron/neutron/api/extensions.py:415}}
May 23 15:51:21.992037 np0000001340 devstack@neutron-api.service[89937]: INFO neutron.api.extensions [None req-9fee87fe-7a61-46a8-8e8a-6a19832a2bcb None None] Loaded extension: agent
May 23 15:51:21.992157 np0000001340 devstack@neutron-api.service[89937]: DEBUG neutron.api.extensions [None req-9fee87fe-7a61-46a8-8e8a-6a19832a2bcb None None] Loading extension file: agent_resources_synced.py {{(pid=89937) _load_all_extensions_from_path /opt/stack/neutron/neutron/api/extensions.py:449}}
May 23 15:51:21.992459 np0000001340 devstack@neutron-api.service[89937]: DEBUG neutron.api.extensions [None req-9fee87fe-7a61-46a8-8e8a-6a19832a2bcb None None] Ext name="Agent's Resource View Synced to Placement" alias="agent-resources-synced" description="Stores success/failure of last sync to Placement" updated="2018-12-19T00:00:00-00:00" {{(pid=89937) _check_extension /opt/stack/neutron/neutron/api/extensions.py:415}}
May 23 15:51:21.992686 np0000001340 devstack@neutron-api.service[89937]: INFO neutron.api.extensions [None req-9fee87fe-7a61-46a8-8e8a-6a19832a2bcb None None] Extension agent-resources-synced not supported by any of loaded plugins
May 23 15:51:21.992799 np0000001340 devstack@neutron-api.service[89937]: DEBUG neutron.api.extensions [None req-9fee87fe-7a61-46a8-8e8a-6a19832a2bcb None None] Loading extension file: agent_sort_key.py {{(pid=89937) _load_all_extensions_from_path /opt/stack/neutron/neutron/api/extensions.py:449}}
May 23 15:51:21.993086 np0000001340 devstack@neutron-api.service[89937]: DEBUG neutron.api.extensions [None req-9fee87fe-7a61-46a8-8e8a-6a19832a2bcb None None] Ext name="Agents Sort Key" alias="agent_sort_key" description="Enabling the keyword sort_key for sorting in agents." updated="2013-02-03T10:00:00-00:00" {{(pid=89937) _check_extension /opt/stack/neutron/neutron/api/extensions.py:415}}
May 23 15:51:21.993259 np0000001340 devstack@neutron-api.service[89937]: INFO neutron.api.extensions [None req-9fee87fe-7a61-46a8-8e8a-6a19832a2bcb None None] Extension agent_sort_key not supported by any of loaded plugins
May 23 15:51:21.993411 np0000001340 devstack@neutron-api.service[89937]: DEBUG neutron.api.extensions [None req-9fee87fe-7a61-46a8-8e8a-6a19832a2bcb None None] Loading extension file: allowedaddresspairs.py {{(pid=89937) _load_all_extensions_from_path /opt/stack/neutron/neutron/api/extensions.py:449}}
May 23 15:51:21.994206 np0000001340 devstack@neutron-api.service[89937]: DEBUG neutron.api.extensions [None req-9fee87fe-7a61-46a8-8e8a-6a19832a2bcb None None] Ext name="Allowed Address Pairs" alias="allowed-address-pairs" description="Provides allowed address pairs" updated="2013-07-23T10:00:00-00:00" {{(pid=89937) _check_extension /opt/stack/neutron/neutron/api/extensions.py:415}}
May 23 15:51:21.994409 np0000001340 devstack@neutron-api.service[89937]: INFO neutron.api.extensions [None req-9fee87fe-7a61-46a8-8e8a-6a19832a2bcb None None] Loaded extension: allowed-address-pairs
May 23 15:51:21.994525 np0000001340 devstack@neutron-api.service[89937]: DEBUG neutron.api.extensions [None req-9fee87fe-7a61-46a8-8e8a-6a19832a2bcb None None] Loading extension file: auto_allocated_topology.py {{(pid=89937) _load_all_extensions_from_path /opt/stack/neutron/neutron/api/extensions.py:449}}
May 23 15:51:21.994823 np0000001340 devstack@neutron-api.service[89937]: DEBUG neutron.api.extensions [None req-9fee87fe-7a61-46a8-8e8a-6a19832a2bcb None None] Ext name="Auto Allocated Topology Services" alias="auto-allocated-topology" description="Auto Allocated Topology Services." updated="2016-01-01T00:00:00-00:00" {{(pid=89937) _check_extension /opt/stack/neutron/neutron/api/extensions.py:415}}
May 23 15:51:21.995026 np0000001340 devstack@neutron-api.service[89937]: INFO neutron.api.extensions [None req-9fee87fe-7a61-46a8-8e8a-6a19832a2bcb None None] Loaded extension: auto-allocated-topology
May 23 15:51:21.995153 np0000001340 devstack@neutron-api.service[89937]: DEBUG neutron.api.extensions [None req-9fee87fe-7a61-46a8-8e8a-6a19832a2bcb None None] Loading extension file: availability_zone.py {{(pid=89937) _load_all_extensions_from_path /opt/stack/neutron/neutron/api/extensions.py:449}}
May 23 15:51:21.995508 np0000001340 devstack@neutron-api.service[89937]: DEBUG neutron.api.extensions [None req-9fee87fe-7a61-46a8-8e8a-6a19832a2bcb None None] Ext name="Availability Zone" alias="availability_zone" description="The availability zone extension." updated="2015-01-01T10:00:00-00:00" {{(pid=89937) _check_extension /opt/stack/neutron/neutron/api/extensions.py:415}}
May 23 15:51:21.995716 np0000001340 devstack@neutron-api.service[89937]: INFO neutron.api.extensions [None req-9fee87fe-7a61-46a8-8e8a-6a19832a2bcb None None] Loaded extension: availability_zone
May 23 15:51:21.995838 np0000001340 devstack@neutron-api.service[89937]: DEBUG neutron.api.extensions [None req-9fee87fe-7a61-46a8-8e8a-6a19832a2bcb None None] Loading extension file: availability_zone_filter.py {{(pid=89937) _load_all_extensions_from_path /opt/stack/neutron/neutron/api/extensions.py:449}}
May 23 15:51:21.996130 np0000001340 devstack@neutron-api.service[89937]: DEBUG neutron.api.extensions [None req-9fee87fe-7a61-46a8-8e8a-6a19832a2bcb None None] Ext name="Availability Zone Filter Extension" alias="availability_zone_filter" description="Add filter parameters to AvailabilityZone resource" updated="2018-06-22T10:00:00-00:00" {{(pid=89937) _check_extension /opt/stack/neutron/neutron/api/extensions.py:415}}
May 23 15:51:21.996344 np0000001340 devstack@neutron-api.service[89937]: INFO neutron.api.extensions [None req-9fee87fe-7a61-46a8-8e8a-6a19832a2bcb None None] Extension availability_zone_filter not supported by any of loaded plugins
May 23 15:51:21.996505 np0000001340 devstack@neutron-api.service[89937]: DEBUG neutron.api.extensions [None req-9fee87fe-7a61-46a8-8e8a-6a19832a2bcb None None] Loading extension file: data_plane_status.py {{(pid=89937) _load_all_extensions_from_path /opt/stack/neutron/neutron/api/extensions.py:449}}
May 23 15:51:21.996768 np0000001340 devstack@neutron-api.service[89937]: DEBUG neutron.api.extensions [None req-9fee87fe-7a61-46a8-8e8a-6a19832a2bcb None None] Ext name="Port data plane status extension" alias="data-plane-status" description="Expose status of underlying data plane" updated="2017-01-24T10:00:00-00:00" {{(pid=89937) _check_extension /opt/stack/neutron/neutron/api/extensions.py:415}}
May 23 15:51:21.996973 np0000001340 devstack@neutron-api.service[89937]: INFO neutron.api.extensions [None req-9fee87fe-7a61-46a8-8e8a-6a19832a2bcb None None] Extension data-plane-status not supported by any of loaded plugins
May 23 15:51:21.997116 np0000001340 devstack@neutron-api.service[89937]: DEBUG neutron.api.extensions [None req-9fee87fe-7a61-46a8-8e8a-6a19832a2bcb None None] Loading extension file: default_subnetpools.py {{(pid=89937) _load_all_extensions_from_path /opt/stack/neutron/neutron/api/extensions.py:449}}
May 23 15:51:21.997390 np0000001340 devstack@neutron-api.service[89937]: DEBUG neutron.api.extensions [None req-9fee87fe-7a61-46a8-8e8a-6a19832a2bcb None None] Ext name="Default Subnetpools" alias="default-subnetpools" description="Provides ability to mark and use a subnetpool as the default." updated="2016-02-18T18:00:00-00:00" {{(pid=89937) _check_extension /opt/stack/neutron/neutron/api/extensions.py:415}}
May 23 15:51:21.997603 np0000001340 devstack@neutron-api.service[89937]: INFO neutron.api.extensions [None req-9fee87fe-7a61-46a8-8e8a-6a19832a2bcb None None] Loaded extension: default-subnetpools
May 23 15:51:21.997708 np0000001340 devstack@neutron-api.service[89937]: DEBUG neutron.api.extensions [None req-9fee87fe-7a61-46a8-8e8a-6a19832a2bcb None None] Loading extension file: dhcpagentscheduler.py {{(pid=89937) _load_all_extensions_from_path /opt/stack/neutron/neutron/api/extensions.py:449}}
May 23 15:51:21.998522 np0000001340 devstack@neutron-api.service[89937]: DEBUG neutron.api.extensions [None req-9fee87fe-7a61-46a8-8e8a-6a19832a2bcb None None] Ext name="DHCP Agent Scheduler" alias="dhcp_agent_scheduler" description="Schedule networks among dhcp agents" updated="2013-02-07T10:00:00-00:00" {{(pid=89937) _check_extension /opt/stack/neutron/neutron/api/extensions.py:415}}
May 23 15:51:21.998601 np0000001340 devstack@neutron-api.service[89936]: INFO neutron.plugins.ml2.drivers.type_vlan [None req-22633b52-d1b6-4b8d-b8ed-38e28ca03d77 None None] VlanTypeDriver initialization complete
May 23 15:51:21.998689 np0000001340 devstack@neutron-api.service[89937]: INFO neutron.api.extensions [None req-9fee87fe-7a61-46a8-8e8a-6a19832a2bcb None None] Loaded extension: dhcp_agent_scheduler
May 23 15:51:21.998725 np0000001340 devstack@neutron-api.service[89936]: INFO neutron.plugins.ml2.managers [None req-22633b52-d1b6-4b8d-b8ed-38e28ca03d77 None None] Initializing extension driver 'port_security'
May 23 15:51:21.998767 np0000001340 devstack@neutron-api.service[89937]: DEBUG neutron.api.extensions [None req-9fee87fe-7a61-46a8-8e8a-6a19832a2bcb None None] Loading extension file: dns.py {{(pid=89937) _load_all_extensions_from_path /opt/stack/neutron/neutron/api/extensions.py:449}}
May 23 15:51:21.998803 np0000001340 devstack@neutron-api.service[89936]: INFO neutron.plugins.ml2.extensions.port_security [None req-22633b52-d1b6-4b8d-b8ed-38e28ca03d77 None None] PortSecurityExtensionDriver initialization complete
May 23 15:51:21.998803 np0000001340 devstack@neutron-api.service[89936]: INFO neutron.plugins.ml2.managers [None req-22633b52-d1b6-4b8d-b8ed-38e28ca03d77 None None] Initializing extension driver 'qos'
May 23 15:51:21.999490 np0000001340 devstack@neutron-api.service[89937]: DEBUG neutron.api.extensions [None req-9fee87fe-7a61-46a8-8e8a-6a19832a2bcb None None] Ext name="DNS Integration" alias="dns-integration" description="Provides integration with DNS." updated="2015-08-15T18:00:00-00:00" {{(pid=89937) _check_extension /opt/stack/neutron/neutron/api/extensions.py:415}}
May 23 15:51:21.999648 np0000001340 devstack@neutron-api.service[89936]: DEBUG neutron.plugins.ml2.extensions.qos [None req-22633b52-d1b6-4b8d-b8ed-38e28ca03d77 None None] QosExtensionDriver initialization complete {{(pid=89936) initialize /opt/stack/neutron/neutron/plugins/ml2/extensions/qos.py:31}}
May 23 15:51:21.999648 np0000001340 devstack@neutron-api.service[89936]: INFO neutron.plugins.ml2.managers [None req-22633b52-d1b6-4b8d-b8ed-38e28ca03d77 None None] Initializing mechanism driver 'ovn'
May 23 15:51:21.999811 np0000001340 devstack@neutron-api.service[89937]: INFO neutron.api.extensions [None req-9fee87fe-7a61-46a8-8e8a-6a19832a2bcb None None] Loaded extension: dns-integration
May 23 15:51:21.999863 np0000001340 devstack@neutron-api.service[89936]: INFO neutron.plugins.ml2.drivers.ovn.mech_driver.mech_driver [None req-22633b52-d1b6-4b8d-b8ed-38e28ca03d77 None None] Starting OVNMechanismDriver
May 23 15:51:21.999898 np0000001340 devstack@neutron-api.service[89937]: DEBUG neutron.api.extensions [None req-9fee87fe-7a61-46a8-8e8a-6a19832a2bcb None None] Loading extension file: dns_domain_ports.py {{(pid=89937) _load_all_extensions_from_path /opt/stack/neutron/neutron/api/extensions.py:449}}
May 23 15:51:21.999898 np0000001340 devstack@neutron-api.service[89937]: DEBUG neutron.api.extensions [None req-9fee87fe-7a61-46a8-8e8a-6a19832a2bcb None None] Ext name="dns_domain for ports" alias="dns-domain-ports" description="Allows the DNS domain to be specified for a network port." updated="2017-04-24T10:00:00-00:00" {{(pid=89937) _check_extension /opt/stack/neutron/neutron/api/extensions.py:415}}
May 23 15:51:21.999898 np0000001340 devstack@neutron-api.service[89937]: INFO neutron.api.extensions [None req-9fee87fe-7a61-46a8-8e8a-6a19832a2bcb None None] Loaded extension: dns-domain-ports
May 23 15:51:21.999898 np0000001340 devstack@neutron-api.service[89937]: DEBUG neutron.api.extensions [None req-9fee87fe-7a61-46a8-8e8a-6a19832a2bcb None None] Loading extension file: dns_integration_domain_keywords.py {{(pid=89937) _load_all_extensions_from_path /opt/stack/neutron/neutron/api/extensions.py:449}}
May 23 15:51:21.999898 np0000001340 devstack@neutron-api.service[89937]: DEBUG neutron.api.extensions [None req-9fee87fe-7a61-46a8-8e8a-6a19832a2bcb None None] Ext name="DNS domain names with keywords allowed" alias="dns-integration-domain-keywords" description="Allows to use keywords like , , and as DNS domain name" updated="2020-06-15T18:00:00-00:00" {{(pid=89937) _check_extension /opt/stack/neutron/neutron/api/extensions.py:415}}
May 23 15:51:22.000083 np0000001340 devstack@neutron-api.service[89937]: INFO neutron.api.extensions [None req-9fee87fe-7a61-46a8-8e8a-6a19832a2bcb None None] Loaded extension: dns-integration-domain-keywords
May 23 15:51:22.000216 np0000001340 devstack@neutron-api.service[89937]: DEBUG neutron.api.extensions [None req-9fee87fe-7a61-46a8-8e8a-6a19832a2bcb None None] Loading extension file: dvr.py {{(pid=89937) _load_all_extensions_from_path /opt/stack/neutron/neutron/api/extensions.py:449}}
May 23 15:51:22.000581 np0000001340 devstack@neutron-api.service[89937]: DEBUG neutron.api.extensions [None req-9fee87fe-7a61-46a8-8e8a-6a19832a2bcb None None] Ext name="Distributed Virtual Router" alias="dvr" description="Enables configuration of Distributed Virtual Routers." updated="2014-06-1T10:00:00-00:00" {{(pid=89937) _check_extension /opt/stack/neutron/neutron/api/extensions.py:415}}
May 23 15:51:22.000764 np0000001340 devstack@neutron-api.service[89937]: INFO neutron.api.extensions [None req-9fee87fe-7a61-46a8-8e8a-6a19832a2bcb None None] Extension dvr not supported by any of loaded plugins
May 23 15:51:22.000882 np0000001340 devstack@neutron-api.service[89937]: DEBUG neutron.api.extensions [None req-9fee87fe-7a61-46a8-8e8a-6a19832a2bcb None None] Loading extension file: ecmp_routes.py {{(pid=89937) _load_all_extensions_from_path /opt/stack/neutron/neutron/api/extensions.py:449}}
May 23 15:51:22.001087 np0000001340 devstack@neutron-api.service[89936]: DEBUG neutron_lib.callbacks.manager [None req-22633b52-d1b6-4b8d-b8ed-38e28ca03d77 None None] Subscribe: > process before_spawn 55550000, False {{(pid=89936) subscribe /opt/stack/data/venv/lib/python3.12/site-packages/neutron_lib/callbacks/manager.py:52}}
May 23 15:51:22.001158 np0000001340 devstack@neutron-api.service[89937]: DEBUG neutron.api.extensions [None req-9fee87fe-7a61-46a8-8e8a-6a19832a2bcb None None] Ext name="Equal Cost Multipath Routing" alias="ecmp_routes" description="Allows traffic to reach thesame destination via multiple different links " updated="2020-11-26T18:00:00-00:00" {{(pid=89937) _check_extension /opt/stack/neutron/neutron/api/extensions.py:415}}
May 23 15:51:22.001237 np0000001340 devstack@neutron-api.service[89936]: DEBUG neutron_lib.callbacks.manager [None req-22633b52-d1b6-4b8d-b8ed-38e28ca03d77 None None] Subscribe: > process after_init 55550000, True {{(pid=89936) subscribe /opt/stack/data/venv/lib/python3.12/site-packages/neutron_lib/callbacks/manager.py:52}}
May 23 15:51:22.001396 np0000001340 devstack@neutron-api.service[89937]: INFO neutron.api.extensions [None req-9fee87fe-7a61-46a8-8e8a-6a19832a2bcb None None] Extension ecmp_routes not supported by any of loaded plugins
May 23 15:51:22.001437 np0000001340 devstack@neutron-api.service[89936]: DEBUG neutron_lib.callbacks.manager [None req-22633b52-d1b6-4b8d-b8ed-38e28ca03d77 None None] Subscribe: > segment after_create 55550000, False {{(pid=89936) subscribe /opt/stack/data/venv/lib/python3.12/site-packages/neutron_lib/callbacks/manager.py:52}}
May 23 15:51:22.001527 np0000001340 devstack@neutron-api.service[89937]: DEBUG neutron.api.extensions [None req-9fee87fe-7a61-46a8-8e8a-6a19832a2bcb None None] Loading extension file: empty_string_filtering.py {{(pid=89937) _load_all_extensions_from_path /opt/stack/neutron/neutron/api/extensions.py:449}}
May 23 15:51:22.001561 np0000001340 devstack@neutron-api.service[89936]: DEBUG neutron_lib.callbacks.manager [None req-22633b52-d1b6-4b8d-b8ed-38e28ca03d77 None None] Subscribe: > segment after_create 55550000, False {{(pid=89936) subscribe /opt/stack/data/venv/lib/python3.12/site-packages/neutron_lib/callbacks/manager.py:52}}
May 23 15:51:22.001697 np0000001340 devstack@neutron-api.service[89936]: DEBUG neutron_lib.callbacks.manager [None req-22633b52-d1b6-4b8d-b8ed-38e28ca03d77 None None] Subscribe: > segment after_delete 55550000, False {{(pid=89936) subscribe /opt/stack/data/venv/lib/python3.12/site-packages/neutron_lib/callbacks/manager.py:52}}
May 23 15:51:22.001832 np0000001340 devstack@neutron-api.service[89937]: DEBUG neutron.api.extensions [None req-9fee87fe-7a61-46a8-8e8a-6a19832a2bcb None None] Ext name="Empty String Filtering Extension" alias="empty-string-filtering" description="Allow filtering by attributes with empty string value" updated="2018-05-01T10:00:00-00:00" {{(pid=89937) _check_extension /opt/stack/neutron/neutron/api/extensions.py:415}}
May 23 15:51:22.001874 np0000001340 devstack@neutron-api.service[89936]: DEBUG neutron_lib.callbacks.manager [None req-22633b52-d1b6-4b8d-b8ed-38e28ca03d77 None None] Subscribe: > allowed_address_pair before_create 55550000, False {{(pid=89936) subscribe /opt/stack/data/venv/lib/python3.12/site-packages/neutron_lib/callbacks/manager.py:52}}
May 23 15:51:22.002021 np0000001340 devstack@neutron-api.service[89936]: DEBUG neutron_lib.callbacks.manager [None req-22633b52-d1b6-4b8d-b8ed-38e28ca03d77 None None] Subscribe: > security_group precommit_create 55550000, False {{(pid=89936) subscribe /opt/stack/data/venv/lib/python3.12/site-packages/neutron_lib/callbacks/manager.py:52}}
May 23 15:51:22.002103 np0000001340 devstack@neutron-api.service[89937]: INFO neutron.api.extensions [None req-9fee87fe-7a61-46a8-8e8a-6a19832a2bcb None None] Loaded extension: empty-string-filtering
May 23 15:51:22.002139 np0000001340 devstack@neutron-api.service[89936]: DEBUG neutron_lib.callbacks.manager [None req-22633b52-d1b6-4b8d-b8ed-38e28ca03d77 None None] Subscribe: > security_group after_update 55550000, False {{(pid=89936) subscribe /opt/stack/data/venv/lib/python3.12/site-packages/neutron_lib/callbacks/manager.py:52}}
May 23 15:51:22.002184 np0000001340 devstack@neutron-api.service[89937]: DEBUG neutron.api.extensions [None req-9fee87fe-7a61-46a8-8e8a-6a19832a2bcb None None] Loading extension file: evpn.py {{(pid=89937) _load_all_extensions_from_path /opt/stack/neutron/neutron/api/extensions.py:449}}
May 23 15:51:22.002304 np0000001340 devstack@neutron-api.service[89936]: DEBUG neutron_lib.callbacks.manager [None req-22633b52-d1b6-4b8d-b8ed-38e28ca03d77 None None] Subscribe: > security_group after_create 55550000, False {{(pid=89936) subscribe /opt/stack/data/venv/lib/python3.12/site-packages/neutron_lib/callbacks/manager.py:52}}
May 23 15:51:22.002398 np0000001340 devstack@neutron-api.service[89936]: DEBUG neutron_lib.callbacks.manager [None req-22633b52-d1b6-4b8d-b8ed-38e28ca03d77 None None] Subscribe: > security_group precommit_delete 55550000, False {{(pid=89936) subscribe /opt/stack/data/venv/lib/python3.12/site-packages/neutron_lib/callbacks/manager.py:52}}
May 23 15:51:22.002465 np0000001340 devstack@neutron-api.service[89936]: DEBUG neutron_lib.callbacks.manager [None req-22633b52-d1b6-4b8d-b8ed-38e28ca03d77 None None] Subscribe: > security_group after_delete 55550000, False {{(pid=89936) subscribe /opt/stack/data/venv/lib/python3.12/site-packages/neutron_lib/callbacks/manager.py:52}}
May 23 15:51:22.002515 np0000001340 devstack@neutron-api.service[89937]: DEBUG neutron.api.extensions [None req-9fee87fe-7a61-46a8-8e8a-6a19832a2bcb None None] Ext name="EVPN" alias="evpn" description="Router extension to support EVPN Type-5 route advertisement" updated="2026-04-28T00:00:00-00:00" {{(pid=89937) _check_extension /opt/stack/neutron/neutron/api/extensions.py:415}}
May 23 15:51:22.002557 np0000001340 devstack@neutron-api.service[89936]: DEBUG neutron_lib.callbacks.manager [None req-22633b52-d1b6-4b8d-b8ed-38e28ca03d77 None None] Subscribe: > security_group_rule precommit_create 55550000, False {{(pid=89936) subscribe /opt/stack/data/venv/lib/python3.12/site-packages/neutron_lib/callbacks/manager.py:52}}
May 23 15:51:22.002675 np0000001340 devstack@neutron-api.service[89936]: DEBUG neutron_lib.callbacks.manager [None req-22633b52-d1b6-4b8d-b8ed-38e28ca03d77 None None] Subscribe: > security_group_rule after_create 55550000, False {{(pid=89936) subscribe /opt/stack/data/venv/lib/python3.12/site-packages/neutron_lib/callbacks/manager.py:52}}
May 23 15:51:22.002716 np0000001340 devstack@neutron-api.service[89937]: INFO neutron.api.extensions [None req-9fee87fe-7a61-46a8-8e8a-6a19832a2bcb None None] Extension evpn not supported by any of loaded plugins
May 23 15:51:22.002794 np0000001340 devstack@neutron-api.service[89936]: DEBUG neutron_lib.callbacks.manager [None req-22633b52-d1b6-4b8d-b8ed-38e28ca03d77 None None] Subscribe: > security_group_rule before_delete 55550000, False {{(pid=89936) subscribe /opt/stack/data/venv/lib/python3.12/site-packages/neutron_lib/callbacks/manager.py:52}}
May 23 15:51:22.002837 np0000001340 devstack@neutron-api.service[89937]: DEBUG neutron.api.extensions [None req-9fee87fe-7a61-46a8-8e8a-6a19832a2bcb None None] Loading extension file: expose_l3_conntrack_helper.py {{(pid=89937) _load_all_extensions_from_path /opt/stack/neutron/neutron/api/extensions.py:449}}
May 23 15:51:22.002889 np0000001340 devstack@neutron-api.service[89936]: DEBUG neutron_lib.callbacks.manager [None req-22633b52-d1b6-4b8d-b8ed-38e28ca03d77 None None] Subscribe: > address_group after_create 55550000, False {{(pid=89936) subscribe /opt/stack/data/venv/lib/python3.12/site-packages/neutron_lib/callbacks/manager.py:52}}
May 23 15:51:22.002985 np0000001340 devstack@neutron-api.service[89936]: DEBUG neutron_lib.callbacks.manager [None req-22633b52-d1b6-4b8d-b8ed-38e28ca03d77 None None] Subscribe: > address_group after_update 55550000, False {{(pid=89936) subscribe /opt/stack/data/venv/lib/python3.12/site-packages/neutron_lib/callbacks/manager.py:52}}
May 23 15:51:22.003082 np0000001340 devstack@neutron-api.service[89936]: DEBUG neutron_lib.callbacks.manager [None req-22633b52-d1b6-4b8d-b8ed-38e28ca03d77 None None] Subscribe: > address_group after_delete 55550000, False {{(pid=89936) subscribe /opt/stack/data/venv/lib/python3.12/site-packages/neutron_lib/callbacks/manager.py:52}}
May 23 15:51:22.003123 np0000001340 devstack@neutron-api.service[89937]: DEBUG neutron.api.extensions [None req-9fee87fe-7a61-46a8-8e8a-6a19832a2bcb None None] Ext name="Expose CT target rules for conntrack helper" alias="expose-l3-conntrack-helper" description="Expose allow adding CT target rules for conntrack helper" updated="2019-04-04T10:00:00-00:00" {{(pid=89937) _check_extension /opt/stack/neutron/neutron/api/extensions.py:415}}
May 23 15:51:22.003288 np0000001340 devstack@neutron-api.service[89936]: DEBUG neutron_lib.callbacks.manager [None req-22633b52-d1b6-4b8d-b8ed-38e28ca03d77 None None] Subscribe: > qos_plugin after_init 55550000, False {{(pid=89936) subscribe /opt/stack/data/venv/lib/python3.12/site-packages/neutron_lib/callbacks/manager.py:52}}
May 23 15:51:22.003344 np0000001340 devstack@neutron-api.service[89937]: INFO neutron.api.extensions [None req-9fee87fe-7a61-46a8-8e8a-6a19832a2bcb None None] Extension expose-l3-conntrack-helper not supported by any of loaded plugins
May 23 15:51:22.003441 np0000001340 devstack@neutron-api.service[89937]: DEBUG neutron.api.extensions [None req-9fee87fe-7a61-46a8-8e8a-6a19832a2bcb None None] Loading extension file: expose_port_forwarding_in_fip.py {{(pid=89937) _load_all_extensions_from_path /opt/stack/neutron/neutron/api/extensions.py:449}}
May 23 15:51:22.003490 np0000001340 devstack@neutron-api.service[89936]: DEBUG neutron_lib.callbacks.manager [None req-22633b52-d1b6-4b8d-b8ed-38e28ca03d77 None None] Subscribe: > trunk_plugin after_init 55550000, False {{(pid=89936) subscribe /opt/stack/data/venv/lib/python3.12/site-packages/neutron_lib/callbacks/manager.py:52}}
May 23 15:51:22.003727 np0000001340 devstack@neutron-api.service[89936]: DEBUG neutron_lib.callbacks.manager [None req-22633b52-d1b6-4b8d-b8ed-38e28ca03d77 None None] Subscribe: > logging-plugin after_init 55550000, False {{(pid=89936) subscribe /opt/stack/data/venv/lib/python3.12/site-packages/neutron_lib/callbacks/manager.py:52}}
May 23 15:51:22.003794 np0000001340 devstack@neutron-api.service[89937]: DEBUG neutron.api.extensions [None req-9fee87fe-7a61-46a8-8e8a-6a19832a2bcb None None] Ext name="Expose Floating IP port forwardings" alias="expose-port-forwarding-in-fip" description="Expose port forwarding fields in floating IP response" updated="2018-06-28T16:00:00-00:00" {{(pid=89937) _check_extension /opt/stack/neutron/neutron/api/extensions.py:415}}
May 23 15:51:22.003943 np0000001340 devstack@neutron-api.service[89937]: INFO neutron.api.extensions [None req-9fee87fe-7a61-46a8-8e8a-6a19832a2bcb None None] Extension expose-port-forwarding-in-fip not supported by any of loaded plugins
May 23 15:51:22.004052 np0000001340 devstack@neutron-api.service[89937]: DEBUG neutron.api.extensions [None req-9fee87fe-7a61-46a8-8e8a-6a19832a2bcb None None] Loading extension file: external_net.py {{(pid=89937) _load_all_extensions_from_path /opt/stack/neutron/neutron/api/extensions.py:449}}
May 23 15:51:22.004230 np0000001340 devstack@neutron-api.service[89936]: INFO neutron.services.logapi.drivers.ovn.driver [None req-22633b52-d1b6-4b8d-b8ed-38e28ca03d77 None None] OVN logging driver registered
May 23 15:51:22.004355 np0000001340 devstack@neutron-api.service[89937]: DEBUG neutron.api.extensions [None req-9fee87fe-7a61-46a8-8e8a-6a19832a2bcb None None] Ext name="Neutron external network" alias="external-net" description="Adds external network attribute to network resource." updated="2013-01-14T10:00:00-00:00" {{(pid=89937) _check_extension /opt/stack/neutron/neutron/api/extensions.py:415}}
May 23 15:51:22.004581 np0000001340 devstack@neutron-api.service[89937]: INFO neutron.api.extensions [None req-9fee87fe-7a61-46a8-8e8a-6a19832a2bcb None None] Loaded extension: external-net
May 23 15:51:22.004692 np0000001340 devstack@neutron-api.service[89937]: DEBUG neutron.api.extensions [None req-9fee87fe-7a61-46a8-8e8a-6a19832a2bcb None None] Loading extension file: extra_dhcp_opt.py {{(pid=89937) _load_all_extensions_from_path /opt/stack/neutron/neutron/api/extensions.py:449}}
May 23 15:51:22.005034 np0000001340 devstack@neutron-api.service[89937]: DEBUG neutron.api.extensions [None req-9fee87fe-7a61-46a8-8e8a-6a19832a2bcb None None] Ext name="Neutron Extra DHCP options" alias="extra_dhcp_opt" description="Extra options configuration for DHCP. For example PXE boot options to DHCP clients can be specified (e.g. tftp-server, server-ip-address, bootfile-name)" updated="2013-03-17T12:00:00-00:00" {{(pid=89937) _check_extension /opt/stack/neutron/neutron/api/extensions.py:415}}
May 23 15:51:22.005196 np0000001340 devstack@neutron-api.service[89937]: INFO neutron.api.extensions [None req-9fee87fe-7a61-46a8-8e8a-6a19832a2bcb None None] Loaded extension: extra_dhcp_opt
