Aug 12 21:37:03.106905 np0000007121 devstack@c-api.service[100326]: INFO cinder.api.openstack.wsgi [req-7568bfd3-13af-45ce-a5d1-8d3ae3ceec3b req-2c29df1a-e0f1-409e-8505-e029a78b8079 tempest-TaggedBootDevicesTest_v242-941052231 tempest-TaggedBootDevicesTest_v242-941052231-project-member] POST https://10.4.3.240/volume/v3/attachments/73be9d0e-81d7-432c-adbf-f2d0e2bbd3fe/action
Aug 12 21:37:03.107504 np0000007121 devstack@c-api.service[100326]: DEBUG cinder.api.openstack.wsgi [req-7568bfd3-13af-45ce-a5d1-8d3ae3ceec3b req-2c29df1a-e0f1-409e-8505-e029a78b8079 tempest-TaggedBootDevicesTest_v242-941052231 tempest-TaggedBootDevicesTest_v242-941052231-project-member] Action body: b'{"os-complete": null}' {{(pid=100326) get_method /opt/stack/cinder/cinder/api/openstack/wsgi.py:993}}
Aug 12 21:37:03.107504 np0000007121 devstack@c-api.service[100326]: DEBUG cinder.api.openstack.wsgi [req-7568bfd3-13af-45ce-a5d1-8d3ae3ceec3b req-2c29df1a-e0f1-409e-8505-e029a78b8079 tempest-TaggedBootDevicesTest_v242-941052231 tempest-TaggedBootDevicesTest_v242-941052231-project-member] Action: 'action', calling method: complete, body: {"os-complete": null} {{(pid=100326) _process_stack /opt/stack/cinder/cinder/api/openstack/wsgi.py:876}}
Aug 12 21:37:03.122481 np0000007121 devstack@c-api.service[100326]: /opt/stack/data/venv/lib/python3.12/site-packages/oslo_context/context.py:102: DeprecationWarning: Policy enforcement is depending on the value of is_admin. This key is deprecated. Please update your policy file to use the standard policy values.
Aug 12 21:37:03.122481 np0000007121 devstack@c-api.service[100326]: warnings.warn(
Aug 12 21:37:03.138996 np0000007121 devstack@c-api.service[100326]: INFO cinder.api.openstack.wsgi [req-7568bfd3-13af-45ce-a5d1-8d3ae3ceec3b req-2c29df1a-e0f1-409e-8505-e029a78b8079 tempest-TaggedBootDevicesTest_v242-941052231 tempest-TaggedBootDevicesTest_v242-941052231-project-member] https://10.4.3.240/volume/v3/attachments/73be9d0e-81d7-432c-adbf-f2d0e2bbd3fe/action returned with HTTP 204
Aug 12 21:37:03.139432 np0000007121 devstack@c-api.service[100326]: [pid: 100326|app: 0|req: 51/210] 10.4.3.240 () {74 vars in 1725 bytes} [Wed Aug 12 21:37:03 2026] POST /volume/v3/attachments/73be9d0e-81d7-432c-adbf-f2d0e2bbd3fe/action => generated 0 bytes in 35 msecs (HTTP/1.1 204) 7 headers in 292 bytes (1 switches on core 0)
Aug 12 21:37:03.160101 np0000007121 devstack@c-api.service[100325]: DEBUG cinder.api.middleware.request_id [None req-e863aef0-789c-4378-adef-30f45be3e129 None None] RequestId filter calling following filter/app {{(pid=100325) _context_setter /opt/stack/cinder/cinder/api/middleware/request_id.py:62}}
Aug 12 21:37:03.160570 np0000007121 devstack@c-api.service[100325]: INFO cinder.api.openstack.wsgi [None req-e863aef0-789c-4378-adef-30f45be3e129 None None] GET https://10.4.3.240/volume//
Aug 12 21:37:03.160806 np0000007121 devstack@c-api.service[100325]: DEBUG cinder.api.openstack.wsgi [None req-e863aef0-789c-4378-adef-30f45be3e129 None None] Empty body provided in request {{(pid=100325) get_body /opt/stack/cinder/cinder/api/openstack/wsgi.py:725}}
Aug 12 21:37:03.161007 np0000007121 devstack@c-api.service[100325]: DEBUG cinder.api.openstack.wsgi [None req-e863aef0-789c-4378-adef-30f45be3e129 None None] Calling method 'all' {{(pid=100325) _process_stack /opt/stack/cinder/cinder/api/openstack/wsgi.py:878}}
Aug 12 21:37:03.161335 np0000007121 devstack@c-api.service[100325]: INFO cinder.api.openstack.wsgi [None req-e863aef0-789c-4378-adef-30f45be3e129 None None] https://10.4.3.240/volume// returned with HTTP 300
Aug 12 21:37:03.161694 np0000007121 devstack@c-api.service[100325]: [pid: 100325|app: 0|req: 52/211] 10.4.3.240 () {66 vars in 1426 bytes} [Wed Aug 12 21:37:03 2026] GET /volume/ => generated 386 bytes in 2 msecs (HTTP/1.1 300) 7 headers in 299 bytes (1 switches on core 0)
Aug 12 21:37:03.174553 np0000007121 devstack@c-api.service[100324]: DEBUG cinder.api.middleware.request_id [req-7568bfd3-13af-45ce-a5d1-8d3ae3ceec3b req-79cd9512-fc46-44c9-8714-e4a3dbb4fe71 None None] RequestId filter calling following filter/app {{(pid=100324) _context_setter /opt/stack/cinder/cinder/api/middleware/request_id.py:62}}
Aug 12 21:37:03.176839 np0000007121 devstack@c-api.service[100324]: INFO cinder.api.openstack.wsgi [req-7568bfd3-13af-45ce-a5d1-8d3ae3ceec3b req-79cd9512-fc46-44c9-8714-e4a3dbb4fe71 tempest-TaggedBootDevicesTest_v242-941052231 tempest-TaggedBootDevicesTest_v242-941052231-project-member] GET https://10.4.3.240/volume/v3/volumes/47ff8482-85b6-4041-aad4-97f65d730c86
Aug 12 21:37:03.177137 np0000007121 devstack@c-api.service[100324]: DEBUG cinder.api.openstack.wsgi [req-7568bfd3-13af-45ce-a5d1-8d3ae3ceec3b req-79cd9512-fc46-44c9-8714-e4a3dbb4fe71 tempest-TaggedBootDevicesTest_v242-941052231 tempest-TaggedBootDevicesTest_v242-941052231-project-member] Empty body provided in request {{(pid=100324) get_body /opt/stack/cinder/cinder/api/openstack/wsgi.py:725}}
Aug 12 21:37:03.177413 np0000007121 devstack@c-api.service[100324]: DEBUG cinder.api.openstack.wsgi [req-7568bfd3-13af-45ce-a5d1-8d3ae3ceec3b req-79cd9512-fc46-44c9-8714-e4a3dbb4fe71 tempest-TaggedBootDevicesTest_v242-941052231 tempest-TaggedBootDevicesTest_v242-941052231-project-member] Calling method 'show' {{(pid=100324) _process_stack /opt/stack/cinder/cinder/api/openstack/wsgi.py:878}}
Aug 12 21:37:03.194016 np0000007121 devstack@c-api.service[100324]: /opt/stack/data/venv/lib/python3.12/site-packages/oslo_context/context.py:102: DeprecationWarning: Policy enforcement is depending on the value of is_admin. This key is deprecated. Please update your policy file to use the standard policy values.
Aug 12 21:37:03.194016 np0000007121 devstack@c-api.service[100324]: warnings.warn(
Aug 12 21:37:03.207606 np0000007121 devstack@c-api.service[100324]: INFO cinder.volume.api [req-7568bfd3-13af-45ce-a5d1-8d3ae3ceec3b req-79cd9512-fc46-44c9-8714-e4a3dbb4fe71 tempest-TaggedBootDevicesTest_v242-941052231 tempest-TaggedBootDevicesTest_v242-941052231-project-member] Volume info retrieved successfully.
Aug 12 21:37:03.212493 np0000007121 devstack@c-api.service[100324]: INFO cinder.api.openstack.wsgi [req-7568bfd3-13af-45ce-a5d1-8d3ae3ceec3b req-79cd9512-fc46-44c9-8714-e4a3dbb4fe71 tempest-TaggedBootDevicesTest_v242-941052231 tempest-TaggedBootDevicesTest_v242-941052231-project-member] https://10.4.3.240/volume/v3/volumes/47ff8482-85b6-4041-aad4-97f65d730c86 returned with HTTP 200
Aug 12 21:37:03.212884 np0000007121 devstack@c-api.service[100324]: [pid: 100324|app: 0|req: 52/212] 10.4.3.240 () {70 vars in 1639 bytes} [Wed Aug 12 21:37:03 2026] GET /volume/v3/volumes/47ff8482-85b6-4041-aad4-97f65d730c86 => generated 1028 bytes in 39 msecs (HTTP/1.1 200) 7 headers in 287 bytes (1 switches on core 0)
Aug 12 21:37:03.343665 np0000007121 devstack@c-api.service[100323]: DEBUG cinder.api.middleware.request_id [req-c066f35f-c259-42f8-ac38-e8be0130fa40 req-c6ae9765-00f9-4d88-84f8-d729c3993adb None None] RequestId filter calling following filter/app {{(pid=100323) _context_setter /opt/stack/cinder/cinder/api/middleware/request_id.py:62}}
Aug 12 21:37:03.345887 np0000007121 devstack@c-api.service[100323]: INFO cinder.api.openstack.wsgi [req-c066f35f-c259-42f8-ac38-e8be0130fa40 req-c6ae9765-00f9-4d88-84f8-d729c3993adb tempest-TaggedAttachmentsTest-54413790 tempest-TaggedAttachmentsTest-54413790-project-member] DELETE https://10.4.3.240/volume/v3/attachments/4f2545ef-f6a8-4ad2-8d72-c4edab2231d9
Aug 12 21:37:03.346070 np0000007121 devstack@c-api.service[100323]: DEBUG cinder.api.openstack.wsgi [req-c066f35f-c259-42f8-ac38-e8be0130fa40 req-c6ae9765-00f9-4d88-84f8-d729c3993adb tempest-TaggedAttachmentsTest-54413790 tempest-TaggedAttachmentsTest-54413790-project-member] Empty body provided in request {{(pid=100323) get_body /opt/stack/cinder/cinder/api/openstack/wsgi.py:725}}
Aug 12 21:37:03.346246 np0000007121 devstack@c-api.service[100323]: DEBUG cinder.api.openstack.wsgi [req-c066f35f-c259-42f8-ac38-e8be0130fa40 req-c6ae9765-00f9-4d88-84f8-d729c3993adb tempest-TaggedAttachmentsTest-54413790 tempest-TaggedAttachmentsTest-54413790-project-member] Calling method 'version_select' {{(pid=100323) _process_stack /opt/stack/cinder/cinder/api/openstack/wsgi.py:878}}
Aug 12 21:37:03.354842 np0000007121 devstack@c-api.service[100323]: /opt/stack/data/venv/lib/python3.12/site-packages/oslo_context/context.py:102: DeprecationWarning: Policy enforcement is depending on the value of is_admin. This key is deprecated. Please update your policy file to use the standard policy values.
Aug 12 21:37:03.354842 np0000007121 devstack@c-api.service[100323]: warnings.warn(
Aug 12 21:37:03.369447 np0000007121 devstack@c-api.service[100326]: DEBUG cinder.api.middleware.request_id [req-7568bfd3-13af-45ce-a5d1-8d3ae3ceec3b req-31d4c42d-7bd8-4423-89a9-add7167e3585 None None] RequestId filter calling following filter/app {{(pid=100326) _context_setter /opt/stack/cinder/cinder/api/middleware/request_id.py:62}}
Aug 12 21:37:03.372205 np0000007121 devstack@c-api.service[100326]: INFO cinder.api.openstack.wsgi [req-7568bfd3-13af-45ce-a5d1-8d3ae3ceec3b req-31d4c42d-7bd8-4423-89a9-add7167e3585 tempest-TaggedBootDevicesTest_v242-941052231 tempest-TaggedBootDevicesTest_v242-941052231-project-member] PUT https://10.4.3.240/volume/v3/attachments/f3663ad6-cc06-43e8-a61a-893c88dcd20f
Aug 12 21:37:03.372515 np0000007121 devstack@c-api.service[100326]: DEBUG cinder.api.openstack.wsgi [req-7568bfd3-13af-45ce-a5d1-8d3ae3ceec3b req-31d4c42d-7bd8-4423-89a9-add7167e3585 tempest-TaggedBootDevicesTest_v242-941052231 tempest-TaggedBootDevicesTest_v242-941052231-project-member] Action: 'update', calling method: version_select, body: {"attachment": {"connector": {"platform": "x86_64", "os_type": "linux", "ip": "10.4.3.240", "host": "np0000007121", "multipath": true, "enforce_multipath": true, "initiator": "iqn.2016-04.com.open-iscsi:be9414837bb6", "do_local_attach": false, "uuid": "8515de1c-ba7e-467b-adde-6d9f8a8dbc1f", "system uuid": "25c55cfb-c8bc-47a4-8645-4272d3ce2601", "nvme_native_multipath": false, "mountpoint": "/dev/vdb"}}} {{(pid=100326) _process_stack /opt/stack/cinder/cinder/api/openstack/wsgi.py:876}}
Aug 12 21:37:03.382048 np0000007121 devstack@c-api.service[100326]: DEBUG cinder.coordination [req-7568bfd3-13af-45ce-a5d1-8d3ae3ceec3b req-31d4c42d-7bd8-4423-89a9-add7167e3585 tempest-TaggedBootDevicesTest_v242-941052231 tempest-TaggedBootDevicesTest_v242-941052231-project-member] Acquiring lock "cinder-attachment_update-47ff8482-85b6-4041-aad4-97f65d730c86-np0000007121" by "attachment_update" {{(pid=100326) __acquire /opt/stack/cinder/cinder/coordination.py:138}}
Aug 12 21:37:03.391125 np0000007121 devstack@c-api.service[100326]: DEBUG cinder.coordination [req-7568bfd3-13af-45ce-a5d1-8d3ae3ceec3b req-31d4c42d-7bd8-4423-89a9-add7167e3585 tempest-TaggedBootDevicesTest_v242-941052231 tempest-TaggedBootDevicesTest_v242-941052231-project-member] Lock "cinder-attachment_update-47ff8482-85b6-4041-aad4-97f65d730c86-np0000007121" acquired by "attachment_update" :: waited 0.009s {{(pid=100326) __acquire /opt/stack/cinder/cinder/coordination.py:141}}
Aug 12 21:37:03.399563 np0000007121 devstack@c-api.service[100326]: /opt/stack/data/venv/lib/python3.12/site-packages/oslo_context/context.py:102: DeprecationWarning: Policy enforcement is depending on the value of is_admin. This key is deprecated. Please update your policy file to use the standard policy values.
Aug 12 21:37:03.399563 np0000007121 devstack@c-api.service[100326]: warnings.warn(
Aug 12 21:37:03.449246 np0000007121 devstack@c-api.service[100323]: INFO cinder.api.openstack.wsgi [req-c066f35f-c259-42f8-ac38-e8be0130fa40 req-c6ae9765-00f9-4d88-84f8-d729c3993adb tempest-TaggedAttachmentsTest-54413790 tempest-TaggedAttachmentsTest-54413790-project-member] https://10.4.3.240/volume/v3/attachments/4f2545ef-f6a8-4ad2-8d72-c4edab2231d9 returned with HTTP 200
Aug 12 21:37:03.452397 np0000007121 devstack@c-api.service[100323]: [pid: 100323|app: 0|req: 58/213] 10.4.3.240 () {72 vars in 1673 bytes} [Wed Aug 12 21:37:03 2026] DELETE /volume/v3/attachments/4f2545ef-f6a8-4ad2-8d72-c4edab2231d9 => generated 19 bytes in 106 msecs (HTTP/1.1 200) 7 headers in 285 bytes (1 switches on core 0)
Aug 12 21:37:03.488680 np0000007121 devstack@c-api.service[100325]: DEBUG cinder.api.middleware.request_id [None req-0d7c1614-7908-40b6-9ea3-4e205ef2efe8 None None] RequestId filter calling following filter/app {{(pid=100325) _context_setter /opt/stack/cinder/cinder/api/middleware/request_id.py:62}}
Aug 12 21:37:03.492691 np0000007121 devstack@c-api.service[100325]: INFO cinder.api.openstack.wsgi [None req-0d7c1614-7908-40b6-9ea3-4e205ef2efe8 tempest-AttachSCSIVolumeTestJSON-1944364423 tempest-AttachSCSIVolumeTestJSON-1944364423-project-reader] GET https://10.4.3.240/volume/v3/volumes/77e06c2f-3dc5-4879-ab6e-4af00b9525e3
Aug 12 21:37:03.492950 np0000007121 devstack@c-api.service[100325]: DEBUG cinder.api.openstack.wsgi [None req-0d7c1614-7908-40b6-9ea3-4e205ef2efe8 tempest-AttachSCSIVolumeTestJSON-1944364423 tempest-AttachSCSIVolumeTestJSON-1944364423-project-reader] Empty body provided in request {{(pid=100325) get_body /opt/stack/cinder/cinder/api/openstack/wsgi.py:725}}
Aug 12 21:37:03.493389 np0000007121 devstack@c-api.service[100325]: DEBUG cinder.api.openstack.wsgi [None req-0d7c1614-7908-40b6-9ea3-4e205ef2efe8 tempest-AttachSCSIVolumeTestJSON-1944364423 tempest-AttachSCSIVolumeTestJSON-1944364423-project-reader] Calling method 'show' {{(pid=100325) _process_stack /opt/stack/cinder/cinder/api/openstack/wsgi.py:878}}
Aug 12 21:37:03.514015 np0000007121 devstack@c-api.service[100325]: /opt/stack/data/venv/lib/python3.12/site-packages/oslo_context/context.py:102: DeprecationWarning: Policy enforcement is depending on the value of is_admin. This key is deprecated. Please update your policy file to use the standard policy values.
Aug 12 21:37:03.514015 np0000007121 devstack@c-api.service[100325]: warnings.warn(
Aug 12 21:37:03.518873 np0000007121 devstack@c-api.service[100325]: INFO cinder.volume.api [None req-0d7c1614-7908-40b6-9ea3-4e205ef2efe8 tempest-AttachSCSIVolumeTestJSON-1944364423 tempest-AttachSCSIVolumeTestJSON-1944364423-project-reader] Volume info retrieved successfully.
Aug 12 21:37:03.519987 np0000007121 devstack@c-api.service[100326]: DEBUG cinder.coordination [req-7568bfd3-13af-45ce-a5d1-8d3ae3ceec3b req-31d4c42d-7bd8-4423-89a9-add7167e3585 tempest-TaggedBootDevicesTest_v242-941052231 tempest-TaggedBootDevicesTest_v242-941052231-project-member] Lock "cinder-attachment_update-47ff8482-85b6-4041-aad4-97f65d730c86-np0000007121" released by "attachment_update" :: held 0.129s {{(pid=100326) __release /opt/stack/cinder/cinder/coordination.py:152}}
Aug 12 21:37:03.520373 np0000007121 devstack@c-api.service[100326]: INFO cinder.api.openstack.wsgi [req-7568bfd3-13af-45ce-a5d1-8d3ae3ceec3b req-31d4c42d-7bd8-4423-89a9-add7167e3585 tempest-TaggedBootDevicesTest_v242-941052231 tempest-TaggedBootDevicesTest_v242-941052231-project-member] https://10.4.3.240/volume/v3/attachments/f3663ad6-cc06-43e8-a61a-893c88dcd20f returned with HTTP 200
Aug 12 21:37:03.521110 np0000007121 devstack@c-api.service[100326]: [pid: 100326|app: 0|req: 52/214] 10.4.3.240 () {74 vars in 1704 bytes} [Wed Aug 12 21:37:03 2026] PUT /volume/v3/attachments/f3663ad6-cc06-43e8-a61a-893c88dcd20f => generated 969 bytes in 152 msecs (HTTP/1.1 200) 7 headers in 286 bytes (1 switches on core 0)
Aug 12 21:37:03.526422 np0000007121 devstack@c-api.service[100325]: INFO cinder.api.openstack.wsgi [None req-0d7c1614-7908-40b6-9ea3-4e205ef2efe8 tempest-AttachSCSIVolumeTestJSON-1944364423 tempest-AttachSCSIVolumeTestJSON-1944364423-project-reader] https://10.4.3.240/volume/v3/volumes/77e06c2f-3dc5-4879-ab6e-4af00b9525e3 returned with HTTP 200
Aug 12 21:37:03.526947 np0000007121 devstack@c-api.service[100325]: [pid: 100325|app: 0|req: 53/215] 10.4.3.240 () {66 vars in 1348 bytes} [Wed Aug 12 21:37:03 2026] GET /volume/v3/volumes/77e06c2f-3dc5-4879-ab6e-4af00b9525e3 => generated 1143 bytes in 39 msecs (HTTP/1.1 200) 7 headers in 286 bytes (1 switches on core 0)
Aug 12 21:37:03.574707 np0000007121 devstack@c-api.service[100324]: DEBUG cinder.api.middleware.request_id [req-7568bfd3-13af-45ce-a5d1-8d3ae3ceec3b req-74e6129b-a5e8-47b0-8b4c-4aed9f5dbdc4 None None] RequestId filter calling following filter/app {{(pid=100324) _context_setter /opt/stack/cinder/cinder/api/middleware/request_id.py:62}}
Aug 12 21:37:03.577831 np0000007121 devstack@c-api.service[100324]: INFO cinder.api.openstack.wsgi [req-7568bfd3-13af-45ce-a5d1-8d3ae3ceec3b req-74e6129b-a5e8-47b0-8b4c-4aed9f5dbdc4 tempest-TaggedBootDevicesTest_v242-941052231 tempest-TaggedBootDevicesTest_v242-941052231-project-member] POST https://10.4.3.240/volume/v3/attachments/f3663ad6-cc06-43e8-a61a-893c88dcd20f/action
Aug 12 21:37:03.578187 np0000007121 devstack@c-api.service[100324]: DEBUG cinder.api.openstack.wsgi [req-7568bfd3-13af-45ce-a5d1-8d3ae3ceec3b req-74e6129b-a5e8-47b0-8b4c-4aed9f5dbdc4 tempest-TaggedBootDevicesTest_v242-941052231 tempest-TaggedBootDevicesTest_v242-941052231-project-member] Action body: b'{"os-complete": null}' {{(pid=100324) get_method /opt/stack/cinder/cinder/api/openstack/wsgi.py:993}}
Aug 12 21:37:03.578338 np0000007121 devstack@c-api.service[100324]: DEBUG cinder.api.openstack.wsgi [req-7568bfd3-13af-45ce-a5d1-8d3ae3ceec3b req-74e6129b-a5e8-47b0-8b4c-4aed9f5dbdc4 tempest-TaggedBootDevicesTest_v242-941052231 tempest-TaggedBootDevicesTest_v242-941052231-project-member] Action: 'action', calling method: complete, body: {"os-complete": null} {{(pid=100324) _process_stack /opt/stack/cinder/cinder/api/openstack/wsgi.py:876}}
Aug 12 21:37:03.600539 np0000007121 devstack@c-api.service[100324]: /opt/stack/data/venv/lib/python3.12/site-packages/oslo_context/context.py:102: DeprecationWarning: Policy enforcement is depending on the value of is_admin. This key is deprecated. Please update your policy file to use the standard policy values.
Aug 12 21:37:03.600539 np0000007121 devstack@c-api.service[100324]: warnings.warn(
Aug 12 21:37:03.620308 np0000007121 devstack@c-api.service[100324]: INFO cinder.api.openstack.wsgi [req-7568bfd3-13af-45ce-a5d1-8d3ae3ceec3b req-74e6129b-a5e8-47b0-8b4c-4aed9f5dbdc4 tempest-TaggedBootDevicesTest_v242-941052231 tempest-TaggedBootDevicesTest_v242-941052231-project-member] https://10.4.3.240/volume/v3/attachments/f3663ad6-cc06-43e8-a61a-893c88dcd20f/action returned with HTTP 204
Aug 12 21:37:03.621017 np0000007121 devstack@c-api.service[100324]: [pid: 100324|app: 0|req: 53/216] 10.4.3.240 () {74 vars in 1725 bytes} [Wed Aug 12 21:37:03 2026] POST /volume/v3/attachments/f3663ad6-cc06-43e8-a61a-893c88dcd20f/action => generated 0 bytes in 47 msecs (HTTP/1.1 204) 7 headers in 292 bytes (1 switches on core 0)
Aug 12 21:37:03.640852 np0000007121 devstack@c-api.service[100323]: DEBUG cinder.api.middleware.request_id [None req-26a873cb-e1a1-4d4c-ae9b-0120c5121fdc None None] RequestId filter calling following filter/app {{(pid=100323) _context_setter /opt/stack/cinder/cinder/api/middleware/request_id.py:62}}
Aug 12 21:37:03.641220 np0000007121 devstack@c-api.service[100323]: INFO cinder.api.openstack.wsgi [None req-26a873cb-e1a1-4d4c-ae9b-0120c5121fdc None None] GET https://10.4.3.240/volume//
Aug 12 21:37:03.641391 np0000007121 devstack@c-api.service[100323]: DEBUG cinder.api.openstack.wsgi [None req-26a873cb-e1a1-4d4c-ae9b-0120c5121fdc None None] Empty body provided in request {{(pid=100323) get_body /opt/stack/cinder/cinder/api/openstack/wsgi.py:725}}
Aug 12 21:37:03.641671 np0000007121 devstack@c-api.service[100323]: DEBUG cinder.api.openstack.wsgi [None req-26a873cb-e1a1-4d4c-ae9b-0120c5121fdc None None] Calling method 'all' {{(pid=100323) _process_stack /opt/stack/cinder/cinder/api/openstack/wsgi.py:878}}
Aug 12 21:37:03.642015 np0000007121 devstack@c-api.service[100323]: INFO cinder.api.openstack.wsgi [None req-26a873cb-e1a1-4d4c-ae9b-0120c5121fdc None None] https://10.4.3.240/volume// returned with HTTP 300
Aug 12 21:37:03.642287 np0000007121 devstack@c-api.service[100323]: [pid: 100323|app: 0|req: 59/217] 10.4.3.240 () {66 vars in 1426 bytes} [Wed Aug 12 21:37:03 2026] GET /volume/ => generated 386 bytes in 2 msecs (HTTP/1.1 300) 7 headers in 299 bytes (1 switches on core 0)
Aug 12 21:37:03.649860 np0000007121 devstack@c-api.service[100326]: DEBUG cinder.api.middleware.request_id [req-7568bfd3-13af-45ce-a5d1-8d3ae3ceec3b req-59a91382-f7d0-4e47-b990-f879cb53e7fa None None] RequestId filter calling following filter/app {{(pid=100326) _context_setter /opt/stack/cinder/cinder/api/middleware/request_id.py:62}}
Aug 12 21:37:03.652478 np0000007121 devstack@c-api.service[100326]: INFO cinder.api.openstack.wsgi [req-7568bfd3-13af-45ce-a5d1-8d3ae3ceec3b req-59a91382-f7d0-4e47-b990-f879cb53e7fa tempest-TaggedBootDevicesTest_v242-941052231 tempest-TaggedBootDevicesTest_v242-941052231-project-member] GET https://10.4.3.240/volume/v3/volumes/bb432041-81ae-4dd1-a471-1a53b5dbd61b
Aug 12 21:37:03.652842 np0000007121 devstack@c-api.service[100326]: DEBUG cinder.api.openstack.wsgi [req-7568bfd3-13af-45ce-a5d1-8d3ae3ceec3b req-59a91382-f7d0-4e47-b990-f879cb53e7fa tempest-TaggedBootDevicesTest_v242-941052231 tempest-TaggedBootDevicesTest_v242-941052231-project-member] Empty body provided in request {{(pid=100326) get_body /opt/stack/cinder/cinder/api/openstack/wsgi.py:725}}
Aug 12 21:37:03.653067 np0000007121 devstack@c-api.service[100326]: DEBUG cinder.api.openstack.wsgi [req-7568bfd3-13af-45ce-a5d1-8d3ae3ceec3b req-59a91382-f7d0-4e47-b990-f879cb53e7fa tempest-TaggedBootDevicesTest_v242-941052231 tempest-TaggedBootDevicesTest_v242-941052231-project-member] Calling method 'show' {{(pid=100326) _process_stack /opt/stack/cinder/cinder/api/openstack/wsgi.py:878}}
Aug 12 21:37:03.664643 np0000007121 devstack@c-api.service[100326]: /opt/stack/data/venv/lib/python3.12/site-packages/oslo_context/context.py:102: DeprecationWarning: Policy enforcement is depending on the value of is_admin. This key is deprecated. Please update your policy file to use the standard policy values.
Aug 12 21:37:03.664643 np0000007121 devstack@c-api.service[100326]: warnings.warn(
Aug 12 21:37:03.665878 np0000007121 devstack@c-api.service[100325]: DEBUG cinder.api.middleware.request_id [req-0d7c364b-bf44-4eee-b81b-cef3470198b0 req-bc39f3da-be88-4f25-9c3b-0c9bafdce62e None None] RequestId filter calling following filter/app {{(pid=100325) _context_setter /opt/stack/cinder/cinder/api/middleware/request_id.py:62}}
Aug 12 21:37:03.668610 np0000007121 devstack@c-api.service[100325]: INFO cinder.api.openstack.wsgi [req-0d7c364b-bf44-4eee-b81b-cef3470198b0 req-bc39f3da-be88-4f25-9c3b-0c9bafdce62e tempest-AttachSCSIVolumeTestJSON-1944364423 tempest-AttachSCSIVolumeTestJSON-1944364423-project-member] DELETE https://10.4.3.240/volume/v3/attachments/deb9361d-e279-4b47-a686-87c3b41867bd
Aug 12 21:37:03.668900 np0000007121 devstack@c-api.service[100325]: DEBUG cinder.api.openstack.wsgi [req-0d7c364b-bf44-4eee-b81b-cef3470198b0 req-bc39f3da-be88-4f25-9c3b-0c9bafdce62e tempest-AttachSCSIVolumeTestJSON-1944364423 tempest-AttachSCSIVolumeTestJSON-1944364423-project-member] Empty body provided in request {{(pid=100325) get_body /opt/stack/cinder/cinder/api/openstack/wsgi.py:725}}
Aug 12 21:37:03.668966 np0000007121 devstack@c-api.service[100326]: INFO cinder.volume.api [req-7568bfd3-13af-45ce-a5d1-8d3ae3ceec3b req-59a91382-f7d0-4e47-b990-f879cb53e7fa tempest-TaggedBootDevicesTest_v242-941052231 tempest-TaggedBootDevicesTest_v242-941052231-project-member] Volume info retrieved successfully.
Aug 12 21:37:03.669213 np0000007121 devstack@c-api.service[100325]: DEBUG cinder.api.openstack.wsgi [req-0d7c364b-bf44-4eee-b81b-cef3470198b0 req-bc39f3da-be88-4f25-9c3b-0c9bafdce62e tempest-AttachSCSIVolumeTestJSON-1944364423 tempest-AttachSCSIVolumeTestJSON-1944364423-project-member] Calling method 'version_select' {{(pid=100325) _process_stack /opt/stack/cinder/cinder/api/openstack/wsgi.py:878}}
Aug 12 21:37:03.678357 np0000007121 devstack@c-api.service[100326]: INFO cinder.api.openstack.wsgi [req-7568bfd3-13af-45ce-a5d1-8d3ae3ceec3b req-59a91382-f7d0-4e47-b990-f879cb53e7fa tempest-TaggedBootDevicesTest_v242-941052231 tempest-TaggedBootDevicesTest_v242-941052231-project-member] https://10.4.3.240/volume/v3/volumes/bb432041-81ae-4dd1-a471-1a53b5dbd61b returned with HTTP 200
Aug 12 21:37:03.678918 np0000007121 devstack@c-api.service[100326]: [pid: 100326|app: 0|req: 53/218] 10.4.3.240 () {70 vars in 1639 bytes} [Wed Aug 12 21:37:03 2026] GET /volume/v3/volumes/bb432041-81ae-4dd1-a471-1a53b5dbd61b => generated 1028 bytes in 29 msecs (HTTP/1.1 200) 7 headers in 287 bytes (1 switches on core 0)
Aug 12 21:37:03.680980 np0000007121 devstack@c-api.service[100325]: /opt/stack/data/venv/lib/python3.12/site-packages/oslo_context/context.py:102: DeprecationWarning: Policy enforcement is depending on the value of is_admin. This key is deprecated. Please update your policy file to use the standard policy values.
Aug 12 21:37:03.680980 np0000007121 devstack@c-api.service[100325]: warnings.warn(
Aug 12 21:37:03.726511 np0000007121 devstack@c-api.service[100324]: DEBUG cinder.api.middleware.request_id [None req-6b9d7305-db12-498c-a1a2-422f3a4409a1 None None] RequestId filter calling following filter/app {{(pid=100324) _context_setter /opt/stack/cinder/cinder/api/middleware/request_id.py:62}}
Aug 12 21:37:03.728418 np0000007121 devstack@c-api.service[100324]: INFO cinder.api.openstack.wsgi [None req-6b9d7305-db12-498c-a1a2-422f3a4409a1 tempest-TaggedAttachmentsTest-54413790 tempest-TaggedAttachmentsTest-54413790-project-member] GET https://10.4.3.240/volume/v3/volumes/e0a8c2c5-04cf-4371-b897-3dc02f26f27f
Aug 12 21:37:03.728655 np0000007121 devstack@c-api.service[100324]: DEBUG cinder.api.openstack.wsgi [None req-6b9d7305-db12-498c-a1a2-422f3a4409a1 tempest-TaggedAttachmentsTest-54413790 tempest-TaggedAttachmentsTest-54413790-project-member] Empty body provided in request {{(pid=100324) get_body /opt/stack/cinder/cinder/api/openstack/wsgi.py:725}}
Aug 12 21:37:03.728850 np0000007121 devstack@c-api.service[100324]: DEBUG cinder.api.openstack.wsgi [None req-6b9d7305-db12-498c-a1a2-422f3a4409a1 tempest-TaggedAttachmentsTest-54413790 tempest-TaggedAttachmentsTest-54413790-project-member] Calling method 'show' {{(pid=100324) _process_stack /opt/stack/cinder/cinder/api/openstack/wsgi.py:878}}
Aug 12 21:37:03.735638 np0000007121 devstack@c-api.service[100325]: INFO cinder.api.openstack.wsgi [req-0d7c364b-bf44-4eee-b81b-cef3470198b0 req-bc39f3da-be88-4f25-9c3b-0c9bafdce62e tempest-AttachSCSIVolumeTestJSON-1944364423 tempest-AttachSCSIVolumeTestJSON-1944364423-project-member] https://10.4.3.240/volume/v3/attachments/deb9361d-e279-4b47-a686-87c3b41867bd returned with HTTP 200
Aug 12 21:37:03.736114 np0000007121 devstack@c-api.service[100325]: [pid: 100325|app: 0|req: 54/219] 10.4.3.240 () {72 vars in 1673 bytes} [Wed Aug 12 21:37:03 2026] DELETE /volume/v3/attachments/deb9361d-e279-4b47-a686-87c3b41867bd => generated 19 bytes in 72 msecs (HTTP/1.1 200) 7 headers in 285 bytes (1 switches on core 0)
Aug 12 21:37:03.738129 np0000007121 devstack@c-api.service[100324]: /opt/stack/data/venv/lib/python3.12/site-packages/oslo_context/context.py:102: DeprecationWarning: Policy enforcement is depending on the value of is_admin. This key is deprecated. Please update your policy file to use the standard policy values.
Aug 12 21:37:03.738129 np0000007121 devstack@c-api.service[100324]: warnings.warn(
Aug 12 21:37:03.742345 np0000007121 devstack@c-api.service[100324]: INFO cinder.volume.api [None req-6b9d7305-db12-498c-a1a2-422f3a4409a1 tempest-TaggedAttachmentsTest-54413790 tempest-TaggedAttachmentsTest-54413790-project-member] Volume info retrieved successfully.
Aug 12 21:37:03.748711 np0000007121 devstack@c-api.service[100324]: INFO cinder.api.openstack.wsgi [None req-6b9d7305-db12-498c-a1a2-422f3a4409a1 tempest-TaggedAttachmentsTest-54413790 tempest-TaggedAttachmentsTest-54413790-project-member] https://10.4.3.240/volume/v3/volumes/e0a8c2c5-04cf-4371-b897-3dc02f26f27f returned with HTTP 200
Aug 12 21:37:03.749280 np0000007121 devstack@c-api.service[100324]: [pid: 100324|app: 0|req: 54/220] 10.4.3.240 () {66 vars in 1348 bytes} [Wed Aug 12 21:37:03 2026] GET /volume/v3/volumes/e0a8c2c5-04cf-4371-b897-3dc02f26f27f => generated 843 bytes in 23 msecs (HTTP/1.1 200) 7 headers in 285 bytes (1 switches on core 0)
Aug 12 21:37:03.772959 np0000007121 devstack@c-api.service[100323]: DEBUG cinder.api.middleware.request_id [req-7568bfd3-13af-45ce-a5d1-8d3ae3ceec3b req-f9bc416e-a305-4281-84fb-4dc8432f91b3 None None] RequestId filter calling following filter/app {{(pid=100323) _context_setter /opt/stack/cinder/cinder/api/middleware/request_id.py:62}}
Aug 12 21:37:03.775396 np0000007121 devstack@c-api.service[100323]: INFO cinder.api.openstack.wsgi [req-7568bfd3-13af-45ce-a5d1-8d3ae3ceec3b req-f9bc416e-a305-4281-84fb-4dc8432f91b3 tempest-TaggedBootDevicesTest_v242-941052231 tempest-TaggedBootDevicesTest_v242-941052231-project-member] PUT https://10.4.3.240/volume/v3/attachments/b6a09649-b4a0-4979-b57e-75acbe6f3e5b
Aug 12 21:37:03.775933 np0000007121 devstack@c-api.service[100323]: DEBUG cinder.api.openstack.wsgi [req-7568bfd3-13af-45ce-a5d1-8d3ae3ceec3b req-f9bc416e-a305-4281-84fb-4dc8432f91b3 tempest-TaggedBootDevicesTest_v242-941052231 tempest-TaggedBootDevicesTest_v242-941052231-project-member] Action: 'update', calling method: version_select, body: {"attachment": {"connector": {"platform": "x86_64", "os_type": "linux", "ip": "10.4.3.240", "host": "np0000007121", "multipath": true, "enforce_multipath": true, "initiator": "iqn.2016-04.com.open-iscsi:be9414837bb6", "do_local_attach": false, "uuid": "8515de1c-ba7e-467b-adde-6d9f8a8dbc1f", "system uuid": "25c55cfb-c8bc-47a4-8645-4272d3ce2601", "nvme_native_multipath": false, "mountpoint": "/dev/vdc"}}} {{(pid=100323) _process_stack /opt/stack/cinder/cinder/api/openstack/wsgi.py:876}}
Aug 12 21:37:03.786140 np0000007121 devstack@c-api.service[100323]: DEBUG cinder.coordination [req-7568bfd3-13af-45ce-a5d1-8d3ae3ceec3b req-f9bc416e-a305-4281-84fb-4dc8432f91b3 tempest-TaggedBootDevicesTest_v242-941052231 tempest-TaggedBootDevicesTest_v242-941052231-project-member] Acquiring lock "cinder-attachment_update-bb432041-81ae-4dd1-a471-1a53b5dbd61b-np0000007121" by "attachment_update" {{(pid=100323) __acquire /opt/stack/cinder/cinder/coordination.py:138}}
Aug 12 21:37:03.790891 np0000007121 devstack@c-api.service[100323]: DEBUG cinder.coordination [req-7568bfd3-13af-45ce-a5d1-8d3ae3ceec3b req-f9bc416e-a305-4281-84fb-4dc8432f91b3 tempest-TaggedBootDevicesTest_v242-941052231 tempest-TaggedBootDevicesTest_v242-941052231-project-member] Lock "cinder-attachment_update-bb432041-81ae-4dd1-a471-1a53b5dbd61b-np0000007121" acquired by "attachment_update" :: waited 0.005s {{(pid=100323) __acquire /opt/stack/cinder/cinder/coordination.py:141}}
Aug 12 21:37:03.792383 np0000007121 devstack@c-api.service[100323]: /opt/stack/data/venv/lib/python3.12/site-packages/oslo_context/context.py:102: DeprecationWarning: Policy enforcement is depending on the value of is_admin. This key is deprecated. Please update your policy file to use the standard policy values.
Aug 12 21:37:03.792383 np0000007121 devstack@c-api.service[100323]: warnings.warn(
Aug 12 21:37:03.893637 np0000007121 devstack@c-api.service[100323]: DEBUG cinder.coordination [req-7568bfd3-13af-45ce-a5d1-8d3ae3ceec3b req-f9bc416e-a305-4281-84fb-4dc8432f91b3 tempest-TaggedBootDevicesTest_v242-941052231 tempest-TaggedBootDevicesTest_v242-941052231-project-member] Lock "cinder-attachment_update-bb432041-81ae-4dd1-a471-1a53b5dbd61b-np0000007121" released by "attachment_update" :: held 0.103s {{(pid=100323) __release /opt/stack/cinder/cinder/coordination.py:152}}
Aug 12 21:37:03.894011 np0000007121 devstack@c-api.service[100323]: INFO cinder.api.openstack.wsgi [req-7568bfd3-13af-45ce-a5d1-8d3ae3ceec3b req-f9bc416e-a305-4281-84fb-4dc8432f91b3 tempest-TaggedBootDevicesTest_v242-941052231 tempest-TaggedBootDevicesTest_v242-941052231-project-member] https://10.4.3.240/volume/v3/attachments/b6a09649-b4a0-4979-b57e-75acbe6f3e5b returned with HTTP 200
Aug 12 21:37:03.894513 np0000007121 devstack@c-api.service[100323]: [pid: 100323|app: 0|req: 60/221] 10.4.3.240 () {74 vars in 1704 bytes} [Wed Aug 12 21:37:03 2026] PUT /volume/v3/attachments/b6a09649-b4a0-4979-b57e-75acbe6f3e5b => generated 969 bytes in 122 msecs (HTTP/1.1 200) 7 headers in 286 bytes (1 switches on core 0)
Aug 12 21:37:03.920399 np0000007121 devstack@c-api.service[100326]: DEBUG cinder.api.middleware.request_id [req-7568bfd3-13af-45ce-a5d1-8d3ae3ceec3b req-23921be3-4f7a-4c2a-8f9c-cd700ecdfa8d None None] RequestId filter calling following filter/app {{(pid=100326) _context_setter /opt/stack/cinder/cinder/api/middleware/request_id.py:62}}
Aug 12 21:37:03.922952 np0000007121 devstack@c-api.service[100326]: INFO cinder.api.openstack.wsgi [req-7568bfd3-13af-45ce-a5d1-8d3ae3ceec3b req-23921be3-4f7a-4c2a-8f9c-cd700ecdfa8d tempest-TaggedBootDevicesTest_v242-941052231 tempest-TaggedBootDevicesTest_v242-941052231-project-member] POST https://10.4.3.240/volume/v3/attachments/b6a09649-b4a0-4979-b57e-75acbe6f3e5b/action
Aug 12 21:37:03.923344 np0000007121 devstack@c-api.service[100326]: DEBUG cinder.api.openstack.wsgi [req-7568bfd3-13af-45ce-a5d1-8d3ae3ceec3b req-23921be3-4f7a-4c2a-8f9c-cd700ecdfa8d tempest-TaggedBootDevicesTest_v242-941052231 tempest-TaggedBootDevicesTest_v242-941052231-project-member] Action body: b'{"os-complete": null}' {{(pid=100326) get_method /opt/stack/cinder/cinder/api/openstack/wsgi.py:993}}
Aug 12 21:37:03.923475 np0000007121 devstack@c-api.service[100326]: DEBUG cinder.api.openstack.wsgi [req-7568bfd3-13af-45ce-a5d1-8d3ae3ceec3b req-23921be3-4f7a-4c2a-8f9c-cd700ecdfa8d tempest-TaggedBootDevicesTest_v242-941052231 tempest-TaggedBootDevicesTest_v242-941052231-project-member] Action: 'action', calling method: complete, body: {"os-complete": null} {{(pid=100326) _process_stack /opt/stack/cinder/cinder/api/openstack/wsgi.py:876}}
Aug 12 21:37:03.943042 np0000007121 devstack@c-api.service[100326]: /opt/stack/data/venv/lib/python3.12/site-packages/oslo_context/context.py:102: DeprecationWarning: Policy enforcement is depending on the value of is_admin. This key is deprecated. Please update your policy file to use the standard policy values.
Aug 12 21:37:03.943042 np0000007121 devstack@c-api.service[100326]: warnings.warn(
Aug 12 21:37:03.963017 np0000007121 devstack@c-api.service[100326]: INFO cinder.api.openstack.wsgi [req-7568bfd3-13af-45ce-a5d1-8d3ae3ceec3b req-23921be3-4f7a-4c2a-8f9c-cd700ecdfa8d tempest-TaggedBootDevicesTest_v242-941052231 tempest-TaggedBootDevicesTest_v242-941052231-project-member] https://10.4.3.240/volume/v3/attachments/b6a09649-b4a0-4979-b57e-75acbe6f3e5b/action returned with HTTP 204
Aug 12 21:37:03.963017 np0000007121 devstack@c-api.service[100326]: [pid: 100326|app: 0|req: 54/222] 10.4.3.240 () {74 vars in 1725 bytes} [Wed Aug 12 21:37:03 2026] POST /volume/v3/attachments/b6a09649-b4a0-4979-b57e-75acbe6f3e5b/action => generated 0 bytes in 42 msecs (HTTP/1.1 204) 7 headers in 292 bytes (1 switches on core 0)
Aug 12 21:37:04.543731 np0000007121 devstack@c-api.service[100325]: DEBUG cinder.api.middleware.request_id [None req-f721a8bb-f9e9-4628-85be-2b9d6e48876a None None] RequestId filter calling following filter/app {{(pid=100325) _context_setter /opt/stack/cinder/cinder/api/middleware/request_id.py:62}}
Aug 12 21:37:04.545758 np0000007121 devstack@c-api.service[100325]: INFO cinder.api.openstack.wsgi [None req-f721a8bb-f9e9-4628-85be-2b9d6e48876a tempest-AttachSCSIVolumeTestJSON-1944364423 tempest-AttachSCSIVolumeTestJSON-1944364423-project-reader] GET https://10.4.3.240/volume/v3/volumes/77e06c2f-3dc5-4879-ab6e-4af00b9525e3
Aug 12 21:37:04.546495 np0000007121 devstack@c-api.service[100325]: DEBUG cinder.api.openstack.wsgi [None req-f721a8bb-f9e9-4628-85be-2b9d6e48876a tempest-AttachSCSIVolumeTestJSON-1944364423 tempest-AttachSCSIVolumeTestJSON-1944364423-project-reader] Empty body provided in request {{(pid=100325) get_body /opt/stack/cinder/cinder/api/openstack/wsgi.py:725}}
Aug 12 21:37:04.546737 np0000007121 devstack@c-api.service[100325]: DEBUG cinder.api.openstack.wsgi [None req-f721a8bb-f9e9-4628-85be-2b9d6e48876a tempest-AttachSCSIVolumeTestJSON-1944364423 tempest-AttachSCSIVolumeTestJSON-1944364423-project-reader] Calling method 'show' {{(pid=100325) _process_stack /opt/stack/cinder/cinder/api/openstack/wsgi.py:878}}
Aug 12 21:37:04.550056 np0000007121 devstack@c-api.service[100325]: DEBUG dbcounter [-] [100325] Writing DB stats cinder:SELECT=219,cinder:UPDATE=21,cinder:INSERT=5 {{(pid=100325) stat_writer /opt/stack/data/venv/lib/python3.12/site-packages/dbcounter.py:115}}
Aug 12 21:37:04.558618 np0000007121 devstack@c-api.service[100325]: /opt/stack/data/venv/lib/python3.12/site-packages/oslo_context/context.py:102: DeprecationWarning: Policy enforcement is depending on the value of is_admin. This key is deprecated. Please update your policy file to use the standard policy values.
Aug 12 21:37:04.558618 np0000007121 devstack@c-api.service[100325]: warnings.warn(
Aug 12 21:37:04.564859 np0000007121 devstack@c-api.service[100325]: INFO cinder.volume.api [None req-f721a8bb-f9e9-4628-85be-2b9d6e48876a tempest-AttachSCSIVolumeTestJSON-1944364423 tempest-AttachSCSIVolumeTestJSON-1944364423-project-reader] Volume info retrieved successfully.
Aug 12 21:37:04.573501 np0000007121 devstack@c-api.service[100325]: INFO cinder.api.openstack.wsgi [None req-f721a8bb-f9e9-4628-85be-2b9d6e48876a tempest-AttachSCSIVolumeTestJSON-1944364423 tempest-AttachSCSIVolumeTestJSON-1944364423-project-reader] https://10.4.3.240/volume/v3/volumes/77e06c2f-3dc5-4879-ab6e-4af00b9525e3 returned with HTTP 200
Aug 12 21:37:04.574507 np0000007121 devstack@c-api.service[100325]: [pid: 100325|app: 0|req: 55/223] 10.4.3.240 () {66 vars in 1348 bytes} [Wed Aug 12 21:37:04 2026] GET /volume/v3/volumes/77e06c2f-3dc5-4879-ab6e-4af00b9525e3 => generated 848 bytes in 31 msecs (HTTP/1.1 200) 7 headers in 285 bytes (1 switches on core 0)
Aug 12 21:37:04.654154 np0000007121 devstack@c-api.service[100324]: DEBUG cinder.api.middleware.request_id [None req-d8f2a0f4-232a-4da2-84d2-721490f877ed None None] RequestId filter calling following filter/app {{(pid=100324) _context_setter /opt/stack/cinder/cinder/api/middleware/request_id.py:62}}
Aug 12 21:37:04.659648 np0000007121 devstack@c-api.service[100324]: INFO cinder.api.openstack.wsgi [None req-d8f2a0f4-232a-4da2-84d2-721490f877ed tempest-AttachSCSIVolumeTestJSON-1944364423 tempest-AttachSCSIVolumeTestJSON-1944364423-project-member] GET https://10.4.3.240/volume/v3/volumes/77e06c2f-3dc5-4879-ab6e-4af00b9525e3
Aug 12 21:37:04.659648 np0000007121 devstack@c-api.service[100324]: DEBUG cinder.api.openstack.wsgi [None req-d8f2a0f4-232a-4da2-84d2-721490f877ed tempest-AttachSCSIVolumeTestJSON-1944364423 tempest-AttachSCSIVolumeTestJSON-1944364423-project-member] Empty body provided in request {{(pid=100324) get_body /opt/stack/cinder/cinder/api/openstack/wsgi.py:725}}
Aug 12 21:37:04.659648 np0000007121 devstack@c-api.service[100324]: DEBUG cinder.api.openstack.wsgi [None req-d8f2a0f4-232a-4da2-84d2-721490f877ed tempest-AttachSCSIVolumeTestJSON-1944364423 tempest-AttachSCSIVolumeTestJSON-1944364423-project-member] Calling method 'show' {{(pid=100324) _process_stack /opt/stack/cinder/cinder/api/openstack/wsgi.py:878}}
Aug 12 21:37:04.675081 np0000007121 devstack@c-api.service[100324]: /opt/stack/data/venv/lib/python3.12/site-packages/oslo_context/context.py:102: DeprecationWarning: Policy enforcement is depending on the value of is_admin. This key is deprecated. Please update your policy file to use the standard policy values.
Aug 12 21:37:04.675081 np0000007121 devstack@c-api.service[100324]: warnings.warn(
Aug 12 21:37:04.681090 np0000007121 devstack@c-api.service[100324]: INFO cinder.volume.api [None req-d8f2a0f4-232a-4da2-84d2-721490f877ed tempest-AttachSCSIVolumeTestJSON-1944364423 tempest-AttachSCSIVolumeTestJSON-1944364423-project-member] Volume info retrieved successfully.
Aug 12 21:37:04.689581 np0000007121 devstack@c-api.service[100324]: INFO cinder.api.openstack.wsgi [None req-d8f2a0f4-232a-4da2-84d2-721490f877ed tempest-AttachSCSIVolumeTestJSON-1944364423 tempest-AttachSCSIVolumeTestJSON-1944364423-project-member] https://10.4.3.240/volume/v3/volumes/77e06c2f-3dc5-4879-ab6e-4af00b9525e3 returned with HTTP 200
Aug 12 21:37:04.692161 np0000007121 devstack@c-api.service[100324]: [pid: 100324|app: 0|req: 55/224] 10.4.3.240 () {66 vars in 1348 bytes} [Wed Aug 12 21:37:04 2026] GET /volume/v3/volumes/77e06c2f-3dc5-4879-ab6e-4af00b9525e3 => generated 848 bytes in 39 msecs (HTTP/1.1 200) 7 headers in 285 bytes (1 switches on core 0)
Aug 12 21:37:04.725108 np0000007121 devstack@c-api.service[100323]: DEBUG cinder.api.middleware.request_id [None req-8888016d-1647-44a9-a841-0c3b7152fb1a None None] RequestId filter calling following filter/app {{(pid=100323) _context_setter /opt/stack/cinder/cinder/api/middleware/request_id.py:62}}
Aug 12 21:37:04.727104 np0000007121 devstack@c-api.service[100323]: INFO cinder.api.openstack.wsgi [None req-8888016d-1647-44a9-a841-0c3b7152fb1a tempest-ServerActionsTestOtherA-1885973232 tempest-ServerActionsTestOtherA-1885973232-project-member] POST https://10.4.3.240/volume/v3/volumes
Aug 12 21:37:04.727969 np0000007121 devstack@c-api.service[100323]: DEBUG cinder.api.openstack.wsgi [None req-8888016d-1647-44a9-a841-0c3b7152fb1a tempest-ServerActionsTestOtherA-1885973232 tempest-ServerActionsTestOtherA-1885973232-project-member] Action: 'create', calling method: create, body: {"volume": {"size": 1, "display_name": "tempest-ServerActionsTestOtherA-volume-1109975460"}} {{(pid=100323) _process_stack /opt/stack/cinder/cinder/api/openstack/wsgi.py:876}}
Aug 12 21:37:04.728744 np0000007121 devstack@c-api.service[100323]: DEBUG cinder.api.v3.volumes [None req-8888016d-1647-44a9-a841-0c3b7152fb1a tempest-ServerActionsTestOtherA-1885973232 tempest-ServerActionsTestOtherA-1885973232-project-member] Create volume request body: {'volume': {'size': 1, 'display_name': 'tempest-ServerActionsTestOtherA-volume-1109975460'}} {{(pid=100323) create /opt/stack/cinder/cinder/api/v3/volumes.py:368}}
Aug 12 21:37:04.728843 np0000007121 devstack@c-api.service[100323]: INFO cinder.api.v3.volumes [None req-8888016d-1647-44a9-a841-0c3b7152fb1a tempest-ServerActionsTestOtherA-1885973232 tempest-ServerActionsTestOtherA-1885973232-project-member] Create volume of 1 GB
Aug 12 21:37:04.729208 np0000007121 devstack@c-api.service[100323]: /opt/stack/data/venv/lib/python3.12/site-packages/oslo_context/context.py:102: DeprecationWarning: Policy enforcement is depending on the value of is_admin. This key is deprecated. Please update your policy file to use the standard policy values.
Aug 12 21:37:04.729208 np0000007121 devstack@c-api.service[100323]: warnings.warn(
Aug 12 21:37:04.733380 np0000007121 devstack@c-api.service[100323]: INFO cinder.volume.api [None req-8888016d-1647-44a9-a841-0c3b7152fb1a tempest-ServerActionsTestOtherA-1885973232 tempest-ServerActionsTestOtherA-1885973232-project-member] Availability Zones retrieved successfully.
Aug 12 21:37:04.739218 np0000007121 devstack@c-api.service[100323]: DEBUG cinder.volume.api [None req-8888016d-1647-44a9-a841-0c3b7152fb1a tempest-ServerActionsTestOtherA-1885973232 tempest-ServerActionsTestOtherA-1885973232-project-member] Flow 'volume_create_api' (1538a839-53a3-4135-b02e-4a5449d4a255) transitioned into state 'RUNNING' from state 'PENDING' {{(pid=100323) _flow_receiver /opt/stack/data/venv/lib/python3.12/site-packages/taskflow/listeners/logging.py:160}}
Aug 12 21:37:04.741908 np0000007121 devstack@c-api.service[100323]: DEBUG cinder.volume.api [None req-8888016d-1647-44a9-a841-0c3b7152fb1a tempest-ServerActionsTestOtherA-1885973232 tempest-ServerActionsTestOtherA-1885973232-project-member] Task 'cinder.volume.flows.api.create_volume.ExtractVolumeRequestTask;volume:create' (f10aa78a-0709-424e-8669-fc95695fd58f) transitioned into state 'RUNNING' from state 'PENDING' {{(pid=100323) _task_receiver /opt/stack/data/venv/lib/python3.12/site-packages/taskflow/listeners/logging.py:242}}
Aug 12 21:37:04.742843 np0000007121 devstack@c-api.service[100323]: DEBUG cinder.volume.flows.api.create_volume [None req-8888016d-1647-44a9-a841-0c3b7152fb1a tempest-ServerActionsTestOtherA-1885973232 tempest-ServerActionsTestOtherA-1885973232-project-member] Validating volume size '1' using validate_int {{(pid=100323) _extract_size /opt/stack/cinder/cinder/volume/flows/api/create_volume.py:226}}
Aug 12 21:37:04.759140 np0000007121 devstack@c-api.service[100326]: DEBUG cinder.api.middleware.request_id [None req-1f19531f-2a56-4c58-92a9-178b5e855a02 None None] RequestId filter calling following filter/app {{(pid=100326) _context_setter /opt/stack/cinder/cinder/api/middleware/request_id.py:62}}
Aug 12 21:37:04.761026 np0000007121 devstack@c-api.service[100326]: INFO cinder.api.openstack.wsgi [None req-1f19531f-2a56-4c58-92a9-178b5e855a02 tempest-AttachSCSIVolumeTestJSON-1944364423 tempest-AttachSCSIVolumeTestJSON-1944364423-project-member] GET https://10.4.3.240/volume/v3/volumes/77e06c2f-3dc5-4879-ab6e-4af00b9525e3
Aug 12 21:37:04.761249 np0000007121 devstack@c-api.service[100326]: DEBUG cinder.api.openstack.wsgi [None req-1f19531f-2a56-4c58-92a9-178b5e855a02 tempest-AttachSCSIVolumeTestJSON-1944364423 tempest-AttachSCSIVolumeTestJSON-1944364423-project-member] Empty body provided in request {{(pid=100326) get_body /opt/stack/cinder/cinder/api/openstack/wsgi.py:725}}
Aug 12 21:37:04.761585 np0000007121 devstack@c-api.service[100326]: DEBUG cinder.api.openstack.wsgi [None req-1f19531f-2a56-4c58-92a9-178b5e855a02 tempest-AttachSCSIVolumeTestJSON-1944364423 tempest-AttachSCSIVolumeTestJSON-1944364423-project-member] Calling method 'show' {{(pid=100326) _process_stack /opt/stack/cinder/cinder/api/openstack/wsgi.py:878}}
Aug 12 21:37:04.768476 np0000007121 devstack@c-api.service[100323]: DEBUG cinder.volume.api [None req-8888016d-1647-44a9-a841-0c3b7152fb1a tempest-ServerActionsTestOtherA-1885973232 tempest-ServerActionsTestOtherA-1885973232-project-member] Task 'cinder.volume.flows.api.create_volume.ExtractVolumeRequestTask;volume:create' (f10aa78a-0709-424e-8669-fc95695fd58f) transitioned into state 'SUCCESS' from state 'RUNNING' with result '{'size': 1, 'snapshot_id': None, 'source_volid': None, 'volume_type': VolumeType(created_at=2026-08-12T21:33:38Z,deleted=False,deleted_at=None,description=None,extra_specs={volume_backend_name='storpool'},id=dfb48ddf-8d21-4467-9ca6-9fc5d4823101,is_public=True,name='storpool',projects=[],qos_specs=,qos_specs_id=None,updated_at=None), 'volume_type_id': 'dfb48ddf-8d21-4467-9ca6-9fc5d4823101', 'encryption_key_id': None, 'qos_specs': None, 'consistencygroup_id': None, 'cgsnapshot_id': None, 'group_id': None, 'replication_status': 'disabled', 'refresh_az': False, 'backup_id': None, 'multiattach': False, 'availability_zones': ['nova']}' {{(pid=100323) _task_receiver /opt/stack/data/venv/lib/python3.12/site-packages/taskflow/listeners/logging.py:218}}
Aug 12 21:37:04.769432 np0000007121 devstack@c-api.service[100323]: DEBUG cinder.volume.api [None req-8888016d-1647-44a9-a841-0c3b7152fb1a tempest-ServerActionsTestOtherA-1885973232 tempest-ServerActionsTestOtherA-1885973232-project-member] Task 'cinder.volume.flows.api.create_volume.QuotaReserveTask;volume:create' (1f975150-c7f0-423b-b82b-2109e22758d4) transitioned into state 'RUNNING' from state 'PENDING' {{(pid=100323) _task_receiver /opt/stack/data/venv/lib/python3.12/site-packages/taskflow/listeners/logging.py:242}}
Aug 12 21:37:04.770988 np0000007121 devstack@c-api.service[100326]: /opt/stack/data/venv/lib/python3.12/site-packages/oslo_context/context.py:102: DeprecationWarning: Policy enforcement is depending on the value of is_admin. This key is deprecated. Please update your policy file to use the standard policy values.
Aug 12 21:37:04.770988 np0000007121 devstack@c-api.service[100326]: warnings.warn(
Aug 12 21:37:04.775017 np0000007121 devstack@c-api.service[100326]: INFO cinder.volume.api [None req-1f19531f-2a56-4c58-92a9-178b5e855a02 tempest-AttachSCSIVolumeTestJSON-1944364423 tempest-AttachSCSIVolumeTestJSON-1944364423-project-member] Volume info retrieved successfully.
Aug 12 21:37:04.783461 np0000007121 devstack@c-api.service[100326]: INFO cinder.api.openstack.wsgi [None req-1f19531f-2a56-4c58-92a9-178b5e855a02 tempest-AttachSCSIVolumeTestJSON-1944364423 tempest-AttachSCSIVolumeTestJSON-1944364423-project-member] https://10.4.3.240/volume/v3/volumes/77e06c2f-3dc5-4879-ab6e-4af00b9525e3 returned with HTTP 200
Aug 12 21:37:04.783978 np0000007121 devstack@c-api.service[100326]: [pid: 100326|app: 0|req: 55/225] 10.4.3.240 () {66 vars in 1348 bytes} [Wed Aug 12 21:37:04 2026] GET /volume/v3/volumes/77e06c2f-3dc5-4879-ab6e-4af00b9525e3 => generated 848 bytes in 26 msecs (HTTP/1.1 200) 7 headers in 285 bytes (1 switches on core 0)
Aug 12 21:37:04.869259 np0000007121 devstack@c-api.service[100323]: DEBUG cinder.quota [None req-8888016d-1647-44a9-a841-0c3b7152fb1a tempest-ServerActionsTestOtherA-1885973232 tempest-ServerActionsTestOtherA-1885973232-project-member] Created reservations ['a0f07258-2b6b-44dc-b184-64324b6ff35e', '146e67db-7f33-4cea-a79a-f301ec929099', 'edf37781-7832-4cb0-95ae-ae6ce639f37a', 'f01d6c17-5750-4075-9afa-59b396f20af0'] {{(pid=100323) reserve /opt/stack/cinder/cinder/quota.py:752}}
