Aug 12 21:33:20.160982 np0000007121 nova-scheduler[96755]: DEBUG cotyledon.oslo_config_glue [-] workarounds.qemu_monitor_announce_self_count = 3 {{(pid=96755) log_opt_values /opt/stack/data/venv/lib/python3.12/site-packages/oslo_config/cfg.py:3545}}
Aug 12 21:33:20.161162 np0000007121 nova-scheduler[96755]: DEBUG cotyledon.oslo_config_glue [-] workarounds.qemu_monitor_announce_self_interval = 1 {{(pid=96755) log_opt_values /opt/stack/data/venv/lib/python3.12/site-packages/oslo_config/cfg.py:3545}}
Aug 12 21:33:20.161162 np0000007121 nova-scheduler[96755]: DEBUG cotyledon.oslo_config_glue [-] workarounds.reserve_disk_resource_for_image_cache = False {{(pid=96755) log_opt_values /opt/stack/data/venv/lib/python3.12/site-packages/oslo_config/cfg.py:3545}}
Aug 12 21:33:20.161162 np0000007121 nova-scheduler[96755]: DEBUG cotyledon.oslo_config_glue [-] workarounds.skip_cpu_compare_at_startup = False {{(pid=96755) log_opt_values /opt/stack/data/venv/lib/python3.12/site-packages/oslo_config/cfg.py:3545}}
Aug 12 21:33:20.161162 np0000007121 nova-scheduler[96755]: DEBUG cotyledon.oslo_config_glue [-] workarounds.skip_cpu_compare_on_dest = False {{(pid=96755) log_opt_values /opt/stack/data/venv/lib/python3.12/site-packages/oslo_config/cfg.py:3545}}
Aug 12 21:33:20.161162 np0000007121 nova-scheduler[96755]: DEBUG cotyledon.oslo_config_glue [-] workarounds.skip_hypervisor_version_check_on_lm = False {{(pid=96755) log_opt_values /opt/stack/data/venv/lib/python3.12/site-packages/oslo_config/cfg.py:3545}}
Aug 12 21:33:20.161162 np0000007121 nova-scheduler[96755]: DEBUG cotyledon.oslo_config_glue [-] workarounds.skip_reserve_in_use_ironic_nodes = False {{(pid=96755) log_opt_values /opt/stack/data/venv/lib/python3.12/site-packages/oslo_config/cfg.py:3545}}
Aug 12 21:33:20.161162 np0000007121 nova-scheduler[96755]: DEBUG cotyledon.oslo_config_glue [-] workarounds.unified_limits_count_pcpu_as_vcpu = False {{(pid=96755) log_opt_values /opt/stack/data/venv/lib/python3.12/site-packages/oslo_config/cfg.py:3545}}
Aug 12 21:33:20.161162 np0000007121 nova-scheduler[96755]: DEBUG cotyledon.oslo_config_glue [-] workarounds.wait_for_vif_plugged_event_during_hard_reboot = [] {{(pid=96755) log_opt_values /opt/stack/data/venv/lib/python3.12/site-packages/oslo_config/cfg.py:3545}}
Aug 12 21:33:20.161333 np0000007121 nova-scheduler[96755]: DEBUG cotyledon.oslo_config_glue [-] wsgi.api_paste_config = /etc/nova/api-paste.ini {{(pid=96755) log_opt_values /opt/stack/data/venv/lib/python3.12/site-packages/oslo_config/cfg.py:3545}}
Aug 12 21:33:20.161333 np0000007121 nova-scheduler[96755]: DEBUG cotyledon.oslo_config_glue [-] wsgi.secure_proxy_ssl_header = None {{(pid=96755) log_opt_values /opt/stack/data/venv/lib/python3.12/site-packages/oslo_config/cfg.py:3545}}
Aug 12 21:33:20.161333 np0000007121 nova-scheduler[96755]: DEBUG cotyledon.oslo_config_glue [-] zvm.ca_file = None {{(pid=96755) log_opt_values /opt/stack/data/venv/lib/python3.12/site-packages/oslo_config/cfg.py:3545}}
Aug 12 21:33:20.161333 np0000007121 nova-scheduler[96755]: DEBUG cotyledon.oslo_config_glue [-] zvm.cloud_connector_url = None {{(pid=96755) log_opt_values /opt/stack/data/venv/lib/python3.12/site-packages/oslo_config/cfg.py:3545}}
Aug 12 21:33:20.161333 np0000007121 nova-scheduler[96755]: DEBUG cotyledon.oslo_config_glue [-] zvm.image_tmp_path = /opt/stack/data/nova/images {{(pid=96755) log_opt_values /opt/stack/data/venv/lib/python3.12/site-packages/oslo_config/cfg.py:3545}}
Aug 12 21:33:20.161333 np0000007121 nova-scheduler[96755]: DEBUG cotyledon.oslo_config_glue [-] zvm.reachable_timeout = 300 {{(pid=96755) log_opt_values /opt/stack/data/venv/lib/python3.12/site-packages/oslo_config/cfg.py:3545}}
Aug 12 21:33:20.161333 np0000007121 nova-scheduler[96755]: DEBUG cotyledon.oslo_config_glue [-] oslo_versionedobjects.fatal_exception_format_errors = False {{(pid=96755) log_opt_values /opt/stack/data/venv/lib/python3.12/site-packages/oslo_config/cfg.py:3545}}
Aug 12 21:33:20.161333 np0000007121 nova-scheduler[96755]: DEBUG cotyledon.oslo_config_glue [-] oslo_middleware.http_basic_auth_user_file = /etc/htpasswd {{(pid=96755) log_opt_values /opt/stack/data/venv/lib/python3.12/site-packages/oslo_config/cfg.py:3545}}
Aug 12 21:33:20.161333 np0000007121 nova-scheduler[96755]: DEBUG cotyledon.oslo_config_glue [-] oslo_messaging_metrics.metrics_buffer_size = 1000 {{(pid=96755) log_opt_values /opt/stack/data/venv/lib/python3.12/site-packages/oslo_config/cfg.py:3545}}
Aug 12 21:33:20.161507 np0000007121 nova-scheduler[96755]: DEBUG cotyledon.oslo_config_glue [-] oslo_messaging_metrics.metrics_enabled = False {{(pid=96755) log_opt_values /opt/stack/data/venv/lib/python3.12/site-packages/oslo_config/cfg.py:3545}}
Aug 12 21:33:20.161507 np0000007121 nova-scheduler[96755]: DEBUG cotyledon.oslo_config_glue [-] oslo_messaging_metrics.metrics_process_name = {{(pid=96755) log_opt_values /opt/stack/data/venv/lib/python3.12/site-packages/oslo_config/cfg.py:3545}}
Aug 12 21:33:20.161507 np0000007121 nova-scheduler[96755]: DEBUG cotyledon.oslo_config_glue [-] oslo_messaging_metrics.metrics_socket_file = /var/tmp/metrics_collector.sock {{(pid=96755) log_opt_values /opt/stack/data/venv/lib/python3.12/site-packages/oslo_config/cfg.py:3545}}
Aug 12 21:33:20.161507 np0000007121 nova-scheduler[96755]: DEBUG cotyledon.oslo_config_glue [-] oslo_messaging_metrics.metrics_thread_stop_timeout = 10 {{(pid=96755) log_opt_values /opt/stack/data/venv/lib/python3.12/site-packages/oslo_config/cfg.py:3545}}
Aug 12 21:33:20.161507 np0000007121 nova-scheduler[96755]: DEBUG cotyledon.oslo_config_glue [-] profiler.connection_string = messaging:// {{(pid=96755) log_opt_values /opt/stack/data/venv/lib/python3.12/site-packages/oslo_config/cfg.py:3545}}
Aug 12 21:33:20.161507 np0000007121 nova-scheduler[96755]: DEBUG cotyledon.oslo_config_glue [-] profiler.enabled = False {{(pid=96755) log_opt_values /opt/stack/data/venv/lib/python3.12/site-packages/oslo_config/cfg.py:3545}}
Aug 12 21:33:20.161507 np0000007121 nova-scheduler[96755]: DEBUG cotyledon.oslo_config_glue [-] profiler.es_doc_type = notification {{(pid=96755) log_opt_values /opt/stack/data/venv/lib/python3.12/site-packages/oslo_config/cfg.py:3545}}
Aug 12 21:33:20.161507 np0000007121 nova-scheduler[96755]: DEBUG cotyledon.oslo_config_glue [-] profiler.es_scroll_size = 10000 {{(pid=96755) log_opt_values /opt/stack/data/venv/lib/python3.12/site-packages/oslo_config/cfg.py:3545}}
Aug 12 21:33:20.161507 np0000007121 nova-scheduler[96755]: DEBUG cotyledon.oslo_config_glue [-] profiler.es_scroll_time = 2m {{(pid=96755) log_opt_values /opt/stack/data/venv/lib/python3.12/site-packages/oslo_config/cfg.py:3545}}
Aug 12 21:33:20.161718 np0000007121 nova-scheduler[96755]: DEBUG cotyledon.oslo_config_glue [-] profiler.filter_error_trace = False {{(pid=96755) log_opt_values /opt/stack/data/venv/lib/python3.12/site-packages/oslo_config/cfg.py:3545}}
Aug 12 21:33:20.161718 np0000007121 nova-scheduler[96755]: DEBUG cotyledon.oslo_config_glue [-] profiler.hmac_keys = **** {{(pid=96755) log_opt_values /opt/stack/data/venv/lib/python3.12/site-packages/oslo_config/cfg.py:3545}}
Aug 12 21:33:20.161718 np0000007121 nova-scheduler[96755]: DEBUG cotyledon.oslo_config_glue [-] profiler.sentinel_service_name = mymaster {{(pid=96755) log_opt_values /opt/stack/data/venv/lib/python3.12/site-packages/oslo_config/cfg.py:3545}}
Aug 12 21:33:20.161718 np0000007121 nova-scheduler[96755]: DEBUG cotyledon.oslo_config_glue [-] profiler.socket_timeout = 0.1 {{(pid=96755) log_opt_values /opt/stack/data/venv/lib/python3.12/site-packages/oslo_config/cfg.py:3545}}
Aug 12 21:33:20.161718 np0000007121 nova-scheduler[96755]: DEBUG cotyledon.oslo_config_glue [-] profiler.trace_requests = False {{(pid=96755) log_opt_values /opt/stack/data/venv/lib/python3.12/site-packages/oslo_config/cfg.py:3545}}
Aug 12 21:33:20.161718 np0000007121 nova-scheduler[96755]: DEBUG cotyledon.oslo_config_glue [-] profiler.trace_sqlalchemy = False {{(pid=96755) log_opt_values /opt/stack/data/venv/lib/python3.12/site-packages/oslo_config/cfg.py:3545}}
Aug 12 21:33:20.161718 np0000007121 nova-scheduler[96755]: DEBUG cotyledon.oslo_config_glue [-] profiler_jaeger.process_tags = {} {{(pid=96755) log_opt_values /opt/stack/data/venv/lib/python3.12/site-packages/oslo_config/cfg.py:3545}}
Aug 12 21:33:20.161718 np0000007121 nova-scheduler[96755]: DEBUG cotyledon.oslo_config_glue [-] profiler_jaeger.service_name_prefix = None {{(pid=96755) log_opt_values /opt/stack/data/venv/lib/python3.12/site-packages/oslo_config/cfg.py:3545}}
Aug 12 21:33:20.161718 np0000007121 nova-scheduler[96755]: DEBUG cotyledon.oslo_config_glue [-] profiler_otlp.service_name_prefix = None {{(pid=96755) log_opt_values /opt/stack/data/venv/lib/python3.12/site-packages/oslo_config/cfg.py:3545}}
Aug 12 21:33:20.161903 np0000007121 nova-scheduler[96755]: DEBUG cotyledon.oslo_config_glue [-] oslo_messaging_rabbit.amqp_auto_delete = False {{(pid=96755) log_opt_values /opt/stack/data/venv/lib/python3.12/site-packages/oslo_config/cfg.py:3545}}
Aug 12 21:33:20.161903 np0000007121 nova-scheduler[96755]: DEBUG cotyledon.oslo_config_glue [-] oslo_messaging_rabbit.amqp_durable_queues = False {{(pid=96755) log_opt_values /opt/stack/data/venv/lib/python3.12/site-packages/oslo_config/cfg.py:3545}}
Aug 12 21:33:20.161903 np0000007121 nova-scheduler[96755]: DEBUG cotyledon.oslo_config_glue [-] oslo_messaging_rabbit.conn_pool_min_size = 2 {{(pid=96755) log_opt_values /opt/stack/data/venv/lib/python3.12/site-packages/oslo_config/cfg.py:3545}}
Aug 12 21:33:20.161903 np0000007121 nova-scheduler[96755]: DEBUG cotyledon.oslo_config_glue [-] oslo_messaging_rabbit.conn_pool_ttl = 1200 {{(pid=96755) log_opt_values /opt/stack/data/venv/lib/python3.12/site-packages/oslo_config/cfg.py:3545}}
Aug 12 21:33:20.161903 np0000007121 nova-scheduler[96755]: DEBUG cotyledon.oslo_config_glue [-] oslo_messaging_rabbit.direct_mandatory_flag = True {{(pid=96755) log_opt_values /opt/stack/data/venv/lib/python3.12/site-packages/oslo_config/cfg.py:3545}}
Aug 12 21:33:20.161903 np0000007121 nova-scheduler[96755]: DEBUG cotyledon.oslo_config_glue [-] oslo_messaging_rabbit.enable_cancel_on_failover = False {{(pid=96755) log_opt_values /opt/stack/data/venv/lib/python3.12/site-packages/oslo_config/cfg.py:3545}}
Aug 12 21:33:20.161903 np0000007121 nova-scheduler[96755]: DEBUG cotyledon.oslo_config_glue [-] oslo_messaging_rabbit.heartbeat_rate = 3 {{(pid=96755) log_opt_values /opt/stack/data/venv/lib/python3.12/site-packages/oslo_config/cfg.py:3545}}
Aug 12 21:33:20.161903 np0000007121 nova-scheduler[96755]: DEBUG cotyledon.oslo_config_glue [-] oslo_messaging_rabbit.heartbeat_timeout_threshold = 60 {{(pid=96755) log_opt_values /opt/stack/data/venv/lib/python3.12/site-packages/oslo_config/cfg.py:3545}}
Aug 12 21:33:20.161903 np0000007121 nova-scheduler[96755]: DEBUG cotyledon.oslo_config_glue [-] oslo_messaging_rabbit.hostname = np0000007121 {{(pid=96755) log_opt_values /opt/stack/data/venv/lib/python3.12/site-packages/oslo_config/cfg.py:3545}}
Aug 12 21:33:20.162069 np0000007121 nova-scheduler[96755]: DEBUG cotyledon.oslo_config_glue [-] oslo_messaging_rabbit.kombu_compression = None {{(pid=96755) log_opt_values /opt/stack/data/venv/lib/python3.12/site-packages/oslo_config/cfg.py:3545}}
Aug 12 21:33:20.162069 np0000007121 nova-scheduler[96755]: DEBUG cotyledon.oslo_config_glue [-] oslo_messaging_rabbit.kombu_failover_strategy = round-robin {{(pid=96755) log_opt_values /opt/stack/data/venv/lib/python3.12/site-packages/oslo_config/cfg.py:3545}}
Aug 12 21:33:20.162069 np0000007121 nova-scheduler[96755]: DEBUG cotyledon.oslo_config_glue [-] oslo_messaging_rabbit.kombu_missing_consumer_retry_timeout = 60 {{(pid=96755) log_opt_values /opt/stack/data/venv/lib/python3.12/site-packages/oslo_config/cfg.py:3545}}
Aug 12 21:33:20.162069 np0000007121 nova-scheduler[96755]: DEBUG cotyledon.oslo_config_glue [-] oslo_messaging_rabbit.kombu_reconnect_delay = 1.0 {{(pid=96755) log_opt_values /opt/stack/data/venv/lib/python3.12/site-packages/oslo_config/cfg.py:3545}}
Aug 12 21:33:20.162069 np0000007121 nova-scheduler[96755]: DEBUG cotyledon.oslo_config_glue [-] oslo_messaging_rabbit.kombu_reconnect_splay = 0.0 {{(pid=96755) log_opt_values /opt/stack/data/venv/lib/python3.12/site-packages/oslo_config/cfg.py:3545}}
Aug 12 21:33:20.162069 np0000007121 nova-scheduler[96755]: DEBUG cotyledon.oslo_config_glue [-] oslo_messaging_rabbit.processname = nova-scheduler {{(pid=96755) log_opt_values /opt/stack/data/venv/lib/python3.12/site-packages/oslo_config/cfg.py:3545}}
Aug 12 21:33:20.162069 np0000007121 nova-scheduler[96755]: DEBUG cotyledon.oslo_config_glue [-] oslo_messaging_rabbit.rabbit_ha_queues = False {{(pid=96755) log_opt_values /opt/stack/data/venv/lib/python3.12/site-packages/oslo_config/cfg.py:3545}}
Aug 12 21:33:20.162069 np0000007121 nova-scheduler[96755]: DEBUG cotyledon.oslo_config_glue [-] oslo_messaging_rabbit.rabbit_interval_max = 30 {{(pid=96755) log_opt_values /opt/stack/data/venv/lib/python3.12/site-packages/oslo_config/cfg.py:3545}}
Aug 12 21:33:20.162069 np0000007121 nova-scheduler[96755]: DEBUG cotyledon.oslo_config_glue [-] oslo_messaging_rabbit.rabbit_login_method = AMQPLAIN {{(pid=96755) log_opt_values /opt/stack/data/venv/lib/python3.12/site-packages/oslo_config/cfg.py:3545}}
Aug 12 21:33:20.162245 np0000007121 nova-scheduler[96755]: DEBUG cotyledon.oslo_config_glue [-] oslo_messaging_rabbit.rabbit_qos_prefetch_count = 0 {{(pid=96755) log_opt_values /opt/stack/data/venv/lib/python3.12/site-packages/oslo_config/cfg.py:3545}}
Aug 12 21:33:20.162245 np0000007121 nova-scheduler[96755]: DEBUG cotyledon.oslo_config_glue [-] oslo_messaging_rabbit.rabbit_quorum_delivery_limit = 0 {{(pid=96755) log_opt_values /opt/stack/data/venv/lib/python3.12/site-packages/oslo_config/cfg.py:3545}}
Aug 12 21:33:20.162245 np0000007121 nova-scheduler[96755]: DEBUG cotyledon.oslo_config_glue [-] oslo_messaging_rabbit.rabbit_quorum_max_memory_bytes = 0 {{(pid=96755) log_opt_values /opt/stack/data/venv/lib/python3.12/site-packages/oslo_config/cfg.py:3545}}
Aug 12 21:33:20.162245 np0000007121 nova-scheduler[96755]: DEBUG cotyledon.oslo_config_glue [-] oslo_messaging_rabbit.rabbit_quorum_max_memory_length = 0 {{(pid=96755) log_opt_values /opt/stack/data/venv/lib/python3.12/site-packages/oslo_config/cfg.py:3545}}
Aug 12 21:33:20.162245 np0000007121 nova-scheduler[96755]: DEBUG cotyledon.oslo_config_glue [-] oslo_messaging_rabbit.rabbit_quorum_queue = False {{(pid=96755) log_opt_values /opt/stack/data/venv/lib/python3.12/site-packages/oslo_config/cfg.py:3545}}
Aug 12 21:33:20.162245 np0000007121 nova-scheduler[96755]: DEBUG cotyledon.oslo_config_glue [-] oslo_messaging_rabbit.rabbit_retry_backoff = 2 {{(pid=96755) log_opt_values /opt/stack/data/venv/lib/python3.12/site-packages/oslo_config/cfg.py:3545}}
Aug 12 21:33:20.162245 np0000007121 nova-scheduler[96755]: DEBUG cotyledon.oslo_config_glue [-] oslo_messaging_rabbit.rabbit_retry_interval = 1 {{(pid=96755) log_opt_values /opt/stack/data/venv/lib/python3.12/site-packages/oslo_config/cfg.py:3545}}
Aug 12 21:33:20.162245 np0000007121 nova-scheduler[96755]: DEBUG cotyledon.oslo_config_glue [-] oslo_messaging_rabbit.rabbit_stream_fanout = False {{(pid=96755) log_opt_values /opt/stack/data/venv/lib/python3.12/site-packages/oslo_config/cfg.py:3545}}
Aug 12 21:33:20.162442 np0000007121 nova-scheduler[96755]: DEBUG cotyledon.oslo_config_glue [-] oslo_messaging_rabbit.rabbit_transient_queues_ttl = 1800 {{(pid=96755) log_opt_values /opt/stack/data/venv/lib/python3.12/site-packages/oslo_config/cfg.py:3545}}
Aug 12 21:33:20.162442 np0000007121 nova-scheduler[96755]: DEBUG cotyledon.oslo_config_glue [-] oslo_messaging_rabbit.rabbit_transient_quorum_queue = False {{(pid=96755) log_opt_values /opt/stack/data/venv/lib/python3.12/site-packages/oslo_config/cfg.py:3545}}
Aug 12 21:33:20.162442 np0000007121 nova-scheduler[96755]: DEBUG cotyledon.oslo_config_glue [-] oslo_messaging_rabbit.rpc_conn_pool_size = 30 {{(pid=96755) log_opt_values /opt/stack/data/venv/lib/python3.12/site-packages/oslo_config/cfg.py:3545}}
Aug 12 21:33:20.162442 np0000007121 nova-scheduler[96755]: DEBUG cotyledon.oslo_config_glue [-] oslo_messaging_rabbit.ssl = False {{(pid=96755) log_opt_values /opt/stack/data/venv/lib/python3.12/site-packages/oslo_config/cfg.py:3545}}
Aug 12 21:33:20.162442 np0000007121 nova-scheduler[96755]: DEBUG cotyledon.oslo_config_glue [-] oslo_messaging_rabbit.ssl_ca_file = {{(pid=96755) log_opt_values /opt/stack/data/venv/lib/python3.12/site-packages/oslo_config/cfg.py:3545}}
Aug 12 21:33:20.162442 np0000007121 nova-scheduler[96755]: DEBUG cotyledon.oslo_config_glue [-] oslo_messaging_rabbit.ssl_cert_file = {{(pid=96755) log_opt_values /opt/stack/data/venv/lib/python3.12/site-packages/oslo_config/cfg.py:3545}}
Aug 12 21:33:20.162442 np0000007121 nova-scheduler[96755]: DEBUG cotyledon.oslo_config_glue [-] oslo_messaging_rabbit.ssl_enforce_fips_mode = False {{(pid=96755) log_opt_values /opt/stack/data/venv/lib/python3.12/site-packages/oslo_config/cfg.py:3545}}
Aug 12 21:33:20.162442 np0000007121 nova-scheduler[96755]: DEBUG cotyledon.oslo_config_glue [-] oslo_messaging_rabbit.ssl_enforce_hostname_verification = True {{(pid=96755) log_opt_values /opt/stack/data/venv/lib/python3.12/site-packages/oslo_config/cfg.py:3545}}
Aug 12 21:33:20.162442 np0000007121 nova-scheduler[96755]: DEBUG cotyledon.oslo_config_glue [-] oslo_messaging_rabbit.ssl_key_file = {{(pid=96755) log_opt_values /opt/stack/data/venv/lib/python3.12/site-packages/oslo_config/cfg.py:3545}}
Aug 12 21:33:20.162637 np0000007121 nova-scheduler[96755]: DEBUG cotyledon.oslo_config_glue [-] oslo_messaging_rabbit.ssl_version = {{(pid=96755) log_opt_values /opt/stack/data/venv/lib/python3.12/site-packages/oslo_config/cfg.py:3545}}
Aug 12 21:33:20.162637 np0000007121 nova-scheduler[96755]: DEBUG cotyledon.oslo_config_glue [-] oslo_messaging_rabbit.use_queue_manager = False {{(pid=96755) log_opt_values /opt/stack/data/venv/lib/python3.12/site-packages/oslo_config/cfg.py:3545}}
Aug 12 21:33:20.162637 np0000007121 nova-scheduler[96755]: DEBUG cotyledon.oslo_config_glue [-] oslo_messaging_notifications.driver = ['messagingv2'] {{(pid=96755) log_opt_values /opt/stack/data/venv/lib/python3.12/site-packages/oslo_config/cfg.py:3545}}
Aug 12 21:33:20.162637 np0000007121 nova-scheduler[96755]: DEBUG cotyledon.oslo_config_glue [-] oslo_messaging_notifications.retry = -1 {{(pid=96755) log_opt_values /opt/stack/data/venv/lib/python3.12/site-packages/oslo_config/cfg.py:3545}}
Aug 12 21:33:20.162637 np0000007121 nova-scheduler[96755]: DEBUG cotyledon.oslo_config_glue [-] oslo_messaging_notifications.topics = ['notifications'] {{(pid=96755) log_opt_values /opt/stack/data/venv/lib/python3.12/site-packages/oslo_config/cfg.py:3545}}
Aug 12 21:33:20.162637 np0000007121 nova-scheduler[96755]: DEBUG cotyledon.oslo_config_glue [-] oslo_messaging_notifications.transport_url = **** {{(pid=96755) log_opt_values /opt/stack/data/venv/lib/python3.12/site-packages/oslo_config/cfg.py:3545}}
Aug 12 21:33:20.162637 np0000007121 nova-scheduler[96755]: DEBUG cotyledon.oslo_config_glue [-] oslo_limit.auth_section = None {{(pid=96755) log_opt_values /opt/stack/data/venv/lib/python3.12/site-packages/oslo_config/cfg.py:3545}}
Aug 12 21:33:20.162637 np0000007121 nova-scheduler[96755]: DEBUG cotyledon.oslo_config_glue [-] oslo_limit.auth_type = None {{(pid=96755) log_opt_values /opt/stack/data/venv/lib/python3.12/site-packages/oslo_config/cfg.py:3545}}
Aug 12 21:33:20.162637 np0000007121 nova-scheduler[96755]: DEBUG cotyledon.oslo_config_glue [-] oslo_limit.cafile = None {{(pid=96755) log_opt_values /opt/stack/data/venv/lib/python3.12/site-packages/oslo_config/cfg.py:3545}}
Aug 12 21:33:20.162819 np0000007121 nova-scheduler[96755]: DEBUG cotyledon.oslo_config_glue [-] oslo_limit.certfile = None {{(pid=96755) log_opt_values /opt/stack/data/venv/lib/python3.12/site-packages/oslo_config/cfg.py:3545}}
Aug 12 21:33:20.162819 np0000007121 nova-scheduler[96755]: DEBUG cotyledon.oslo_config_glue [-] oslo_limit.collect_timing = False {{(pid=96755) log_opt_values /opt/stack/data/venv/lib/python3.12/site-packages/oslo_config/cfg.py:3545}}
Aug 12 21:33:20.162819 np0000007121 nova-scheduler[96755]: DEBUG cotyledon.oslo_config_glue [-] oslo_limit.connect_retries = None {{(pid=96755) log_opt_values /opt/stack/data/venv/lib/python3.12/site-packages/oslo_config/cfg.py:3545}}
Aug 12 21:33:20.162819 np0000007121 nova-scheduler[96755]: DEBUG cotyledon.oslo_config_glue [-] oslo_limit.connect_retry_delay = None {{(pid=96755) log_opt_values /opt/stack/data/venv/lib/python3.12/site-packages/oslo_config/cfg.py:3545}}
Aug 12 21:33:20.162819 np0000007121 nova-scheduler[96755]: DEBUG cotyledon.oslo_config_glue [-] oslo_limit.endpoint_id = None {{(pid=96755) log_opt_values /opt/stack/data/venv/lib/python3.12/site-packages/oslo_config/cfg.py:3545}}
Aug 12 21:33:20.162819 np0000007121 nova-scheduler[96755]: DEBUG cotyledon.oslo_config_glue [-] oslo_limit.endpoint_interface = public {{(pid=96755) log_opt_values /opt/stack/data/venv/lib/python3.12/site-packages/oslo_config/cfg.py:3545}}
Aug 12 21:33:20.162819 np0000007121 nova-scheduler[96755]: DEBUG cotyledon.oslo_config_glue [-] oslo_limit.endpoint_override = None {{(pid=96755) log_opt_values /opt/stack/data/venv/lib/python3.12/site-packages/oslo_config/cfg.py:3545}}
Aug 12 21:33:20.162819 np0000007121 nova-scheduler[96755]: DEBUG cotyledon.oslo_config_glue [-] oslo_limit.endpoint_region_name = None {{(pid=96755) log_opt_values /opt/stack/data/venv/lib/python3.12/site-packages/oslo_config/cfg.py:3545}}
Aug 12 21:33:20.162819 np0000007121 nova-scheduler[96755]: DEBUG cotyledon.oslo_config_glue [-] oslo_limit.endpoint_service_name = None {{(pid=96755) log_opt_values /opt/stack/data/venv/lib/python3.12/site-packages/oslo_config/cfg.py:3545}}
Aug 12 21:33:20.162994 np0000007121 nova-scheduler[96755]: DEBUG cotyledon.oslo_config_glue [-] oslo_limit.endpoint_service_type = None {{(pid=96755) log_opt_values /opt/stack/data/venv/lib/python3.12/site-packages/oslo_config/cfg.py:3545}}
Aug 12 21:33:20.162994 np0000007121 nova-scheduler[96755]: DEBUG cotyledon.oslo_config_glue [-] oslo_limit.insecure = False {{(pid=96755) log_opt_values /opt/stack/data/venv/lib/python3.12/site-packages/oslo_config/cfg.py:3545}}
Aug 12 21:33:20.162994 np0000007121 nova-scheduler[96755]: DEBUG cotyledon.oslo_config_glue [-] oslo_limit.keyfile = None {{(pid=96755) log_opt_values /opt/stack/data/venv/lib/python3.12/site-packages/oslo_config/cfg.py:3545}}
Aug 12 21:33:20.162994 np0000007121 nova-scheduler[96755]: DEBUG cotyledon.oslo_config_glue [-] oslo_limit.max_version = None {{(pid=96755) log_opt_values /opt/stack/data/venv/lib/python3.12/site-packages/oslo_config/cfg.py:3545}}
Aug 12 21:33:20.162994 np0000007121 nova-scheduler[96755]: DEBUG cotyledon.oslo_config_glue [-] oslo_limit.min_version = None {{(pid=96755) log_opt_values /opt/stack/data/venv/lib/python3.12/site-packages/oslo_config/cfg.py:3545}}
Aug 12 21:33:20.162994 np0000007121 nova-scheduler[96755]: DEBUG cotyledon.oslo_config_glue [-] oslo_limit.region_name = None {{(pid=96755) log_opt_values /opt/stack/data/venv/lib/python3.12/site-packages/oslo_config/cfg.py:3545}}
Aug 12 21:33:20.162994 np0000007121 nova-scheduler[96755]: DEBUG cotyledon.oslo_config_glue [-] oslo_limit.retriable_status_codes = None {{(pid=96755) log_opt_values /opt/stack/data/venv/lib/python3.12/site-packages/oslo_config/cfg.py:3545}}
Aug 12 21:33:20.162994 np0000007121 nova-scheduler[96755]: DEBUG cotyledon.oslo_config_glue [-] oslo_limit.service_name = None {{(pid=96755) log_opt_values /opt/stack/data/venv/lib/python3.12/site-packages/oslo_config/cfg.py:3545}}
Aug 12 21:33:20.162994 np0000007121 nova-scheduler[96755]: DEBUG cotyledon.oslo_config_glue [-] oslo_limit.service_type = None {{(pid=96755) log_opt_values /opt/stack/data/venv/lib/python3.12/site-packages/oslo_config/cfg.py:3545}}
Aug 12 21:33:20.163187 np0000007121 nova-scheduler[96755]: DEBUG cotyledon.oslo_config_glue [-] oslo_limit.split_loggers = False {{(pid=96755) log_opt_values /opt/stack/data/venv/lib/python3.12/site-packages/oslo_config/cfg.py:3545}}
Aug 12 21:33:20.163187 np0000007121 nova-scheduler[96755]: DEBUG cotyledon.oslo_config_glue [-] oslo_limit.status_code_retries = None {{(pid=96755) log_opt_values /opt/stack/data/venv/lib/python3.12/site-packages/oslo_config/cfg.py:3545}}
Aug 12 21:33:20.163187 np0000007121 nova-scheduler[96755]: DEBUG cotyledon.oslo_config_glue [-] oslo_limit.status_code_retry_delay = None {{(pid=96755) log_opt_values /opt/stack/data/venv/lib/python3.12/site-packages/oslo_config/cfg.py:3545}}
Aug 12 21:33:20.163187 np0000007121 nova-scheduler[96755]: DEBUG cotyledon.oslo_config_glue [-] oslo_limit.timeout = None {{(pid=96755) log_opt_values /opt/stack/data/venv/lib/python3.12/site-packages/oslo_config/cfg.py:3545}}
Aug 12 21:33:20.163187 np0000007121 nova-scheduler[96755]: DEBUG cotyledon.oslo_config_glue [-] oslo_limit.valid_interfaces = None {{(pid=96755) log_opt_values /opt/stack/data/venv/lib/python3.12/site-packages/oslo_config/cfg.py:3545}}
Aug 12 21:33:20.163187 np0000007121 nova-scheduler[96755]: DEBUG cotyledon.oslo_config_glue [-] oslo_limit.version = None {{(pid=96755) log_opt_values /opt/stack/data/venv/lib/python3.12/site-packages/oslo_config/cfg.py:3545}}
Aug 12 21:33:20.163187 np0000007121 nova-scheduler[96755]: DEBUG cotyledon.oslo_config_glue [-] oslo_reports.file_event_handler = None {{(pid=96755) log_opt_values /opt/stack/data/venv/lib/python3.12/site-packages/oslo_config/cfg.py:3545}}
Aug 12 21:33:20.163187 np0000007121 nova-scheduler[96755]: DEBUG cotyledon.oslo_config_glue [-] oslo_reports.file_event_handler_interval = 1 {{(pid=96755) log_opt_values /opt/stack/data/venv/lib/python3.12/site-packages/oslo_config/cfg.py:3545}}
Aug 12 21:33:20.163187 np0000007121 nova-scheduler[96755]: DEBUG cotyledon.oslo_config_glue [-] oslo_reports.log_dir = None {{(pid=96755) log_opt_values /opt/stack/data/venv/lib/python3.12/site-packages/oslo_config/cfg.py:3545}}
Aug 12 21:33:20.163456 np0000007121 nova-scheduler[96755]: DEBUG cotyledon.oslo_config_glue [-] ******************************************************************************** {{(pid=96755) log_opt_values /opt/stack/data/venv/lib/python3.12/site-packages/oslo_config/cfg.py:3552}}
Aug 12 21:33:20.163456 np0000007121 nova-scheduler[96755]: DEBUG cotyledon._service_worker [-] Run service ServiceWrapper(3) [96755] {{(pid=96755) wait_forever /opt/stack/data/venv/lib/python3.12/site-packages/cotyledon/_service_worker.py:218}}
Aug 12 21:33:20.163456 np0000007121 nova-scheduler[96755]: INFO nova.service [-] Starting scheduler node (version 33.1.0)
Aug 12 21:33:20.163456 np0000007121 nova-scheduler[96755]: INFO dbcounter [None req-8614fa13-0187-48df-b2d6-cec5f2fc61b7 None None] Registered counter for database nova_cell0
Aug 12 21:33:20.163581 np0000007121 nova-scheduler[96736]: DEBUG oslo_db.sqlalchemy.engines [None req-518451f7-606d-41be-95d4-93c3c23eedf7 None None] MySQL server mode set to STRICT_TRANS_TABLES,STRICT_ALL_TABLES,NO_ZERO_IN_DATE,NO_ZERO_DATE,ERROR_FOR_DIVISION_BY_ZERO,TRADITIONAL,NO_ENGINE_SUBSTITUTION {{(pid=96736) _check_effective_sql_mode /opt/stack/data/venv/lib/python3.12/site-packages/oslo_db/sqlalchemy/engines.py:325}}
Aug 12 21:33:20.167779 np0000007121 nova-scheduler[96732]: DEBUG oslo_db.sqlalchemy.engines [None req-1770f6fc-fbc3-439f-920e-c650b3a337cb None None] MySQL server mode set to STRICT_TRANS_TABLES,STRICT_ALL_TABLES,NO_ZERO_IN_DATE,NO_ZERO_DATE,ERROR_FOR_DIVISION_BY_ZERO,TRADITIONAL,NO_ENGINE_SUBSTITUTION {{(pid=96732) _check_effective_sql_mode /opt/stack/data/venv/lib/python3.12/site-packages/oslo_db/sqlalchemy/engines.py:325}}
Aug 12 21:33:20.170727 np0000007121 nova-scheduler[96736]: DEBUG dbcounter [-] [96736] Writer thread running {{(pid=96736) stat_writer /opt/stack/data/venv/lib/python3.12/site-packages/dbcounter.py:102}}
Aug 12 21:33:20.177122 np0000007121 nova-scheduler[96732]: DEBUG dbcounter [-] [96732] Writer thread running {{(pid=96732) stat_writer /opt/stack/data/venv/lib/python3.12/site-packages/dbcounter.py:102}}
Aug 12 21:33:20.178504 np0000007121 nova-scheduler[96734]: DEBUG oslo_db.sqlalchemy.engines [None req-b8dd9601-256a-4eb7-bedd-184f786a898e None None] MySQL server mode set to STRICT_TRANS_TABLES,STRICT_ALL_TABLES,NO_ZERO_IN_DATE,NO_ZERO_DATE,ERROR_FOR_DIVISION_BY_ZERO,TRADITIONAL,NO_ENGINE_SUBSTITUTION {{(pid=96734) _check_effective_sql_mode /opt/stack/data/venv/lib/python3.12/site-packages/oslo_db/sqlalchemy/engines.py:325}}
Aug 12 21:33:20.182687 np0000007121 nova-scheduler[96755]: DEBUG oslo_db.sqlalchemy.engines [None req-8614fa13-0187-48df-b2d6-cec5f2fc61b7 None None] MySQL server mode set to STRICT_TRANS_TABLES,STRICT_ALL_TABLES,NO_ZERO_IN_DATE,NO_ZERO_DATE,ERROR_FOR_DIVISION_BY_ZERO,TRADITIONAL,NO_ENGINE_SUBSTITUTION {{(pid=96755) _check_effective_sql_mode /opt/stack/data/venv/lib/python3.12/site-packages/oslo_db/sqlalchemy/engines.py:325}}
Aug 12 21:33:20.187713 np0000007121 nova-scheduler[96736]: DEBUG nova.service [None req-518451f7-606d-41be-95d4-93c3c23eedf7 None None] Creating RPC server for service: nova-scheduler on topic: scheduler {{(pid=96736) start /opt/stack/nova/nova/service.py:196}}
Aug 12 21:33:20.188279 np0000007121 nova-scheduler[96734]: DEBUG dbcounter [-] [96734] Writer thread running {{(pid=96734) stat_writer /opt/stack/data/venv/lib/python3.12/site-packages/dbcounter.py:102}}
Aug 12 21:33:20.190974 np0000007121 nova-scheduler[96734]: DEBUG nova.service [None req-b8dd9601-256a-4eb7-bedd-184f786a898e None None] Creating RPC server for service: nova-scheduler on topic: scheduler {{(pid=96734) start /opt/stack/nova/nova/service.py:196}}
Aug 12 21:33:20.191436 np0000007121 nova-scheduler[96732]: DEBUG nova.service [None req-1770f6fc-fbc3-439f-920e-c650b3a337cb None None] Creating RPC server for service: nova-scheduler on topic: scheduler {{(pid=96732) start /opt/stack/nova/nova/service.py:196}}
Aug 12 21:33:20.192708 np0000007121 nova-scheduler[96755]: DEBUG dbcounter [-] [96755] Writer thread running {{(pid=96755) stat_writer /opt/stack/data/venv/lib/python3.12/site-packages/dbcounter.py:102}}
Aug 12 21:33:20.195702 np0000007121 nova-scheduler[96755]: DEBUG nova.service [None req-8614fa13-0187-48df-b2d6-cec5f2fc61b7 None None] Creating RPC server for service: nova-scheduler on topic: scheduler {{(pid=96755) start /opt/stack/nova/nova/service.py:196}}
Aug 12 21:33:20.211723 np0000007121 nova-scheduler[96732]: DEBUG nova.service [None req-1770f6fc-fbc3-439f-920e-c650b3a337cb None None] Join ServiceGroup membership for this service scheduler {{(pid=96732) start /opt/stack/nova/nova/service.py:222}}
Aug 12 21:33:20.211723 np0000007121 nova-scheduler[96732]: DEBUG nova.servicegroup.drivers.db [None req-1770f6fc-fbc3-439f-920e-c650b3a337cb None None] DB_Driver: join new ServiceGroup member np0000007121 to the scheduler group, service = {{(pid=96732) join /opt/stack/nova/nova/servicegroup/drivers/db.py:44}}
Aug 12 21:33:20.212033 np0000007121 nova-scheduler[96755]: DEBUG nova.service [None req-8614fa13-0187-48df-b2d6-cec5f2fc61b7 None None] Join ServiceGroup membership for this service scheduler {{(pid=96755) start /opt/stack/nova/nova/service.py:222}}
Aug 12 21:33:20.212095 np0000007121 nova-scheduler[96736]: DEBUG nova.service [None req-518451f7-606d-41be-95d4-93c3c23eedf7 None None] Join ServiceGroup membership for this service scheduler {{(pid=96736) start /opt/stack/nova/nova/service.py:222}}
Aug 12 21:33:20.212214 np0000007121 nova-scheduler[96755]: DEBUG nova.servicegroup.drivers.db [None req-8614fa13-0187-48df-b2d6-cec5f2fc61b7 None None] DB_Driver: join new ServiceGroup member np0000007121 to the scheduler group, service = {{(pid=96755) join /opt/stack/nova/nova/servicegroup/drivers/db.py:44}}
Aug 12 21:33:20.212273 np0000007121 nova-scheduler[96736]: DEBUG nova.servicegroup.drivers.db [None req-518451f7-606d-41be-95d4-93c3c23eedf7 None None] DB_Driver: join new ServiceGroup member np0000007121 to the scheduler group, service = {{(pid=96736) join /opt/stack/nova/nova/servicegroup/drivers/db.py:44}}
Aug 12 21:33:20.212761 np0000007121 nova-scheduler[96734]: DEBUG nova.service [None req-b8dd9601-256a-4eb7-bedd-184f786a898e None None] Join ServiceGroup membership for this service scheduler {{(pid=96734) start /opt/stack/nova/nova/service.py:222}}
Aug 12 21:33:20.212996 np0000007121 nova-scheduler[96734]: DEBUG nova.servicegroup.drivers.db [None req-b8dd9601-256a-4eb7-bedd-184f786a898e None None] DB_Driver: join new ServiceGroup member np0000007121 to the scheduler group, service = {{(pid=96734) join /opt/stack/nova/nova/servicegroup/drivers/db.py:44}}
Aug 12 21:33:25.232924 np0000007121 nova-scheduler[96732]: DEBUG oslo.service.backend._threading.loopingcall [-] Fixed interval looping call 'nova.servicegroup.drivers.db.DbDriver._report_state' sleeping for 119.98 seconds {{(pid=96732) _run_loop /opt/stack/data/venv/lib/python3.12/site-packages/oslo_service/backend/_threading/loopingcall.py:125}}
Aug 12 21:33:25.233567 np0000007121 nova-scheduler[96736]: DEBUG oslo.service.backend._threading.loopingcall [-] Fixed interval looping call 'nova.servicegroup.drivers.db.DbDriver._report_state' sleeping for 119.98 seconds {{(pid=96736) _run_loop /opt/stack/data/venv/lib/python3.12/site-packages/oslo_service/backend/_threading/loopingcall.py:125}}
Aug 12 21:33:25.234849 np0000007121 nova-scheduler[96755]: DEBUG oslo.service.backend._threading.loopingcall [-] Fixed interval looping call 'nova.servicegroup.drivers.db.DbDriver._report_state' sleeping for 119.98 seconds {{(pid=96755) _run_loop /opt/stack/data/venv/lib/python3.12/site-packages/oslo_service/backend/_threading/loopingcall.py:125}}
Aug 12 21:33:25.235455 np0000007121 nova-scheduler[96734]: DEBUG oslo.service.backend._threading.loopingcall [-] Fixed interval looping call 'nova.servicegroup.drivers.db.DbDriver._report_state' sleeping for 119.98 seconds {{(pid=96734) _run_loop /opt/stack/data/venv/lib/python3.12/site-packages/oslo_service/backend/_threading/loopingcall.py:125}}
Aug 12 21:33:28.753370 np0000007121 nova-scheduler[95523]: DEBUG dbcounter [-] [95523] Writing DB stats nova_api:SELECT=3 {{(pid=95523) stat_writer /opt/stack/data/venv/lib/python3.12/site-packages/dbcounter.py:115}}
Aug 12 21:33:28.887222 np0000007121 nova-scheduler[95523]: DEBUG dbcounter [-] [95523] Writing DB stats nova_cell0:SELECT=1 {{(pid=95523) stat_writer /opt/stack/data/venv/lib/python3.12/site-packages/dbcounter.py:115}}
Aug 12 21:33:28.892923 np0000007121 nova-scheduler[95523]: DEBUG dbcounter [-] [95523] Writing DB stats nova_cell1:SELECT=1 {{(pid=95523) stat_writer /opt/stack/data/venv/lib/python3.12/site-packages/dbcounter.py:115}}
Aug 12 21:33:35.221987 np0000007121 nova-scheduler[96732]: DEBUG dbcounter [-] [96732] Writing DB stats nova_cell0:SELECT=5,nova_cell0:INSERT=1,nova_cell0:UPDATE=1 {{(pid=96732) stat_writer /opt/stack/data/venv/lib/python3.12/site-packages/dbcounter.py:115}}
Aug 12 21:33:35.223550 np0000007121 nova-scheduler[96736]: DEBUG dbcounter [-] [96736] Writing DB stats nova_cell0:SELECT=4,nova_cell0:INSERT=1,nova_cell0:UPDATE=1 {{(pid=96736) stat_writer /opt/stack/data/venv/lib/python3.12/site-packages/dbcounter.py:115}}
Aug 12 21:33:35.223958 np0000007121 nova-scheduler[96755]: DEBUG dbcounter [-] [96755] Writing DB stats nova_cell0:SELECT=3,nova_cell0:UPDATE=1 {{(pid=96755) stat_writer /opt/stack/data/venv/lib/python3.12/site-packages/dbcounter.py:115}}
Aug 12 21:33:35.234029 np0000007121 nova-scheduler[96734]: DEBUG dbcounter [-] [96734] Writing DB stats nova_cell0:SELECT=3,nova_cell0:UPDATE=1 {{(pid=96734) stat_writer /opt/stack/data/venv/lib/python3.12/site-packages/dbcounter.py:115}}
Aug 12 21:33:39.213949 np0000007121 nova-scheduler[96732]: DEBUG oslo.service.backend._threading.loopingcall [None req-1cd91c31-6d16-48d4-8796-81e38cb6fb20 None None] Dynamic interval looping call 'nova.service.Service.periodic_tasks' sleeping for 60.00 seconds {{(pid=96732) _run_loop /opt/stack/data/venv/lib/python3.12/site-packages/oslo_service/backend/_threading/loopingcall.py:125}}
Aug 12 21:34:10.214136 np0000007121 nova-scheduler[96736]: DEBUG oslo.service.backend._threading.loopingcall [None req-41561a3a-33a3-452b-bd18-de3ddbd0f953 None None] Dynamic interval looping call 'nova.service.Service.periodic_tasks' sleeping for 60.00 seconds {{(pid=96736) _run_loop /opt/stack/data/venv/lib/python3.12/site-packages/oslo_service/backend/_threading/loopingcall.py:125}}
Aug 12 21:34:19.213895 np0000007121 nova-scheduler[96755]: DEBUG oslo.service.backend._threading.loopingcall [None req-eb211f59-27e6-4499-9602-f4fc4661d134 None None] Dynamic interval looping call 'nova.service.Service.periodic_tasks' sleeping for 60.00 seconds {{(pid=96755) _run_loop /opt/stack/data/venv/lib/python3.12/site-packages/oslo_service/backend/_threading/loopingcall.py:125}}
Aug 12 21:34:19.214913 np0000007121 nova-scheduler[96734]: DEBUG oslo.service.backend._threading.loopingcall [None req-1e7b860f-2542-49bf-8f2c-869e6e762697 None None] Dynamic interval looping call 'nova.service.Service.periodic_tasks' sleeping for 60.00 seconds {{(pid=96734) _run_loop /opt/stack/data/venv/lib/python3.12/site-packages/oslo_service/backend/_threading/loopingcall.py:125}}
Aug 12 21:34:39.214404 np0000007121 nova-scheduler[96732]: DEBUG oslo.service.backend._threading.loopingcall [None req-1cd91c31-6d16-48d4-8796-81e38cb6fb20 None None] Dynamic interval looping call 'nova.service.Service.periodic_tasks' sleeping for 60.00 seconds {{(pid=96732) _run_loop /opt/stack/data/venv/lib/python3.12/site-packages/oslo_service/backend/_threading/loopingcall.py:125}}
Aug 12 21:35:10.214644 np0000007121 nova-scheduler[96736]: DEBUG oslo.service.backend._threading.loopingcall [None req-41561a3a-33a3-452b-bd18-de3ddbd0f953 None None] Dynamic interval looping call 'nova.service.Service.periodic_tasks' sleeping for 60.00 seconds {{(pid=96736) _run_loop /opt/stack/data/venv/lib/python3.12/site-packages/oslo_service/backend/_threading/loopingcall.py:125}}
Aug 12 21:35:19.214431 np0000007121 nova-scheduler[96755]: DEBUG oslo.service.backend._threading.loopingcall [None req-eb211f59-27e6-4499-9602-f4fc4661d134 None None] Dynamic interval looping call 'nova.service.Service.periodic_tasks' sleeping for 60.00 seconds {{(pid=96755) _run_loop /opt/stack/data/venv/lib/python3.12/site-packages/oslo_service/backend/_threading/loopingcall.py:125}}
Aug 12 21:35:19.215434 np0000007121 nova-scheduler[96734]: DEBUG oslo.service.backend._threading.loopingcall [None req-1e7b860f-2542-49bf-8f2c-869e6e762697 None None] Dynamic interval looping call 'nova.service.Service.periodic_tasks' sleeping for 60.00 seconds {{(pid=96734) _run_loop /opt/stack/data/venv/lib/python3.12/site-packages/oslo_service/backend/_threading/loopingcall.py:125}}
Aug 12 21:35:25.224101 np0000007121 nova-scheduler[96732]: DEBUG oslo.service.backend._threading.loopingcall [-] Fixed interval looping call 'nova.servicegroup.drivers.db.DbDriver._report_state' sleeping for 119.99 seconds {{(pid=96732) _run_loop /opt/stack/data/venv/lib/python3.12/site-packages/oslo_service/backend/_threading/loopingcall.py:125}}
Aug 12 21:35:25.224578 np0000007121 nova-scheduler[96736]: DEBUG oslo.service.backend._threading.loopingcall [-] Fixed interval looping call 'nova.servicegroup.drivers.db.DbDriver._report_state' sleeping for 119.99 seconds {{(pid=96736) _run_loop /opt/stack/data/venv/lib/python3.12/site-packages/oslo_service/backend/_threading/loopingcall.py:125}}
Aug 12 21:35:25.224994 np0000007121 nova-scheduler[96755]: DEBUG oslo.service.backend._threading.loopingcall [-] Fixed interval looping call 'nova.servicegroup.drivers.db.DbDriver._report_state' sleeping for 119.99 seconds {{(pid=96755) _run_loop /opt/stack/data/venv/lib/python3.12/site-packages/oslo_service/backend/_threading/loopingcall.py:125}}
Aug 12 21:35:25.225399 np0000007121 nova-scheduler[96734]: DEBUG oslo.service.backend._threading.loopingcall [-] Fixed interval looping call 'nova.servicegroup.drivers.db.DbDriver._report_state' sleeping for 119.99 seconds {{(pid=96734) _run_loop /opt/stack/data/venv/lib/python3.12/site-packages/oslo_service/backend/_threading/loopingcall.py:125}}
Aug 12 21:35:35.216709 np0000007121 nova-scheduler[96732]: DEBUG dbcounter [-] [96732] Writing DB stats nova_cell0:SELECT=1,nova_cell0:UPDATE=1 {{(pid=96732) stat_writer /opt/stack/data/venv/lib/python3.12/site-packages/dbcounter.py:115}}
Aug 12 21:35:35.217101 np0000007121 nova-scheduler[96736]: DEBUG dbcounter [-] [96736] Writing DB stats nova_cell0:SELECT=1,nova_cell0:UPDATE=1 {{(pid=96736) stat_writer /opt/stack/data/venv/lib/python3.12/site-packages/dbcounter.py:115}}
Aug 12 21:35:35.218221 np0000007121 nova-scheduler[96755]: DEBUG dbcounter [-] [96755] Writing DB stats nova_cell0:SELECT=1,nova_cell0:UPDATE=1 {{(pid=96755) stat_writer /opt/stack/data/venv/lib/python3.12/site-packages/dbcounter.py:115}}
Aug 12 21:35:35.220273 np0000007121 nova-scheduler[96734]: DEBUG dbcounter [-] [96734] Writing DB stats nova_cell0:SELECT=1,nova_cell0:UPDATE=1 {{(pid=96734) stat_writer /opt/stack/data/venv/lib/python3.12/site-packages/dbcounter.py:115}}
Aug 12 21:35:39.215096 np0000007121 nova-scheduler[96732]: DEBUG oslo.service.backend._threading.loopingcall [None req-1cd91c31-6d16-48d4-8796-81e38cb6fb20 None None] Dynamic interval looping call 'nova.service.Service.periodic_tasks' sleeping for 60.00 seconds {{(pid=96732) _run_loop /opt/stack/data/venv/lib/python3.12/site-packages/oslo_service/backend/_threading/loopingcall.py:125}}
Aug 12 21:35:48.382130 np0000007121 nova-scheduler[96732]: DEBUG nova.scheduler.manager [None req-252fed55-6adf-45cb-8cac-ee228d918893 tempest-ServerBootFromVolumeStableRescueTest-2040656835 tempest-ServerBootFromVolumeStableRescueTest-2040656835-project-member] Starting to schedule for instances: ['3b8aa780-c02d-4a32-b24f-4fa927b11261'] {{(pid=96732) select_destinations /opt/stack/nova/nova/scheduler/manager.py:209}}
Aug 12 21:35:48.383474 np0000007121 nova-scheduler[96732]: DEBUG nova.scheduler.request_filter [None req-252fed55-6adf-45cb-8cac-ee228d918893 tempest-ServerBootFromVolumeStableRescueTest-2040656835 tempest-ServerBootFromVolumeStableRescueTest-2040656835-project-member] compute_status_filter request filter added forbidden trait COMPUTE_STATUS_DISABLED {{(pid=96732) compute_status_filter /opt/stack/nova/nova/scheduler/request_filter.py:253}}
Aug 12 21:35:48.383474 np0000007121 nova-scheduler[96732]: DEBUG nova.scheduler.request_filter [None req-252fed55-6adf-45cb-8cac-ee228d918893 tempest-ServerBootFromVolumeStableRescueTest-2040656835 tempest-ServerBootFromVolumeStableRescueTest-2040656835-project-member] Request filter 'compute_status_filter' took 0.0 seconds {{(pid=96732) wrapper /opt/stack/nova/nova/scheduler/request_filter.py:46}}
Aug 12 21:35:48.383474 np0000007121 nova-scheduler[96732]: DEBUG nova.scheduler.request_filter [None req-252fed55-6adf-45cb-8cac-ee228d918893 tempest-ServerBootFromVolumeStableRescueTest-2040656835 tempest-ServerBootFromVolumeStableRescueTest-2040656835-project-member] Request filter 'accelerators_filter' took 0.0 seconds {{(pid=96732) wrapper /opt/stack/nova/nova/scheduler/request_filter.py:46}}
Aug 12 21:35:48.383642 np0000007121 nova-scheduler[96732]: DEBUG nova.scheduler.request_filter [None req-252fed55-6adf-45cb-8cac-ee228d918893 tempest-ServerBootFromVolumeStableRescueTest-2040656835 tempest-ServerBootFromVolumeStableRescueTest-2040656835-project-member] Request filter 'packed_virtqueue_filter' took 0.0 seconds {{(pid=96732) wrapper /opt/stack/nova/nova/scheduler/request_filter.py:46}}
Aug 12 21:35:48.384205 np0000007121 nova-scheduler[96732]: DEBUG nova.scheduler.request_filter [None req-252fed55-6adf-45cb-8cac-ee228d918893 tempest-ServerBootFromVolumeStableRescueTest-2040656835 tempest-ServerBootFromVolumeStableRescueTest-2040656835-project-member] Request filter 'remote_managed_ports_filter' took 0.0 seconds {{(pid=96732) wrapper /opt/stack/nova/nova/scheduler/request_filter.py:46}}
Aug 12 21:35:48.384205 np0000007121 nova-scheduler[96732]: DEBUG nova.scheduler.request_filter [None req-252fed55-6adf-45cb-8cac-ee228d918893 tempest-ServerBootFromVolumeStableRescueTest-2040656835 tempest-ServerBootFromVolumeStableRescueTest-2040656835-project-member] ephemeral_encryption_filter skipped {{(pid=96732) ephemeral_encryption_filter /opt/stack/nova/nova/scheduler/request_filter.py:426}}
Aug 12 21:35:48.384458 np0000007121 nova-scheduler[96732]: DEBUG nova.scheduler.request_filter [None req-252fed55-6adf-45cb-8cac-ee228d918893 tempest-ServerBootFromVolumeStableRescueTest-2040656835 tempest-ServerBootFromVolumeStableRescueTest-2040656835-project-member] virtio_sound_filter skipped {{(pid=96732) virtio_sound_filter /opt/stack/nova/nova/scheduler/request_filter.py:460}}
Aug 12 21:35:48.385152 np0000007121 nova-scheduler[96732]: DEBUG nova.scheduler.request_filter [None req-252fed55-6adf-45cb-8cac-ee228d918893 tempest-ServerBootFromVolumeStableRescueTest-2040656835 tempest-ServerBootFromVolumeStableRescueTest-2040656835-project-member] tpm_secret_security_filter skipped {{(pid=96732) tpm_secret_security_filter /opt/stack/nova/nova/scheduler/request_filter.py:477}}
Aug 12 21:35:48.816643 np0000007121 nova-scheduler[96755]: DEBUG nova.scheduler.manager [None req-ada7ea75-b91b-4e27-a504-a808d96abba2 tempest-ServerActionsTestOtherB-1740552950 tempest-ServerActionsTestOtherB-1740552950-project-member] Starting to schedule for instances: ['ee8737ab-8cdf-4eba-bfc3-fab5c7bd0517'] {{(pid=96755) select_destinations /opt/stack/nova/nova/scheduler/manager.py:209}}
Aug 12 21:35:48.816643 np0000007121 nova-scheduler[96755]: DEBUG nova.scheduler.request_filter [None req-ada7ea75-b91b-4e27-a504-a808d96abba2 tempest-ServerActionsTestOtherB-1740552950 tempest-ServerActionsTestOtherB-1740552950-project-member] compute_status_filter request filter added forbidden trait COMPUTE_STATUS_DISABLED {{(pid=96755) compute_status_filter /opt/stack/nova/nova/scheduler/request_filter.py:253}}
Aug 12 21:35:48.816643 np0000007121 nova-scheduler[96755]: DEBUG nova.scheduler.request_filter [None req-ada7ea75-b91b-4e27-a504-a808d96abba2 tempest-ServerActionsTestOtherB-1740552950 tempest-ServerActionsTestOtherB-1740552950-project-member] Request filter 'compute_status_filter' took 0.0 seconds {{(pid=96755) wrapper /opt/stack/nova/nova/scheduler/request_filter.py:46}}
Aug 12 21:35:48.816643 np0000007121 nova-scheduler[96755]: DEBUG nova.scheduler.request_filter [None req-ada7ea75-b91b-4e27-a504-a808d96abba2 tempest-ServerActionsTestOtherB-1740552950 tempest-ServerActionsTestOtherB-1740552950-project-member] Request filter 'accelerators_filter' took 0.0 seconds {{(pid=96755) wrapper /opt/stack/nova/nova/scheduler/request_filter.py:46}}
Aug 12 21:35:48.816643 np0000007121 nova-scheduler[96755]: DEBUG nova.scheduler.request_filter [None req-ada7ea75-b91b-4e27-a504-a808d96abba2 tempest-ServerActionsTestOtherB-1740552950 tempest-ServerActionsTestOtherB-1740552950-project-member] Request filter 'packed_virtqueue_filter' took 0.0 seconds {{(pid=96755) wrapper /opt/stack/nova/nova/scheduler/request_filter.py:46}}
Aug 12 21:35:48.817402 np0000007121 nova-scheduler[96755]: DEBUG nova.scheduler.request_filter [None req-ada7ea75-b91b-4e27-a504-a808d96abba2 tempest-ServerActionsTestOtherB-1740552950 tempest-ServerActionsTestOtherB-1740552950-project-member] Request filter 'remote_managed_ports_filter' took 0.0 seconds {{(pid=96755) wrapper /opt/stack/nova/nova/scheduler/request_filter.py:46}}
Aug 12 21:35:48.817795 np0000007121 nova-scheduler[96755]: DEBUG nova.scheduler.request_filter [None req-ada7ea75-b91b-4e27-a504-a808d96abba2 tempest-ServerActionsTestOtherB-1740552950 tempest-ServerActionsTestOtherB-1740552950-project-member] ephemeral_encryption_filter skipped {{(pid=96755) ephemeral_encryption_filter /opt/stack/nova/nova/scheduler/request_filter.py:426}}
Aug 12 21:35:48.818134 np0000007121 nova-scheduler[96755]: DEBUG nova.scheduler.request_filter [None req-ada7ea75-b91b-4e27-a504-a808d96abba2 tempest-ServerActionsTestOtherB-1740552950 tempest-ServerActionsTestOtherB-1740552950-project-member] virtio_sound_filter skipped {{(pid=96755) virtio_sound_filter /opt/stack/nova/nova/scheduler/request_filter.py:460}}
Aug 12 21:35:48.818329 np0000007121 nova-scheduler[96755]: DEBUG nova.scheduler.request_filter [None req-ada7ea75-b91b-4e27-a504-a808d96abba2 tempest-ServerActionsTestOtherB-1740552950 tempest-ServerActionsTestOtherB-1740552950-project-member] tpm_secret_security_filter skipped {{(pid=96755) tpm_secret_security_filter /opt/stack/nova/nova/scheduler/request_filter.py:477}}
Aug 12 21:35:48.988727 np0000007121 nova-scheduler[96732]: INFO nova.utils [None req-252fed55-6adf-45cb-8cac-ee228d918893 tempest-ServerBootFromVolumeStableRescueTest-2040656835 tempest-ServerBootFromVolumeStableRescueTest-2040656835-project-member] The cell worker thread pool ForkProcess-1.cell_worker is initialized
Aug 12 21:35:48.988727 np0000007121 nova-scheduler[96732]: DEBUG oslo_concurrency.lockutils [None req-252fed55-6adf-45cb-8cac-ee228d918893 tempest-ServerBootFromVolumeStableRescueTest-2040656835 tempest-ServerBootFromVolumeStableRescueTest-2040656835-project-member] Acquiring lock "7dadd08a-c102-4ea7-a20d-f0c58e046711" by "nova.context.set_target_cell..get_or_set_cached_cell_and_set_connections" {{(pid=96732) inner /opt/stack/data/venv/lib/python3.12/site-packages/oslo_concurrency/lockutils.py:512}}
