Jul 07 14:22:15.623487 np0000004727 devstack@g-api.service[99491]: DEBUG glance_store.location [-] Registering scheme swift with {'store': , 'location_class': , 'store_entry': 'swift'} {{(pid=99491) register_scheme_map /opt/stack/data/venv/lib/python3.12/site-packages/glance_store/location.py:146}}
Jul 07 14:22:15.623517 np0000004727 devstack@g-api.service[99490]: DEBUG glance_store.location [-] Registering scheme swift+https with {'store': , 'location_class': , 'store_entry': 'swift'} {{(pid=99490) register_scheme_map /opt/stack/data/venv/lib/python3.12/site-packages/glance_store/location.py:146}}
Jul 07 14:22:15.623540 np0000004727 devstack@g-api.service[99491]: DEBUG glance_store.location [-] Registering scheme swift+http with {'store': , 'location_class': , 'store_entry': 'swift'} {{(pid=99491) register_scheme_map /opt/stack/data/venv/lib/python3.12/site-packages/glance_store/location.py:146}}
Jul 07 14:22:15.623572 np0000004727 devstack@g-api.service[99490]: DEBUG glance_store.location [-] Registering scheme swift with {'store': , 'location_class': , 'store_entry': 'swift'} {{(pid=99490) register_scheme_map /opt/stack/data/venv/lib/python3.12/site-packages/glance_store/location.py:146}}
Jul 07 14:22:15.623612 np0000004727 devstack@g-api.service[99491]: DEBUG glance_store.location [-] Registering scheme swift+config with {'store': , 'location_class': , 'store_entry': 'swift'} {{(pid=99491) register_scheme_map /opt/stack/data/venv/lib/python3.12/site-packages/glance_store/location.py:146}}
Jul 07 14:22:15.623643 np0000004727 devstack@g-api.service[99490]: DEBUG glance_store.location [-] Registering scheme swift+http with {'store': , 'location_class': , 'store_entry': 'swift'} {{(pid=99490) register_scheme_map /opt/stack/data/venv/lib/python3.12/site-packages/glance_store/location.py:146}}
Jul 07 14:22:15.623643 np0000004727 devstack@g-api.service[99490]: DEBUG glance_store.location [-] Registering scheme swift+https with {'store': , 'location_class': , 'store_entry': 'swift'} {{(pid=99490) register_scheme_map /opt/stack/data/venv/lib/python3.12/site-packages/glance_store/location.py:146}}
Jul 07 14:22:15.623686 np0000004727 devstack@g-api.service[99491]: DEBUG glance_store.backend [-] Attempting to import store swift {{(pid=99491) _load_store /opt/stack/data/venv/lib/python3.12/site-packages/glance_store/backend.py:215}}
Jul 07 14:22:15.623706 np0000004727 devstack@g-api.service[99490]: DEBUG glance_store.location [-] Registering scheme swift with {'store': , 'location_class': , 'store_entry': 'swift'} {{(pid=99490) register_scheme_map /opt/stack/data/venv/lib/python3.12/site-packages/glance_store/location.py:146}}
Jul 07 14:22:15.623706 np0000004727 devstack@g-api.service[99490]: DEBUG glance_store.location [-] Registering scheme swift+http with {'store': , 'location_class': , 'store_entry': 'swift'} {{(pid=99490) register_scheme_map /opt/stack/data/venv/lib/python3.12/site-packages/glance_store/location.py:146}}
Jul 07 14:22:15.623750 np0000004727 devstack@g-api.service[99490]: DEBUG glance_store.location [-] Registering scheme swift+config with {'store': , 'location_class': , 'store_entry': 'swift'} {{(pid=99490) register_scheme_map /opt/stack/data/venv/lib/python3.12/site-packages/glance_store/location.py:146}}
Jul 07 14:22:15.624024 np0000004727 devstack@g-api.service[99490]: DEBUG glance.sqlite_migration [-] SQLite caching database not located, skipping migration {{(pid=99490) get_db_path /opt/stack/glance/glance/sqlite_migration.py:68}}
Jul 07 14:22:15.624152 np0000004727 devstack@g-api.service[99490]: WARNING glance.common.wsgi_app [-] Import methods are enabled but staging directory /tmp/staging/ does not exist; Imports will fail!
Jul 07 14:22:15.624544 np0000004727 devstack@g-api.service[99491]: DEBUG glance_store.capabilities [-] Store glance_store._drivers.swift.store.SingleTenantStore doesn't support updating dynamic storage capabilities. Please overwrite 'update_capabilities' method of the store to implement updating logics if needed. {{(pid=99491) update_capabilities /opt/stack/data/venv/lib/python3.12/site-packages/glance_store/capabilities.py:91}}
Jul 07 14:22:15.624611 np0000004727 devstack@g-api.service[99491]: DEBUG glance_store.driver [-] Late loading location class glance_store._drivers.swift.store.StoreLocation {{(pid=99491) get_store_location_class /opt/stack/data/venv/lib/python3.12/site-packages/glance_store/driver.py:134}}
Jul 07 14:22:15.624664 np0000004727 devstack@g-api.service[99491]: DEBUG glance_store.location [-] Registering scheme swift+https with {'store': , 'location_class': , 'store_entry': 'swift'} {{(pid=99491) register_scheme_map /opt/stack/data/venv/lib/python3.12/site-packages/glance_store/location.py:146}}
Jul 07 14:22:15.624731 np0000004727 devstack@g-api.service[99491]: DEBUG glance_store.location [-] Registering scheme swift+https with {'store': , 'location_class': , 'store_entry': 'swift'} {{(pid=99491) register_scheme_map /opt/stack/data/venv/lib/python3.12/site-packages/glance_store/location.py:146}}
Jul 07 14:22:15.624731 np0000004727 devstack@g-api.service[99491]: DEBUG glance_store.location [-] Registering scheme swift with {'store': , 'location_class': , 'store_entry': 'swift'} {{(pid=99491) register_scheme_map /opt/stack/data/venv/lib/python3.12/site-packages/glance_store/location.py:146}}
Jul 07 14:22:15.624875 np0000004727 devstack@g-api.service[99491]: DEBUG glance_store.location [-] Registering scheme swift+https with {'store': , 'location_class': , 'store_entry': 'swift'} {{(pid=99491) register_scheme_map /opt/stack/data/venv/lib/python3.12/site-packages/glance_store/location.py:146}}
Jul 07 14:22:15.624875 np0000004727 devstack@g-api.service[99491]: DEBUG glance_store.location [-] Registering scheme swift with {'store': , 'location_class': , 'store_entry': 'swift'} {{(pid=99491) register_scheme_map /opt/stack/data/venv/lib/python3.12/site-packages/glance_store/location.py:146}}
Jul 07 14:22:15.624875 np0000004727 devstack@g-api.service[99491]: DEBUG glance_store.location [-] Registering scheme swift+http with {'store': , 'location_class': , 'store_entry': 'swift'} {{(pid=99491) register_scheme_map /opt/stack/data/venv/lib/python3.12/site-packages/glance_store/location.py:146}}
Jul 07 14:22:15.625034 np0000004727 devstack@g-api.service[99491]: DEBUG glance_store.location [-] Registering scheme swift+https with {'store': , 'location_class': , 'store_entry': 'swift'} {{(pid=99491) register_scheme_map /opt/stack/data/venv/lib/python3.12/site-packages/glance_store/location.py:146}}
Jul 07 14:22:15.625034 np0000004727 devstack@g-api.service[99491]: DEBUG glance_store.location [-] Registering scheme swift with {'store': , 'location_class': , 'store_entry': 'swift'} {{(pid=99491) register_scheme_map /opt/stack/data/venv/lib/python3.12/site-packages/glance_store/location.py:146}}
Jul 07 14:22:15.625034 np0000004727 devstack@g-api.service[99491]: DEBUG glance_store.location [-] Registering scheme swift+http with {'store': , 'location_class': , 'store_entry': 'swift'} {{(pid=99491) register_scheme_map /opt/stack/data/venv/lib/python3.12/site-packages/glance_store/location.py:146}}
Jul 07 14:22:15.625034 np0000004727 devstack@g-api.service[99491]: DEBUG glance_store.location [-] Registering scheme swift+config with {'store': , 'location_class': , 'store_entry': 'swift'} {{(pid=99491) register_scheme_map /opt/stack/data/venv/lib/python3.12/site-packages/glance_store/location.py:146}}
Jul 07 14:22:15.625337 np0000004727 devstack@g-api.service[99491]: DEBUG glance.sqlite_migration [-] SQLite caching database not located, skipping migration {{(pid=99491) get_db_path /opt/stack/glance/glance/sqlite_migration.py:68}}
Jul 07 14:22:15.625490 np0000004727 devstack@g-api.service[99491]: WARNING glance.common.wsgi_app [-] Import methods are enabled but staging directory /tmp/staging/ does not exist; Imports will fail!
Jul 07 14:22:15.635741 np0000004727 devstack@g-api.service[99492]: DEBUG glance.common.config [None req-76212a0c-b8dc-47e8-a4ba-5073c320f383 None None] Loading glance-api-keystone+cachemanagement from /etc/glance/glance-api-paste.ini {{(pid=99492) load_paste_app /opt/stack/glance/glance/common/config.py:765}}
Jul 07 14:22:15.756170 np0000004727 devstack@g-api.service[99491]: DEBUG glance.common.config [None req-2f2e9274-5f2a-4d58-be0d-43b43bd00f41 None None] Loading glance-api-keystone+cachemanagement from /etc/glance/glance-api-paste.ini {{(pid=99491) load_paste_app /opt/stack/glance/glance/common/config.py:765}}
Jul 07 14:22:15.764397 np0000004727 devstack@g-api.service[99490]: DEBUG glance.common.config [None req-0860d285-e039-40a3-9811-ae0b9d7edf25 None None] Loading glance-api-keystone+cachemanagement from /etc/glance/glance-api-paste.ini {{(pid=99490) load_paste_app /opt/stack/glance/glance/common/config.py:765}}
Jul 07 14:22:16.235345 np0000004727 devstack@g-api.service[99492]: INFO glance.image_cache [None req-76212a0c-b8dc-47e8-a4ba-5073c320f383 None None] Image cache loaded driver 'centralized_db'.
Jul 07 14:22:16.248944 np0000004727 devstack@g-api.service[99491]: INFO glance.image_cache [None req-2f2e9274-5f2a-4d58-be0d-43b43bd00f41 None None] Image cache loaded driver 'centralized_db'.
Jul 07 14:22:16.279213 np0000004727 devstack@g-api.service[99492]: INFO dbcounter [None req-76212a0c-b8dc-47e8-a4ba-5073c320f383 None None] Registered counter for database glance
Jul 07 14:22:16.292090 np0000004727 devstack@g-api.service[99491]: INFO dbcounter [None req-2f2e9274-5f2a-4d58-be0d-43b43bd00f41 None None] Registered counter for database glance
Jul 07 14:22:16.318307 np0000004727 devstack@g-api.service[99492]: DEBUG oslo_db.sqlalchemy.engines [None req-76212a0c-b8dc-47e8-a4ba-5073c320f383 None None] MySQL server mode set to STRICT_TRANS_TABLES,STRICT_ALL_TABLES,NO_ZERO_IN_DATE,NO_ZERO_DATE,ERROR_FOR_DIVISION_BY_ZERO,TRADITIONAL,NO_ENGINE_SUBSTITUTION {{(pid=99492) _check_effective_sql_mode /opt/stack/data/venv/lib/python3.12/site-packages/oslo_db/sqlalchemy/engines.py:325}}
Jul 07 14:22:16.328168 np0000004727 devstack@g-api.service[99490]: INFO glance.image_cache [None req-0860d285-e039-40a3-9811-ae0b9d7edf25 None None] Image cache loaded driver 'centralized_db'.
Jul 07 14:22:16.331640 np0000004727 devstack@g-api.service[99491]: DEBUG oslo_db.sqlalchemy.engines [None req-2f2e9274-5f2a-4d58-be0d-43b43bd00f41 None None] MySQL server mode set to STRICT_TRANS_TABLES,STRICT_ALL_TABLES,NO_ZERO_IN_DATE,NO_ZERO_DATE,ERROR_FOR_DIVISION_BY_ZERO,TRADITIONAL,NO_ENGINE_SUBSTITUTION {{(pid=99491) _check_effective_sql_mode /opt/stack/data/venv/lib/python3.12/site-packages/oslo_db/sqlalchemy/engines.py:325}}
Jul 07 14:22:16.340087 np0000004727 devstack@g-api.service[99492]: DEBUG dbcounter [-] [99492] Writer thread running {{(pid=99492) stat_writer /opt/stack/data/venv/lib/python3.12/site-packages/dbcounter.py:102}}
Jul 07 14:22:16.352864 np0000004727 devstack@g-api.service[99492]: INFO glance.image_cache [None req-76212a0c-b8dc-47e8-a4ba-5073c320f383 None None] Image cache loaded driver 'centralized_db'.
Jul 07 14:22:16.355003 np0000004727 devstack@g-api.service[99491]: DEBUG dbcounter [-] [99491] Writer thread running {{(pid=99491) stat_writer /opt/stack/data/venv/lib/python3.12/site-packages/dbcounter.py:102}}
Jul 07 14:22:16.358327 np0000004727 devstack@g-api.service[99491]: DEBUG glance.image_cache.drivers.centralized_db [None req-2f2e9274-5f2a-4d58-be0d-43b43bd00f41 None None] Node reference is already recorded, ignoring it {{(pid=99491) configure /opt/stack/glance/glance/image_cache/drivers/centralized_db.py:71}}
Jul 07 14:22:16.365360 np0000004727 devstack@g-api.service[99491]: INFO glance.image_cache [None req-2f2e9274-5f2a-4d58-be0d-43b43bd00f41 None None] Image cache loaded driver 'centralized_db'.
Jul 07 14:22:16.375116 np0000004727 devstack@g-api.service[99490]: INFO dbcounter [None req-0860d285-e039-40a3-9811-ae0b9d7edf25 None None] Registered counter for database glance
Jul 07 14:22:16.417649 np0000004727 devstack@g-api.service[99490]: DEBUG oslo_db.sqlalchemy.engines [None req-0860d285-e039-40a3-9811-ae0b9d7edf25 None None] MySQL server mode set to STRICT_TRANS_TABLES,STRICT_ALL_TABLES,NO_ZERO_IN_DATE,NO_ZERO_DATE,ERROR_FOR_DIVISION_BY_ZERO,TRADITIONAL,NO_ENGINE_SUBSTITUTION {{(pid=99490) _check_effective_sql_mode /opt/stack/data/venv/lib/python3.12/site-packages/oslo_db/sqlalchemy/engines.py:325}}
Jul 07 14:22:16.440897 np0000004727 devstack@g-api.service[99490]: DEBUG dbcounter [-] [99490] Writer thread running {{(pid=99490) stat_writer /opt/stack/data/venv/lib/python3.12/site-packages/dbcounter.py:102}}
Jul 07 14:22:16.444353 np0000004727 devstack@g-api.service[99490]: DEBUG glance.image_cache.drivers.centralized_db [None req-0860d285-e039-40a3-9811-ae0b9d7edf25 None None] Node reference is already recorded, ignoring it {{(pid=99490) configure /opt/stack/glance/glance/image_cache/drivers/centralized_db.py:71}}
Jul 07 14:22:16.451093 np0000004727 devstack@g-api.service[99490]: INFO glance.image_cache [None req-0860d285-e039-40a3-9811-ae0b9d7edf25 None None] Image cache loaded driver 'centralized_db'.
Jul 07 14:22:16.454047 np0000004727 devstack@g-api.service[99492]: DEBUG glance.image_cache.drivers.centralized_db [None req-76212a0c-b8dc-47e8-a4ba-5073c320f383 None None] Node reference is already recorded, ignoring it {{(pid=99492) configure /opt/stack/glance/glance/image_cache/drivers/centralized_db.py:71}}
Jul 07 14:22:16.458855 np0000004727 devstack@g-api.service[99492]: DEBUG glance.api.v2.cached_images [None req-76212a0c-b8dc-47e8-a4ba-5073c320f383 None None] Started cache worker thread {{(pid=99492) __init__ /opt/stack/glance/glance/api/v2/cached_images.py:71}}
Jul 07 14:22:16.459525 np0000004727 devstack@g-api.service[99492]: INFO glance.image_cache [None req-76212a0c-b8dc-47e8-a4ba-5073c320f383 None None] Image cache loaded driver 'centralized_db'.
Jul 07 14:22:16.466691 np0000004727 devstack@g-api.service[99492]: DEBUG glance.image_cache.drivers.centralized_db [None req-76212a0c-b8dc-47e8-a4ba-5073c320f383 None None] Node reference is already recorded, ignoring it {{(pid=99492) configure /opt/stack/glance/glance/image_cache/drivers/centralized_db.py:71}}
Jul 07 14:22:16.470858 np0000004727 devstack@g-api.service[99491]: DEBUG glance.image_cache.drivers.centralized_db [None req-2f2e9274-5f2a-4d58-be0d-43b43bd00f41 None None] Node reference is already recorded, ignoring it {{(pid=99491) configure /opt/stack/glance/glance/image_cache/drivers/centralized_db.py:71}}
Jul 07 14:22:16.472143 np0000004727 devstack@g-api.service[99492]: INFO glance.api.middleware.cache_manage [None req-76212a0c-b8dc-47e8-a4ba-5073c320f383 None None] Initialized image cache management middleware
Jul 07 14:22:16.472346 np0000004727 devstack@g-api.service[99492]: INFO glance.image_cache [None req-76212a0c-b8dc-47e8-a4ba-5073c320f383 None None] Image cache loaded driver 'centralized_db'.
Jul 07 14:22:16.475563 np0000004727 devstack@g-api.service[99491]: DEBUG glance.api.v2.cached_images [None req-2f2e9274-5f2a-4d58-be0d-43b43bd00f41 None None] Started cache worker thread {{(pid=99491) __init__ /opt/stack/glance/glance/api/v2/cached_images.py:71}}
Jul 07 14:22:16.476282 np0000004727 devstack@g-api.service[99491]: INFO glance.image_cache [None req-2f2e9274-5f2a-4d58-be0d-43b43bd00f41 None None] Image cache loaded driver 'centralized_db'.
Jul 07 14:22:16.478907 np0000004727 devstack@g-api.service[99492]: DEBUG glance.image_cache.drivers.centralized_db [None req-76212a0c-b8dc-47e8-a4ba-5073c320f383 None None] Node reference is already recorded, ignoring it {{(pid=99492) configure /opt/stack/glance/glance/image_cache/drivers/centralized_db.py:71}}
Jul 07 14:22:16.482862 np0000004727 devstack@g-api.service[99492]: INFO glance.api.middleware.cache [None req-76212a0c-b8dc-47e8-a4ba-5073c320f383 None None] Initialized image cache middleware
Jul 07 14:22:16.483413 np0000004727 devstack@g-api.service[99491]: DEBUG glance.image_cache.drivers.centralized_db [None req-2f2e9274-5f2a-4d58-be0d-43b43bd00f41 None None] Node reference is already recorded, ignoring it {{(pid=99491) configure /opt/stack/glance/glance/image_cache/drivers/centralized_db.py:71}}
Jul 07 14:22:16.488115 np0000004727 devstack@g-api.service[99491]: INFO glance.api.middleware.cache_manage [None req-2f2e9274-5f2a-4d58-be0d-43b43bd00f41 None None] Initialized image cache management middleware
Jul 07 14:22:16.488246 np0000004727 devstack@g-api.service[99491]: INFO glance.image_cache [None req-2f2e9274-5f2a-4d58-be0d-43b43bd00f41 None None] Image cache loaded driver 'centralized_db'.
Jul 07 14:22:16.495375 np0000004727 devstack@g-api.service[99492]: DEBUG glance.common.config [None req-76212a0c-b8dc-47e8-a4ba-5073c320f383 None None] ******************************************************************************** {{(pid=99492) log_opt_values /opt/stack/data/venv/lib/python3.12/site-packages/oslo_config/cfg.py:3226}}
Jul 07 14:22:16.495503 np0000004727 devstack@g-api.service[99492]: DEBUG glance.common.config [None req-76212a0c-b8dc-47e8-a4ba-5073c320f383 None None] Configuration options gathered from: {{(pid=99492) log_opt_values /opt/stack/data/venv/lib/python3.12/site-packages/oslo_config/cfg.py:3227}}
Jul 07 14:22:16.495659 np0000004727 devstack@g-api.service[99491]: DEBUG glance.image_cache.drivers.centralized_db [None req-2f2e9274-5f2a-4d58-be0d-43b43bd00f41 None None] Node reference is already recorded, ignoring it {{(pid=99491) configure /opt/stack/glance/glance/image_cache/drivers/centralized_db.py:71}}
Jul 07 14:22:16.495859 np0000004727 devstack@g-api.service[99492]: DEBUG glance.common.config [None req-76212a0c-b8dc-47e8-a4ba-5073c320f383 None None] command line args: [] {{(pid=99492) log_opt_values /opt/stack/data/venv/lib/python3.12/site-packages/oslo_config/cfg.py:3228}}
Jul 07 14:22:16.496034 np0000004727 devstack@g-api.service[99492]: DEBUG glance.common.config [None req-76212a0c-b8dc-47e8-a4ba-5073c320f383 None None] config files: ['/etc/glance/glance-image-import.conf', '/etc/glance/glance-api.conf'] {{(pid=99492) log_opt_values /opt/stack/data/venv/lib/python3.12/site-packages/oslo_config/cfg.py:3229}}
Jul 07 14:22:16.496132 np0000004727 devstack@g-api.service[99492]: DEBUG glance.common.config [None req-76212a0c-b8dc-47e8-a4ba-5073c320f383 None None] ================================================================================ {{(pid=99492) log_opt_values /opt/stack/data/venv/lib/python3.12/site-packages/oslo_config/cfg.py:3234}}
Jul 07 14:22:16.496309 np0000004727 devstack@g-api.service[99492]: DEBUG glance.common.config [None req-76212a0c-b8dc-47e8-a4ba-5073c320f383 None None] allow_anonymous_access = False {{(pid=99492) log_opt_values /opt/stack/data/venv/lib/python3.12/site-packages/oslo_config/cfg.py:3242}}
Jul 07 14:22:16.496458 np0000004727 devstack@g-api.service[99492]: DEBUG glance.common.config [None req-76212a0c-b8dc-47e8-a4ba-5073c320f383 None None] api_limit_max = 1000 {{(pid=99492) log_opt_values /opt/stack/data/venv/lib/python3.12/site-packages/oslo_config/cfg.py:3242}}
Jul 07 14:22:16.496585 np0000004727 devstack@g-api.service[99492]: DEBUG glance.common.config [None req-76212a0c-b8dc-47e8-a4ba-5073c320f383 None None] config_dir = [] {{(pid=99492) log_opt_values /opt/stack/data/venv/lib/python3.12/site-packages/oslo_config/cfg.py:3242}}
Jul 07 14:22:16.496677 np0000004727 devstack@g-api.service[99492]: DEBUG glance.common.config [None req-76212a0c-b8dc-47e8-a4ba-5073c320f383 None None] config_file = ['/etc/glance/glance-image-import.conf', '/etc/glance/glance-api.conf'] {{(pid=99492) log_opt_values /opt/stack/data/venv/lib/python3.12/site-packages/oslo_config/cfg.py:3242}}
Jul 07 14:22:16.496802 np0000004727 devstack@g-api.service[99492]: DEBUG glance.common.config [None req-76212a0c-b8dc-47e8-a4ba-5073c320f383 None None] config_source = [] {{(pid=99492) log_opt_values /opt/stack/data/venv/lib/python3.12/site-packages/oslo_config/cfg.py:3242}}
Jul 07 14:22:16.496937 np0000004727 devstack@g-api.service[99492]: DEBUG glance.common.config [None req-76212a0c-b8dc-47e8-a4ba-5073c320f383 None None] control_exchange = glance {{(pid=99492) log_opt_values /opt/stack/data/venv/lib/python3.12/site-packages/oslo_config/cfg.py:3242}}
Jul 07 14:22:16.497039 np0000004727 devstack@g-api.service[99492]: DEBUG glance.common.config [None req-76212a0c-b8dc-47e8-a4ba-5073c320f383 None None] debug = True {{(pid=99492) log_opt_values /opt/stack/data/venv/lib/python3.12/site-packages/oslo_config/cfg.py:3242}}
Jul 07 14:22:16.497293 np0000004727 devstack@g-api.service[99492]: DEBUG glance.common.config [None req-76212a0c-b8dc-47e8-a4ba-5073c320f383 None None] default_log_levels = ['amqp=WARN', 'boto=WARN', 'sqlalchemy=WARN', 'suds=INFO', 'oslo.messaging=INFO', 'oslo_messaging=INFO', 'iso8601=WARN', 'requests.packages.urllib3.connectionpool=WARN', 'urllib3.connectionpool=WARN', 'websocket=WARN', 'requests.packages.urllib3.util.retry=WARN', 'urllib3.util.retry=WARN', 'keystonemiddleware=WARN', 'routes.middleware=WARN', 'stevedore=WARN', 'taskflow=WARN', 'keystoneauth=WARN', 'oslo.cache=INFO', 'oslo_policy=INFO', 'dogpile.core.dogpile=INFO'] {{(pid=99492) log_opt_values /opt/stack/data/venv/lib/python3.12/site-packages/oslo_config/cfg.py:3242}}
Jul 07 14:22:16.497463 np0000004727 devstack@g-api.service[99492]: DEBUG glance.common.config [None req-76212a0c-b8dc-47e8-a4ba-5073c320f383 None None] default_publisher_id = image.localhost {{(pid=99492) log_opt_values /opt/stack/data/venv/lib/python3.12/site-packages/oslo_config/cfg.py:3242}}
Jul 07 14:22:16.497555 np0000004727 devstack@g-api.service[99492]: DEBUG glance.common.config [None req-76212a0c-b8dc-47e8-a4ba-5073c320f383 None None] delayed_delete = False {{(pid=99492) log_opt_values /opt/stack/data/venv/lib/python3.12/site-packages/oslo_config/cfg.py:3242}}
Jul 07 14:22:16.497683 np0000004727 devstack@g-api.service[99492]: DEBUG glance.common.config [None req-76212a0c-b8dc-47e8-a4ba-5073c320f383 None None] digest_algorithm = sha256 {{(pid=99492) log_opt_values /opt/stack/data/venv/lib/python3.12/site-packages/oslo_config/cfg.py:3242}}
Jul 07 14:22:16.497809 np0000004727 devstack@g-api.service[99492]: DEBUG glance.common.config [None req-76212a0c-b8dc-47e8-a4ba-5073c320f383 None None] disabled_notifications = [] {{(pid=99492) log_opt_values /opt/stack/data/venv/lib/python3.12/site-packages/oslo_config/cfg.py:3242}}
Jul 07 14:22:16.497931 np0000004727 devstack@g-api.service[99492]: DEBUG glance.common.config [None req-76212a0c-b8dc-47e8-a4ba-5073c320f383 None None] do_secure_hash = True {{(pid=99492) log_opt_values /opt/stack/data/venv/lib/python3.12/site-packages/oslo_config/cfg.py:3242}}
Jul 07 14:22:16.498060 np0000004727 devstack@g-api.service[99492]: DEBUG glance.common.config [None req-76212a0c-b8dc-47e8-a4ba-5073c320f383 None None] enabled_backends = None {{(pid=99492) log_opt_values /opt/stack/data/venv/lib/python3.12/site-packages/oslo_config/cfg.py:3242}}
Jul 07 14:22:16.498242 np0000004727 devstack@g-api.service[99492]: DEBUG glance.common.config [None req-76212a0c-b8dc-47e8-a4ba-5073c320f383 None None] enabled_import_methods = ['glance-direct', 'web-download', 'copy-image'] {{(pid=99492) log_opt_values /opt/stack/data/venv/lib/python3.12/site-packages/oslo_config/cfg.py:3242}}
Jul 07 14:22:16.498357 np0000004727 devstack@g-api.service[99492]: DEBUG glance.common.config [None req-76212a0c-b8dc-47e8-a4ba-5073c320f383 None None] fatal_deprecations = False {{(pid=99492) log_opt_values /opt/stack/data/venv/lib/python3.12/site-packages/oslo_config/cfg.py:3242}}
Jul 07 14:22:16.498506 np0000004727 devstack@g-api.service[99492]: DEBUG glance.common.config [None req-76212a0c-b8dc-47e8-a4ba-5073c320f383 None None] hashing_algorithm = sha512 {{(pid=99492) log_opt_values /opt/stack/data/venv/lib/python3.12/site-packages/oslo_config/cfg.py:3242}}
Jul 07 14:22:16.498633 np0000004727 devstack@g-api.service[99492]: DEBUG glance.common.config [None req-76212a0c-b8dc-47e8-a4ba-5073c320f383 None None] http_retries = 3 {{(pid=99492) log_opt_values /opt/stack/data/venv/lib/python3.12/site-packages/oslo_config/cfg.py:3242}}
Jul 07 14:22:16.498763 np0000004727 devstack@g-api.service[99492]: DEBUG glance.common.config [None req-76212a0c-b8dc-47e8-a4ba-5073c320f383 None None] image_cache_dir = /opt/stack/data/glance/cache/ {{(pid=99492) log_opt_values /opt/stack/data/venv/lib/python3.12/site-packages/oslo_config/cfg.py:3242}}
Jul 07 14:22:16.498893 np0000004727 devstack@g-api.service[99492]: DEBUG glance.common.config [None req-76212a0c-b8dc-47e8-a4ba-5073c320f383 None None] image_cache_driver = centralized_db {{(pid=99492) log_opt_values /opt/stack/data/venv/lib/python3.12/site-packages/oslo_config/cfg.py:3242}}
Jul 07 14:22:16.499021 np0000004727 devstack@g-api.service[99492]: DEBUG glance.common.config [None req-76212a0c-b8dc-47e8-a4ba-5073c320f383 None None] image_cache_max_size = 10737418240 {{(pid=99492) log_opt_values /opt/stack/data/venv/lib/python3.12/site-packages/oslo_config/cfg.py:3242}}
Jul 07 14:22:16.499151 np0000004727 devstack@g-api.service[99492]: DEBUG glance.common.config [None req-76212a0c-b8dc-47e8-a4ba-5073c320f383 None None] image_cache_sqlite_db = cache.db {{(pid=99492) log_opt_values /opt/stack/data/venv/lib/python3.12/site-packages/oslo_config/cfg.py:3242}}
Jul 07 14:22:16.499295 np0000004727 devstack@g-api.service[99492]: DEBUG glance.common.config [None req-76212a0c-b8dc-47e8-a4ba-5073c320f383 None None] image_cache_stall_time = 86400 {{(pid=99492) log_opt_values /opt/stack/data/venv/lib/python3.12/site-packages/oslo_config/cfg.py:3242}}
Jul 07 14:22:16.499417 np0000004727 devstack@g-api.service[99492]: DEBUG glance.common.config [None req-76212a0c-b8dc-47e8-a4ba-5073c320f383 None None] image_location_quota = 10 {{(pid=99492) log_opt_values /opt/stack/data/venv/lib/python3.12/site-packages/oslo_config/cfg.py:3242}}
Jul 07 14:22:16.499552 np0000004727 devstack@g-api.service[99492]: DEBUG glance.common.config [None req-76212a0c-b8dc-47e8-a4ba-5073c320f383 None None] image_member_quota = 128 {{(pid=99492) log_opt_values /opt/stack/data/venv/lib/python3.12/site-packages/oslo_config/cfg.py:3242}}
Jul 07 14:22:16.499673 np0000004727 devstack@g-api.service[99492]: DEBUG glance.common.config [None req-76212a0c-b8dc-47e8-a4ba-5073c320f383 None None] image_property_quota = 128 {{(pid=99492) log_opt_values /opt/stack/data/venv/lib/python3.12/site-packages/oslo_config/cfg.py:3242}}
Jul 07 14:22:16.499790 np0000004727 devstack@g-api.service[99492]: DEBUG glance.common.config [None req-76212a0c-b8dc-47e8-a4ba-5073c320f383 None None] image_size_cap = 1099511627776 {{(pid=99492) log_opt_values /opt/stack/data/venv/lib/python3.12/site-packages/oslo_config/cfg.py:3242}}
Jul 07 14:22:16.499907 np0000004727 devstack@g-api.service[99492]: DEBUG glance.common.config [None req-76212a0c-b8dc-47e8-a4ba-5073c320f383 None None] image_tag_quota = 128 {{(pid=99492) log_opt_values /opt/stack/data/venv/lib/python3.12/site-packages/oslo_config/cfg.py:3242}}
Jul 07 14:22:16.500041 np0000004727 devstack@g-api.service[99492]: DEBUG glance.common.config [None req-76212a0c-b8dc-47e8-a4ba-5073c320f383 None None] instance_format = [instance: %(uuid)s] {{(pid=99492) log_opt_values /opt/stack/data/venv/lib/python3.12/site-packages/oslo_config/cfg.py:3242}}
Jul 07 14:22:16.500120 np0000004727 devstack@g-api.service[99491]: INFO glance.api.middleware.cache [None req-2f2e9274-5f2a-4d58-be0d-43b43bd00f41 None None] Initialized image cache middleware
Jul 07 14:22:16.500165 np0000004727 devstack@g-api.service[99492]: DEBUG glance.common.config [None req-76212a0c-b8dc-47e8-a4ba-5073c320f383 None None] instance_uuid_format = [instance: %(uuid)s] {{(pid=99492) log_opt_values /opt/stack/data/venv/lib/python3.12/site-packages/oslo_config/cfg.py:3242}}
Jul 07 14:22:16.500314 np0000004727 devstack@g-api.service[99492]: DEBUG glance.common.config [None req-76212a0c-b8dc-47e8-a4ba-5073c320f383 None None] limit_param_default = 25 {{(pid=99492) log_opt_values /opt/stack/data/venv/lib/python3.12/site-packages/oslo_config/cfg.py:3242}}
Jul 07 14:22:16.500454 np0000004727 devstack@g-api.service[99492]: DEBUG glance.common.config [None req-76212a0c-b8dc-47e8-a4ba-5073c320f383 None None] log_color = False {{(pid=99492) log_opt_values /opt/stack/data/venv/lib/python3.12/site-packages/oslo_config/cfg.py:3242}}
Jul 07 14:22:16.500583 np0000004727 devstack@g-api.service[99492]: DEBUG glance.common.config [None req-76212a0c-b8dc-47e8-a4ba-5073c320f383 None None] log_config_append = None {{(pid=99492) log_opt_values /opt/stack/data/venv/lib/python3.12/site-packages/oslo_config/cfg.py:3242}}
Jul 07 14:22:16.500707 np0000004727 devstack@g-api.service[99492]: DEBUG glance.common.config [None req-76212a0c-b8dc-47e8-a4ba-5073c320f383 None None] log_date_format = %Y-%m-%d %H:%M:%S {{(pid=99492) log_opt_values /opt/stack/data/venv/lib/python3.12/site-packages/oslo_config/cfg.py:3242}}
Jul 07 14:22:16.500933 np0000004727 devstack@g-api.service[99492]: DEBUG glance.common.config [None req-76212a0c-b8dc-47e8-a4ba-5073c320f383 None None] log_dir = None {{(pid=99492) log_opt_values /opt/stack/data/venv/lib/python3.12/site-packages/oslo_config/cfg.py:3242}}
Jul 07 14:22:16.501059 np0000004727 devstack@g-api.service[99492]: DEBUG glance.common.config [None req-76212a0c-b8dc-47e8-a4ba-5073c320f383 None None] log_file = None {{(pid=99492) log_opt_values /opt/stack/data/venv/lib/python3.12/site-packages/oslo_config/cfg.py:3242}}
Jul 07 14:22:16.501181 np0000004727 devstack@g-api.service[99492]: DEBUG glance.common.config [None req-76212a0c-b8dc-47e8-a4ba-5073c320f383 None None] log_rotate_interval = 1 {{(pid=99492) log_opt_values /opt/stack/data/venv/lib/python3.12/site-packages/oslo_config/cfg.py:3242}}
Jul 07 14:22:16.501330 np0000004727 devstack@g-api.service[99492]: DEBUG glance.common.config [None req-76212a0c-b8dc-47e8-a4ba-5073c320f383 None None] log_rotate_interval_type = days {{(pid=99492) log_opt_values /opt/stack/data/venv/lib/python3.12/site-packages/oslo_config/cfg.py:3242}}
Jul 07 14:22:16.501469 np0000004727 devstack@g-api.service[99492]: DEBUG glance.common.config [None req-76212a0c-b8dc-47e8-a4ba-5073c320f383 None None] log_rotation_type = none {{(pid=99492) log_opt_values /opt/stack/data/venv/lib/python3.12/site-packages/oslo_config/cfg.py:3242}}
Jul 07 14:22:16.501565 np0000004727 devstack@g-api.service[99492]: DEBUG glance.common.config [None req-76212a0c-b8dc-47e8-a4ba-5073c320f383 None None] logging_context_format_string = %(color)s%(levelname)s %(name)s [%(global_request_id)s %(request_id)s %(project_name)s %(user_name)s%(color)s] %(instance)s%(color)s%(message)s {{(pid=99492) log_opt_values /opt/stack/data/venv/lib/python3.12/site-packages/oslo_config/cfg.py:3242}}
Jul 07 14:22:16.501656 np0000004727 devstack@g-api.service[99492]: DEBUG glance.common.config [None req-76212a0c-b8dc-47e8-a4ba-5073c320f383 None None] logging_debug_format_suffix = {{(pid=%(process)d) %(funcName)s %(pathname)s:%(lineno)d}} {{(pid=99492) log_opt_values /opt/stack/data/venv/lib/python3.12/site-packages/oslo_config/cfg.py:3242}}
Jul 07 14:22:16.501791 np0000004727 devstack@g-api.service[99492]: DEBUG glance.common.config [None req-76212a0c-b8dc-47e8-a4ba-5073c320f383 None None] logging_default_format_string = %(color)s%(levelname)s %(name)s [-%(color)s] %(instance)s%(color)s%(message)s {{(pid=99492) log_opt_values /opt/stack/data/venv/lib/python3.12/site-packages/oslo_config/cfg.py:3242}}
Jul 07 14:22:16.501916 np0000004727 devstack@g-api.service[99492]: DEBUG glance.common.config [None req-76212a0c-b8dc-47e8-a4ba-5073c320f383 None None] logging_exception_prefix = ERROR %(name)s %(instance)s {{(pid=99492) log_opt_values /opt/stack/data/venv/lib/python3.12/site-packages/oslo_config/cfg.py:3242}}
Jul 07 14:22:16.502015 np0000004727 devstack@g-api.service[99492]: DEBUG glance.common.config [None req-76212a0c-b8dc-47e8-a4ba-5073c320f383 None None] logging_user_identity_format = %(user)s %(project)s %(domain)s %(system_scope)s %(user_domain)s %(project_domain)s {{(pid=99492) log_opt_values /opt/stack/data/venv/lib/python3.12/site-packages/oslo_config/cfg.py:3242}}
Jul 07 14:22:16.502140 np0000004727 devstack@g-api.service[99492]: DEBUG glance.common.config [None req-76212a0c-b8dc-47e8-a4ba-5073c320f383 None None] max_logfile_count = 30 {{(pid=99492) log_opt_values /opt/stack/data/venv/lib/python3.12/site-packages/oslo_config/cfg.py:3242}}
Jul 07 14:22:16.502280 np0000004727 devstack@g-api.service[99492]: DEBUG glance.common.config [None req-76212a0c-b8dc-47e8-a4ba-5073c320f383 None None] max_logfile_size_mb = 200 {{(pid=99492) log_opt_values /opt/stack/data/venv/lib/python3.12/site-packages/oslo_config/cfg.py:3242}}
Jul 07 14:22:16.502401 np0000004727 devstack@g-api.service[99492]: DEBUG glance.common.config [None req-76212a0c-b8dc-47e8-a4ba-5073c320f383 None None] max_request_id_length = 64 {{(pid=99492) log_opt_values /opt/stack/data/venv/lib/python3.12/site-packages/oslo_config/cfg.py:3242}}
Jul 07 14:22:16.502537 np0000004727 devstack@g-api.service[99492]: DEBUG glance.common.config [None req-76212a0c-b8dc-47e8-a4ba-5073c320f383 None None] metadata_encryption_key = **** {{(pid=99492) log_opt_values /opt/stack/data/venv/lib/python3.12/site-packages/oslo_config/cfg.py:3242}}
Jul 07 14:22:16.502660 np0000004727 devstack@g-api.service[99492]: DEBUG glance.common.config [None req-76212a0c-b8dc-47e8-a4ba-5073c320f383 None None] node_staging_uri = file:///tmp/staging/ {{(pid=99492) log_opt_values /opt/stack/data/venv/lib/python3.12/site-packages/oslo_config/cfg.py:3242}}
Jul 07 14:22:16.502773 np0000004727 devstack@g-api.service[99492]: DEBUG glance.common.config [None req-76212a0c-b8dc-47e8-a4ba-5073c320f383 None None] property_protection_file = None {{(pid=99492) log_opt_values /opt/stack/data/venv/lib/python3.12/site-packages/oslo_config/cfg.py:3242}}
Jul 07 14:22:16.502890 np0000004727 devstack@g-api.service[99492]: DEBUG glance.common.config [None req-76212a0c-b8dc-47e8-a4ba-5073c320f383 None None] property_protection_rule_format = roles {{(pid=99492) log_opt_values /opt/stack/data/venv/lib/python3.12/site-packages/oslo_config/cfg.py:3242}}
Jul 07 14:22:16.502989 np0000004727 devstack@g-api.service[99492]: DEBUG glance.common.config [None req-76212a0c-b8dc-47e8-a4ba-5073c320f383 None None] public_endpoint = https://10.4.3.9/image {{(pid=99492) log_opt_values /opt/stack/data/venv/lib/python3.12/site-packages/oslo_config/cfg.py:3242}}
Jul 07 14:22:16.503104 np0000004727 devstack@g-api.service[99492]: DEBUG glance.common.config [None req-76212a0c-b8dc-47e8-a4ba-5073c320f383 None None] publish_errors = False {{(pid=99492) log_opt_values /opt/stack/data/venv/lib/python3.12/site-packages/oslo_config/cfg.py:3242}}
Jul 07 14:22:16.503256 np0000004727 devstack@g-api.service[99492]: DEBUG glance.common.config [None req-76212a0c-b8dc-47e8-a4ba-5073c320f383 None None] pydev_worker_debug_host = None {{(pid=99492) log_opt_values /opt/stack/data/venv/lib/python3.12/site-packages/oslo_config/cfg.py:3242}}
Jul 07 14:22:16.503386 np0000004727 devstack@g-api.service[99492]: DEBUG glance.common.config [None req-76212a0c-b8dc-47e8-a4ba-5073c320f383 None None] pydev_worker_debug_port = 5678 {{(pid=99492) log_opt_values /opt/stack/data/venv/lib/python3.12/site-packages/oslo_config/cfg.py:3242}}
Jul 07 14:22:16.503518 np0000004727 devstack@g-api.service[99492]: DEBUG glance.common.config [None req-76212a0c-b8dc-47e8-a4ba-5073c320f383 None None] rate_limit_burst = 0 {{(pid=99492) log_opt_values /opt/stack/data/venv/lib/python3.12/site-packages/oslo_config/cfg.py:3242}}
Jul 07 14:22:16.503647 np0000004727 devstack@g-api.service[99492]: DEBUG glance.common.config [None req-76212a0c-b8dc-47e8-a4ba-5073c320f383 None None] rate_limit_except_level = CRITICAL {{(pid=99492) log_opt_values /opt/stack/data/venv/lib/python3.12/site-packages/oslo_config/cfg.py:3242}}
Jul 07 14:22:16.503768 np0000004727 devstack@g-api.service[99492]: DEBUG glance.common.config [None req-76212a0c-b8dc-47e8-a4ba-5073c320f383 None None] rate_limit_interval = 0 {{(pid=99492) log_opt_values /opt/stack/data/venv/lib/python3.12/site-packages/oslo_config/cfg.py:3242}}
Jul 07 14:22:16.503884 np0000004727 devstack@g-api.service[99492]: DEBUG glance.common.config [None req-76212a0c-b8dc-47e8-a4ba-5073c320f383 None None] scrub_pool_size = 1 {{(pid=99492) log_opt_values /opt/stack/data/venv/lib/python3.12/site-packages/oslo_config/cfg.py:3242}}
Jul 07 14:22:16.504009 np0000004727 devstack@g-api.service[99492]: DEBUG glance.common.config [None req-76212a0c-b8dc-47e8-a4ba-5073c320f383 None None] scrub_time = 0 {{(pid=99492) log_opt_values /opt/stack/data/venv/lib/python3.12/site-packages/oslo_config/cfg.py:3242}}
Jul 07 14:22:16.504125 np0000004727 devstack@g-api.service[99492]: DEBUG glance.common.config [None req-76212a0c-b8dc-47e8-a4ba-5073c320f383 None None] shell_completion = None {{(pid=99492) log_opt_values /opt/stack/data/venv/lib/python3.12/site-packages/oslo_config/cfg.py:3242}}
Jul 07 14:22:16.504273 np0000004727 devstack@g-api.service[99492]: DEBUG glance.common.config [None req-76212a0c-b8dc-47e8-a4ba-5073c320f383 None None] show_image_direct_url = False {{(pid=99492) log_opt_values /opt/stack/data/venv/lib/python3.12/site-packages/oslo_config/cfg.py:3242}}
Jul 07 14:22:16.504553 np0000004727 devstack@g-api.service[99492]: WARNING oslo_config.cfg [None req-76212a0c-b8dc-47e8-a4ba-5073c320f383 None None] Deprecated: Option "show_multiple_locations" from group "DEFAULT" is deprecated for removal (Use of this option, deprecated since Newton, is a security risk and will be removed once we figure out a way to satisfy those use cases that currently require it. An earlier announcement that the same functionality can be achieved with greater granularity by using policies is incorrect. You cannot work around this option via policy configuration at the present time, though that is the direction we believe the fix will take. Please keep an eye on the Glance release notes to stay up to date on progress in addressing this issue.). Its value may be silently ignored in the future.
Jul 07 14:22:16.504691 np0000004727 devstack@g-api.service[99492]: DEBUG glance.common.config [None req-76212a0c-b8dc-47e8-a4ba-5073c320f383 None None] show_multiple_locations = False {{(pid=99492) log_opt_values /opt/stack/data/venv/lib/python3.12/site-packages/oslo_config/cfg.py:3242}}
Jul 07 14:22:16.504821 np0000004727 devstack@g-api.service[99492]: DEBUG glance.common.config [None req-76212a0c-b8dc-47e8-a4ba-5073c320f383 None None] syslog_log_facility = LOG_USER {{(pid=99492) log_opt_values /opt/stack/data/venv/lib/python3.12/site-packages/oslo_config/cfg.py:3242}}
Jul 07 14:22:16.504945 np0000004727 devstack@g-api.service[99492]: DEBUG glance.common.config [None req-76212a0c-b8dc-47e8-a4ba-5073c320f383 None None] transport_url = **** {{(pid=99492) log_opt_values /opt/stack/data/venv/lib/python3.12/site-packages/oslo_config/cfg.py:3242}}
Jul 07 14:22:16.505072 np0000004727 devstack@g-api.service[99492]: DEBUG glance.common.config [None req-76212a0c-b8dc-47e8-a4ba-5073c320f383 None None] use_journal = False {{(pid=99492) log_opt_values /opt/stack/data/venv/lib/python3.12/site-packages/oslo_config/cfg.py:3242}}
Jul 07 14:22:16.505194 np0000004727 devstack@g-api.service[99492]: DEBUG glance.common.config [None req-76212a0c-b8dc-47e8-a4ba-5073c320f383 None None] use_json = False {{(pid=99492) log_opt_values /opt/stack/data/venv/lib/python3.12/site-packages/oslo_config/cfg.py:3242}}
Jul 07 14:22:16.505339 np0000004727 devstack@g-api.service[99492]: DEBUG glance.common.config [None req-76212a0c-b8dc-47e8-a4ba-5073c320f383 None None] use_keystone_limits = True {{(pid=99492) log_opt_values /opt/stack/data/venv/lib/python3.12/site-packages/oslo_config/cfg.py:3242}}
Jul 07 14:22:16.505471 np0000004727 devstack@g-api.service[99492]: DEBUG glance.common.config [None req-76212a0c-b8dc-47e8-a4ba-5073c320f383 None None] use_stderr = False {{(pid=99492) log_opt_values /opt/stack/data/venv/lib/python3.12/site-packages/oslo_config/cfg.py:3242}}
Jul 07 14:22:16.505597 np0000004727 devstack@g-api.service[99492]: DEBUG glance.common.config [None req-76212a0c-b8dc-47e8-a4ba-5073c320f383 None None] use_syslog = False {{(pid=99492) log_opt_values /opt/stack/data/venv/lib/python3.12/site-packages/oslo_config/cfg.py:3242}}
Jul 07 14:22:16.505725 np0000004727 devstack@g-api.service[99492]: DEBUG glance.common.config [None req-76212a0c-b8dc-47e8-a4ba-5073c320f383 None None] user_storage_quota = 0 {{(pid=99492) log_opt_values /opt/stack/data/venv/lib/python3.12/site-packages/oslo_config/cfg.py:3242}}
Jul 07 14:22:16.505848 np0000004727 devstack@g-api.service[99492]: DEBUG glance.common.config [None req-76212a0c-b8dc-47e8-a4ba-5073c320f383 None None] worker_self_reference_url = http://127.0.0.1:60999 {{(pid=99492) log_opt_values /opt/stack/data/venv/lib/python3.12/site-packages/oslo_config/cfg.py:3242}}
Jul 07 14:22:16.505990 np0000004727 devstack@g-api.service[99492]: DEBUG glance.common.config [None req-76212a0c-b8dc-47e8-a4ba-5073c320f383 None None] oslo_concurrency.disable_process_locking = False {{(pid=99492) log_opt_values /opt/stack/data/venv/lib/python3.12/site-packages/oslo_config/cfg.py:3253}}
Jul 07 14:22:16.506124 np0000004727 devstack@g-api.service[99492]: DEBUG glance.common.config [None req-76212a0c-b8dc-47e8-a4ba-5073c320f383 None None] oslo_concurrency.lock_path = /opt/stack/data/glance/locks {{(pid=99492) log_opt_values /opt/stack/data/venv/lib/python3.12/site-packages/oslo_config/cfg.py:3253}}
Jul 07 14:22:16.506277 np0000004727 devstack@g-api.service[99492]: DEBUG glance.common.config [None req-76212a0c-b8dc-47e8-a4ba-5073c320f383 None None] oslo_middleware.enable_proxy_headers_parsing = False {{(pid=99492) log_opt_values /opt/stack/data/venv/lib/python3.12/site-packages/oslo_config/cfg.py:3253}}
Jul 07 14:22:16.506410 np0000004727 devstack@g-api.service[99492]: DEBUG glance.common.config [None req-76212a0c-b8dc-47e8-a4ba-5073c320f383 None None] oslo_middleware.http_basic_auth_user_file = /etc/htpasswd {{(pid=99492) log_opt_values /opt/stack/data/venv/lib/python3.12/site-packages/oslo_config/cfg.py:3253}}
Jul 07 14:22:16.506553 np0000004727 devstack@g-api.service[99492]: DEBUG glance.common.config [None req-76212a0c-b8dc-47e8-a4ba-5073c320f383 None None] paste_deploy.config_file = None {{(pid=99492) log_opt_values /opt/stack/data/venv/lib/python3.12/site-packages/oslo_config/cfg.py:3253}}
Jul 07 14:22:16.506681 np0000004727 devstack@g-api.service[99492]: DEBUG glance.common.config [None req-76212a0c-b8dc-47e8-a4ba-5073c320f383 None None] paste_deploy.flavor = keystone+cachemanagement {{(pid=99492) log_opt_values /opt/stack/data/venv/lib/python3.12/site-packages/oslo_config/cfg.py:3253}}
Jul 07 14:22:16.506859 np0000004727 devstack@g-api.service[99492]: DEBUG glance.common.config [None req-76212a0c-b8dc-47e8-a4ba-5073c320f383 None None] image_format.container_formats = ['ami', 'ari', 'aki', 'bare', 'ovf', 'ova', 'docker', 'compressed'] {{(pid=99492) log_opt_values /opt/stack/data/venv/lib/python3.12/site-packages/oslo_config/cfg.py:3253}}
Jul 07 14:22:16.507039 np0000004727 devstack@g-api.service[99492]: DEBUG glance.common.config [None req-76212a0c-b8dc-47e8-a4ba-5073c320f383 None None] image_format.disk_formats = ['ami', 'ari', 'aki', 'vhd', 'vhdx', 'vmdk', 'raw', 'qcow2', 'vdi', 'iso', 'ploop'] {{(pid=99492) log_opt_values /opt/stack/data/venv/lib/python3.12/site-packages/oslo_config/cfg.py:3253}}
Jul 07 14:22:16.507173 np0000004727 devstack@g-api.service[99492]: DEBUG glance.common.config [None req-76212a0c-b8dc-47e8-a4ba-5073c320f383 None None] image_format.gpt_safety_checks_nonfatal = [] {{(pid=99492) log_opt_values /opt/stack/data/venv/lib/python3.12/site-packages/oslo_config/cfg.py:3253}}
Jul 07 14:22:16.507322 np0000004727 devstack@g-api.service[99492]: DEBUG glance.common.config [None req-76212a0c-b8dc-47e8-a4ba-5073c320f383 None None] image_format.require_image_format_match = True {{(pid=99492) log_opt_values /opt/stack/data/venv/lib/python3.12/site-packages/oslo_config/cfg.py:3253}}
Jul 07 14:22:16.507461 np0000004727 devstack@g-api.service[99492]: DEBUG glance.common.config [None req-76212a0c-b8dc-47e8-a4ba-5073c320f383 None None] image_format.vmdk_allowed_types = ['streamOptimized', 'monolithicSparse'] {{(pid=99492) log_opt_values /opt/stack/data/venv/lib/python3.12/site-packages/oslo_config/cfg.py:3253}}
Jul 07 14:22:16.507579 np0000004727 devstack@g-api.service[99492]: DEBUG glance.common.config [None req-76212a0c-b8dc-47e8-a4ba-5073c320f383 None None] task.task_executor = taskflow {{(pid=99492) log_opt_values /opt/stack/data/venv/lib/python3.12/site-packages/oslo_config/cfg.py:3253}}
Jul 07 14:22:16.507673 np0000004727 devstack@g-api.service[99492]: DEBUG glance.common.config [None req-76212a0c-b8dc-47e8-a4ba-5073c320f383 None None] task.task_time_to_live = 48 {{(pid=99492) log_opt_values /opt/stack/data/venv/lib/python3.12/site-packages/oslo_config/cfg.py:3253}}
Jul 07 14:22:16.507864 np0000004727 devstack@g-api.service[99492]: DEBUG glance.common.config [None req-76212a0c-b8dc-47e8-a4ba-5073c320f383 None None] task.work_dir = None {{(pid=99492) log_opt_values /opt/stack/data/venv/lib/python3.12/site-packages/oslo_config/cfg.py:3253}}
Jul 07 14:22:16.507959 np0000004727 devstack@g-api.service[99492]: DEBUG glance.common.config [None req-76212a0c-b8dc-47e8-a4ba-5073c320f383 None None] wsgi.python_interpreter = /opt/stack/data/venv/bin/python3 {{(pid=99492) log_opt_values /opt/stack/data/venv/lib/python3.12/site-packages/oslo_config/cfg.py:3253}}
Jul 07 14:22:16.508062 np0000004727 devstack@g-api.service[99492]: DEBUG glance.common.config [None req-76212a0c-b8dc-47e8-a4ba-5073c320f383 None None] wsgi.task_pool_threads = 16 {{(pid=99492) log_opt_values /opt/stack/data/venv/lib/python3.12/site-packages/oslo_config/cfg.py:3253}}
Jul 07 14:22:16.508200 np0000004727 devstack@g-api.service[99492]: DEBUG glance.common.config [None req-76212a0c-b8dc-47e8-a4ba-5073c320f383 None None] import_filtering_opts.allowed_hosts = [] {{(pid=99492) log_opt_values /opt/stack/data/venv/lib/python3.12/site-packages/oslo_config/cfg.py:3253}}
Jul 07 14:22:16.508299 np0000004727 devstack@g-api.service[99492]: DEBUG glance.common.config [None req-76212a0c-b8dc-47e8-a4ba-5073c320f383 None None] import_filtering_opts.allowed_ports = [80, 443] {{(pid=99492) log_opt_values /opt/stack/data/venv/lib/python3.12/site-packages/oslo_config/cfg.py:3253}}
Jul 07 14:22:16.508402 np0000004727 devstack@g-api.service[99492]: DEBUG glance.common.config [None req-76212a0c-b8dc-47e8-a4ba-5073c320f383 None None] import_filtering_opts.allowed_schemes = ['http', 'https'] {{(pid=99492) log_opt_values /opt/stack/data/venv/lib/python3.12/site-packages/oslo_config/cfg.py:3253}}
Jul 07 14:22:16.508511 np0000004727 devstack@g-api.service[99492]: DEBUG glance.common.config [None req-76212a0c-b8dc-47e8-a4ba-5073c320f383 None None] import_filtering_opts.disallowed_hosts = [] {{(pid=99492) log_opt_values /opt/stack/data/venv/lib/python3.12/site-packages/oslo_config/cfg.py:3253}}
Jul 07 14:22:16.508601 np0000004727 devstack@g-api.service[99492]: DEBUG glance.common.config [None req-76212a0c-b8dc-47e8-a4ba-5073c320f383 None None] import_filtering_opts.disallowed_ports = [] {{(pid=99492) log_opt_values /opt/stack/data/venv/lib/python3.12/site-packages/oslo_config/cfg.py:3253}}
Jul 07 14:22:16.508689 np0000004727 devstack@g-api.service[99492]: DEBUG glance.common.config [None req-76212a0c-b8dc-47e8-a4ba-5073c320f383 None None] import_filtering_opts.disallowed_schemes = [] {{(pid=99492) log_opt_values /opt/stack/data/venv/lib/python3.12/site-packages/oslo_config/cfg.py:3253}}
Jul 07 14:22:16.508787 np0000004727 devstack@g-api.service[99492]: DEBUG glance.common.config [None req-76212a0c-b8dc-47e8-a4ba-5073c320f383 None None] oslo_messaging_metrics.metrics_buffer_size = 1000 {{(pid=99492) log_opt_values /opt/stack/data/venv/lib/python3.12/site-packages/oslo_config/cfg.py:3253}}
Jul 07 14:22:16.508870 np0000004727 devstack@g-api.service[99492]: DEBUG glance.common.config [None req-76212a0c-b8dc-47e8-a4ba-5073c320f383 None None] oslo_messaging_metrics.metrics_enabled = False {{(pid=99492) log_opt_values /opt/stack/data/venv/lib/python3.12/site-packages/oslo_config/cfg.py:3253}}
Jul 07 14:22:16.508962 np0000004727 devstack@g-api.service[99492]: DEBUG glance.common.config [None req-76212a0c-b8dc-47e8-a4ba-5073c320f383 None None] oslo_messaging_metrics.metrics_process_name = {{(pid=99492) log_opt_values /opt/stack/data/venv/lib/python3.12/site-packages/oslo_config/cfg.py:3253}}
Jul 07 14:22:16.509054 np0000004727 devstack@g-api.service[99492]: DEBUG glance.common.config [None req-76212a0c-b8dc-47e8-a4ba-5073c320f383 None None] oslo_messaging_metrics.metrics_socket_file = /var/tmp/metrics_collector.sock {{(pid=99492) log_opt_values /opt/stack/data/venv/lib/python3.12/site-packages/oslo_config/cfg.py:3253}}
Jul 07 14:22:16.509140 np0000004727 devstack@g-api.service[99492]: DEBUG glance.common.config [None req-76212a0c-b8dc-47e8-a4ba-5073c320f383 None None] oslo_messaging_metrics.metrics_thread_stop_timeout = 10 {{(pid=99492) log_opt_values /opt/stack/data/venv/lib/python3.12/site-packages/oslo_config/cfg.py:3253}}
Jul 07 14:22:16.509256 np0000004727 devstack@g-api.service[99492]: DEBUG glance.common.config [None req-76212a0c-b8dc-47e8-a4ba-5073c320f383 None None] profiler.connection_string = messaging:// {{(pid=99492) log_opt_values /opt/stack/data/venv/lib/python3.12/site-packages/oslo_config/cfg.py:3253}}
Jul 07 14:22:16.509349 np0000004727 devstack@g-api.service[99492]: DEBUG glance.common.config [None req-76212a0c-b8dc-47e8-a4ba-5073c320f383 None None] profiler.enabled = False {{(pid=99492) log_opt_values /opt/stack/data/venv/lib/python3.12/site-packages/oslo_config/cfg.py:3253}}
