Jul 07 14:21:28.179610 np0000004727 devstack@neutron-api.service[87389]: DEBUG neutron_lib.callbacks.manager [None req-9082b154-af4c-4faf-8a7a-818820158572 None None] Subscribe: > qos_plugin after_init 55550000, False {{(pid=87389) subscribe /opt/stack/data/venv/lib/python3.12/site-packages/neutron_lib/callbacks/manager.py:52}}
Jul 07 14:21:28.179778 np0000004727 devstack@neutron-api.service[87389]: DEBUG neutron_lib.callbacks.manager [None req-9082b154-af4c-4faf-8a7a-818820158572 None None] Subscribe: > trunk_plugin after_init 55550000, False {{(pid=87389) subscribe /opt/stack/data/venv/lib/python3.12/site-packages/neutron_lib/callbacks/manager.py:52}}
Jul 07 14:21:28.180064 np0000004727 devstack@neutron-api.service[87389]: DEBUG neutron_lib.callbacks.manager [None req-9082b154-af4c-4faf-8a7a-818820158572 None None] Subscribe: > logging-plugin after_init 55550000, False {{(pid=87389) subscribe /opt/stack/data/venv/lib/python3.12/site-packages/neutron_lib/callbacks/manager.py:52}}
Jul 07 14:21:28.180565 np0000004727 devstack@neutron-api.service[87389]: INFO neutron.services.logapi.drivers.ovn.driver [None req-9082b154-af4c-4faf-8a7a-818820158572 None None] OVN logging driver registered
Jul 07 14:21:28.180877 np0000004727 devstack@neutron-api.service[87389]: DEBUG neutron_lib.callbacks.manager [None req-9082b154-af4c-4faf-8a7a-818820158572 None None] Subscribe: ._register_pvlan_driver at 0x7098ae6711c0> pvlan_plugin before_spawn 55550000, False {{(pid=87389) subscribe /opt/stack/data/venv/lib/python3.12/site-packages/neutron_lib/callbacks/manager.py:52}}
Jul 07 14:21:28.180877 np0000004727 devstack@neutron-api.service[87389]: DEBUG neutron_lib.callbacks.manager [None req-9082b154-af4c-4faf-8a7a-818820158572 None None] Subscribe: process after_init 55550000, False {{(pid=87389) subscribe /opt/stack/data/venv/lib/python3.12/site-packages/neutron_lib/callbacks/manager.py:52}}
Jul 07 14:21:28.182792 np0000004727 devstack@neutron-api.service[87389]: DEBUG neutron.plugins.ml2.plugin [None req-9082b154-af4c-4faf-8a7a-818820158572 None None] neutron.plugins.ml2.plugin.Ml2Plugin method _start_rpc_notifiers called with arguments () {} {{(pid=87389) wrapper /opt/stack/data/venv/lib/python3.12/site-packages/oslo_log/helpers.py:77}}
Jul 07 14:21:28.183063 np0000004727 devstack@neutron-api.service[87389]: DEBUG neutron_lib.callbacks.manager [None req-9082b154-af4c-4faf-8a7a-818820158572 None None] Subscribe: > port after_create 55550000, False {{(pid=87389) subscribe /opt/stack/data/venv/lib/python3.12/site-packages/neutron_lib/callbacks/manager.py:52}}
Jul 07 14:21:28.183168 np0000004727 devstack@neutron-api.service[87389]: DEBUG neutron_lib.callbacks.manager [None req-9082b154-af4c-4faf-8a7a-818820158572 None None] Subscribe: > port after_update 55550000, False {{(pid=87389) subscribe /opt/stack/data/venv/lib/python3.12/site-packages/neutron_lib/callbacks/manager.py:52}}
Jul 07 14:21:28.183296 np0000004727 devstack@neutron-api.service[87389]: DEBUG neutron_lib.callbacks.manager [None req-9082b154-af4c-4faf-8a7a-818820158572 None None] Subscribe: > port after_delete 55550000, False {{(pid=87389) subscribe /opt/stack/data/venv/lib/python3.12/site-packages/neutron_lib/callbacks/manager.py:52}}
Jul 07 14:21:28.183457 np0000004727 devstack@neutron-api.service[87389]: DEBUG neutron_lib.callbacks.manager [None req-9082b154-af4c-4faf-8a7a-818820158572 None None] Subscribe: > subnet after_create 55550000, False {{(pid=87389) subscribe /opt/stack/data/venv/lib/python3.12/site-packages/neutron_lib/callbacks/manager.py:52}}
Jul 07 14:21:28.183457 np0000004727 devstack@neutron-api.service[87389]: DEBUG neutron_lib.callbacks.manager [None req-9082b154-af4c-4faf-8a7a-818820158572 None None] Subscribe: > subnet after_update 55550000, False {{(pid=87389) subscribe /opt/stack/data/venv/lib/python3.12/site-packages/neutron_lib/callbacks/manager.py:52}}
Jul 07 14:21:28.183664 np0000004727 devstack@neutron-api.service[87389]: DEBUG neutron_lib.callbacks.manager [None req-9082b154-af4c-4faf-8a7a-818820158572 None None] Subscribe: > subnet after_delete 55550000, False {{(pid=87389) subscribe /opt/stack/data/venv/lib/python3.12/site-packages/neutron_lib/callbacks/manager.py:52}}
Jul 07 14:21:28.183664 np0000004727 devstack@neutron-api.service[87389]: DEBUG neutron_lib.callbacks.manager [None req-9082b154-af4c-4faf-8a7a-818820158572 None None] Subscribe: > network after_create 55550000, False {{(pid=87389) subscribe /opt/stack/data/venv/lib/python3.12/site-packages/neutron_lib/callbacks/manager.py:52}}
Jul 07 14:21:28.183826 np0000004727 devstack@neutron-api.service[87389]: DEBUG neutron_lib.callbacks.manager [None req-9082b154-af4c-4faf-8a7a-818820158572 None None] Subscribe: > network after_update 55550000, False {{(pid=87389) subscribe /opt/stack/data/venv/lib/python3.12/site-packages/neutron_lib/callbacks/manager.py:52}}
Jul 07 14:21:28.183826 np0000004727 devstack@neutron-api.service[87389]: DEBUG neutron_lib.callbacks.manager [None req-9082b154-af4c-4faf-8a7a-818820158572 None None] Subscribe: > network after_delete 55550000, False {{(pid=87389) subscribe /opt/stack/data/venv/lib/python3.12/site-packages/neutron_lib/callbacks/manager.py:52}}
Jul 07 14:21:28.183948 np0000004727 devstack@neutron-api.service[87389]: DEBUG neutron_lib.callbacks.manager [None req-9082b154-af4c-4faf-8a7a-818820158572 None None] Subscribe: > security_group after_create 55550000, False {{(pid=87389) subscribe /opt/stack/data/venv/lib/python3.12/site-packages/neutron_lib/callbacks/manager.py:52}}
Jul 07 14:21:28.183948 np0000004727 devstack@neutron-api.service[87389]: DEBUG neutron_lib.callbacks.manager [None req-9082b154-af4c-4faf-8a7a-818820158572 None None] Subscribe: > security_group after_update 55550000, False {{(pid=87389) subscribe /opt/stack/data/venv/lib/python3.12/site-packages/neutron_lib/callbacks/manager.py:52}}
Jul 07 14:21:28.184034 np0000004727 devstack@neutron-api.service[87389]: DEBUG neutron_lib.callbacks.manager [None req-9082b154-af4c-4faf-8a7a-818820158572 None None] Subscribe: > security_group after_delete 55550000, False {{(pid=87389) subscribe /opt/stack/data/venv/lib/python3.12/site-packages/neutron_lib/callbacks/manager.py:52}}
Jul 07 14:21:28.184177 np0000004727 devstack@neutron-api.service[87389]: DEBUG neutron_lib.callbacks.manager [None req-9082b154-af4c-4faf-8a7a-818820158572 None None] Subscribe: > security_group_rule after_create 55550000, False {{(pid=87389) subscribe /opt/stack/data/venv/lib/python3.12/site-packages/neutron_lib/callbacks/manager.py:52}}
Jul 07 14:21:28.184240 np0000004727 devstack@neutron-api.service[87389]: DEBUG neutron_lib.callbacks.manager [None req-9082b154-af4c-4faf-8a7a-818820158572 None None] Subscribe: > security_group_rule after_update 55550000, False {{(pid=87389) subscribe /opt/stack/data/venv/lib/python3.12/site-packages/neutron_lib/callbacks/manager.py:52}}
Jul 07 14:21:28.184394 np0000004727 devstack@neutron-api.service[87389]: DEBUG neutron_lib.callbacks.manager [None req-9082b154-af4c-4faf-8a7a-818820158572 None None] Subscribe: > security_group_rule after_delete 55550000, False {{(pid=87389) subscribe /opt/stack/data/venv/lib/python3.12/site-packages/neutron_lib/callbacks/manager.py:52}}
Jul 07 14:21:28.184394 np0000004727 devstack@neutron-api.service[87389]: DEBUG neutron_lib.callbacks.manager [None req-9082b154-af4c-4faf-8a7a-818820158572 None None] Subscribe: > address_group after_create 55550000, False {{(pid=87389) subscribe /opt/stack/data/venv/lib/python3.12/site-packages/neutron_lib/callbacks/manager.py:52}}
Jul 07 14:21:28.184543 np0000004727 devstack@neutron-api.service[87389]: DEBUG neutron_lib.callbacks.manager [None req-9082b154-af4c-4faf-8a7a-818820158572 None None] Subscribe: > address_group after_update 55550000, False {{(pid=87389) subscribe /opt/stack/data/venv/lib/python3.12/site-packages/neutron_lib/callbacks/manager.py:52}}
Jul 07 14:21:28.184543 np0000004727 devstack@neutron-api.service[87389]: DEBUG neutron_lib.callbacks.manager [None req-9082b154-af4c-4faf-8a7a-818820158572 None None] Subscribe: > address_group after_delete 55550000, False {{(pid=87389) subscribe /opt/stack/data/venv/lib/python3.12/site-packages/neutron_lib/callbacks/manager.py:52}}
Jul 07 14:21:28.184764 np0000004727 devstack@neutron-api.service[87389]: DEBUG neutron.plugins.ml2.ovo_rpc [None req-9082b154-af4c-4faf-8a7a-818820158572 None None] ML2 OVO RPC backend initialized. {{(pid=87389) __init__ /opt/stack/neutron/neutron/plugins/ml2/ovo_rpc.py:117}}
Jul 07 14:21:28.185515 np0000004727 devstack@neutron-api.service[87389]: INFO neutron.quota [None req-9082b154-af4c-4faf-8a7a-818820158572 None None] Loaded quota_driver: .
Jul 07 14:21:28.185591 np0000004727 devstack@neutron-api.service[87389]: INFO neutron.plugins.ml2.plugin [None req-9082b154-af4c-4faf-8a7a-818820158572 None None] Modular L2 Plugin initialization complete
Jul 07 14:21:28.185744 np0000004727 devstack@neutron-api.service[87389]: DEBUG neutron.manager [None req-9082b154-af4c-4faf-8a7a-818820158572 None None] Loading services supported by the core plugin {{(pid=87389) _load_services_from_core_plugin /opt/stack/neutron/neutron/manager.py:167}}
Jul 07 14:21:28.185824 np0000004727 devstack@neutron-api.service[87389]: INFO neutron.plugins.ml2.managers [None req-9082b154-af4c-4faf-8a7a-818820158572 None None] Got port-security extension from driver 'port_security'
Jul 07 14:21:28.186028 np0000004727 devstack@neutron-api.service[87389]: DEBUG neutron.manager [None req-9082b154-af4c-4faf-8a7a-818820158572 None None] Loading service plugins: ['ovn-router', 'auto_allocate', 'tag', 'timestamp', 'network_ip_availability', 'flavors', 'revisions'] {{(pid=87389) _load_service_plugins /opt/stack/neutron/neutron/manager.py:192}}
Jul 07 14:21:28.186142 np0000004727 devstack@neutron-api.service[87389]: INFO neutron.manager [None req-9082b154-af4c-4faf-8a7a-818820158572 None None] Loading Plugin: ovn-router
Jul 07 14:21:28.195938 np0000004727 devstack@neutron-api.service[87389]: DEBUG neutron_lib.callbacks.manager [None req-9082b154-af4c-4faf-8a7a-818820158572 None None] Subscribe: > router before_delete 55550000, False {{(pid=87389) subscribe /opt/stack/data/venv/lib/python3.12/site-packages/neutron_lib/callbacks/manager.py:52}}
Jul 07 14:21:28.196042 np0000004727 devstack@neutron-api.service[87389]: DEBUG neutron_lib.callbacks.manager [None req-9082b154-af4c-4faf-8a7a-818820158572 None None] Subscribe: port before_update 55550000, False {{(pid=87389) subscribe /opt/stack/data/venv/lib/python3.12/site-packages/neutron_lib/callbacks/manager.py:52}}
Jul 07 14:21:28.196288 np0000004727 devstack@neutron-api.service[87389]: DEBUG neutron_lib.callbacks.manager [None req-9082b154-af4c-4faf-8a7a-818820158572 None None] Subscribe: port after_update 55550000, False {{(pid=87389) subscribe /opt/stack/data/venv/lib/python3.12/site-packages/neutron_lib/callbacks/manager.py:52}}
Jul 07 14:21:28.196288 np0000004727 devstack@neutron-api.service[87389]: DEBUG neutron_lib.callbacks.manager [None req-9082b154-af4c-4faf-8a7a-818820158572 None None] Subscribe: > port precommit_delete 55550000, False {{(pid=87389) subscribe /opt/stack/data/venv/lib/python3.12/site-packages/neutron_lib/callbacks/manager.py:52}}
Jul 07 14:21:28.196416 np0000004727 devstack@neutron-api.service[87389]: DEBUG neutron_lib.callbacks.manager [None req-9082b154-af4c-4faf-8a7a-818820158572 None None] Subscribe: port before_update 55550000, False {{(pid=87389) subscribe /opt/stack/data/venv/lib/python3.12/site-packages/neutron_lib/callbacks/manager.py:52}}
Jul 07 14:21:28.196467 np0000004727 devstack@neutron-api.service[87389]: DEBUG neutron_lib.callbacks.manager [None req-9082b154-af4c-4faf-8a7a-818820158572 None None] Subscribe: port before_delete 55550000, False {{(pid=87389) subscribe /opt/stack/data/venv/lib/python3.12/site-packages/neutron_lib/callbacks/manager.py:52}}
Jul 07 14:21:28.196547 np0000004727 devstack@neutron-api.service[87389]: DEBUG neutron_lib.callbacks.manager [None req-9082b154-af4c-4faf-8a7a-818820158572 None None] Subscribe: > router precommit_create 55550000, False {{(pid=87389) subscribe /opt/stack/data/venv/lib/python3.12/site-packages/neutron_lib/callbacks/manager.py:52}}
Jul 07 14:21:28.196664 np0000004727 devstack@neutron-api.service[87389]: DEBUG neutron_lib.callbacks.manager [None req-9082b154-af4c-4faf-8a7a-818820158572 None None] Subscribe: > router precommit_create 55550000, False {{(pid=87389) subscribe /opt/stack/data/venv/lib/python3.12/site-packages/neutron_lib/callbacks/manager.py:52}}
Jul 07 14:21:28.196903 np0000004727 devstack@neutron-api.service[87389]: DEBUG neutron_lib.callbacks.manager [None req-9082b154-af4c-4faf-8a7a-818820158572 None None] Subscribe: > router precommit_update 55550000, False {{(pid=87389) subscribe /opt/stack/data/venv/lib/python3.12/site-packages/neutron_lib/callbacks/manager.py:52}}
Jul 07 14:21:28.196903 np0000004727 devstack@neutron-api.service[87389]: DEBUG neutron_lib.callbacks.manager [None req-9082b154-af4c-4faf-8a7a-818820158572 None None] Subscribe: subnet after_update 55550000, False {{(pid=87389) subscribe /opt/stack/data/venv/lib/python3.12/site-packages/neutron_lib/callbacks/manager.py:52}}
Jul 07 14:21:28.197120 np0000004727 devstack@neutron-api.service[87389]: DEBUG neutron.quota.resource_registry [None req-9082b154-af4c-4faf-8a7a-818820158572 None None] Tracking information for resource: router configured {{(pid=87389) set_tracked_resource /opt/stack/neutron/neutron/quota/resource_registry.py:203}}
Jul 07 14:21:28.197216 np0000004727 devstack@neutron-api.service[87389]: DEBUG neutron.quota.resource_registry [None req-9082b154-af4c-4faf-8a7a-818820158572 None None] Tracking information for resource: floatingip configured {{(pid=87389) set_tracked_resource /opt/stack/neutron/neutron/quota/resource_registry.py:203}}
Jul 07 14:21:28.197309 np0000004727 devstack@neutron-api.service[87389]: INFO neutron.services.ovn_l3.plugin [None req-9082b154-af4c-4faf-8a7a-818820158572 None None] Starting OVNL3RouterPlugin
Jul 07 14:21:28.197594 np0000004727 devstack@neutron-api.service[87389]: DEBUG neutron_lib.callbacks.manager [None req-9082b154-af4c-4faf-8a7a-818820158572 None None] Subscribe: > port_forwarding_plugin after_init 55550000, False {{(pid=87389) subscribe /opt/stack/data/venv/lib/python3.12/site-packages/neutron_lib/callbacks/manager.py:52}}
Jul 07 14:21:28.197826 np0000004727 devstack@neutron-api.service[87389]: DEBUG neutron_lib.callbacks.manager [None req-9082b154-af4c-4faf-8a7a-818820158572 None None] Subscribe: > router before_create 55550100, False {{(pid=87389) subscribe /opt/stack/data/venv/lib/python3.12/site-packages/neutron_lib/callbacks/manager.py:52}}
Jul 07 14:21:28.197979 np0000004727 devstack@neutron-api.service[87389]: DEBUG neutron_lib.callbacks.manager [None req-9082b154-af4c-4faf-8a7a-818820158572 None None] Subscribe: > router precommit_delete 55550100, False {{(pid=87389) subscribe /opt/stack/data/venv/lib/python3.12/site-packages/neutron_lib/callbacks/manager.py:52}}
Jul 07 14:21:28.198103 np0000004727 devstack@neutron-api.service[87389]: DEBUG neutron_lib.callbacks.manager [None req-9082b154-af4c-4faf-8a7a-818820158572 None None] Subscribe: > router precommit_create 55550100, False {{(pid=87389) subscribe /opt/stack/data/venv/lib/python3.12/site-packages/neutron_lib/callbacks/manager.py:52}}
Jul 07 14:21:28.198222 np0000004727 devstack@neutron-api.service[87389]: DEBUG neutron_lib.callbacks.manager [None req-9082b154-af4c-4faf-8a7a-818820158572 None None] Subscribe: > router precommit_update 55550100, False {{(pid=87389) subscribe /opt/stack/data/venv/lib/python3.12/site-packages/neutron_lib/callbacks/manager.py:52}}
Jul 07 14:21:28.201525 np0000004727 devstack@neutron-api.service[87389]: DEBUG neutron.services.provider_configuration [None req-9082b154-af4c-4faf-8a7a-818820158572 None None] Service providers = [] {{(pid=87389) parse_service_provider_opt /opt/stack/neutron/neutron/services/provider_configuration.py:170}}
Jul 07 14:21:28.201672 np0000004727 devstack@neutron-api.service[87389]: DEBUG neutron.db.servicetype_db [None req-9082b154-af4c-4faf-8a7a-818820158572 None None] Adding provider configuration for service L3_ROUTER_NAT {{(pid=87389) add_provider_configuration /opt/stack/neutron/neutron/db/servicetype_db.py:45}}
Jul 07 14:21:28.203151 np0000004727 devstack@neutron-api.service[87389]: DEBUG neutron_lib.callbacks.manager [None req-9082b154-af4c-4faf-8a7a-818820158572 None None] Subscribe: > router precommit_create 55549900, False {{(pid=87389) subscribe /opt/stack/data/venv/lib/python3.12/site-packages/neutron_lib/callbacks/manager.py:52}}
Jul 07 14:21:28.203339 np0000004727 devstack@neutron-api.service[87389]: DEBUG neutron_lib.callbacks.manager [None req-9082b154-af4c-4faf-8a7a-818820158572 None None] Subscribe: > router_interface after_create 55550000, False {{(pid=87389) subscribe /opt/stack/data/venv/lib/python3.12/site-packages/neutron_lib/callbacks/manager.py:52}}
Jul 07 14:21:28.203440 np0000004727 devstack@neutron-api.service[87389]: DEBUG neutron_lib.callbacks.manager [None req-9082b154-af4c-4faf-8a7a-818820158572 None None] Subscribe: > floatingip after_create 55550000, False {{(pid=87389) subscribe /opt/stack/data/venv/lib/python3.12/site-packages/neutron_lib/callbacks/manager.py:52}}
Jul 07 14:21:28.203518 np0000004727 devstack@neutron-api.service[87389]: DEBUG neutron_lib.callbacks.manager [None req-9082b154-af4c-4faf-8a7a-818820158572 None None] Subscribe: > floatingip precommit_create 55550000, False {{(pid=87389) subscribe /opt/stack/data/venv/lib/python3.12/site-packages/neutron_lib/callbacks/manager.py:52}}
Jul 07 14:21:28.203725 np0000004727 devstack@neutron-api.service[87389]: DEBUG neutron_lib.callbacks.manager [None req-9082b154-af4c-4faf-8a7a-818820158572 None None] Subscribe: > floatingip precommit_update 55550000, False {{(pid=87389) subscribe /opt/stack/data/venv/lib/python3.12/site-packages/neutron_lib/callbacks/manager.py:52}}
Jul 07 14:21:28.203725 np0000004727 devstack@neutron-api.service[87389]: DEBUG neutron_lib.callbacks.manager [None req-9082b154-af4c-4faf-8a7a-818820158572 None None] Subscribe: > floatingip after_delete 55550000, False {{(pid=87389) subscribe /opt/stack/data/venv/lib/python3.12/site-packages/neutron_lib/callbacks/manager.py:52}}
Jul 07 14:21:28.203813 np0000004727 devstack@neutron-api.service[87389]: DEBUG neutron_lib.callbacks.manager [None req-9082b154-af4c-4faf-8a7a-818820158572 None None] Subscribe: > floatingip after_status_update 55550000, False {{(pid=87389) subscribe /opt/stack/data/venv/lib/python3.12/site-packages/neutron_lib/callbacks/manager.py:52}}
Jul 07 14:21:28.204003 np0000004727 devstack@neutron-api.service[87389]: DEBUG neutron_lib.callbacks.manager [None req-9082b154-af4c-4faf-8a7a-818820158572 None None] Subscribe: > floatingip after_update 55550000, False {{(pid=87389) subscribe /opt/stack/data/venv/lib/python3.12/site-packages/neutron_lib/callbacks/manager.py:52}}
Jul 07 14:21:28.204003 np0000004727 devstack@neutron-api.service[87389]: DEBUG neutron_lib.callbacks.manager [None req-9082b154-af4c-4faf-8a7a-818820158572 None None] Subscribe: > port_forwarding after_create 55550000, False {{(pid=87389) subscribe /opt/stack/data/venv/lib/python3.12/site-packages/neutron_lib/callbacks/manager.py:52}}
Jul 07 14:21:28.204325 np0000004727 devstack@neutron-api.service[87389]: DEBUG neutron_lib.callbacks.manager [None req-9082b154-af4c-4faf-8a7a-818820158572 None None] Subscribe: > router_interface after_delete 55550000, False {{(pid=87389) subscribe /opt/stack/data/venv/lib/python3.12/site-packages/neutron_lib/callbacks/manager.py:52}}
Jul 07 14:21:28.204325 np0000004727 devstack@neutron-api.service[87389]: DEBUG neutron_lib.callbacks.manager [None req-9082b154-af4c-4faf-8a7a-818820158572 None None] Subscribe: > router after_create 55550000, False {{(pid=87389) subscribe /opt/stack/data/venv/lib/python3.12/site-packages/neutron_lib/callbacks/manager.py:52}}
Jul 07 14:21:28.204325 np0000004727 devstack@neutron-api.service[87389]: DEBUG neutron_lib.callbacks.manager [None req-9082b154-af4c-4faf-8a7a-818820158572 None None] Subscribe: > router precommit_create 55550000, False {{(pid=87389) subscribe /opt/stack/data/venv/lib/python3.12/site-packages/neutron_lib/callbacks/manager.py:52}}
Jul 07 14:21:28.205250 np0000004727 devstack@neutron-api.service[87389]: DEBUG neutron_lib.callbacks.manager [None req-9082b154-af4c-4faf-8a7a-818820158572 None None] Subscribe: > router after_delete 55550000, False {{(pid=87389) subscribe /opt/stack/data/venv/lib/python3.12/site-packages/neutron_lib/callbacks/manager.py:52}}
Jul 07 14:21:28.205250 np0000004727 devstack@neutron-api.service[87389]: DEBUG neutron_lib.callbacks.manager [None req-9082b154-af4c-4faf-8a7a-818820158572 None None] Subscribe: > router after_update 55550000, False {{(pid=87389) subscribe /opt/stack/data/venv/lib/python3.12/site-packages/neutron_lib/callbacks/manager.py:52}}
Jul 07 14:21:28.205250 np0000004727 devstack@neutron-api.service[87389]: DEBUG neutron.services.service_base [None req-9082b154-af4c-4faf-8a7a-818820158572 None None] Loaded 'neutron.services.ovn_l3.service_providers.ovn.OvnDriver' provider for service L3_ROUTER_NAT {{(pid=87389) load_drivers /opt/stack/neutron/neutron/services/service_base.py:49}}
Jul 07 14:21:28.205250 np0000004727 devstack@neutron-api.service[87389]: DEBUG neutron_lib.callbacks.manager [None req-9082b154-af4c-4faf-8a7a-818820158572 None None] Subscribe: > process after_init 55550001, True {{(pid=87389) subscribe /opt/stack/data/venv/lib/python3.12/site-packages/neutron_lib/callbacks/manager.py:52}}
Jul 07 14:21:28.205250 np0000004727 devstack@neutron-api.service[87389]: DEBUG neutron.manager [None req-9082b154-af4c-4faf-8a7a-818820158572 None None] Successfully loaded L3_ROUTER_NAT plugin. Description: L3 Router Service Plugin for basic L3 forwarding using OVN {{(pid=87389) _create_and_add_service_plugin /opt/stack/neutron/neutron/manager.py:236}}
Jul 07 14:21:28.205508 np0000004727 devstack@neutron-api.service[87389]: INFO neutron.manager [None req-9082b154-af4c-4faf-8a7a-818820158572 None None] Loading Plugin: auto_allocate
Jul 07 14:21:28.205997 np0000004727 devstack@neutron-api.service[87389]: DEBUG neutron_lib.callbacks.manager [None req-9082b154-af4c-4faf-8a7a-818820158572 None None] Subscribe: network precommit_update 55550000, False {{(pid=87389) subscribe /opt/stack/data/venv/lib/python3.12/site-packages/neutron_lib/callbacks/manager.py:52}}
Jul 07 14:21:28.206099 np0000004727 devstack@neutron-api.service[87389]: DEBUG neutron_lib.callbacks.manager [None req-9082b154-af4c-4faf-8a7a-818820158572 None None] Subscribe: network precommit_create 55550000, False {{(pid=87389) subscribe /opt/stack/data/venv/lib/python3.12/site-packages/neutron_lib/callbacks/manager.py:52}}
Jul 07 14:21:28.206356 np0000004727 devstack@neutron-api.service[87389]: DEBUG neutron.manager [None req-9082b154-af4c-4faf-8a7a-818820158572 None None] Successfully loaded auto-allocated-topology plugin. Description: Auto Allocated Topology - aka get me a network. {{(pid=87389) _create_and_add_service_plugin /opt/stack/neutron/neutron/manager.py:236}}
Jul 07 14:21:28.206440 np0000004727 devstack@neutron-api.service[87389]: INFO neutron.manager [None req-9082b154-af4c-4faf-8a7a-818820158572 None None] Loading Plugin: tag
Jul 07 14:21:28.210367 np0000004727 devstack@neutron-api.service[87389]: DEBUG neutron.manager [None req-9082b154-af4c-4faf-8a7a-818820158572 None None] Successfully loaded TAG plugin. Description: Tag support {{(pid=87389) _create_and_add_service_plugin /opt/stack/neutron/neutron/manager.py:236}}
Jul 07 14:21:28.210367 np0000004727 devstack@neutron-api.service[87389]: INFO neutron.manager [None req-9082b154-af4c-4faf-8a7a-818820158572 None None] Loading Plugin: timestamp
Jul 07 14:21:28.211608 np0000004727 devstack@neutron-api.service[87389]: DEBUG neutron.manager [None req-9082b154-af4c-4faf-8a7a-818820158572 None None] Successfully loaded timestamp plugin. Description: Adds timestamps to Neutron resources with standard attributes {{(pid=87389) _create_and_add_service_plugin /opt/stack/neutron/neutron/manager.py:236}}
Jul 07 14:21:28.211723 np0000004727 devstack@neutron-api.service[87389]: INFO neutron.manager [None req-9082b154-af4c-4faf-8a7a-818820158572 None None] Loading Plugin: network_ip_availability
Jul 07 14:21:28.374342 np0000004727 devstack@neutron-api.service[87389]: DEBUG neutron.manager [None req-9082b154-af4c-4faf-8a7a-818820158572 None None] Successfully loaded network-ip-availability plugin. Description: Provides IP availability data for each network and subnet. {{(pid=87389) _create_and_add_service_plugin /opt/stack/neutron/neutron/manager.py:236}}
Jul 07 14:21:28.374732 np0000004727 devstack@neutron-api.service[87389]: INFO neutron.manager [None req-9082b154-af4c-4faf-8a7a-818820158572 None None] Loading Plugin: flavors
Jul 07 14:21:28.375399 np0000004727 devstack@neutron-api.service[87388]: INFO neutron.plugins.ml2.drivers.type_vlan [None req-2d5145a1-57eb-4309-ac64-0bafdad76be9 None None] VlanTypeDriver initialization complete
Jul 07 14:21:28.375731 np0000004727 devstack@neutron-api.service[87389]: DEBUG neutron.manager [None req-9082b154-af4c-4faf-8a7a-818820158572 None None] Successfully loaded FLAVORS plugin. Description: Neutron Flavors and Service Profiles manager plugin {{(pid=87389) _create_and_add_service_plugin /opt/stack/neutron/neutron/manager.py:236}}
Jul 07 14:21:28.375731 np0000004727 devstack@neutron-api.service[87389]: INFO neutron.manager [None req-9082b154-af4c-4faf-8a7a-818820158572 None None] Loading Plugin: revisions
Jul 07 14:21:28.375845 np0000004727 devstack@neutron-api.service[87388]: INFO neutron.plugins.ml2.managers [None req-2d5145a1-57eb-4309-ac64-0bafdad76be9 None None] Initializing extension driver 'port_security'
Jul 07 14:21:28.375845 np0000004727 devstack@neutron-api.service[87388]: INFO neutron.plugins.ml2.extensions.port_security [None req-2d5145a1-57eb-4309-ac64-0bafdad76be9 None None] PortSecurityExtensionDriver initialization complete
Jul 07 14:21:28.376026 np0000004727 devstack@neutron-api.service[87388]: INFO neutron.plugins.ml2.managers [None req-2d5145a1-57eb-4309-ac64-0bafdad76be9 None None] Initializing extension driver 'qos'
Jul 07 14:21:28.376155 np0000004727 devstack@neutron-api.service[87388]: DEBUG neutron.plugins.ml2.extensions.qos [None req-2d5145a1-57eb-4309-ac64-0bafdad76be9 None None] QosExtensionDriver initialization complete {{(pid=87388) initialize /opt/stack/neutron/neutron/plugins/ml2/extensions/qos.py:31}}
Jul 07 14:21:28.376375 np0000004727 devstack@neutron-api.service[87388]: INFO neutron.plugins.ml2.managers [None req-2d5145a1-57eb-4309-ac64-0bafdad76be9 None None] Initializing mechanism driver 'ovn'
Jul 07 14:21:28.376524 np0000004727 devstack@neutron-api.service[87388]: INFO neutron.plugins.ml2.drivers.ovn.mech_driver.mech_driver [None req-2d5145a1-57eb-4309-ac64-0bafdad76be9 None None] Starting OVNMechanismDriver
Jul 07 14:21:28.376758 np0000004727 devstack@neutron-api.service[87389]: DEBUG neutron.manager [None req-9082b154-af4c-4faf-8a7a-818820158572 None None] Successfully loaded revision_plugin plugin. Description: Adds revision numbers to resources. {{(pid=87389) _create_and_add_service_plugin /opt/stack/neutron/neutron/manager.py:236}}
Jul 07 14:21:28.376915 np0000004727 devstack@neutron-api.service[87389]: DEBUG oslo_concurrency.lockutils [None req-9082b154-af4c-4faf-8a7a-818820158572 None None] Lock "manager" "released" by "neutron.manager.NeutronManager._create_instance" :: held 4.276s {{(pid=87389) inner /opt/stack/data/venv/lib/python3.12/site-packages/oslo_concurrency/lockutils.py:543}}
Jul 07 14:21:28.377123 np0000004727 devstack@neutron-api.service[87389]: DEBUG neutron.api.extensions [None req-9082b154-af4c-4faf-8a7a-818820158572 None None] get_extension_paths = OrderedDict({'/opt/stack/neutron/neutron/extensions': 1}) {{(pid=87389) get_extensions_path /opt/stack/neutron/neutron/api/extensions.py:640}}
Jul 07 14:21:28.377212 np0000004727 devstack@neutron-api.service[87389]: INFO neutron.api.extensions [None req-9082b154-af4c-4faf-8a7a-818820158572 None None] Initializing extension manager.
Jul 07 14:21:28.377515 np0000004727 devstack@neutron-api.service[87389]: DEBUG neutron.api.extensions [None req-9082b154-af4c-4faf-8a7a-818820158572 None None] Loading extension file: __init__.py {{(pid=87389) _load_all_extensions_from_path /opt/stack/neutron/neutron/api/extensions.py:449}}
Jul 07 14:21:28.377687 np0000004727 devstack@neutron-api.service[87389]: DEBUG neutron.api.extensions [None req-9082b154-af4c-4faf-8a7a-818820158572 None None] Loading extension file: __pycache__ {{(pid=87389) _load_all_extensions_from_path /opt/stack/neutron/neutron/api/extensions.py:449}}
Jul 07 14:21:28.377687 np0000004727 devstack@neutron-api.service[87389]: DEBUG neutron.api.extensions [None req-9082b154-af4c-4faf-8a7a-818820158572 None None] Loading extension file: aap_reject_multicast.py {{(pid=87389) _load_all_extensions_from_path /opt/stack/neutron/neutron/api/extensions.py:449}}
Jul 07 14:21:28.377938 np0000004727 devstack@neutron-api.service[87389]: DEBUG neutron.api.extensions [None req-9082b154-af4c-4faf-8a7a-818820158572 None None] Ext name="Allowed address pairs reject multicast extension" alias="aap-reject-multicast" description="Reject multicast addresses in Allowed Address Pairs" updated="2026-04-01T00:00:00-00:00" {{(pid=87389) _check_extension /opt/stack/neutron/neutron/api/extensions.py:415}}
Jul 07 14:21:28.378459 np0000004727 devstack@neutron-api.service[87389]: INFO neutron.api.extensions [None req-9082b154-af4c-4faf-8a7a-818820158572 None None] Extension aap-reject-multicast not supported by any of loaded plugins
Jul 07 14:21:28.378459 np0000004727 devstack@neutron-api.service[87389]: DEBUG neutron.api.extensions [None req-9082b154-af4c-4faf-8a7a-818820158572 None None] Loading extension file: address_group.py {{(pid=87389) _load_all_extensions_from_path /opt/stack/neutron/neutron/api/extensions.py:449}}
Jul 07 14:21:28.378716 np0000004727 devstack@neutron-api.service[87389]: DEBUG neutron.api.extensions [None req-9082b154-af4c-4faf-8a7a-818820158572 None None] Ext name="Address group" alias="address-group" description="Support address group" updated="2020-07-15T10:00:00-00:00" {{(pid=87389) _check_extension /opt/stack/neutron/neutron/api/extensions.py:415}}
Jul 07 14:21:28.379133 np0000004727 devstack@neutron-api.service[87389]: INFO neutron.api.extensions [None req-9082b154-af4c-4faf-8a7a-818820158572 None None] Loaded extension: address-group
Jul 07 14:21:28.379133 np0000004727 devstack@neutron-api.service[87389]: DEBUG neutron.api.extensions [None req-9082b154-af4c-4faf-8a7a-818820158572 None None] Loading extension file: address_scope.py {{(pid=87389) _load_all_extensions_from_path /opt/stack/neutron/neutron/api/extensions.py:449}}
Jul 07 14:21:28.379391 np0000004727 devstack@neutron-api.service[87388]: DEBUG neutron_lib.callbacks.manager [None req-2d5145a1-57eb-4309-ac64-0bafdad76be9 None None] Subscribe: > process before_spawn 55550000, False {{(pid=87388) subscribe /opt/stack/data/venv/lib/python3.12/site-packages/neutron_lib/callbacks/manager.py:52}}
Jul 07 14:21:28.379829 np0000004727 devstack@neutron-api.service[87389]: DEBUG neutron.api.extensions [None req-9082b154-af4c-4faf-8a7a-818820158572 None None] Ext name="Address scope" alias="address-scope" description="Address scopes extension." updated="2015-07-26T10:00:00-00:00" {{(pid=87389) _check_extension /opt/stack/neutron/neutron/api/extensions.py:415}}
Jul 07 14:21:28.379882 np0000004727 devstack@neutron-api.service[87388]: DEBUG neutron_lib.callbacks.manager [None req-2d5145a1-57eb-4309-ac64-0bafdad76be9 None None] Subscribe: > process after_init 55550000, True {{(pid=87388) subscribe /opt/stack/data/venv/lib/python3.12/site-packages/neutron_lib/callbacks/manager.py:52}}
Jul 07 14:21:28.380068 np0000004727 devstack@neutron-api.service[87389]: INFO neutron.api.extensions [None req-9082b154-af4c-4faf-8a7a-818820158572 None None] Loaded extension: address-scope
Jul 07 14:21:28.380290 np0000004727 devstack@neutron-api.service[87388]: DEBUG neutron_lib.callbacks.manager [None req-2d5145a1-57eb-4309-ac64-0bafdad76be9 None None] Subscribe: > segment after_create 55550000, False {{(pid=87388) subscribe /opt/stack/data/venv/lib/python3.12/site-packages/neutron_lib/callbacks/manager.py:52}}
Jul 07 14:21:28.380492 np0000004727 devstack@neutron-api.service[87389]: DEBUG neutron.api.extensions [None req-9082b154-af4c-4faf-8a7a-818820158572 None None] Loading extension file: admin_state_down_before_update.py {{(pid=87389) _load_all_extensions_from_path /opt/stack/neutron/neutron/api/extensions.py:449}}
Jul 07 14:21:28.380662 np0000004727 devstack@neutron-api.service[87388]: DEBUG neutron_lib.callbacks.manager [None req-2d5145a1-57eb-4309-ac64-0bafdad76be9 None None] Subscribe: > segment after_create 55550000, False {{(pid=87388) subscribe /opt/stack/data/venv/lib/python3.12/site-packages/neutron_lib/callbacks/manager.py:52}}
Jul 07 14:21:28.380856 np0000004727 devstack@neutron-api.service[87389]: DEBUG neutron.api.extensions [None req-9082b154-af4c-4faf-8a7a-818820158572 None None] Ext name="Enforce Router's Admin State Down Before Update Extension" alias="router-admin-state-down-before-update" description="Ensure that the admin state of a router is DOWN (admin_state_up=False) before updating the distributed attribute" updated="2019-07-02T15:56:00" {{(pid=87389) _check_extension /opt/stack/neutron/neutron/api/extensions.py:415}}
Jul 07 14:21:28.380944 np0000004727 devstack@neutron-api.service[87388]: DEBUG neutron_lib.callbacks.manager [None req-2d5145a1-57eb-4309-ac64-0bafdad76be9 None None] Subscribe: > segment after_delete 55550000, False {{(pid=87388) subscribe /opt/stack/data/venv/lib/python3.12/site-packages/neutron_lib/callbacks/manager.py:52}}
Jul 07 14:21:28.381010 np0000004727 devstack@neutron-api.service[87389]: INFO neutron.api.extensions [None req-9082b154-af4c-4faf-8a7a-818820158572 None None] Extension router-admin-state-down-before-update not supported by any of loaded plugins
Jul 07 14:21:28.381070 np0000004727 devstack@neutron-api.service[87388]: DEBUG neutron_lib.callbacks.manager [None req-2d5145a1-57eb-4309-ac64-0bafdad76be9 None None] Subscribe: > allowed_address_pair before_create 55550000, False {{(pid=87388) subscribe /opt/stack/data/venv/lib/python3.12/site-packages/neutron_lib/callbacks/manager.py:52}}
Jul 07 14:21:28.381120 np0000004727 devstack@neutron-api.service[87389]: DEBUG neutron.api.extensions [None req-9082b154-af4c-4faf-8a7a-818820158572 None None] Loading extension file: agent.py {{(pid=87389) _load_all_extensions_from_path /opt/stack/neutron/neutron/api/extensions.py:449}}
Jul 07 14:21:28.381170 np0000004727 devstack@neutron-api.service[87388]: DEBUG neutron_lib.callbacks.manager [None req-2d5145a1-57eb-4309-ac64-0bafdad76be9 None None] Subscribe: > security_group precommit_create 55550000, False {{(pid=87388) subscribe /opt/stack/data/venv/lib/python3.12/site-packages/neutron_lib/callbacks/manager.py:52}}
Jul 07 14:21:28.381170 np0000004727 devstack@neutron-api.service[87388]: DEBUG neutron_lib.callbacks.manager [None req-2d5145a1-57eb-4309-ac64-0bafdad76be9 None None] Subscribe: > security_group after_update 55550000, False {{(pid=87388) subscribe /opt/stack/data/venv/lib/python3.12/site-packages/neutron_lib/callbacks/manager.py:52}}
Jul 07 14:21:28.381170 np0000004727 devstack@neutron-api.service[87388]: DEBUG neutron_lib.callbacks.manager [None req-2d5145a1-57eb-4309-ac64-0bafdad76be9 None None] Subscribe: > security_group after_create 55550000, False {{(pid=87388) subscribe /opt/stack/data/venv/lib/python3.12/site-packages/neutron_lib/callbacks/manager.py:52}}
Jul 07 14:21:28.381289 np0000004727 devstack@neutron-api.service[87389]: DEBUG neutron.api.extensions [None req-9082b154-af4c-4faf-8a7a-818820158572 None None] Ext name="agent" alias="agent" description="The agent management extension." updated="2013-02-03T10:00:00-00:00" {{(pid=87389) _check_extension /opt/stack/neutron/neutron/api/extensions.py:415}}
Jul 07 14:21:28.381343 np0000004727 devstack@neutron-api.service[87388]: DEBUG neutron_lib.callbacks.manager [None req-2d5145a1-57eb-4309-ac64-0bafdad76be9 None None] Subscribe: > security_group precommit_delete 55550000, False {{(pid=87388) subscribe /opt/stack/data/venv/lib/python3.12/site-packages/neutron_lib/callbacks/manager.py:52}}
Jul 07 14:21:28.381386 np0000004727 devstack@neutron-api.service[87389]: INFO neutron.api.extensions [None req-9082b154-af4c-4faf-8a7a-818820158572 None None] Loaded extension: agent
Jul 07 14:21:28.381386 np0000004727 devstack@neutron-api.service[87389]: DEBUG neutron.api.extensions [None req-9082b154-af4c-4faf-8a7a-818820158572 None None] Loading extension file: agent_resources_synced.py {{(pid=87389) _load_all_extensions_from_path /opt/stack/neutron/neutron/api/extensions.py:449}}
Jul 07 14:21:28.381441 np0000004727 devstack@neutron-api.service[87388]: DEBUG neutron_lib.callbacks.manager [None req-2d5145a1-57eb-4309-ac64-0bafdad76be9 None None] Subscribe: > security_group after_delete 55550000, False {{(pid=87388) subscribe /opt/stack/data/venv/lib/python3.12/site-packages/neutron_lib/callbacks/manager.py:52}}
Jul 07 14:21:28.381441 np0000004727 devstack@neutron-api.service[87388]: DEBUG neutron_lib.callbacks.manager [None req-2d5145a1-57eb-4309-ac64-0bafdad76be9 None None] Subscribe: > security_group_rule precommit_create 55550000, False {{(pid=87388) subscribe /opt/stack/data/venv/lib/python3.12/site-packages/neutron_lib/callbacks/manager.py:52}}
Jul 07 14:21:28.381538 np0000004727 devstack@neutron-api.service[87389]: DEBUG neutron.api.extensions [None req-9082b154-af4c-4faf-8a7a-818820158572 None None] Ext name="Agent's Resource View Synced to Placement" alias="agent-resources-synced" description="Stores success/failure of last sync to Placement" updated="2018-12-19T00:00:00-00:00" {{(pid=87389) _check_extension /opt/stack/neutron/neutron/api/extensions.py:415}}
Jul 07 14:21:28.381591 np0000004727 devstack@neutron-api.service[87388]: DEBUG neutron_lib.callbacks.manager [None req-2d5145a1-57eb-4309-ac64-0bafdad76be9 None None] Subscribe: > security_group_rule after_create 55550000, False {{(pid=87388) subscribe /opt/stack/data/venv/lib/python3.12/site-packages/neutron_lib/callbacks/manager.py:52}}
Jul 07 14:21:28.381641 np0000004727 devstack@neutron-api.service[87389]: INFO neutron.api.extensions [None req-9082b154-af4c-4faf-8a7a-818820158572 None None] Extension agent-resources-synced not supported by any of loaded plugins
Jul 07 14:21:28.381641 np0000004727 devstack@neutron-api.service[87389]: DEBUG neutron.api.extensions [None req-9082b154-af4c-4faf-8a7a-818820158572 None None] Loading extension file: agent_sort_key.py {{(pid=87389) _load_all_extensions_from_path /opt/stack/neutron/neutron/api/extensions.py:449}}
Jul 07 14:21:28.381726 np0000004727 devstack@neutron-api.service[87388]: DEBUG neutron_lib.callbacks.manager [None req-2d5145a1-57eb-4309-ac64-0bafdad76be9 None None] Subscribe: > security_group_rule before_delete 55550000, False {{(pid=87388) subscribe /opt/stack/data/venv/lib/python3.12/site-packages/neutron_lib/callbacks/manager.py:52}}
Jul 07 14:21:28.381726 np0000004727 devstack@neutron-api.service[87388]: DEBUG neutron_lib.callbacks.manager [None req-2d5145a1-57eb-4309-ac64-0bafdad76be9 None None] Subscribe: > address_group after_create 55550000, False {{(pid=87388) subscribe /opt/stack/data/venv/lib/python3.12/site-packages/neutron_lib/callbacks/manager.py:52}}
Jul 07 14:21:28.381813 np0000004727 devstack@neutron-api.service[87389]: DEBUG neutron.api.extensions [None req-9082b154-af4c-4faf-8a7a-818820158572 None None] Ext name="Agents Sort Key" alias="agent_sort_key" description="Enabling the keyword sort_key for sorting in agents." updated="2013-02-03T10:00:00-00:00" {{(pid=87389) _check_extension /opt/stack/neutron/neutron/api/extensions.py:415}}
Jul 07 14:21:28.381839 np0000004727 devstack@neutron-api.service[87388]: DEBUG neutron_lib.callbacks.manager [None req-2d5145a1-57eb-4309-ac64-0bafdad76be9 None None] Subscribe: > address_group after_update 55550000, False {{(pid=87388) subscribe /opt/stack/data/venv/lib/python3.12/site-packages/neutron_lib/callbacks/manager.py:52}}
Jul 07 14:21:28.381886 np0000004727 devstack@neutron-api.service[87389]: INFO neutron.api.extensions [None req-9082b154-af4c-4faf-8a7a-818820158572 None None] Extension agent_sort_key not supported by any of loaded plugins
Jul 07 14:21:28.381886 np0000004727 devstack@neutron-api.service[87389]: DEBUG neutron.api.extensions [None req-9082b154-af4c-4faf-8a7a-818820158572 None None] Loading extension file: allowedaddresspairs.py {{(pid=87389) _load_all_extensions_from_path /opt/stack/neutron/neutron/api/extensions.py:449}}
Jul 07 14:21:28.381988 np0000004727 devstack@neutron-api.service[87388]: DEBUG neutron_lib.callbacks.manager [None req-2d5145a1-57eb-4309-ac64-0bafdad76be9 None None] Subscribe: > address_group after_delete 55550000, False {{(pid=87388) subscribe /opt/stack/data/venv/lib/python3.12/site-packages/neutron_lib/callbacks/manager.py:52}}
Jul 07 14:21:28.381988 np0000004727 devstack@neutron-api.service[87388]: DEBUG neutron_lib.callbacks.manager [None req-2d5145a1-57eb-4309-ac64-0bafdad76be9 None None] Subscribe: > qos_plugin after_init 55550000, False {{(pid=87388) subscribe /opt/stack/data/venv/lib/python3.12/site-packages/neutron_lib/callbacks/manager.py:52}}
Jul 07 14:21:28.381988 np0000004727 devstack@neutron-api.service[87388]: DEBUG neutron_lib.callbacks.manager [None req-2d5145a1-57eb-4309-ac64-0bafdad76be9 None None] Subscribe: > trunk_plugin after_init 55550000, False {{(pid=87388) subscribe /opt/stack/data/venv/lib/python3.12/site-packages/neutron_lib/callbacks/manager.py:52}}
Jul 07 14:21:28.382120 np0000004727 devstack@neutron-api.service[87389]: DEBUG neutron.api.extensions [None req-9082b154-af4c-4faf-8a7a-818820158572 None None] Ext name="Allowed Address Pairs" alias="allowed-address-pairs" description="Provides allowed address pairs" updated="2013-07-23T10:00:00-00:00" {{(pid=87389) _check_extension /opt/stack/neutron/neutron/api/extensions.py:415}}
Jul 07 14:21:28.382279 np0000004727 devstack@neutron-api.service[87389]: INFO neutron.api.extensions [None req-9082b154-af4c-4faf-8a7a-818820158572 None None] Loaded extension: allowed-address-pairs
Jul 07 14:21:28.382335 np0000004727 devstack@neutron-api.service[87388]: DEBUG neutron_lib.callbacks.manager [None req-2d5145a1-57eb-4309-ac64-0bafdad76be9 None None] Subscribe: > logging-plugin after_init 55550000, False {{(pid=87388) subscribe /opt/stack/data/venv/lib/python3.12/site-packages/neutron_lib/callbacks/manager.py:52}}
Jul 07 14:21:28.382386 np0000004727 devstack@neutron-api.service[87389]: DEBUG neutron.api.extensions [None req-9082b154-af4c-4faf-8a7a-818820158572 None None] Loading extension file: auto_allocated_topology.py {{(pid=87389) _load_all_extensions_from_path /opt/stack/neutron/neutron/api/extensions.py:449}}
Jul 07 14:21:28.384431 np0000004727 devstack@neutron-api.service[87389]: DEBUG neutron.api.extensions [None req-9082b154-af4c-4faf-8a7a-818820158572 None None] Ext name="Auto Allocated Topology Services" alias="auto-allocated-topology" description="Auto Allocated Topology Services." updated="2016-01-01T00:00:00-00:00" {{(pid=87389) _check_extension /opt/stack/neutron/neutron/api/extensions.py:415}}
Jul 07 14:21:28.384431 np0000004727 devstack@neutron-api.service[87389]: INFO neutron.api.extensions [None req-9082b154-af4c-4faf-8a7a-818820158572 None None] Loaded extension: auto-allocated-topology
Jul 07 14:21:28.384431 np0000004727 devstack@neutron-api.service[87389]: DEBUG neutron.api.extensions [None req-9082b154-af4c-4faf-8a7a-818820158572 None None] Loading extension file: availability_zone.py {{(pid=87389) _load_all_extensions_from_path /opt/stack/neutron/neutron/api/extensions.py:449}}
Jul 07 14:21:28.384681 np0000004727 devstack@neutron-api.service[87388]: INFO neutron.services.logapi.drivers.ovn.driver [None req-2d5145a1-57eb-4309-ac64-0bafdad76be9 None None] OVN logging driver registered
Jul 07 14:21:28.385286 np0000004727 devstack@neutron-api.service[87389]: DEBUG neutron.api.extensions [None req-9082b154-af4c-4faf-8a7a-818820158572 None None] Ext name="Availability Zone" alias="availability_zone" description="The availability zone extension." updated="2015-01-01T10:00:00-00:00" {{(pid=87389) _check_extension /opt/stack/neutron/neutron/api/extensions.py:415}}
Jul 07 14:21:28.385853 np0000004727 devstack@neutron-api.service[87388]: DEBUG neutron_lib.callbacks.manager [None req-2d5145a1-57eb-4309-ac64-0bafdad76be9 None None] Subscribe: ._register_pvlan_driver at 0x7098aeeba3e0> pvlan_plugin before_spawn 55550000, False {{(pid=87388) subscribe /opt/stack/data/venv/lib/python3.12/site-packages/neutron_lib/callbacks/manager.py:52}}
Jul 07 14:21:28.386076 np0000004727 devstack@neutron-api.service[87389]: INFO neutron.api.extensions [None req-9082b154-af4c-4faf-8a7a-818820158572 None None] Loaded extension: availability_zone
Jul 07 14:21:28.386298 np0000004727 devstack@neutron-api.service[87388]: DEBUG neutron_lib.callbacks.manager [None req-2d5145a1-57eb-4309-ac64-0bafdad76be9 None None] Subscribe: process after_init 55550000, False {{(pid=87388) subscribe /opt/stack/data/venv/lib/python3.12/site-packages/neutron_lib/callbacks/manager.py:52}}
Jul 07 14:21:28.386509 np0000004727 devstack@neutron-api.service[87389]: DEBUG neutron.api.extensions [None req-9082b154-af4c-4faf-8a7a-818820158572 None None] Loading extension file: availability_zone_filter.py {{(pid=87389) _load_all_extensions_from_path /opt/stack/neutron/neutron/api/extensions.py:449}}
Jul 07 14:21:28.386509 np0000004727 devstack@neutron-api.service[87389]: DEBUG neutron.api.extensions [None req-9082b154-af4c-4faf-8a7a-818820158572 None None] Ext name="Availability Zone Filter Extension" alias="availability_zone_filter" description="Add filter parameters to AvailabilityZone resource" updated="2018-06-22T10:00:00-00:00" {{(pid=87389) _check_extension /opt/stack/neutron/neutron/api/extensions.py:415}}
Jul 07 14:21:28.386509 np0000004727 devstack@neutron-api.service[87389]: INFO neutron.api.extensions [None req-9082b154-af4c-4faf-8a7a-818820158572 None None] Extension availability_zone_filter not supported by any of loaded plugins
Jul 07 14:21:28.386509 np0000004727 devstack@neutron-api.service[87389]: DEBUG neutron.api.extensions [None req-9082b154-af4c-4faf-8a7a-818820158572 None None] Loading extension file: data_plane_status.py {{(pid=87389) _load_all_extensions_from_path /opt/stack/neutron/neutron/api/extensions.py:449}}
Jul 07 14:21:28.386509 np0000004727 devstack@neutron-api.service[87389]: DEBUG neutron.api.extensions [None req-9082b154-af4c-4faf-8a7a-818820158572 None None] Ext name="Port data plane status extension" alias="data-plane-status" description="Expose status of underlying data plane" updated="2017-01-24T10:00:00-00:00" {{(pid=87389) _check_extension /opt/stack/neutron/neutron/api/extensions.py:415}}
Jul 07 14:21:28.386509 np0000004727 devstack@neutron-api.service[87389]: INFO neutron.api.extensions [None req-9082b154-af4c-4faf-8a7a-818820158572 None None] Extension data-plane-status not supported by any of loaded plugins
Jul 07 14:21:28.386509 np0000004727 devstack@neutron-api.service[87389]: DEBUG neutron.api.extensions [None req-9082b154-af4c-4faf-8a7a-818820158572 None None] Loading extension file: default_subnetpools.py {{(pid=87389) _load_all_extensions_from_path /opt/stack/neutron/neutron/api/extensions.py:449}}
Jul 07 14:21:28.386841 np0000004727 devstack@neutron-api.service[87389]: DEBUG neutron.api.extensions [None req-9082b154-af4c-4faf-8a7a-818820158572 None None] Ext name="Default Subnetpools" alias="default-subnetpools" description="Provides ability to mark and use a subnetpool as the default." updated="2016-02-18T18:00:00-00:00" {{(pid=87389) _check_extension /opt/stack/neutron/neutron/api/extensions.py:415}}
Jul 07 14:21:28.386841 np0000004727 devstack@neutron-api.service[87389]: INFO neutron.api.extensions [None req-9082b154-af4c-4faf-8a7a-818820158572 None None] Loaded extension: default-subnetpools
Jul 07 14:21:28.386841 np0000004727 devstack@neutron-api.service[87389]: DEBUG neutron.api.extensions [None req-9082b154-af4c-4faf-8a7a-818820158572 None None] Loading extension file: dhcpagentscheduler.py {{(pid=87389) _load_all_extensions_from_path /opt/stack/neutron/neutron/api/extensions.py:449}}
Jul 07 14:21:28.386841 np0000004727 devstack@neutron-api.service[87389]: DEBUG neutron.api.extensions [None req-9082b154-af4c-4faf-8a7a-818820158572 None None] Ext name="DHCP Agent Scheduler" alias="dhcp_agent_scheduler" description="Schedule networks among dhcp agents" updated="2013-02-07T10:00:00-00:00" {{(pid=87389) _check_extension /opt/stack/neutron/neutron/api/extensions.py:415}}
Jul 07 14:21:28.386841 np0000004727 devstack@neutron-api.service[87389]: INFO neutron.api.extensions [None req-9082b154-af4c-4faf-8a7a-818820158572 None None] Loaded extension: dhcp_agent_scheduler
Jul 07 14:21:28.386841 np0000004727 devstack@neutron-api.service[87389]: DEBUG neutron.api.extensions [None req-9082b154-af4c-4faf-8a7a-818820158572 None None] Loading extension file: dns.py {{(pid=87389) _load_all_extensions_from_path /opt/stack/neutron/neutron/api/extensions.py:449}}
Jul 07 14:21:28.387149 np0000004727 devstack@neutron-api.service[87388]: DEBUG neutron.plugins.ml2.plugin [None req-2d5145a1-57eb-4309-ac64-0bafdad76be9 None None] neutron.plugins.ml2.plugin.Ml2Plugin method _start_rpc_notifiers called with arguments () {} {{(pid=87388) wrapper /opt/stack/data/venv/lib/python3.12/site-packages/oslo_log/helpers.py:77}}
