Aug 06 20:09:39.408921 np0000006695 devstack@g-api.service[103053]: [pid: 103053|app: 0|req: 71/273] 127.0.0.1 () {40 vars in 834 bytes} [Thu Aug 6 20:09:39 2026] GET /v2/images/b4e05b5d-2274-4394-b5d1-75c8297cf2ce => generated 652 bytes in 13 msecs (HTTP/1.1 200) 4 headers in 157 bytes (1 switches on core 0)
Aug 06 20:09:39.919092 np0000006695 devstack@g-api.service[103050]: DEBUG glance.api.middleware.version_negotiation [None req-bf3c290c-45d8-44c9-ac27-c5fd1b122d3f tempest-ServerBootFromVolumeStableRescueTest-392909322 tempest-ServerBootFromVolumeStableRescueTest-392909322-project-member] Determining version of request: GET /v2/images/7445fe19-c821-4915-aea9-974ea8d3f13b Accept: application/json {{(pid=103050) process_request /opt/stack/glance/glance/api/middleware/version_negotiation.py:44}}
Aug 06 20:09:39.919540 np0000006695 devstack@g-api.service[103050]: DEBUG glance.api.middleware.version_negotiation [None req-bf3c290c-45d8-44c9-ac27-c5fd1b122d3f tempest-ServerBootFromVolumeStableRescueTest-392909322 tempest-ServerBootFromVolumeStableRescueTest-392909322-project-member] Using url versioning {{(pid=103050) process_request /opt/stack/glance/glance/api/middleware/version_negotiation.py:57}}
Aug 06 20:09:39.919540 np0000006695 devstack@g-api.service[103050]: DEBUG glance.api.middleware.version_negotiation [None req-bf3c290c-45d8-44c9-ac27-c5fd1b122d3f tempest-ServerBootFromVolumeStableRescueTest-392909322 tempest-ServerBootFromVolumeStableRescueTest-392909322-project-member] Matched version: v2 {{(pid=103050) process_request /opt/stack/glance/glance/api/middleware/version_negotiation.py:69}}
Aug 06 20:09:39.919644 np0000006695 devstack@g-api.service[103050]: DEBUG glance.api.middleware.version_negotiation [None req-bf3c290c-45d8-44c9-ac27-c5fd1b122d3f tempest-ServerBootFromVolumeStableRescueTest-392909322 tempest-ServerBootFromVolumeStableRescueTest-392909322-project-member] new path /v2/images/7445fe19-c821-4915-aea9-974ea8d3f13b {{(pid=103050) process_request /opt/stack/glance/glance/api/middleware/version_negotiation.py:70}}
Aug 06 20:09:39.948335 np0000006695 devstack@g-api.service[103050]: [pid: 103050|app: 0|req: 63/274] 127.0.0.1 () {40 vars in 834 bytes} [Thu Aug 6 20:09:39 2026] GET /v2/images/7445fe19-c821-4915-aea9-974ea8d3f13b => generated 1357 bytes in 29 msecs (HTTP/1.1 200) 4 headers in 158 bytes (1 switches on core 0)
Aug 06 20:09:40.417353 np0000006695 devstack@g-api.service[103051]: DEBUG glance.api.middleware.version_negotiation [None req-d34d1e5b-ed0f-4146-83d5-e23fcde694a7 tempest-ServerBootFromVolumeStableRescueTest-392909322 tempest-ServerBootFromVolumeStableRescueTest-392909322-project-member] Determining version of request: GET /v2/images/b4e05b5d-2274-4394-b5d1-75c8297cf2ce Accept: application/json {{(pid=103051) process_request /opt/stack/glance/glance/api/middleware/version_negotiation.py:44}}
Aug 06 20:09:40.417738 np0000006695 devstack@g-api.service[103051]: DEBUG glance.api.middleware.version_negotiation [None req-d34d1e5b-ed0f-4146-83d5-e23fcde694a7 tempest-ServerBootFromVolumeStableRescueTest-392909322 tempest-ServerBootFromVolumeStableRescueTest-392909322-project-member] Using url versioning {{(pid=103051) process_request /opt/stack/glance/glance/api/middleware/version_negotiation.py:57}}
Aug 06 20:09:40.417738 np0000006695 devstack@g-api.service[103051]: DEBUG glance.api.middleware.version_negotiation [None req-d34d1e5b-ed0f-4146-83d5-e23fcde694a7 tempest-ServerBootFromVolumeStableRescueTest-392909322 tempest-ServerBootFromVolumeStableRescueTest-392909322-project-member] Matched version: v2 {{(pid=103051) process_request /opt/stack/glance/glance/api/middleware/version_negotiation.py:69}}
Aug 06 20:09:40.417738 np0000006695 devstack@g-api.service[103051]: DEBUG glance.api.middleware.version_negotiation [None req-d34d1e5b-ed0f-4146-83d5-e23fcde694a7 tempest-ServerBootFromVolumeStableRescueTest-392909322 tempest-ServerBootFromVolumeStableRescueTest-392909322-project-member] new path /v2/images/b4e05b5d-2274-4394-b5d1-75c8297cf2ce {{(pid=103051) process_request /opt/stack/glance/glance/api/middleware/version_negotiation.py:70}}
Aug 06 20:09:40.428699 np0000006695 devstack@g-api.service[103051]: [pid: 103051|app: 0|req: 69/275] 127.0.0.1 () {40 vars in 834 bytes} [Thu Aug 6 20:09:40 2026] GET /v2/images/b4e05b5d-2274-4394-b5d1-75c8297cf2ce => generated 652 bytes in 12 msecs (HTTP/1.1 200) 4 headers in 157 bytes (1 switches on core 0)
Aug 06 20:09:40.495570 np0000006695 devstack@g-api.service[103052]: DEBUG glance.api.middleware.version_negotiation [None req-d34d1e5b-ed0f-4146-83d5-e23fcde694a7 tempest-ServerBootFromVolumeStableRescueTest-392909322 tempest-ServerBootFromVolumeStableRescueTest-392909322-project-member] Determining version of request: GET /v2/images/7445fe19-c821-4915-aea9-974ea8d3f13b Accept: */* {{(pid=103052) process_request /opt/stack/glance/glance/api/middleware/version_negotiation.py:44}}
Aug 06 20:09:40.496003 np0000006695 devstack@g-api.service[103052]: DEBUG glance.api.middleware.version_negotiation [None req-d34d1e5b-ed0f-4146-83d5-e23fcde694a7 tempest-ServerBootFromVolumeStableRescueTest-392909322 tempest-ServerBootFromVolumeStableRescueTest-392909322-project-member] Using url versioning {{(pid=103052) process_request /opt/stack/glance/glance/api/middleware/version_negotiation.py:57}}
Aug 06 20:09:40.496003 np0000006695 devstack@g-api.service[103052]: DEBUG glance.api.middleware.version_negotiation [None req-d34d1e5b-ed0f-4146-83d5-e23fcde694a7 tempest-ServerBootFromVolumeStableRescueTest-392909322 tempest-ServerBootFromVolumeStableRescueTest-392909322-project-member] Matched version: v2 {{(pid=103052) process_request /opt/stack/glance/glance/api/middleware/version_negotiation.py:69}}
Aug 06 20:09:40.497395 np0000006695 devstack@g-api.service[103052]: DEBUG glance.api.middleware.version_negotiation [None req-d34d1e5b-ed0f-4146-83d5-e23fcde694a7 tempest-ServerBootFromVolumeStableRescueTest-392909322 tempest-ServerBootFromVolumeStableRescueTest-392909322-project-member] new path /v2/images/7445fe19-c821-4915-aea9-974ea8d3f13b {{(pid=103052) process_request /opt/stack/glance/glance/api/middleware/version_negotiation.py:70}}
Aug 06 20:09:40.516915 np0000006695 devstack@g-api.service[103052]: [pid: 103052|app: 0|req: 73/276] 127.0.0.1 () {44 vars in 1111 bytes} [Thu Aug 6 20:09:40 2026] GET /v2/images/7445fe19-c821-4915-aea9-974ea8d3f13b => generated 1357 bytes in 22 msecs (HTTP/1.1 200) 4 headers in 158 bytes (1 switches on core 0)
Aug 06 20:09:40.564878 np0000006695 devstack@g-api.service[103053]: DEBUG glance.api.middleware.version_negotiation [None req-9ac90158-5f29-4db9-ac8b-a4536b11f59f tempest-VolumesActionsTest-848688165 tempest-VolumesActionsTest-848688165-project-member] Determining version of request: GET /v2/schemas/image Accept: */* {{(pid=103053) process_request /opt/stack/glance/glance/api/middleware/version_negotiation.py:44}}
Aug 06 20:09:40.567023 np0000006695 devstack@g-api.service[103053]: DEBUG glance.api.middleware.version_negotiation [None req-9ac90158-5f29-4db9-ac8b-a4536b11f59f tempest-VolumesActionsTest-848688165 tempest-VolumesActionsTest-848688165-project-member] Using url versioning {{(pid=103053) process_request /opt/stack/glance/glance/api/middleware/version_negotiation.py:57}}
Aug 06 20:09:40.567159 np0000006695 devstack@g-api.service[103053]: DEBUG glance.api.middleware.version_negotiation [None req-9ac90158-5f29-4db9-ac8b-a4536b11f59f tempest-VolumesActionsTest-848688165 tempest-VolumesActionsTest-848688165-project-member] Matched version: v2 {{(pid=103053) process_request /opt/stack/glance/glance/api/middleware/version_negotiation.py:69}}
Aug 06 20:09:40.567259 np0000006695 devstack@g-api.service[103053]: DEBUG glance.api.middleware.version_negotiation [None req-9ac90158-5f29-4db9-ac8b-a4536b11f59f tempest-VolumesActionsTest-848688165 tempest-VolumesActionsTest-848688165-project-member] new path /v2/schemas/image {{(pid=103053) process_request /opt/stack/glance/glance/api/middleware/version_negotiation.py:70}}
Aug 06 20:09:40.572883 np0000006695 devstack@g-api.service[103053]: [pid: 103053|app: 0|req: 72/277] 127.0.0.1 () {44 vars in 1051 bytes} [Thu Aug 6 20:09:40 2026] GET /v2/schemas/image => generated 6083 bytes in 8 msecs (HTTP/1.1 200) 4 headers in 158 bytes (1 switches on core 0)
Aug 06 20:09:40.656589 np0000006695 devstack@g-api.service[103050]: DEBUG glance.api.middleware.version_negotiation [None req-0bea9736-738c-4559-a009-14f07272829b tempest-ServerBootFromVolumeStableRescueTest-392909322 tempest-ServerBootFromVolumeStableRescueTest-392909322-project-member] Determining version of request: GET /v2/schemas/image Accept: */* {{(pid=103050) process_request /opt/stack/glance/glance/api/middleware/version_negotiation.py:44}}
Aug 06 20:09:40.656817 np0000006695 devstack@g-api.service[103050]: DEBUG glance.api.middleware.version_negotiation [None req-0bea9736-738c-4559-a009-14f07272829b tempest-ServerBootFromVolumeStableRescueTest-392909322 tempest-ServerBootFromVolumeStableRescueTest-392909322-project-member] Using url versioning {{(pid=103050) process_request /opt/stack/glance/glance/api/middleware/version_negotiation.py:57}}
Aug 06 20:09:40.657141 np0000006695 devstack@g-api.service[103050]: DEBUG glance.api.middleware.version_negotiation [None req-0bea9736-738c-4559-a009-14f07272829b tempest-ServerBootFromVolumeStableRescueTest-392909322 tempest-ServerBootFromVolumeStableRescueTest-392909322-project-member] Matched version: v2 {{(pid=103050) process_request /opt/stack/glance/glance/api/middleware/version_negotiation.py:69}}
Aug 06 20:09:40.657307 np0000006695 devstack@g-api.service[103050]: DEBUG glance.api.middleware.version_negotiation [None req-0bea9736-738c-4559-a009-14f07272829b tempest-ServerBootFromVolumeStableRescueTest-392909322 tempest-ServerBootFromVolumeStableRescueTest-392909322-project-member] new path /v2/schemas/image {{(pid=103050) process_request /opt/stack/glance/glance/api/middleware/version_negotiation.py:70}}
Aug 06 20:09:40.660333 np0000006695 devstack@g-api.service[103050]: [pid: 103050|app: 0|req: 64/278] 127.0.0.1 () {44 vars in 1051 bytes} [Thu Aug 6 20:09:40 2026] GET /v2/schemas/image => generated 6083 bytes in 4 msecs (HTTP/1.1 200) 4 headers in 158 bytes (1 switches on core 0)
Aug 06 20:09:40.705254 np0000006695 devstack@g-api.service[103051]: DEBUG glance.api.middleware.version_negotiation [None req-26cc45d1-3509-4d2c-80dd-84cb64d3694b tempest-VolumesActionsTest-848688165 tempest-VolumesActionsTest-848688165-project-member] Determining version of request: PATCH /v2/images/7445fe19-c821-4915-aea9-974ea8d3f13b Accept: */* {{(pid=103051) process_request /opt/stack/glance/glance/api/middleware/version_negotiation.py:44}}
Aug 06 20:09:40.705254 np0000006695 devstack@g-api.service[103051]: DEBUG glance.api.middleware.version_negotiation [None req-26cc45d1-3509-4d2c-80dd-84cb64d3694b tempest-VolumesActionsTest-848688165 tempest-VolumesActionsTest-848688165-project-member] Using url versioning {{(pid=103051) process_request /opt/stack/glance/glance/api/middleware/version_negotiation.py:57}}
Aug 06 20:09:40.705254 np0000006695 devstack@g-api.service[103051]: DEBUG glance.api.middleware.version_negotiation [None req-26cc45d1-3509-4d2c-80dd-84cb64d3694b tempest-VolumesActionsTest-848688165 tempest-VolumesActionsTest-848688165-project-member] Matched version: v2 {{(pid=103051) process_request /opt/stack/glance/glance/api/middleware/version_negotiation.py:69}}
Aug 06 20:09:40.705254 np0000006695 devstack@g-api.service[103051]: DEBUG glance.api.middleware.version_negotiation [None req-26cc45d1-3509-4d2c-80dd-84cb64d3694b tempest-VolumesActionsTest-848688165 tempest-VolumesActionsTest-848688165-project-member] new path /v2/images/7445fe19-c821-4915-aea9-974ea8d3f13b {{(pid=103051) process_request /opt/stack/glance/glance/api/middleware/version_negotiation.py:70}}
Aug 06 20:09:40.905727 np0000006695 devstack@g-api.service[103051]: [pid: 103051|app: 0|req: 70/279] 127.0.0.1 () {46 vars in 1154 bytes} [Thu Aug 6 20:09:40 2026] PATCH /v2/images/7445fe19-c821-4915-aea9-974ea8d3f13b => generated 1468 bytes in 201 msecs (HTTP/1.1 200) 4 headers in 158 bytes (1 switches on core 0)
Aug 06 20:09:40.962051 np0000006695 devstack@g-api.service[103052]: DEBUG glance.api.middleware.version_negotiation [None req-d34d1e5b-ed0f-4146-83d5-e23fcde694a7 tempest-ServerBootFromVolumeStableRescueTest-392909322 tempest-ServerBootFromVolumeStableRescueTest-392909322-project-member] Determining version of request: GET /v2/images/7445fe19-c821-4915-aea9-974ea8d3f13b Accept: application/json {{(pid=103052) process_request /opt/stack/glance/glance/api/middleware/version_negotiation.py:44}}
Aug 06 20:09:40.962254 np0000006695 devstack@g-api.service[103052]: DEBUG glance.api.middleware.version_negotiation [None req-d34d1e5b-ed0f-4146-83d5-e23fcde694a7 tempest-ServerBootFromVolumeStableRescueTest-392909322 tempest-ServerBootFromVolumeStableRescueTest-392909322-project-member] Using url versioning {{(pid=103052) process_request /opt/stack/glance/glance/api/middleware/version_negotiation.py:57}}
Aug 06 20:09:40.962776 np0000006695 devstack@g-api.service[103052]: DEBUG glance.api.middleware.version_negotiation [None req-d34d1e5b-ed0f-4146-83d5-e23fcde694a7 tempest-ServerBootFromVolumeStableRescueTest-392909322 tempest-ServerBootFromVolumeStableRescueTest-392909322-project-member] Matched version: v2 {{(pid=103052) process_request /opt/stack/glance/glance/api/middleware/version_negotiation.py:69}}
Aug 06 20:09:40.962776 np0000006695 devstack@g-api.service[103052]: DEBUG glance.api.middleware.version_negotiation [None req-d34d1e5b-ed0f-4146-83d5-e23fcde694a7 tempest-ServerBootFromVolumeStableRescueTest-392909322 tempest-ServerBootFromVolumeStableRescueTest-392909322-project-member] new path /v2/images/7445fe19-c821-4915-aea9-974ea8d3f13b {{(pid=103052) process_request /opt/stack/glance/glance/api/middleware/version_negotiation.py:70}}
Aug 06 20:09:40.972565 np0000006695 devstack@g-api.service[103053]: DEBUG glance.api.middleware.version_negotiation [None req-d34d1e5b-ed0f-4146-83d5-e23fcde694a7 tempest-ServerBootFromVolumeStableRescueTest-392909322 tempest-ServerBootFromVolumeStableRescueTest-392909322-project-member] Determining version of request: GET /v2/images/7445fe19-c821-4915-aea9-974ea8d3f13b Accept: */* {{(pid=103053) process_request /opt/stack/glance/glance/api/middleware/version_negotiation.py:44}}
Aug 06 20:09:40.972772 np0000006695 devstack@g-api.service[103053]: DEBUG glance.api.middleware.version_negotiation [None req-d34d1e5b-ed0f-4146-83d5-e23fcde694a7 tempest-ServerBootFromVolumeStableRescueTest-392909322 tempest-ServerBootFromVolumeStableRescueTest-392909322-project-member] Using url versioning {{(pid=103053) process_request /opt/stack/glance/glance/api/middleware/version_negotiation.py:57}}
Aug 06 20:09:40.972918 np0000006695 devstack@g-api.service[103053]: DEBUG glance.api.middleware.version_negotiation [None req-d34d1e5b-ed0f-4146-83d5-e23fcde694a7 tempest-ServerBootFromVolumeStableRescueTest-392909322 tempest-ServerBootFromVolumeStableRescueTest-392909322-project-member] Matched version: v2 {{(pid=103053) process_request /opt/stack/glance/glance/api/middleware/version_negotiation.py:69}}
Aug 06 20:09:40.973033 np0000006695 devstack@g-api.service[103053]: DEBUG glance.api.middleware.version_negotiation [None req-d34d1e5b-ed0f-4146-83d5-e23fcde694a7 tempest-ServerBootFromVolumeStableRescueTest-392909322 tempest-ServerBootFromVolumeStableRescueTest-392909322-project-member] new path /v2/images/7445fe19-c821-4915-aea9-974ea8d3f13b {{(pid=103053) process_request /opt/stack/glance/glance/api/middleware/version_negotiation.py:70}}
Aug 06 20:09:40.981328 np0000006695 devstack@g-api.service[103052]: [pid: 103052|app: 0|req: 74/280] 127.0.0.1 () {40 vars in 834 bytes} [Thu Aug 6 20:09:40 2026] GET /v2/images/7445fe19-c821-4915-aea9-974ea8d3f13b => generated 1468 bytes in 22 msecs (HTTP/1.1 200) 4 headers in 158 bytes (1 switches on core 0)
Aug 06 20:09:40.986459 np0000006695 devstack@g-api.service[103053]: [pid: 103053|app: 0|req: 73/281] 127.0.0.1 () {44 vars in 1111 bytes} [Thu Aug 6 20:09:40 2026] GET /v2/images/7445fe19-c821-4915-aea9-974ea8d3f13b => generated 1468 bytes in 13 msecs (HTTP/1.1 200) 4 headers in 158 bytes (1 switches on core 0)
Aug 06 20:09:41.051229 np0000006695 devstack@g-api.service[103050]: DEBUG glance.api.middleware.version_negotiation [None req-d34d1e5b-ed0f-4146-83d5-e23fcde694a7 tempest-ServerBootFromVolumeStableRescueTest-392909322 tempest-ServerBootFromVolumeStableRescueTest-392909322-project-member] Determining version of request: PUT /v2/images/7445fe19-c821-4915-aea9-974ea8d3f13b/file Accept: */* {{(pid=103050) process_request /opt/stack/glance/glance/api/middleware/version_negotiation.py:44}}
Aug 06 20:09:41.051229 np0000006695 devstack@g-api.service[103050]: DEBUG glance.api.middleware.version_negotiation [None req-d34d1e5b-ed0f-4146-83d5-e23fcde694a7 tempest-ServerBootFromVolumeStableRescueTest-392909322 tempest-ServerBootFromVolumeStableRescueTest-392909322-project-member] Using url versioning {{(pid=103050) process_request /opt/stack/glance/glance/api/middleware/version_negotiation.py:57}}
Aug 06 20:09:41.051229 np0000006695 devstack@g-api.service[103050]: DEBUG glance.api.middleware.version_negotiation [None req-d34d1e5b-ed0f-4146-83d5-e23fcde694a7 tempest-ServerBootFromVolumeStableRescueTest-392909322 tempest-ServerBootFromVolumeStableRescueTest-392909322-project-member] Matched version: v2 {{(pid=103050) process_request /opt/stack/glance/glance/api/middleware/version_negotiation.py:69}}
Aug 06 20:09:41.051229 np0000006695 devstack@g-api.service[103050]: DEBUG glance.api.middleware.version_negotiation [None req-d34d1e5b-ed0f-4146-83d5-e23fcde694a7 tempest-ServerBootFromVolumeStableRescueTest-392909322 tempest-ServerBootFromVolumeStableRescueTest-392909322-project-member] new path /v2/images/7445fe19-c821-4915-aea9-974ea8d3f13b/file {{(pid=103050) process_request /opt/stack/glance/glance/api/middleware/version_negotiation.py:70}}
Aug 06 20:09:41.439687 np0000006695 devstack@g-api.service[103051]: DEBUG glance.api.middleware.version_negotiation [None req-d34d1e5b-ed0f-4146-83d5-e23fcde694a7 tempest-ServerBootFromVolumeStableRescueTest-392909322 tempest-ServerBootFromVolumeStableRescueTest-392909322-project-member] Determining version of request: GET /v2/images/b4e05b5d-2274-4394-b5d1-75c8297cf2ce Accept: application/json {{(pid=103051) process_request /opt/stack/glance/glance/api/middleware/version_negotiation.py:44}}
Aug 06 20:09:41.440150 np0000006695 devstack@g-api.service[103051]: DEBUG glance.api.middleware.version_negotiation [None req-d34d1e5b-ed0f-4146-83d5-e23fcde694a7 tempest-ServerBootFromVolumeStableRescueTest-392909322 tempest-ServerBootFromVolumeStableRescueTest-392909322-project-member] Using url versioning {{(pid=103051) process_request /opt/stack/glance/glance/api/middleware/version_negotiation.py:57}}
Aug 06 20:09:41.440150 np0000006695 devstack@g-api.service[103051]: DEBUG glance.api.middleware.version_negotiation [None req-d34d1e5b-ed0f-4146-83d5-e23fcde694a7 tempest-ServerBootFromVolumeStableRescueTest-392909322 tempest-ServerBootFromVolumeStableRescueTest-392909322-project-member] Matched version: v2 {{(pid=103051) process_request /opt/stack/glance/glance/api/middleware/version_negotiation.py:69}}
Aug 06 20:09:41.440150 np0000006695 devstack@g-api.service[103051]: DEBUG glance.api.middleware.version_negotiation [None req-d34d1e5b-ed0f-4146-83d5-e23fcde694a7 tempest-ServerBootFromVolumeStableRescueTest-392909322 tempest-ServerBootFromVolumeStableRescueTest-392909322-project-member] new path /v2/images/b4e05b5d-2274-4394-b5d1-75c8297cf2ce {{(pid=103051) process_request /opt/stack/glance/glance/api/middleware/version_negotiation.py:70}}
Aug 06 20:09:41.452303 np0000006695 devstack@g-api.service[103051]: [pid: 103051|app: 0|req: 71/282] 127.0.0.1 () {40 vars in 834 bytes} [Thu Aug 6 20:09:41 2026] GET /v2/images/b4e05b5d-2274-4394-b5d1-75c8297cf2ce => generated 652 bytes in 13 msecs (HTTP/1.1 200) 4 headers in 157 bytes (1 switches on core 0)
Aug 06 20:09:41.720953 np0000006695 devstack@g-api.service[103050]: INFO glance.api.v2.image_data [None req-d34d1e5b-ed0f-4146-83d5-e23fcde694a7 tempest-ServerBootFromVolumeStableRescueTest-392909322 tempest-ServerBootFromVolumeStableRescueTest-392909322-project-member] Unable to create trust: no such option collect_timing in group [keystone_authtoken] Use the existing user token.
Aug 06 20:09:41.991420 np0000006695 devstack@g-api.service[103052]: DEBUG glance.api.middleware.version_negotiation [None req-8e0cf8d0-d80f-4add-b725-ae372ecabee0 tempest-ServerBootFromVolumeStableRescueTest-392909322 tempest-ServerBootFromVolumeStableRescueTest-392909322-project-member] Determining version of request: GET /v2/images/7445fe19-c821-4915-aea9-974ea8d3f13b Accept: application/json {{(pid=103052) process_request /opt/stack/glance/glance/api/middleware/version_negotiation.py:44}}
Aug 06 20:09:41.991828 np0000006695 devstack@g-api.service[103052]: DEBUG glance.api.middleware.version_negotiation [None req-8e0cf8d0-d80f-4add-b725-ae372ecabee0 tempest-ServerBootFromVolumeStableRescueTest-392909322 tempest-ServerBootFromVolumeStableRescueTest-392909322-project-member] Using url versioning {{(pid=103052) process_request /opt/stack/glance/glance/api/middleware/version_negotiation.py:57}}
Aug 06 20:09:41.991923 np0000006695 devstack@g-api.service[103052]: DEBUG glance.api.middleware.version_negotiation [None req-8e0cf8d0-d80f-4add-b725-ae372ecabee0 tempest-ServerBootFromVolumeStableRescueTest-392909322 tempest-ServerBootFromVolumeStableRescueTest-392909322-project-member] Matched version: v2 {{(pid=103052) process_request /opt/stack/glance/glance/api/middleware/version_negotiation.py:69}}
Aug 06 20:09:41.992080 np0000006695 devstack@g-api.service[103052]: DEBUG glance.api.middleware.version_negotiation [None req-8e0cf8d0-d80f-4add-b725-ae372ecabee0 tempest-ServerBootFromVolumeStableRescueTest-392909322 tempest-ServerBootFromVolumeStableRescueTest-392909322-project-member] new path /v2/images/7445fe19-c821-4915-aea9-974ea8d3f13b {{(pid=103052) process_request /opt/stack/glance/glance/api/middleware/version_negotiation.py:70}}
Aug 06 20:09:42.006623 np0000006695 devstack@g-api.service[103052]: [pid: 103052|app: 0|req: 75/283] 127.0.0.1 () {40 vars in 834 bytes} [Thu Aug 6 20:09:41 2026] GET /v2/images/7445fe19-c821-4915-aea9-974ea8d3f13b => generated 1468 bytes in 15 msecs (HTTP/1.1 200) 4 headers in 158 bytes (1 switches on core 0)
Aug 06 20:09:42.236166 np0000006695 devstack@g-api.service[103050]: DEBUG glance.location [None req-d34d1e5b-ed0f-4146-83d5-e23fcde694a7 tempest-ServerBootFromVolumeStableRescueTest-392909322 tempest-ServerBootFromVolumeStableRescueTest-392909322-project-member] Enabling in-flight format inspection for qcow2 {{(pid=103050) set_data /opt/stack/glance/glance/location.py:596}}
Aug 06 20:09:42.236625 np0000006695 devstack@g-api.service[103050]: DEBUG glance_store.backend [None req-d34d1e5b-ed0f-4146-83d5-e23fcde694a7 tempest-ServerBootFromVolumeStableRescueTest-392909322 tempest-ServerBootFromVolumeStableRescueTest-392909322-project-member] Attempting to import store swift {{(pid=103050) _load_store /opt/stack/data/venv/lib/python3.12/site-packages/glance_store/backend.py:215}}
Aug 06 20:09:42.238775 np0000006695 devstack@g-api.service[103050]: DEBUG glance_store.capabilities [None req-d34d1e5b-ed0f-4146-83d5-e23fcde694a7 tempest-ServerBootFromVolumeStableRescueTest-392909322 tempest-ServerBootFromVolumeStableRescueTest-392909322-project-member] Store glance_store._drivers.swift.store.SingleTenantStore doesn't support updating dynamic storage capabilities. Please overwrite 'update_capabilities' method of the store to implement updating logics if needed. {{(pid=103050) update_capabilities /opt/stack/data/venv/lib/python3.12/site-packages/glance_store/capabilities.py:91}}
Aug 06 20:09:42.238894 np0000006695 devstack@g-api.service[103050]: DEBUG glance_store.driver [None req-d34d1e5b-ed0f-4146-83d5-e23fcde694a7 tempest-ServerBootFromVolumeStableRescueTest-392909322 tempest-ServerBootFromVolumeStableRescueTest-392909322-project-member] Late loading location class glance_store._drivers.swift.store.StoreLocation {{(pid=103050) get_store_location_class /opt/stack/data/venv/lib/python3.12/site-packages/glance_store/driver.py:134}}
Aug 06 20:09:42.239061 np0000006695 devstack@g-api.service[103050]: DEBUG glance_store.location [None req-d34d1e5b-ed0f-4146-83d5-e23fcde694a7 tempest-ServerBootFromVolumeStableRescueTest-392909322 tempest-ServerBootFromVolumeStableRescueTest-392909322-project-member] Registering scheme swift+https with {'store': , 'location_class': , 'store_entry': 'swift'} {{(pid=103050) register_scheme_map /opt/stack/data/venv/lib/python3.12/site-packages/glance_store/location.py:146}}
Aug 06 20:09:42.239187 np0000006695 devstack@g-api.service[103050]: DEBUG glance_store.location [None req-d34d1e5b-ed0f-4146-83d5-e23fcde694a7 tempest-ServerBootFromVolumeStableRescueTest-392909322 tempest-ServerBootFromVolumeStableRescueTest-392909322-project-member] Registering scheme swift+https with {'store': , 'location_class': , 'store_entry': 'swift'} {{(pid=103050) register_scheme_map /opt/stack/data/venv/lib/python3.12/site-packages/glance_store/location.py:146}}
Aug 06 20:09:42.239296 np0000006695 devstack@g-api.service[103050]: DEBUG glance_store.location [None req-d34d1e5b-ed0f-4146-83d5-e23fcde694a7 tempest-ServerBootFromVolumeStableRescueTest-392909322 tempest-ServerBootFromVolumeStableRescueTest-392909322-project-member] Registering scheme swift with {'store': , 'location_class': , 'store_entry': 'swift'} {{(pid=103050) register_scheme_map /opt/stack/data/venv/lib/python3.12/site-packages/glance_store/location.py:146}}
Aug 06 20:09:42.239423 np0000006695 devstack@g-api.service[103050]: DEBUG glance_store.location [None req-d34d1e5b-ed0f-4146-83d5-e23fcde694a7 tempest-ServerBootFromVolumeStableRescueTest-392909322 tempest-ServerBootFromVolumeStableRescueTest-392909322-project-member] Registering scheme swift+https with {'store': , 'location_class': , 'store_entry': 'swift'} {{(pid=103050) register_scheme_map /opt/stack/data/venv/lib/python3.12/site-packages/glance_store/location.py:146}}
Aug 06 20:09:42.239523 np0000006695 devstack@g-api.service[103050]: DEBUG glance_store.location [None req-d34d1e5b-ed0f-4146-83d5-e23fcde694a7 tempest-ServerBootFromVolumeStableRescueTest-392909322 tempest-ServerBootFromVolumeStableRescueTest-392909322-project-member] Registering scheme swift with {'store': , 'location_class': , 'store_entry': 'swift'} {{(pid=103050) register_scheme_map /opt/stack/data/venv/lib/python3.12/site-packages/glance_store/location.py:146}}
Aug 06 20:09:42.239657 np0000006695 devstack@g-api.service[103050]: DEBUG glance_store.location [None req-d34d1e5b-ed0f-4146-83d5-e23fcde694a7 tempest-ServerBootFromVolumeStableRescueTest-392909322 tempest-ServerBootFromVolumeStableRescueTest-392909322-project-member] Registering scheme swift+http with {'store': , 'location_class': , 'store_entry': 'swift'} {{(pid=103050) register_scheme_map /opt/stack/data/venv/lib/python3.12/site-packages/glance_store/location.py:146}}
Aug 06 20:09:42.239765 np0000006695 devstack@g-api.service[103050]: DEBUG glance_store.location [None req-d34d1e5b-ed0f-4146-83d5-e23fcde694a7 tempest-ServerBootFromVolumeStableRescueTest-392909322 tempest-ServerBootFromVolumeStableRescueTest-392909322-project-member] Registering scheme swift+https with {'store': , 'location_class': , 'store_entry': 'swift'} {{(pid=103050) register_scheme_map /opt/stack/data/venv/lib/python3.12/site-packages/glance_store/location.py:146}}
Aug 06 20:09:42.239877 np0000006695 devstack@g-api.service[103050]: DEBUG glance_store.location [None req-d34d1e5b-ed0f-4146-83d5-e23fcde694a7 tempest-ServerBootFromVolumeStableRescueTest-392909322 tempest-ServerBootFromVolumeStableRescueTest-392909322-project-member] Registering scheme swift with {'store': , 'location_class': , 'store_entry': 'swift'} {{(pid=103050) register_scheme_map /opt/stack/data/venv/lib/python3.12/site-packages/glance_store/location.py:146}}
Aug 06 20:09:42.240011 np0000006695 devstack@g-api.service[103050]: DEBUG glance_store.location [None req-d34d1e5b-ed0f-4146-83d5-e23fcde694a7 tempest-ServerBootFromVolumeStableRescueTest-392909322 tempest-ServerBootFromVolumeStableRescueTest-392909322-project-member] Registering scheme swift+http with {'store': , 'location_class': , 'store_entry': 'swift'} {{(pid=103050) register_scheme_map /opt/stack/data/venv/lib/python3.12/site-packages/glance_store/location.py:146}}
Aug 06 20:09:42.240122 np0000006695 devstack@g-api.service[103050]: DEBUG glance_store.location [None req-d34d1e5b-ed0f-4146-83d5-e23fcde694a7 tempest-ServerBootFromVolumeStableRescueTest-392909322 tempest-ServerBootFromVolumeStableRescueTest-392909322-project-member] Registering scheme swift+config with {'store': , 'location_class': , 'store_entry': 'swift'} {{(pid=103050) register_scheme_map /opt/stack/data/venv/lib/python3.12/site-packages/glance_store/location.py:146}}
Aug 06 20:09:42.393034 np0000006695 devstack@g-api.service[103053]: DEBUG glance.api.middleware.version_negotiation [None req-d34d1e5b-ed0f-4146-83d5-e23fcde694a7 tempest-ServerBootFromVolumeStableRescueTest-392909322 tempest-ServerBootFromVolumeStableRescueTest-392909322-project-member] Determining version of request: PUT /v2/images/b4e05b5d-2274-4394-b5d1-75c8297cf2ce/file Accept: */* {{(pid=103053) process_request /opt/stack/glance/glance/api/middleware/version_negotiation.py:44}}
Aug 06 20:09:42.393438 np0000006695 devstack@g-api.service[103053]: DEBUG glance.api.middleware.version_negotiation [None req-d34d1e5b-ed0f-4146-83d5-e23fcde694a7 tempest-ServerBootFromVolumeStableRescueTest-392909322 tempest-ServerBootFromVolumeStableRescueTest-392909322-project-member] Using url versioning {{(pid=103053) process_request /opt/stack/glance/glance/api/middleware/version_negotiation.py:57}}
Aug 06 20:09:42.393438 np0000006695 devstack@g-api.service[103053]: DEBUG glance.api.middleware.version_negotiation [None req-d34d1e5b-ed0f-4146-83d5-e23fcde694a7 tempest-ServerBootFromVolumeStableRescueTest-392909322 tempest-ServerBootFromVolumeStableRescueTest-392909322-project-member] Matched version: v2 {{(pid=103053) process_request /opt/stack/glance/glance/api/middleware/version_negotiation.py:69}}
Aug 06 20:09:42.393438 np0000006695 devstack@g-api.service[103053]: DEBUG glance.api.middleware.version_negotiation [None req-d34d1e5b-ed0f-4146-83d5-e23fcde694a7 tempest-ServerBootFromVolumeStableRescueTest-392909322 tempest-ServerBootFromVolumeStableRescueTest-392909322-project-member] new path /v2/images/b4e05b5d-2274-4394-b5d1-75c8297cf2ce/file {{(pid=103053) process_request /opt/stack/glance/glance/api/middleware/version_negotiation.py:70}}
Aug 06 20:09:42.448593 np0000006695 devstack@g-api.service[103050]: DEBUG swiftclient [None req-d34d1e5b-ed0f-4146-83d5-e23fcde694a7 tempest-ServerBootFromVolumeStableRescueTest-392909322 tempest-ServerBootFromVolumeStableRescueTest-392909322-project-member] REQ: curl -i https://10.4.3.60:8080/v1/AUTH_5e768771f7b642e68aa6680d6fc9b505/glance -I -H "X-Auth-Token: gAAAAABqdOoGDwId..." {{(pid=103050) http_log /opt/stack/data/venv/lib/python3.12/site-packages/swiftclient/client.py:160}}
Aug 06 20:09:42.448700 np0000006695 devstack@g-api.service[103050]: DEBUG swiftclient [None req-d34d1e5b-ed0f-4146-83d5-e23fcde694a7 tempest-ServerBootFromVolumeStableRescueTest-392909322 tempest-ServerBootFromVolumeStableRescueTest-392909322-project-member] RESP STATUS: 204 No Content {{(pid=103050) http_log /opt/stack/data/venv/lib/python3.12/site-packages/swiftclient/client.py:161}}
Aug 06 20:09:42.449444 np0000006695 devstack@g-api.service[103050]: DEBUG swiftclient [None req-d34d1e5b-ed0f-4146-83d5-e23fcde694a7 tempest-ServerBootFromVolumeStableRescueTest-392909322 tempest-ServerBootFromVolumeStableRescueTest-392909322-project-member] RESP HEADERS: {'Date': 'Thu, 06 Aug 2026 20:09:42 GMT', 'Server': 'Apache/2.4.58 (Ubuntu)', 'Content-Type': 'text/plain; charset=utf-8', 'X-Container-Object-Count': '12', 'X-Container-Bytes-Used': '1161625600', 'X-Timestamp': '1786046683.93748', 'Last-Modified': 'Thu, 06 Aug 2026 20:04:44 GMT', 'Accept-Ranges': 'bytes', 'X-Storage-Policy': 'Policy-0', 'X-Container-Sharding': 'False', 'Vary': 'Accept', 'X-Trans-Id': 'tx8510426dce794027a3f6f-006a74ea06', 'X-Openstack-Request-Id': 'tx8510426dce794027a3f6f-006a74ea06', 'Connection': 'close'} {{(pid=103050) http_log /opt/stack/data/venv/lib/python3.12/site-packages/swiftclient/client.py:162}}
Aug 06 20:09:42.449444 np0000006695 devstack@g-api.service[103050]: DEBUG glance_store._drivers.swift.store [None req-d34d1e5b-ed0f-4146-83d5-e23fcde694a7 tempest-ServerBootFromVolumeStableRescueTest-392909322 tempest-ServerBootFromVolumeStableRescueTest-392909322-project-member] Adding image object '7445fe19-c821-4915-aea9-974ea8d3f13b' to Swift {{(pid=103050) add /opt/stack/data/venv/lib/python3.12/site-packages/glance_store/_drivers/swift/store.py:970}}
Aug 06 20:09:42.449574 np0000006695 devstack@g-api.service[103050]: DEBUG glance_store._drivers.swift.store [None req-d34d1e5b-ed0f-4146-83d5-e23fcde694a7 tempest-ServerBootFromVolumeStableRescueTest-392909322 tempest-ServerBootFromVolumeStableRescueTest-392909322-project-member] Cannot determine image size because it is either not provided in the request or chunked-transfer encoding is used. Adding image as a segmented object to Swift. {{(pid=103050) add /opt/stack/data/venv/lib/python3.12/site-packages/glance_store/_drivers/swift/store.py:994}}
Aug 06 20:09:42.455734 np0000006695 devstack@g-api.service[103050]: DEBUG oslo_utils.imageutils.format_inspector [None req-d34d1e5b-ed0f-4146-83d5-e23fcde694a7 tempest-ServerBootFromVolumeStableRescueTest-392909322 tempest-ServerBootFromVolumeStableRescueTest-392909322-project-member] Format inspector for vmdk does not match, excluding from consideration (Signature KDMV not found: b'QFI\xfb') {{(pid=103050) _process_chunk /opt/stack/data/venv/lib/python3.12/site-packages/oslo_utils/imageutils/format_inspector.py:1758}}
Aug 06 20:09:42.457951 np0000006695 devstack@g-api.service[103050]: DEBUG oslo_utils.imageutils.format_inspector [None req-d34d1e5b-ed0f-4146-83d5-e23fcde694a7 tempest-ServerBootFromVolumeStableRescueTest-392909322 tempest-ServerBootFromVolumeStableRescueTest-392909322-project-member] Format inspector for vhdx does not match, excluding from consideration (Region signature not found at 30000) {{(pid=103050) _process_chunk /opt/stack/data/venv/lib/python3.12/site-packages/oslo_utils/imageutils/format_inspector.py:1758}}
Aug 06 20:09:42.463595 np0000006695 devstack@g-api.service[103051]: DEBUG glance.api.middleware.version_negotiation [None req-2094bf3c-193c-4821-a42b-e57d46b64e05 tempest-VolumesActionsTest-848688165 tempest-VolumesActionsTest-848688165-project-member] Determining version of request: GET /v2/images/b4e05b5d-2274-4394-b5d1-75c8297cf2ce Accept: application/json {{(pid=103051) process_request /opt/stack/glance/glance/api/middleware/version_negotiation.py:44}}
Aug 06 20:09:42.463595 np0000006695 devstack@g-api.service[103051]: DEBUG glance.api.middleware.version_negotiation [None req-2094bf3c-193c-4821-a42b-e57d46b64e05 tempest-VolumesActionsTest-848688165 tempest-VolumesActionsTest-848688165-project-member] Using url versioning {{(pid=103051) process_request /opt/stack/glance/glance/api/middleware/version_negotiation.py:57}}
Aug 06 20:09:42.463595 np0000006695 devstack@g-api.service[103051]: DEBUG glance.api.middleware.version_negotiation [None req-2094bf3c-193c-4821-a42b-e57d46b64e05 tempest-VolumesActionsTest-848688165 tempest-VolumesActionsTest-848688165-project-member] Matched version: v2 {{(pid=103051) process_request /opt/stack/glance/glance/api/middleware/version_negotiation.py:69}}
Aug 06 20:09:42.463595 np0000006695 devstack@g-api.service[103051]: DEBUG glance.api.middleware.version_negotiation [None req-2094bf3c-193c-4821-a42b-e57d46b64e05 tempest-VolumesActionsTest-848688165 tempest-VolumesActionsTest-848688165-project-member] new path /v2/images/b4e05b5d-2274-4394-b5d1-75c8297cf2ce {{(pid=103051) process_request /opt/stack/glance/glance/api/middleware/version_negotiation.py:70}}
Aug 06 20:09:42.480385 np0000006695 devstack@g-api.service[103051]: [pid: 103051|app: 0|req: 72/284] 127.0.0.1 () {40 vars in 834 bytes} [Thu Aug 6 20:09:42 2026] GET /v2/images/b4e05b5d-2274-4394-b5d1-75c8297cf2ce => generated 652 bytes in 18 msecs (HTTP/1.1 200) 4 headers in 157 bytes (1 switches on core 0)
Aug 06 20:09:42.849355 np0000006695 devstack@g-api.service[103053]: INFO glance.api.v2.image_data [None req-0a1ef53b-6f71-49f8-bb4e-5b99c1e8c870 tempest-VolumesActionsTest-848688165 tempest-VolumesActionsTest-848688165-project-member] Unable to create trust: no such option collect_timing in group [keystone_authtoken] Use the existing user token.
Aug 06 20:09:42.992467 np0000006695 devstack@g-api.service[103050]: DEBUG swiftclient [None req-d34d1e5b-ed0f-4146-83d5-e23fcde694a7 tempest-ServerBootFromVolumeStableRescueTest-392909322 tempest-ServerBootFromVolumeStableRescueTest-392909322-project-member] REQ: curl -i https://10.4.3.60:8080/v1/AUTH_5e768771f7b642e68aa6680d6fc9b505/glance/7445fe19-c821-4915-aea9-974ea8d3f13b-00001 -X PUT -H "X-Auth-Token: gAAAAABqdOoGDwId..." {{(pid=103050) http_log /opt/stack/data/venv/lib/python3.12/site-packages/swiftclient/client.py:160}}
Aug 06 20:09:42.992628 np0000006695 devstack@g-api.service[103050]: DEBUG swiftclient [None req-d34d1e5b-ed0f-4146-83d5-e23fcde694a7 tempest-ServerBootFromVolumeStableRescueTest-392909322 tempest-ServerBootFromVolumeStableRescueTest-392909322-project-member] RESP STATUS: 201 Created {{(pid=103050) http_log /opt/stack/data/venv/lib/python3.12/site-packages/swiftclient/client.py:161}}
Aug 06 20:09:42.992788 np0000006695 devstack@g-api.service[103050]: DEBUG swiftclient [None req-d34d1e5b-ed0f-4146-83d5-e23fcde694a7 tempest-ServerBootFromVolumeStableRescueTest-392909322 tempest-ServerBootFromVolumeStableRescueTest-392909322-project-member] RESP HEADERS: {'Date': 'Thu, 06 Aug 2026 20:09:42 GMT', 'Server': 'Apache/2.4.58 (Ubuntu)', 'Content-Type': 'text/html; charset=UTF-8', 'Content-Length': '0', 'Etag': '4fa343ee581d8d2e78533191fd1ac3e1', 'Last-Modified': 'Thu, 06 Aug 2026 20:09:43 GMT', 'X-Trans-Id': 'tx8b7df124eab5401c803be-006a74ea06', 'X-Openstack-Request-Id': 'tx8b7df124eab5401c803be-006a74ea06', 'Connection': 'close'} {{(pid=103050) http_log /opt/stack/data/venv/lib/python3.12/site-packages/swiftclient/client.py:162}}
Aug 06 20:09:42.992938 np0000006695 devstack@g-api.service[103050]: DEBUG glance_store._drivers.swift.store [None req-d34d1e5b-ed0f-4146-83d5-e23fcde694a7 tempest-ServerBootFromVolumeStableRescueTest-392909322 tempest-ServerBootFromVolumeStableRescueTest-392909322-project-member] Wrote chunk 7445fe19-c821-4915-aea9-974ea8d3f13b-00001 (1/?) of length 23527424 to Swift returning MD5 of content: 4fa343ee581d8d2e78533191fd1ac3e1 {{(pid=103050) add /opt/stack/data/venv/lib/python3.12/site-packages/glance_store/_drivers/swift/store.py:1059}}
Aug 06 20:09:42.993470 np0000006695 devstack@g-api.service[103050]: DEBUG glance_store._drivers.swift.store [None req-d34d1e5b-ed0f-4146-83d5-e23fcde694a7 tempest-ServerBootFromVolumeStableRescueTest-392909322 tempest-ServerBootFromVolumeStableRescueTest-392909322-project-member] Not writing zero-length chunk. {{(pid=103050) add /opt/stack/data/venv/lib/python3.12/site-packages/glance_store/_drivers/swift/store.py:1028}}
Aug 06 20:09:43.020206 np0000006695 devstack@g-api.service[103052]: DEBUG glance.api.middleware.version_negotiation [None req-de00cb7d-0984-4aae-a3c6-897afeb32a24 tempest-ServerBootFromVolumeStableRescueTest-392909322 tempest-ServerBootFromVolumeStableRescueTest-392909322-project-member] Determining version of request: GET /v2/images/7445fe19-c821-4915-aea9-974ea8d3f13b Accept: application/json {{(pid=103052) process_request /opt/stack/glance/glance/api/middleware/version_negotiation.py:44}}
Aug 06 20:09:43.020206 np0000006695 devstack@g-api.service[103052]: DEBUG glance.api.middleware.version_negotiation [None req-de00cb7d-0984-4aae-a3c6-897afeb32a24 tempest-ServerBootFromVolumeStableRescueTest-392909322 tempest-ServerBootFromVolumeStableRescueTest-392909322-project-member] Using url versioning {{(pid=103052) process_request /opt/stack/glance/glance/api/middleware/version_negotiation.py:57}}
Aug 06 20:09:43.020206 np0000006695 devstack@g-api.service[103052]: DEBUG glance.api.middleware.version_negotiation [None req-de00cb7d-0984-4aae-a3c6-897afeb32a24 tempest-ServerBootFromVolumeStableRescueTest-392909322 tempest-ServerBootFromVolumeStableRescueTest-392909322-project-member] Matched version: v2 {{(pid=103052) process_request /opt/stack/glance/glance/api/middleware/version_negotiation.py:69}}
Aug 06 20:09:43.020206 np0000006695 devstack@g-api.service[103052]: DEBUG glance.api.middleware.version_negotiation [None req-de00cb7d-0984-4aae-a3c6-897afeb32a24 tempest-ServerBootFromVolumeStableRescueTest-392909322 tempest-ServerBootFromVolumeStableRescueTest-392909322-project-member] new path /v2/images/7445fe19-c821-4915-aea9-974ea8d3f13b {{(pid=103052) process_request /opt/stack/glance/glance/api/middleware/version_negotiation.py:70}}
Aug 06 20:09:43.023385 np0000006695 devstack@g-api.service[103050]: DEBUG swiftclient [None req-d34d1e5b-ed0f-4146-83d5-e23fcde694a7 tempest-ServerBootFromVolumeStableRescueTest-392909322 tempest-ServerBootFromVolumeStableRescueTest-392909322-project-member] REQ: curl -i https://10.4.3.60:8080/v1/AUTH_5e768771f7b642e68aa6680d6fc9b505/glance/7445fe19-c821-4915-aea9-974ea8d3f13b -X PUT -H "X-Object-Manifest: glance/7445fe19-c821-4915-aea9-974ea8d3f13b-" -H "X-Auth-Token: gAAAAABqdOoGDwId..." -H "Content-Length: 0" {{(pid=103050) http_log /opt/stack/data/venv/lib/python3.12/site-packages/swiftclient/client.py:160}}
Aug 06 20:09:43.023540 np0000006695 devstack@g-api.service[103050]: DEBUG swiftclient [None req-d34d1e5b-ed0f-4146-83d5-e23fcde694a7 tempest-ServerBootFromVolumeStableRescueTest-392909322 tempest-ServerBootFromVolumeStableRescueTest-392909322-project-member] RESP STATUS: 201 Created {{(pid=103050) http_log /opt/stack/data/venv/lib/python3.12/site-packages/swiftclient/client.py:161}}
Aug 06 20:09:43.023777 np0000006695 devstack@g-api.service[103050]: DEBUG swiftclient [None req-d34d1e5b-ed0f-4146-83d5-e23fcde694a7 tempest-ServerBootFromVolumeStableRescueTest-392909322 tempest-ServerBootFromVolumeStableRescueTest-392909322-project-member] RESP HEADERS: {'Date': 'Thu, 06 Aug 2026 20:09:43 GMT', 'Server': 'Apache/2.4.58 (Ubuntu)', 'Content-Type': 'text/html; charset=UTF-8', 'Content-Length': '0', 'Etag': 'd41d8cd98f00b204e9800998ecf8427e', 'Last-Modified': 'Thu, 06 Aug 2026 20:09:44 GMT', 'X-Trans-Id': 'txf5260ad9b44447dcab201-006a74ea07', 'X-Openstack-Request-Id': 'txf5260ad9b44447dcab201-006a74ea07', 'Connection': 'close'} {{(pid=103050) http_log /opt/stack/data/venv/lib/python3.12/site-packages/swiftclient/client.py:162}}
Aug 06 20:09:43.024539 np0000006695 devstack@g-api.service[103050]: INFO glance.location [None req-d34d1e5b-ed0f-4146-83d5-e23fcde694a7 tempest-ServerBootFromVolumeStableRescueTest-392909322 tempest-ServerBootFromVolumeStableRescueTest-392909322-project-member] Image format matched and virtual size computed: 1073741824
Aug 06 20:09:43.030514 np0000006695 devstack@g-api.service[103052]: [pid: 103052|app: 0|req: 76/285] 127.0.0.1 () {40 vars in 834 bytes} [Thu Aug 6 20:09:43 2026] GET /v2/images/7445fe19-c821-4915-aea9-974ea8d3f13b => generated 1468 bytes in 11 msecs (HTTP/1.1 200) 4 headers in 158 bytes (1 switches on core 0)
Aug 06 20:09:43.076065 np0000006695 devstack@g-api.service[103050]: DEBUG glance_store.backend [None req-d34d1e5b-ed0f-4146-83d5-e23fcde694a7 tempest-ServerBootFromVolumeStableRescueTest-392909322 tempest-ServerBootFromVolumeStableRescueTest-392909322-project-member] Attempting to import store swift {{(pid=103050) _load_store /opt/stack/data/venv/lib/python3.12/site-packages/glance_store/backend.py:215}}
Aug 06 20:09:43.077917 np0000006695 devstack@g-api.service[103050]: DEBUG glance_store.capabilities [None req-d34d1e5b-ed0f-4146-83d5-e23fcde694a7 tempest-ServerBootFromVolumeStableRescueTest-392909322 tempest-ServerBootFromVolumeStableRescueTest-392909322-project-member] Store glance_store._drivers.swift.store.SingleTenantStore doesn't support updating dynamic storage capabilities. Please overwrite 'update_capabilities' method of the store to implement updating logics if needed. {{(pid=103050) update_capabilities /opt/stack/data/venv/lib/python3.12/site-packages/glance_store/capabilities.py:91}}
Aug 06 20:09:43.078088 np0000006695 devstack@g-api.service[103050]: DEBUG glance_store.driver [None req-d34d1e5b-ed0f-4146-83d5-e23fcde694a7 tempest-ServerBootFromVolumeStableRescueTest-392909322 tempest-ServerBootFromVolumeStableRescueTest-392909322-project-member] Late loading location class glance_store._drivers.swift.store.StoreLocation {{(pid=103050) get_store_location_class /opt/stack/data/venv/lib/python3.12/site-packages/glance_store/driver.py:134}}
Aug 06 20:09:43.078223 np0000006695 devstack@g-api.service[103050]: DEBUG glance_store.location [None req-d34d1e5b-ed0f-4146-83d5-e23fcde694a7 tempest-ServerBootFromVolumeStableRescueTest-392909322 tempest-ServerBootFromVolumeStableRescueTest-392909322-project-member] Registering scheme swift+https with {'store': , 'location_class': , 'store_entry': 'swift'} {{(pid=103050) register_scheme_map /opt/stack/data/venv/lib/python3.12/site-packages/glance_store/location.py:146}}
Aug 06 20:09:43.078333 np0000006695 devstack@g-api.service[103050]: DEBUG glance_store.location [None req-d34d1e5b-ed0f-4146-83d5-e23fcde694a7 tempest-ServerBootFromVolumeStableRescueTest-392909322 tempest-ServerBootFromVolumeStableRescueTest-392909322-project-member] Registering scheme swift+https with {'store': , 'location_class': , 'store_entry': 'swift'} {{(pid=103050) register_scheme_map /opt/stack/data/venv/lib/python3.12/site-packages/glance_store/location.py:146}}
Aug 06 20:09:43.078456 np0000006695 devstack@g-api.service[103050]: DEBUG glance_store.location [None req-d34d1e5b-ed0f-4146-83d5-e23fcde694a7 tempest-ServerBootFromVolumeStableRescueTest-392909322 tempest-ServerBootFromVolumeStableRescueTest-392909322-project-member] Registering scheme swift with {'store': , 'location_class': , 'store_entry': 'swift'} {{(pid=103050) register_scheme_map /opt/stack/data/venv/lib/python3.12/site-packages/glance_store/location.py:146}}
Aug 06 20:09:43.078832 np0000006695 devstack@g-api.service[103050]: DEBUG glance_store.location [None req-d34d1e5b-ed0f-4146-83d5-e23fcde694a7 tempest-ServerBootFromVolumeStableRescueTest-392909322 tempest-ServerBootFromVolumeStableRescueTest-392909322-project-member] Registering scheme swift+https with {'store': , 'location_class': , 'store_entry': 'swift'} {{(pid=103050) register_scheme_map /opt/stack/data/venv/lib/python3.12/site-packages/glance_store/location.py:146}}
Aug 06 20:09:43.078832 np0000006695 devstack@g-api.service[103050]: DEBUG glance_store.location [None req-d34d1e5b-ed0f-4146-83d5-e23fcde694a7 tempest-ServerBootFromVolumeStableRescueTest-392909322 tempest-ServerBootFromVolumeStableRescueTest-392909322-project-member] Registering scheme swift with {'store': , 'location_class': , 'store_entry': 'swift'} {{(pid=103050) register_scheme_map /opt/stack/data/venv/lib/python3.12/site-packages/glance_store/location.py:146}}
Aug 06 20:09:43.078832 np0000006695 devstack@g-api.service[103050]: DEBUG glance_store.location [None req-d34d1e5b-ed0f-4146-83d5-e23fcde694a7 tempest-ServerBootFromVolumeStableRescueTest-392909322 tempest-ServerBootFromVolumeStableRescueTest-392909322-project-member] Registering scheme swift+http with {'store': , 'location_class': , 'store_entry': 'swift'} {{(pid=103050) register_scheme_map /opt/stack/data/venv/lib/python3.12/site-packages/glance_store/location.py:146}}
Aug 06 20:09:43.078996 np0000006695 devstack@g-api.service[103050]: DEBUG glance_store.location [None req-d34d1e5b-ed0f-4146-83d5-e23fcde694a7 tempest-ServerBootFromVolumeStableRescueTest-392909322 tempest-ServerBootFromVolumeStableRescueTest-392909322-project-member] Registering scheme swift+https with {'store': , 'location_class': , 'store_entry': 'swift'} {{(pid=103050) register_scheme_map /opt/stack/data/venv/lib/python3.12/site-packages/glance_store/location.py:146}}
Aug 06 20:09:43.079033 np0000006695 devstack@g-api.service[103050]: DEBUG glance_store.location [None req-d34d1e5b-ed0f-4146-83d5-e23fcde694a7 tempest-ServerBootFromVolumeStableRescueTest-392909322 tempest-ServerBootFromVolumeStableRescueTest-392909322-project-member] Registering scheme swift with {'store': , 'location_class': , 'store_entry': 'swift'} {{(pid=103050) register_scheme_map /opt/stack/data/venv/lib/python3.12/site-packages/glance_store/location.py:146}}
Aug 06 20:09:43.079154 np0000006695 devstack@g-api.service[103050]: DEBUG glance_store.location [None req-d34d1e5b-ed0f-4146-83d5-e23fcde694a7 tempest-ServerBootFromVolumeStableRescueTest-392909322 tempest-ServerBootFromVolumeStableRescueTest-392909322-project-member] Registering scheme swift+http with {'store': , 'location_class': , 'store_entry': 'swift'} {{(pid=103050) register_scheme_map /opt/stack/data/venv/lib/python3.12/site-packages/glance_store/location.py:146}}
