Aug 06 20:04:14.305293 np0000006695 systemd[1]: Starting devstack@n-api-meta.service - Devstack devstack@n-api-meta.service...
Aug 06 20:04:14.310606 np0000006695 devstack@n-api-meta.service[96012]: [uWSGI] getting INI configuration from /etc/nova/nova-metadata-uwsgi.ini
Aug 06 20:04:14.313233 np0000006695 devstack@n-api-meta.service[96012]: *** Starting uWSGI 2.0.24-debian (64bit) on [Thu Aug 6 20:04:14 2026] ***
Aug 06 20:04:14.313233 np0000006695 devstack@n-api-meta.service[96012]: compiled with version: 13.2.0 on 17 April 2024 16:23:48
Aug 06 20:04:14.313233 np0000006695 devstack@n-api-meta.service[96012]: os: Linux-6.8.0-100-generic #100-Ubuntu SMP PREEMPT_DYNAMIC Tue Jan 13 16:40:06 UTC 2026
Aug 06 20:04:14.313233 np0000006695 devstack@n-api-meta.service[96012]: nodename: np0000006695
Aug 06 20:04:14.313233 np0000006695 devstack@n-api-meta.service[96012]: machine: x86_64
Aug 06 20:04:14.313233 np0000006695 devstack@n-api-meta.service[96012]: clock source: unix
Aug 06 20:04:14.313233 np0000006695 devstack@n-api-meta.service[96012]: pcre jit disabled
Aug 06 20:04:14.313233 np0000006695 devstack@n-api-meta.service[96012]: detected number of CPU cores: 16
Aug 06 20:04:14.313233 np0000006695 devstack@n-api-meta.service[96012]: current working directory: /
Aug 06 20:04:14.313233 np0000006695 devstack@n-api-meta.service[96012]: detected binary path: /usr/bin/uwsgi-core
Aug 06 20:04:14.313614 np0000006695 devstack@n-api-meta.service[96012]: your processes number limit is 257052
Aug 06 20:04:14.313614 np0000006695 devstack@n-api-meta.service[96012]: your memory page size is 4096 bytes
Aug 06 20:04:14.313614 np0000006695 devstack@n-api-meta.service[96012]: detected max file descriptor number: 2048
Aug 06 20:04:14.313614 np0000006695 devstack@n-api-meta.service[96012]: lock engine: pthread robust mutexes
Aug 06 20:04:14.313614 np0000006695 devstack@n-api-meta.service[96012]: thunder lock: enabled
Aug 06 20:04:14.313821 np0000006695 devstack@n-api-meta.service[96012]: uWSGI http bound on 0.0.0.0:8775 fd 5
Aug 06 20:04:14.313821 np0000006695 devstack@n-api-meta.service[96012]: uwsgi socket 0 bound to TCP address 127.0.0.1:32795 (port auto-assigned) fd 4
Aug 06 20:04:14.313821 np0000006695 devstack@n-api-meta.service[96012]: Python version: 3.12.3 (main, Jun 19 2026, 12:46:00) [GCC 13.3.0]
Aug 06 20:04:14.313918 np0000006695 devstack@n-api-meta.service[96012]: PEP 405 virtualenv detected: /opt/stack/data/venv
Aug 06 20:04:14.313918 np0000006695 devstack@n-api-meta.service[96012]: Set PythonHome to /opt/stack/data/venv
Aug 06 20:04:14.345419 np0000006695 devstack@n-api-meta.service[96012]: Python main interpreter initialized at 0x733e970a4668
Aug 06 20:04:14.345419 np0000006695 devstack@n-api-meta.service[96012]: python threads support enabled
Aug 06 20:04:14.345570 np0000006695 devstack@n-api-meta.service[96012]: your server socket listen backlog is limited to 100 connections
Aug 06 20:04:14.345570 np0000006695 devstack@n-api-meta.service[96012]: your mercy for graceful operations on workers is 80 seconds
Aug 06 20:04:14.346000 np0000006695 devstack@n-api-meta.service[96012]: mapped 671795 bytes (656 KB) for 4 cores
Aug 06 20:04:14.346161 np0000006695 devstack@n-api-meta.service[96012]: *** Operational MODE: preforking ***
Aug 06 20:04:14.346343 np0000006695 devstack@n-api-meta.service[96012]: *** uWSGI is running in multiple interpreter mode ***
Aug 06 20:04:14.346343 np0000006695 devstack@n-api-meta.service[96012]: spawned uWSGI master process (pid: 96012)
Aug 06 20:04:14.346460 np0000006695 systemd[1]: Started devstack@n-api-meta.service - Devstack devstack@n-api-meta.service.
Aug 06 20:04:14.346910 np0000006695 devstack@n-api-meta.service[96012]: spawned uWSGI worker 1 (pid: 96013, cores: 1)
Aug 06 20:04:14.347481 np0000006695 devstack@n-api-meta.service[96012]: spawned uWSGI worker 2 (pid: 96014, cores: 1)
Aug 06 20:04:14.348115 np0000006695 devstack@n-api-meta.service[96012]: spawned uWSGI worker 3 (pid: 96015, cores: 1)
Aug 06 20:04:14.348634 np0000006695 devstack@n-api-meta.service[96012]: spawned uWSGI worker 4 (pid: 96016, cores: 1)
Aug 06 20:04:14.349336 np0000006695 devstack@n-api-meta.service[96012]: spawned uWSGI http 1 (pid: 96018)
Aug 06 20:04:14.349336 np0000006695 devstack@n-api-meta.service[96012]: running "unix_signal:15 gracefully_kill_them_all" (master-start)...
Aug 06 20:04:15.913856 np0000006695 devstack@n-api-meta.service[96015]: INFO dbcounter [None req-81e03c1a-be0f-4f76-aaa0-18ffed064245 None None] Registered counter for database nova_api
Aug 06 20:04:15.929663 np0000006695 devstack@n-api-meta.service[96014]: INFO dbcounter [None req-464ffe3c-ff80-42a6-8231-bdb89322b4e5 None None] Registered counter for database nova_api
Aug 06 20:04:15.937591 np0000006695 devstack@n-api-meta.service[96013]: INFO dbcounter [None req-1059dca9-48cf-4c45-8fad-db50167ad196 None None] Registered counter for database nova_api
Aug 06 20:04:15.952529 np0000006695 devstack@n-api-meta.service[96015]: DEBUG oslo_db.sqlalchemy.engines [None req-81e03c1a-be0f-4f76-aaa0-18ffed064245 None None] MySQL server mode set to STRICT_TRANS_TABLES,STRICT_ALL_TABLES,NO_ZERO_IN_DATE,NO_ZERO_DATE,ERROR_FOR_DIVISION_BY_ZERO,TRADITIONAL,NO_ENGINE_SUBSTITUTION {{(pid=96015) _check_effective_sql_mode /opt/stack/data/venv/lib/python3.12/site-packages/oslo_db/sqlalchemy/engines.py:325}}
Aug 06 20:04:15.956148 np0000006695 devstack@n-api-meta.service[96016]: INFO dbcounter [None req-3ddaf697-bb9a-4d67-9d89-17e6c3602b12 None None] Registered counter for database nova_api
Aug 06 20:04:15.975183 np0000006695 devstack@n-api-meta.service[96014]: DEBUG oslo_db.sqlalchemy.engines [None req-464ffe3c-ff80-42a6-8231-bdb89322b4e5 None None] MySQL server mode set to STRICT_TRANS_TABLES,STRICT_ALL_TABLES,NO_ZERO_IN_DATE,NO_ZERO_DATE,ERROR_FOR_DIVISION_BY_ZERO,TRADITIONAL,NO_ENGINE_SUBSTITUTION {{(pid=96014) _check_effective_sql_mode /opt/stack/data/venv/lib/python3.12/site-packages/oslo_db/sqlalchemy/engines.py:325}}
Aug 06 20:04:15.978287 np0000006695 devstack@n-api-meta.service[96013]: DEBUG oslo_db.sqlalchemy.engines [None req-1059dca9-48cf-4c45-8fad-db50167ad196 None None] MySQL server mode set to STRICT_TRANS_TABLES,STRICT_ALL_TABLES,NO_ZERO_IN_DATE,NO_ZERO_DATE,ERROR_FOR_DIVISION_BY_ZERO,TRADITIONAL,NO_ENGINE_SUBSTITUTION {{(pid=96013) _check_effective_sql_mode /opt/stack/data/venv/lib/python3.12/site-packages/oslo_db/sqlalchemy/engines.py:325}}
Aug 06 20:04:15.978892 np0000006695 devstack@n-api-meta.service[96015]: DEBUG dbcounter [-] [96015] Writer thread running {{(pid=96015) stat_writer /opt/stack/data/venv/lib/python3.12/site-packages/dbcounter.py:102}}
Aug 06 20:04:15.981344 np0000006695 devstack@n-api-meta.service[96015]: DEBUG nova.context [None req-81e03c1a-be0f-4f76-aaa0-18ffed064245 None None] Found 2 cells: 00000000-0000-0000-0000-000000000000(cell0),c20268f4-730d-43e4-bb7f-6bb26dca6f55(cell1) {{(pid=96015) load_cells /opt/stack/nova/nova/context.py:509}}
Aug 06 20:04:15.981620 np0000006695 devstack@n-api-meta.service[96015]: INFO nova.utils [None req-81e03c1a-be0f-4f76-aaa0-18ffed064245 None None] The cell worker thread pool MainProcess.cell_worker is initialized
Aug 06 20:04:15.983369 np0000006695 devstack@n-api-meta.service[96015]: DEBUG oslo_concurrency.lockutils [None req-81e03c1a-be0f-4f76-aaa0-18ffed064245 None None] Acquiring lock "00000000-0000-0000-0000-000000000000" by "nova.context.set_target_cell..get_or_set_cached_cell_and_set_connections" {{(pid=96015) inner /opt/stack/data/venv/lib/python3.12/site-packages/oslo_concurrency/lockutils.py:512}}
Aug 06 20:04:15.983525 np0000006695 devstack@n-api-meta.service[96015]: DEBUG oslo_concurrency.lockutils [None req-81e03c1a-be0f-4f76-aaa0-18ffed064245 None None] Lock "00000000-0000-0000-0000-000000000000" acquired by "nova.context.set_target_cell..get_or_set_cached_cell_and_set_connections" :: waited 0.000s {{(pid=96015) inner /opt/stack/data/venv/lib/python3.12/site-packages/oslo_concurrency/lockutils.py:525}}
Aug 06 20:04:15.983876 np0000006695 devstack@n-api-meta.service[96015]: DEBUG oslo_concurrency.lockutils [None req-81e03c1a-be0f-4f76-aaa0-18ffed064245 None None] Lock "00000000-0000-0000-0000-000000000000" "released" by "nova.context.set_target_cell..get_or_set_cached_cell_and_set_connections" :: held 0.000s {{(pid=96015) inner /opt/stack/data/venv/lib/python3.12/site-packages/oslo_concurrency/lockutils.py:544}}
Aug 06 20:04:15.984489 np0000006695 devstack@n-api-meta.service[96015]: DEBUG oslo_concurrency.lockutils [None req-81e03c1a-be0f-4f76-aaa0-18ffed064245 None None] Acquiring lock "c20268f4-730d-43e4-bb7f-6bb26dca6f55" by "nova.context.set_target_cell..get_or_set_cached_cell_and_set_connections" {{(pid=96015) inner /opt/stack/data/venv/lib/python3.12/site-packages/oslo_concurrency/lockutils.py:512}}
Aug 06 20:04:15.984630 np0000006695 devstack@n-api-meta.service[96015]: DEBUG oslo_concurrency.lockutils [None req-81e03c1a-be0f-4f76-aaa0-18ffed064245 None None] Lock "c20268f4-730d-43e4-bb7f-6bb26dca6f55" acquired by "nova.context.set_target_cell..get_or_set_cached_cell_and_set_connections" :: waited 0.000s {{(pid=96015) inner /opt/stack/data/venv/lib/python3.12/site-packages/oslo_concurrency/lockutils.py:525}}
Aug 06 20:04:15.985399 np0000006695 devstack@n-api-meta.service[96015]: DEBUG oslo_concurrency.lockutils [None req-81e03c1a-be0f-4f76-aaa0-18ffed064245 None None] Lock "c20268f4-730d-43e4-bb7f-6bb26dca6f55" "released" by "nova.context.set_target_cell..get_or_set_cached_cell_and_set_connections" :: held 0.001s {{(pid=96015) inner /opt/stack/data/venv/lib/python3.12/site-packages/oslo_concurrency/lockutils.py:544}}
Aug 06 20:04:15.987503 np0000006695 devstack@n-api-meta.service[96015]: INFO dbcounter [None req-81e03c1a-be0f-4f76-aaa0-18ffed064245 None None] Registered counter for database nova_cell0
Aug 06 20:04:15.990394 np0000006695 devstack@n-api-meta.service[96015]: INFO dbcounter [None req-81e03c1a-be0f-4f76-aaa0-18ffed064245 None None] Registered counter for database nova_cell1
Aug 06 20:04:16.003944 np0000006695 devstack@n-api-meta.service[96014]: DEBUG dbcounter [-] [96014] Writer thread running {{(pid=96014) stat_writer /opt/stack/data/venv/lib/python3.12/site-packages/dbcounter.py:102}}
Aug 06 20:04:16.004048 np0000006695 devstack@n-api-meta.service[96016]: DEBUG oslo_db.sqlalchemy.engines [None req-3ddaf697-bb9a-4d67-9d89-17e6c3602b12 None None] MySQL server mode set to STRICT_TRANS_TABLES,STRICT_ALL_TABLES,NO_ZERO_IN_DATE,NO_ZERO_DATE,ERROR_FOR_DIVISION_BY_ZERO,TRADITIONAL,NO_ENGINE_SUBSTITUTION {{(pid=96016) _check_effective_sql_mode /opt/stack/data/venv/lib/python3.12/site-packages/oslo_db/sqlalchemy/engines.py:325}}
Aug 06 20:04:16.004555 np0000006695 devstack@n-api-meta.service[96014]: DEBUG nova.context [None req-464ffe3c-ff80-42a6-8231-bdb89322b4e5 None None] Found 2 cells: 00000000-0000-0000-0000-000000000000(cell0),c20268f4-730d-43e4-bb7f-6bb26dca6f55(cell1) {{(pid=96014) load_cells /opt/stack/nova/nova/context.py:509}}
Aug 06 20:04:16.004814 np0000006695 devstack@n-api-meta.service[96014]: INFO nova.utils [None req-464ffe3c-ff80-42a6-8231-bdb89322b4e5 None None] The cell worker thread pool MainProcess.cell_worker is initialized
Aug 06 20:04:16.005092 np0000006695 devstack@n-api-meta.service[96013]: DEBUG dbcounter [-] [96013] Writer thread running {{(pid=96013) stat_writer /opt/stack/data/venv/lib/python3.12/site-packages/dbcounter.py:102}}
Aug 06 20:04:16.006476 np0000006695 devstack@n-api-meta.service[96014]: DEBUG oslo_concurrency.lockutils [None req-464ffe3c-ff80-42a6-8231-bdb89322b4e5 None None] Acquiring lock "00000000-0000-0000-0000-000000000000" by "nova.context.set_target_cell..get_or_set_cached_cell_and_set_connections" {{(pid=96014) inner /opt/stack/data/venv/lib/python3.12/site-packages/oslo_concurrency/lockutils.py:512}}
Aug 06 20:04:16.006631 np0000006695 devstack@n-api-meta.service[96014]: DEBUG oslo_concurrency.lockutils [None req-464ffe3c-ff80-42a6-8231-bdb89322b4e5 None None] Lock "00000000-0000-0000-0000-000000000000" acquired by "nova.context.set_target_cell..get_or_set_cached_cell_and_set_connections" :: waited 0.000s {{(pid=96014) inner /opt/stack/data/venv/lib/python3.12/site-packages/oslo_concurrency/lockutils.py:525}}
Aug 06 20:04:16.007142 np0000006695 devstack@n-api-meta.service[96014]: DEBUG oslo_concurrency.lockutils [None req-464ffe3c-ff80-42a6-8231-bdb89322b4e5 None None] Lock "00000000-0000-0000-0000-000000000000" "released" by "nova.context.set_target_cell..get_or_set_cached_cell_and_set_connections" :: held 0.000s {{(pid=96014) inner /opt/stack/data/venv/lib/python3.12/site-packages/oslo_concurrency/lockutils.py:544}}
Aug 06 20:04:16.007212 np0000006695 devstack@n-api-meta.service[96013]: DEBUG nova.context [None req-1059dca9-48cf-4c45-8fad-db50167ad196 None None] Found 2 cells: 00000000-0000-0000-0000-000000000000(cell0),c20268f4-730d-43e4-bb7f-6bb26dca6f55(cell1) {{(pid=96013) load_cells /opt/stack/nova/nova/context.py:509}}
Aug 06 20:04:16.007400 np0000006695 devstack@n-api-meta.service[96013]: INFO nova.utils [None req-1059dca9-48cf-4c45-8fad-db50167ad196 None None] The cell worker thread pool MainProcess.cell_worker is initialized
Aug 06 20:04:16.007880 np0000006695 devstack@n-api-meta.service[96014]: DEBUG oslo_concurrency.lockutils [None req-464ffe3c-ff80-42a6-8231-bdb89322b4e5 None None] Acquiring lock "c20268f4-730d-43e4-bb7f-6bb26dca6f55" by "nova.context.set_target_cell..get_or_set_cached_cell_and_set_connections" {{(pid=96014) inner /opt/stack/data/venv/lib/python3.12/site-packages/oslo_concurrency/lockutils.py:512}}
Aug 06 20:04:16.008146 np0000006695 devstack@n-api-meta.service[96014]: DEBUG oslo_concurrency.lockutils [None req-464ffe3c-ff80-42a6-8231-bdb89322b4e5 None None] Lock "c20268f4-730d-43e4-bb7f-6bb26dca6f55" acquired by "nova.context.set_target_cell..get_or_set_cached_cell_and_set_connections" :: waited 0.000s {{(pid=96014) inner /opt/stack/data/venv/lib/python3.12/site-packages/oslo_concurrency/lockutils.py:525}}
Aug 06 20:04:16.008853 np0000006695 devstack@n-api-meta.service[96014]: DEBUG oslo_concurrency.lockutils [None req-464ffe3c-ff80-42a6-8231-bdb89322b4e5 None None] Lock "c20268f4-730d-43e4-bb7f-6bb26dca6f55" "released" by "nova.context.set_target_cell..get_or_set_cached_cell_and_set_connections" :: held 0.001s {{(pid=96014) inner /opt/stack/data/venv/lib/python3.12/site-packages/oslo_concurrency/lockutils.py:544}}
Aug 06 20:04:16.009619 np0000006695 devstack@n-api-meta.service[96013]: DEBUG oslo_concurrency.lockutils [None req-1059dca9-48cf-4c45-8fad-db50167ad196 None None] Acquiring lock "00000000-0000-0000-0000-000000000000" by "nova.context.set_target_cell..get_or_set_cached_cell_and_set_connections" {{(pid=96013) inner /opt/stack/data/venv/lib/python3.12/site-packages/oslo_concurrency/lockutils.py:512}}
Aug 06 20:04:16.009842 np0000006695 devstack@n-api-meta.service[96013]: DEBUG oslo_concurrency.lockutils [None req-1059dca9-48cf-4c45-8fad-db50167ad196 None None] Lock "00000000-0000-0000-0000-000000000000" acquired by "nova.context.set_target_cell..get_or_set_cached_cell_and_set_connections" :: waited 0.000s {{(pid=96013) inner /opt/stack/data/venv/lib/python3.12/site-packages/oslo_concurrency/lockutils.py:525}}
Aug 06 20:04:16.010331 np0000006695 devstack@n-api-meta.service[96013]: DEBUG oslo_concurrency.lockutils [None req-1059dca9-48cf-4c45-8fad-db50167ad196 None None] Lock "00000000-0000-0000-0000-000000000000" "released" by "nova.context.set_target_cell..get_or_set_cached_cell_and_set_connections" :: held 0.001s {{(pid=96013) inner /opt/stack/data/venv/lib/python3.12/site-packages/oslo_concurrency/lockutils.py:544}}
Aug 06 20:04:16.010992 np0000006695 devstack@n-api-meta.service[96014]: INFO dbcounter [None req-464ffe3c-ff80-42a6-8231-bdb89322b4e5 None None] Registered counter for database nova_cell0
Aug 06 20:04:16.011047 np0000006695 devstack@n-api-meta.service[96013]: DEBUG oslo_concurrency.lockutils [None req-1059dca9-48cf-4c45-8fad-db50167ad196 None None] Acquiring lock "c20268f4-730d-43e4-bb7f-6bb26dca6f55" by "nova.context.set_target_cell..get_or_set_cached_cell_and_set_connections" {{(pid=96013) inner /opt/stack/data/venv/lib/python3.12/site-packages/oslo_concurrency/lockutils.py:512}}
Aug 06 20:04:16.012297 np0000006695 devstack@n-api-meta.service[96013]: INFO dbcounter [None req-1059dca9-48cf-4c45-8fad-db50167ad196 None None] Registered counter for database nova_cell0
Aug 06 20:04:16.013690 np0000006695 devstack@n-api-meta.service[96013]: DEBUG oslo_concurrency.lockutils [None req-1059dca9-48cf-4c45-8fad-db50167ad196 None None] Lock "c20268f4-730d-43e4-bb7f-6bb26dca6f55" acquired by "nova.context.set_target_cell..get_or_set_cached_cell_and_set_connections" :: waited 0.001s {{(pid=96013) inner /opt/stack/data/venv/lib/python3.12/site-packages/oslo_concurrency/lockutils.py:525}}
Aug 06 20:04:16.014050 np0000006695 devstack@n-api-meta.service[96014]: INFO dbcounter [None req-464ffe3c-ff80-42a6-8231-bdb89322b4e5 None None] Registered counter for database nova_cell1
Aug 06 20:04:16.015294 np0000006695 devstack@n-api-meta.service[96013]: DEBUG oslo_concurrency.lockutils [None req-1059dca9-48cf-4c45-8fad-db50167ad196 None None] Lock "c20268f4-730d-43e4-bb7f-6bb26dca6f55" "released" by "nova.context.set_target_cell..get_or_set_cached_cell_and_set_connections" :: held 0.003s {{(pid=96013) inner /opt/stack/data/venv/lib/python3.12/site-packages/oslo_concurrency/lockutils.py:544}}
Aug 06 20:04:16.017666 np0000006695 devstack@n-api-meta.service[96013]: INFO dbcounter [None req-1059dca9-48cf-4c45-8fad-db50167ad196 None None] Registered counter for database nova_cell1
Aug 06 20:04:16.038181 np0000006695 devstack@n-api-meta.service[96016]: DEBUG dbcounter [-] [96016] Writer thread running {{(pid=96016) stat_writer /opt/stack/data/venv/lib/python3.12/site-packages/dbcounter.py:102}}
Aug 06 20:04:16.041057 np0000006695 devstack@n-api-meta.service[96016]: DEBUG nova.context [None req-3ddaf697-bb9a-4d67-9d89-17e6c3602b12 None None] Found 2 cells: 00000000-0000-0000-0000-000000000000(cell0),c20268f4-730d-43e4-bb7f-6bb26dca6f55(cell1) {{(pid=96016) load_cells /opt/stack/nova/nova/context.py:509}}
Aug 06 20:04:16.041140 np0000006695 devstack@n-api-meta.service[96016]: INFO nova.utils [None req-3ddaf697-bb9a-4d67-9d89-17e6c3602b12 None None] The cell worker thread pool MainProcess.cell_worker is initialized
Aug 06 20:04:16.043312 np0000006695 devstack@n-api-meta.service[96016]: DEBUG oslo_concurrency.lockutils [None req-3ddaf697-bb9a-4d67-9d89-17e6c3602b12 None None] Acquiring lock "00000000-0000-0000-0000-000000000000" by "nova.context.set_target_cell..get_or_set_cached_cell_and_set_connections" {{(pid=96016) inner /opt/stack/data/venv/lib/python3.12/site-packages/oslo_concurrency/lockutils.py:512}}
Aug 06 20:04:16.043472 np0000006695 devstack@n-api-meta.service[96016]: DEBUG oslo_concurrency.lockutils [None req-3ddaf697-bb9a-4d67-9d89-17e6c3602b12 None None] Lock "00000000-0000-0000-0000-000000000000" acquired by "nova.context.set_target_cell..get_or_set_cached_cell_and_set_connections" :: waited 0.000s {{(pid=96016) inner /opt/stack/data/venv/lib/python3.12/site-packages/oslo_concurrency/lockutils.py:525}}
Aug 06 20:04:16.043974 np0000006695 devstack@n-api-meta.service[96016]: DEBUG oslo_concurrency.lockutils [None req-3ddaf697-bb9a-4d67-9d89-17e6c3602b12 None None] Lock "00000000-0000-0000-0000-000000000000" "released" by "nova.context.set_target_cell..get_or_set_cached_cell_and_set_connections" :: held 0.000s {{(pid=96016) inner /opt/stack/data/venv/lib/python3.12/site-packages/oslo_concurrency/lockutils.py:544}}
Aug 06 20:04:16.044729 np0000006695 devstack@n-api-meta.service[96016]: DEBUG oslo_concurrency.lockutils [None req-3ddaf697-bb9a-4d67-9d89-17e6c3602b12 None None] Acquiring lock "c20268f4-730d-43e4-bb7f-6bb26dca6f55" by "nova.context.set_target_cell..get_or_set_cached_cell_and_set_connections" {{(pid=96016) inner /opt/stack/data/venv/lib/python3.12/site-packages/oslo_concurrency/lockutils.py:512}}
Aug 06 20:04:16.046337 np0000006695 devstack@n-api-meta.service[96015]: DEBUG oslo_db.sqlalchemy.engines [None req-81e03c1a-be0f-4f76-aaa0-18ffed064245 None None] MySQL server mode set to STRICT_TRANS_TABLES,STRICT_ALL_TABLES,NO_ZERO_IN_DATE,NO_ZERO_DATE,ERROR_FOR_DIVISION_BY_ZERO,TRADITIONAL,NO_ENGINE_SUBSTITUTION {{(pid=96015) _check_effective_sql_mode /opt/stack/data/venv/lib/python3.12/site-packages/oslo_db/sqlalchemy/engines.py:325}}
Aug 06 20:04:16.046464 np0000006695 devstack@n-api-meta.service[96016]: INFO dbcounter [None req-3ddaf697-bb9a-4d67-9d89-17e6c3602b12 None None] Registered counter for database nova_cell0
Aug 06 20:04:16.047761 np0000006695 devstack@n-api-meta.service[96016]: DEBUG oslo_concurrency.lockutils [None req-3ddaf697-bb9a-4d67-9d89-17e6c3602b12 None None] Lock "c20268f4-730d-43e4-bb7f-6bb26dca6f55" acquired by "nova.context.set_target_cell..get_or_set_cached_cell_and_set_connections" :: waited 0.002s {{(pid=96016) inner /opt/stack/data/venv/lib/python3.12/site-packages/oslo_concurrency/lockutils.py:525}}
Aug 06 20:04:16.048863 np0000006695 devstack@n-api-meta.service[96015]: DEBUG oslo_db.sqlalchemy.engines [None req-81e03c1a-be0f-4f76-aaa0-18ffed064245 None None] MySQL server mode set to STRICT_TRANS_TABLES,STRICT_ALL_TABLES,NO_ZERO_IN_DATE,NO_ZERO_DATE,ERROR_FOR_DIVISION_BY_ZERO,TRADITIONAL,NO_ENGINE_SUBSTITUTION {{(pid=96015) _check_effective_sql_mode /opt/stack/data/venv/lib/python3.12/site-packages/oslo_db/sqlalchemy/engines.py:325}}
Aug 06 20:04:16.049256 np0000006695 devstack@n-api-meta.service[96016]: DEBUG oslo_concurrency.lockutils [None req-3ddaf697-bb9a-4d67-9d89-17e6c3602b12 None None] Lock "c20268f4-730d-43e4-bb7f-6bb26dca6f55" "released" by "nova.context.set_target_cell..get_or_set_cached_cell_and_set_connections" :: held 0.003s {{(pid=96016) inner /opt/stack/data/venv/lib/python3.12/site-packages/oslo_concurrency/lockutils.py:544}}
Aug 06 20:04:16.051001 np0000006695 devstack@n-api-meta.service[96016]: INFO dbcounter [None req-3ddaf697-bb9a-4d67-9d89-17e6c3602b12 None None] Registered counter for database nova_cell1
Aug 06 20:04:16.064954 np0000006695 devstack@n-api-meta.service[96013]: DEBUG oslo_db.sqlalchemy.engines [None req-1059dca9-48cf-4c45-8fad-db50167ad196 None None] MySQL server mode set to STRICT_TRANS_TABLES,STRICT_ALL_TABLES,NO_ZERO_IN_DATE,NO_ZERO_DATE,ERROR_FOR_DIVISION_BY_ZERO,TRADITIONAL,NO_ENGINE_SUBSTITUTION {{(pid=96013) _check_effective_sql_mode /opt/stack/data/venv/lib/python3.12/site-packages/oslo_db/sqlalchemy/engines.py:325}}
Aug 06 20:04:16.066410 np0000006695 devstack@n-api-meta.service[96014]: DEBUG oslo_db.sqlalchemy.engines [None req-464ffe3c-ff80-42a6-8231-bdb89322b4e5 None None] MySQL server mode set to STRICT_TRANS_TABLES,STRICT_ALL_TABLES,NO_ZERO_IN_DATE,NO_ZERO_DATE,ERROR_FOR_DIVISION_BY_ZERO,TRADITIONAL,NO_ENGINE_SUBSTITUTION {{(pid=96014) _check_effective_sql_mode /opt/stack/data/venv/lib/python3.12/site-packages/oslo_db/sqlalchemy/engines.py:325}}
Aug 06 20:04:16.083833 np0000006695 devstack@n-api-meta.service[96014]: DEBUG oslo_db.sqlalchemy.engines [None req-464ffe3c-ff80-42a6-8231-bdb89322b4e5 None None] MySQL server mode set to STRICT_TRANS_TABLES,STRICT_ALL_TABLES,NO_ZERO_IN_DATE,NO_ZERO_DATE,ERROR_FOR_DIVISION_BY_ZERO,TRADITIONAL,NO_ENGINE_SUBSTITUTION {{(pid=96014) _check_effective_sql_mode /opt/stack/data/venv/lib/python3.12/site-packages/oslo_db/sqlalchemy/engines.py:325}}
Aug 06 20:04:16.088825 np0000006695 devstack@n-api-meta.service[96016]: DEBUG oslo_db.sqlalchemy.engines [None req-3ddaf697-bb9a-4d67-9d89-17e6c3602b12 None None] MySQL server mode set to STRICT_TRANS_TABLES,STRICT_ALL_TABLES,NO_ZERO_IN_DATE,NO_ZERO_DATE,ERROR_FOR_DIVISION_BY_ZERO,TRADITIONAL,NO_ENGINE_SUBSTITUTION {{(pid=96016) _check_effective_sql_mode /opt/stack/data/venv/lib/python3.12/site-packages/oslo_db/sqlalchemy/engines.py:325}}
Aug 06 20:04:16.097843 np0000006695 devstack@n-api-meta.service[96016]: DEBUG oslo_db.sqlalchemy.engines [None req-3ddaf697-bb9a-4d67-9d89-17e6c3602b12 None None] MySQL server mode set to STRICT_TRANS_TABLES,STRICT_ALL_TABLES,NO_ZERO_IN_DATE,NO_ZERO_DATE,ERROR_FOR_DIVISION_BY_ZERO,TRADITIONAL,NO_ENGINE_SUBSTITUTION {{(pid=96016) _check_effective_sql_mode /opt/stack/data/venv/lib/python3.12/site-packages/oslo_db/sqlalchemy/engines.py:325}}
Aug 06 20:04:16.138995 np0000006695 devstack@n-api-meta.service[96015]: DEBUG dbcounter [-] [96015] Writer thread running {{(pid=96015) stat_writer /opt/stack/data/venv/lib/python3.12/site-packages/dbcounter.py:102}}
Aug 06 20:04:16.140557 np0000006695 devstack@n-api-meta.service[96015]: DEBUG dbcounter [-] [96015] Writer thread running {{(pid=96015) stat_writer /opt/stack/data/venv/lib/python3.12/site-packages/dbcounter.py:102}}
Aug 06 20:04:16.144556 np0000006695 devstack@n-api-meta.service[96015]: INFO dbcounter [None req-81e03c1a-be0f-4f76-aaa0-18ffed064245 None None] Registered counter for database nova_cell0
Aug 06 20:04:16.144638 np0000006695 devstack@n-api-meta.service[96013]: DEBUG dbcounter [-] [96013] Writer thread running {{(pid=96013) stat_writer /opt/stack/data/venv/lib/python3.12/site-packages/dbcounter.py:102}}
Aug 06 20:04:16.144755 np0000006695 devstack@n-api-meta.service[96013]: DEBUG oslo_db.sqlalchemy.engines [None req-1059dca9-48cf-4c45-8fad-db50167ad196 None None] MySQL server mode set to STRICT_TRANS_TABLES,STRICT_ALL_TABLES,NO_ZERO_IN_DATE,NO_ZERO_DATE,ERROR_FOR_DIVISION_BY_ZERO,TRADITIONAL,NO_ENGINE_SUBSTITUTION {{(pid=96013) _check_effective_sql_mode /opt/stack/data/venv/lib/python3.12/site-packages/oslo_db/sqlalchemy/engines.py:325}}
Aug 06 20:04:16.152672 np0000006695 devstack@n-api-meta.service[96013]: DEBUG dbcounter [-] [96013] Writer thread running {{(pid=96013) stat_writer /opt/stack/data/venv/lib/python3.12/site-packages/dbcounter.py:102}}
Aug 06 20:04:16.154730 np0000006695 devstack@n-api-meta.service[96014]: DEBUG dbcounter [-] [96014] Writer thread running {{(pid=96014) stat_writer /opt/stack/data/venv/lib/python3.12/site-packages/dbcounter.py:102}}
Aug 06 20:04:16.157141 np0000006695 devstack@n-api-meta.service[96013]: INFO dbcounter [None req-1059dca9-48cf-4c45-8fad-db50167ad196 None None] Registered counter for database nova_cell0
Aug 06 20:04:16.158839 np0000006695 devstack@n-api-meta.service[96014]: DEBUG dbcounter [-] [96014] Writer thread running {{(pid=96014) stat_writer /opt/stack/data/venv/lib/python3.12/site-packages/dbcounter.py:102}}
Aug 06 20:04:16.162953 np0000006695 devstack@n-api-meta.service[96014]: INFO dbcounter [None req-464ffe3c-ff80-42a6-8231-bdb89322b4e5 None None] Registered counter for database nova_cell0
Aug 06 20:04:16.170227 np0000006695 devstack@n-api-meta.service[96016]: DEBUG dbcounter [-] [96016] Writer thread running {{(pid=96016) stat_writer /opt/stack/data/venv/lib/python3.12/site-packages/dbcounter.py:102}}
Aug 06 20:04:16.175679 np0000006695 devstack@n-api-meta.service[96016]: DEBUG dbcounter [-] [96016] Writer thread running {{(pid=96016) stat_writer /opt/stack/data/venv/lib/python3.12/site-packages/dbcounter.py:102}}
Aug 06 20:04:16.176308 np0000006695 devstack@n-api-meta.service[96015]: DEBUG oslo_db.sqlalchemy.engines [None req-81e03c1a-be0f-4f76-aaa0-18ffed064245 None None] MySQL server mode set to STRICT_TRANS_TABLES,STRICT_ALL_TABLES,NO_ZERO_IN_DATE,NO_ZERO_DATE,ERROR_FOR_DIVISION_BY_ZERO,TRADITIONAL,NO_ENGINE_SUBSTITUTION {{(pid=96015) _check_effective_sql_mode /opt/stack/data/venv/lib/python3.12/site-packages/oslo_db/sqlalchemy/engines.py:325}}
Aug 06 20:04:16.178522 np0000006695 devstack@n-api-meta.service[96016]: INFO dbcounter [None req-3ddaf697-bb9a-4d67-9d89-17e6c3602b12 None None] Registered counter for database nova_cell0
Aug 06 20:04:16.182201 np0000006695 devstack@n-api-meta.service[96015]: DEBUG dbcounter [-] [96015] Writer thread running {{(pid=96015) stat_writer /opt/stack/data/venv/lib/python3.12/site-packages/dbcounter.py:102}}
Aug 06 20:04:16.192582 np0000006695 devstack@n-api-meta.service[96013]: DEBUG oslo_db.sqlalchemy.engines [None req-1059dca9-48cf-4c45-8fad-db50167ad196 None None] MySQL server mode set to STRICT_TRANS_TABLES,STRICT_ALL_TABLES,NO_ZERO_IN_DATE,NO_ZERO_DATE,ERROR_FOR_DIVISION_BY_ZERO,TRADITIONAL,NO_ENGINE_SUBSTITUTION {{(pid=96013) _check_effective_sql_mode /opt/stack/data/venv/lib/python3.12/site-packages/oslo_db/sqlalchemy/engines.py:325}}
Aug 06 20:04:16.199634 np0000006695 devstack@n-api-meta.service[96013]: DEBUG dbcounter [-] [96013] Writer thread running {{(pid=96013) stat_writer /opt/stack/data/venv/lib/python3.12/site-packages/dbcounter.py:102}}
Aug 06 20:04:16.210728 np0000006695 devstack@n-api-meta.service[96014]: DEBUG oslo_db.sqlalchemy.engines [None req-464ffe3c-ff80-42a6-8231-bdb89322b4e5 None None] MySQL server mode set to STRICT_TRANS_TABLES,STRICT_ALL_TABLES,NO_ZERO_IN_DATE,NO_ZERO_DATE,ERROR_FOR_DIVISION_BY_ZERO,TRADITIONAL,NO_ENGINE_SUBSTITUTION {{(pid=96014) _check_effective_sql_mode /opt/stack/data/venv/lib/python3.12/site-packages/oslo_db/sqlalchemy/engines.py:325}}
Aug 06 20:04:16.214255 np0000006695 devstack@n-api-meta.service[96016]: DEBUG oslo_db.sqlalchemy.engines [None req-3ddaf697-bb9a-4d67-9d89-17e6c3602b12 None None] MySQL server mode set to STRICT_TRANS_TABLES,STRICT_ALL_TABLES,NO_ZERO_IN_DATE,NO_ZERO_DATE,ERROR_FOR_DIVISION_BY_ZERO,TRADITIONAL,NO_ENGINE_SUBSTITUTION {{(pid=96016) _check_effective_sql_mode /opt/stack/data/venv/lib/python3.12/site-packages/oslo_db/sqlalchemy/engines.py:325}}
Aug 06 20:04:16.216713 np0000006695 devstack@n-api-meta.service[96014]: DEBUG dbcounter [-] [96014] Writer thread running {{(pid=96014) stat_writer /opt/stack/data/venv/lib/python3.12/site-packages/dbcounter.py:102}}
Aug 06 20:04:16.218278 np0000006695 devstack@n-api-meta.service[96015]: WARNING nova.api.metadata.handler [None req-81e03c1a-be0f-4f76-aaa0-18ffed064245 None None] metadata_proxy_shared_secret is not configured, the metadata information returned by the proxy cannot be trusted
Aug 06 20:04:16.219856 np0000006695 devstack@n-api-meta.service[96016]: DEBUG dbcounter [-] [96016] Writer thread running {{(pid=96016) stat_writer /opt/stack/data/venv/lib/python3.12/site-packages/dbcounter.py:102}}
Aug 06 20:04:16.220267 np0000006695 devstack@n-api-meta.service[96015]: DEBUG nova.api.openstack.wsgi_app [None req-81e03c1a-be0f-4f76-aaa0-18ffed064245 None None] ******************************************************************************** {{(pid=96015) log_opt_values /opt/stack/data/venv/lib/python3.12/site-packages/oslo_config/cfg.py:3518}}
Aug 06 20:04:16.220382 np0000006695 devstack@n-api-meta.service[96015]: DEBUG nova.api.openstack.wsgi_app [None req-81e03c1a-be0f-4f76-aaa0-18ffed064245 None None] Configuration options gathered from: {{(pid=96015) log_opt_values /opt/stack/data/venv/lib/python3.12/site-packages/oslo_config/cfg.py:3519}}
Aug 06 20:04:16.220490 np0000006695 devstack@n-api-meta.service[96015]: DEBUG nova.api.openstack.wsgi_app [None req-81e03c1a-be0f-4f76-aaa0-18ffed064245 None None] command line args: [] {{(pid=96015) log_opt_values /opt/stack/data/venv/lib/python3.12/site-packages/oslo_config/cfg.py:3520}}
Aug 06 20:04:16.220652 np0000006695 devstack@n-api-meta.service[96015]: DEBUG nova.api.openstack.wsgi_app [None req-81e03c1a-be0f-4f76-aaa0-18ffed064245 None None] config files: ['/etc/nova/api-paste.ini', '/etc/nova/nova.conf'] {{(pid=96015) log_opt_values /opt/stack/data/venv/lib/python3.12/site-packages/oslo_config/cfg.py:3521}}
Aug 06 20:04:16.220739 np0000006695 devstack@n-api-meta.service[96015]: DEBUG nova.api.openstack.wsgi_app [None req-81e03c1a-be0f-4f76-aaa0-18ffed064245 None None] ================================================================================ {{(pid=96015) log_opt_values /opt/stack/data/venv/lib/python3.12/site-packages/oslo_config/cfg.py:3526}}
Aug 06 20:04:16.220915 np0000006695 devstack@n-api-meta.service[96015]: DEBUG nova.api.openstack.wsgi_app [None req-81e03c1a-be0f-4f76-aaa0-18ffed064245 None None] allow_resize_to_same_host = True {{(pid=96015) log_opt_values /opt/stack/data/venv/lib/python3.12/site-packages/oslo_config/cfg.py:3534}}
Aug 06 20:04:16.221083 np0000006695 devstack@n-api-meta.service[96015]: DEBUG nova.api.openstack.wsgi_app [None req-81e03c1a-be0f-4f76-aaa0-18ffed064245 None None] arq_binding_timeout = 300 {{(pid=96015) log_opt_values /opt/stack/data/venv/lib/python3.12/site-packages/oslo_config/cfg.py:3534}}
Aug 06 20:04:16.221194 np0000006695 devstack@n-api-meta.service[96015]: DEBUG nova.api.openstack.wsgi_app [None req-81e03c1a-be0f-4f76-aaa0-18ffed064245 None None] block_device_allocate_retries = 60 {{(pid=96015) log_opt_values /opt/stack/data/venv/lib/python3.12/site-packages/oslo_config/cfg.py:3534}}
Aug 06 20:04:16.221310 np0000006695 devstack@n-api-meta.service[96015]: DEBUG nova.api.openstack.wsgi_app [None req-81e03c1a-be0f-4f76-aaa0-18ffed064245 None None] block_device_allocate_retries_interval = 3 {{(pid=96015) log_opt_values /opt/stack/data/venv/lib/python3.12/site-packages/oslo_config/cfg.py:3534}}
Aug 06 20:04:16.221425 np0000006695 devstack@n-api-meta.service[96015]: DEBUG nova.api.openstack.wsgi_app [None req-81e03c1a-be0f-4f76-aaa0-18ffed064245 None None] cell_worker_thread_pool_size = 5 {{(pid=96015) log_opt_values /opt/stack/data/venv/lib/python3.12/site-packages/oslo_config/cfg.py:3534}}
Aug 06 20:04:16.221562 np0000006695 devstack@n-api-meta.service[96015]: DEBUG nova.api.openstack.wsgi_app [None req-81e03c1a-be0f-4f76-aaa0-18ffed064245 None None] cert = self.pem {{(pid=96015) log_opt_values /opt/stack/data/venv/lib/python3.12/site-packages/oslo_config/cfg.py:3534}}
Aug 06 20:04:16.221682 np0000006695 devstack@n-api-meta.service[96015]: DEBUG nova.api.openstack.wsgi_app [None req-81e03c1a-be0f-4f76-aaa0-18ffed064245 None None] compute_driver = libvirt.LibvirtDriver {{(pid=96015) log_opt_values /opt/stack/data/venv/lib/python3.12/site-packages/oslo_config/cfg.py:3534}}
Aug 06 20:04:16.221808 np0000006695 devstack@n-api-meta.service[96015]: DEBUG nova.api.openstack.wsgi_app [None req-81e03c1a-be0f-4f76-aaa0-18ffed064245 None None] compute_monitors = [] {{(pid=96015) log_opt_values /opt/stack/data/venv/lib/python3.12/site-packages/oslo_config/cfg.py:3534}}
Aug 06 20:04:16.221943 np0000006695 devstack@n-api-meta.service[96015]: DEBUG nova.api.openstack.wsgi_app [None req-81e03c1a-be0f-4f76-aaa0-18ffed064245 None None] concurrency_backend = auto {{(pid=96015) log_opt_values /opt/stack/data/venv/lib/python3.12/site-packages/oslo_config/cfg.py:3534}}
Aug 06 20:04:16.222071 np0000006695 devstack@n-api-meta.service[96015]: DEBUG nova.api.openstack.wsgi_app [None req-81e03c1a-be0f-4f76-aaa0-18ffed064245 None None] config_dir = [] {{(pid=96015) log_opt_values /opt/stack/data/venv/lib/python3.12/site-packages/oslo_config/cfg.py:3534}}
Aug 06 20:04:16.222190 np0000006695 devstack@n-api-meta.service[96015]: DEBUG nova.api.openstack.wsgi_app [None req-81e03c1a-be0f-4f76-aaa0-18ffed064245 None None] config_drive_format = iso9660 {{(pid=96015) log_opt_values /opt/stack/data/venv/lib/python3.12/site-packages/oslo_config/cfg.py:3534}}
Aug 06 20:04:16.222284 np0000006695 devstack@n-api-meta.service[96015]: DEBUG nova.api.openstack.wsgi_app [None req-81e03c1a-be0f-4f76-aaa0-18ffed064245 None None] config_file = ['/etc/nova/api-paste.ini', '/etc/nova/nova.conf'] {{(pid=96015) log_opt_values /opt/stack/data/venv/lib/python3.12/site-packages/oslo_config/cfg.py:3534}}
Aug 06 20:04:16.222399 np0000006695 devstack@n-api-meta.service[96015]: DEBUG nova.api.openstack.wsgi_app [None req-81e03c1a-be0f-4f76-aaa0-18ffed064245 None None] config_source = [] {{(pid=96015) log_opt_values /opt/stack/data/venv/lib/python3.12/site-packages/oslo_config/cfg.py:3534}}
Aug 06 20:04:16.222526 np0000006695 devstack@n-api-meta.service[96015]: DEBUG nova.api.openstack.wsgi_app [None req-81e03c1a-be0f-4f76-aaa0-18ffed064245 None None] console_host = np0000006695 {{(pid=96015) log_opt_values /opt/stack/data/venv/lib/python3.12/site-packages/oslo_config/cfg.py:3534}}
Aug 06 20:04:16.222651 np0000006695 devstack@n-api-meta.service[96015]: DEBUG nova.api.openstack.wsgi_app [None req-81e03c1a-be0f-4f76-aaa0-18ffed064245 None None] control_exchange = nova {{(pid=96015) log_opt_values /opt/stack/data/venv/lib/python3.12/site-packages/oslo_config/cfg.py:3534}}
Aug 06 20:04:16.222762 np0000006695 devstack@n-api-meta.service[96015]: DEBUG nova.api.openstack.wsgi_app [None req-81e03c1a-be0f-4f76-aaa0-18ffed064245 None None] cpu_allocation_ratio = None {{(pid=96015) log_opt_values /opt/stack/data/venv/lib/python3.12/site-packages/oslo_config/cfg.py:3534}}
Aug 06 20:04:16.222881 np0000006695 devstack@n-api-meta.service[96015]: DEBUG nova.api.openstack.wsgi_app [None req-81e03c1a-be0f-4f76-aaa0-18ffed064245 None None] daemon = False {{(pid=96015) log_opt_values /opt/stack/data/venv/lib/python3.12/site-packages/oslo_config/cfg.py:3534}}
Aug 06 20:04:16.223035 np0000006695 devstack@n-api-meta.service[96015]: DEBUG nova.api.openstack.wsgi_app [None req-81e03c1a-be0f-4f76-aaa0-18ffed064245 None None] debug = True {{(pid=96015) log_opt_values /opt/stack/data/venv/lib/python3.12/site-packages/oslo_config/cfg.py:3534}}
Aug 06 20:04:16.223148 np0000006695 devstack@n-api-meta.service[96015]: DEBUG nova.api.openstack.wsgi_app [None req-81e03c1a-be0f-4f76-aaa0-18ffed064245 None None] default_access_ip_network_name = None {{(pid=96015) log_opt_values /opt/stack/data/venv/lib/python3.12/site-packages/oslo_config/cfg.py:3534}}
Aug 06 20:04:16.223263 np0000006695 devstack@n-api-meta.service[96015]: DEBUG nova.api.openstack.wsgi_app [None req-81e03c1a-be0f-4f76-aaa0-18ffed064245 None None] default_availability_zone = nova {{(pid=96015) log_opt_values /opt/stack/data/venv/lib/python3.12/site-packages/oslo_config/cfg.py:3534}}
Aug 06 20:04:16.223379 np0000006695 devstack@n-api-meta.service[96015]: DEBUG nova.api.openstack.wsgi_app [None req-81e03c1a-be0f-4f76-aaa0-18ffed064245 None None] default_ephemeral_format = ext4 {{(pid=96015) log_opt_values /opt/stack/data/venv/lib/python3.12/site-packages/oslo_config/cfg.py:3534}}
Aug 06 20:04:16.223497 np0000006695 devstack@n-api-meta.service[96015]: DEBUG nova.api.openstack.wsgi_app [None req-81e03c1a-be0f-4f76-aaa0-18ffed064245 None None] default_green_pool_size = 1000 {{(pid=96015) log_opt_values /opt/stack/data/venv/lib/python3.12/site-packages/oslo_config/cfg.py:3534}}
Aug 06 20:04:16.223712 np0000006695 devstack@n-api-meta.service[96015]: DEBUG nova.api.openstack.wsgi_app [None req-81e03c1a-be0f-4f76-aaa0-18ffed064245 None None] default_log_levels = ['amqp=WARN', 'boto=WARN', 'sqlalchemy=WARN', 'suds=INFO', 'oslo.messaging=INFO', 'oslo_messaging=INFO', 'iso8601=WARN', 'requests.packages.urllib3.connectionpool=WARN', 'urllib3.connectionpool=WARN', 'websocket=WARN', 'requests.packages.urllib3.util.retry=WARN', 'urllib3.util.retry=WARN', 'keystonemiddleware=WARN', 'routes.middleware=WARN', 'stevedore=WARN', 'taskflow=WARN', 'keystoneauth=WARN', 'oslo.cache=INFO', 'oslo_policy=INFO', 'dogpile.core.dogpile=INFO', 'glanceclient=WARN', 'oslo.privsep.daemon=INFO'] {{(pid=96015) log_opt_values /opt/stack/data/venv/lib/python3.12/site-packages/oslo_config/cfg.py:3534}}
Aug 06 20:04:16.223832 np0000006695 devstack@n-api-meta.service[96015]: DEBUG nova.api.openstack.wsgi_app [None req-81e03c1a-be0f-4f76-aaa0-18ffed064245 None None] default_schedule_zone = None {{(pid=96015) log_opt_values /opt/stack/data/venv/lib/python3.12/site-packages/oslo_config/cfg.py:3534}}
Aug 06 20:04:16.223998 np0000006695 devstack@n-api-meta.service[96015]: DEBUG nova.api.openstack.wsgi_app [None req-81e03c1a-be0f-4f76-aaa0-18ffed064245 None None] default_thread_pool_size = 10 {{(pid=96015) log_opt_values /opt/stack/data/venv/lib/python3.12/site-packages/oslo_config/cfg.py:3534}}
Aug 06 20:04:16.224122 np0000006695 devstack@n-api-meta.service[96015]: DEBUG nova.api.openstack.wsgi_app [None req-81e03c1a-be0f-4f76-aaa0-18ffed064245 None None] disk_allocation_ratio = None {{(pid=96015) log_opt_values /opt/stack/data/venv/lib/python3.12/site-packages/oslo_config/cfg.py:3534}}
Aug 06 20:04:16.224232 np0000006695 devstack@n-api-meta.service[96015]: DEBUG nova.api.openstack.wsgi_app [None req-81e03c1a-be0f-4f76-aaa0-18ffed064245 None None] enable_new_services = True {{(pid=96015) log_opt_values /opt/stack/data/venv/lib/python3.12/site-packages/oslo_config/cfg.py:3534}}
Aug 06 20:04:16.224344 np0000006695 devstack@n-api-meta.service[96015]: DEBUG nova.api.openstack.wsgi_app [None req-81e03c1a-be0f-4f76-aaa0-18ffed064245 None None] flat_injected = False {{(pid=96015) log_opt_values /opt/stack/data/venv/lib/python3.12/site-packages/oslo_config/cfg.py:3534}}
Aug 06 20:04:16.224461 np0000006695 devstack@n-api-meta.service[96015]: DEBUG nova.api.openstack.wsgi_app [None req-81e03c1a-be0f-4f76-aaa0-18ffed064245 None None] force_config_drive = True {{(pid=96015) log_opt_values /opt/stack/data/venv/lib/python3.12/site-packages/oslo_config/cfg.py:3534}}
Aug 06 20:04:16.224571 np0000006695 devstack@n-api-meta.service[96015]: DEBUG nova.api.openstack.wsgi_app [None req-81e03c1a-be0f-4f76-aaa0-18ffed064245 None None] force_raw_images = True {{(pid=96015) log_opt_values /opt/stack/data/venv/lib/python3.12/site-packages/oslo_config/cfg.py:3534}}
Aug 06 20:04:16.224691 np0000006695 devstack@n-api-meta.service[96015]: DEBUG nova.api.openstack.wsgi_app [None req-81e03c1a-be0f-4f76-aaa0-18ffed064245 None None] graceful_shutdown_timeout = 5 {{(pid=96015) log_opt_values /opt/stack/data/venv/lib/python3.12/site-packages/oslo_config/cfg.py:3534}}
Aug 06 20:04:16.224816 np0000006695 devstack@n-api-meta.service[96015]: DEBUG nova.api.openstack.wsgi_app [None req-81e03c1a-be0f-4f76-aaa0-18ffed064245 None None] heal_instance_info_cache_interval = -1 {{(pid=96015) log_opt_values /opt/stack/data/venv/lib/python3.12/site-packages/oslo_config/cfg.py:3534}}
Aug 06 20:04:16.224997 np0000006695 devstack@n-api-meta.service[96015]: DEBUG nova.api.openstack.wsgi_app [None req-81e03c1a-be0f-4f76-aaa0-18ffed064245 None None] host = np0000006695 {{(pid=96015) log_opt_values /opt/stack/data/venv/lib/python3.12/site-packages/oslo_config/cfg.py:3534}}
Aug 06 20:04:16.225117 np0000006695 devstack@n-api-meta.service[96015]: DEBUG nova.api.openstack.wsgi_app [None req-81e03c1a-be0f-4f76-aaa0-18ffed064245 None None] initial_cpu_allocation_ratio = 4.0 {{(pid=96015) log_opt_values /opt/stack/data/venv/lib/python3.12/site-packages/oslo_config/cfg.py:3534}}
Aug 06 20:04:16.225229 np0000006695 devstack@n-api-meta.service[96015]: DEBUG nova.api.openstack.wsgi_app [None req-81e03c1a-be0f-4f76-aaa0-18ffed064245 None None] initial_disk_allocation_ratio = 1.0 {{(pid=96015) log_opt_values /opt/stack/data/venv/lib/python3.12/site-packages/oslo_config/cfg.py:3534}}
Aug 06 20:04:16.225342 np0000006695 devstack@n-api-meta.service[96015]: DEBUG nova.api.openstack.wsgi_app [None req-81e03c1a-be0f-4f76-aaa0-18ffed064245 None None] initial_ram_allocation_ratio = 1.0 {{(pid=96015) log_opt_values /opt/stack/data/venv/lib/python3.12/site-packages/oslo_config/cfg.py:3534}}
Aug 06 20:04:16.225505 np0000006695 devstack@n-api-meta.service[96015]: DEBUG nova.api.openstack.wsgi_app [None req-81e03c1a-be0f-4f76-aaa0-18ffed064245 None None] injected_network_template = /opt/stack/nova/nova/virt/interfaces.template {{(pid=96015) log_opt_values /opt/stack/data/venv/lib/python3.12/site-packages/oslo_config/cfg.py:3534}}
Aug 06 20:04:16.225617 np0000006695 devstack@n-api-meta.service[96015]: DEBUG nova.api.openstack.wsgi_app [None req-81e03c1a-be0f-4f76-aaa0-18ffed064245 None None] instance_build_timeout = 0 {{(pid=96015) log_opt_values /opt/stack/data/venv/lib/python3.12/site-packages/oslo_config/cfg.py:3534}}
Aug 06 20:04:16.225728 np0000006695 devstack@n-api-meta.service[96015]: DEBUG nova.api.openstack.wsgi_app [None req-81e03c1a-be0f-4f76-aaa0-18ffed064245 None None] instance_delete_interval = 300 {{(pid=96015) log_opt_values /opt/stack/data/venv/lib/python3.12/site-packages/oslo_config/cfg.py:3534}}
Aug 06 20:04:16.225852 np0000006695 devstack@n-api-meta.service[96015]: DEBUG nova.api.openstack.wsgi_app [None req-81e03c1a-be0f-4f76-aaa0-18ffed064245 None None] instance_format = [instance: %(uuid)s] {{(pid=96015) log_opt_values /opt/stack/data/venv/lib/python3.12/site-packages/oslo_config/cfg.py:3534}}
Aug 06 20:04:16.225991 np0000006695 devstack@n-api-meta.service[96015]: DEBUG nova.api.openstack.wsgi_app [None req-81e03c1a-be0f-4f76-aaa0-18ffed064245 None None] instance_name_template = instance-%08x {{(pid=96015) log_opt_values /opt/stack/data/venv/lib/python3.12/site-packages/oslo_config/cfg.py:3534}}
Aug 06 20:04:16.226103 np0000006695 devstack@n-api-meta.service[96015]: DEBUG nova.api.openstack.wsgi_app [None req-81e03c1a-be0f-4f76-aaa0-18ffed064245 None None] instance_usage_audit = False {{(pid=96015) log_opt_values /opt/stack/data/venv/lib/python3.12/site-packages/oslo_config/cfg.py:3534}}
Aug 06 20:04:16.226222 np0000006695 devstack@n-api-meta.service[96015]: DEBUG nova.api.openstack.wsgi_app [None req-81e03c1a-be0f-4f76-aaa0-18ffed064245 None None] instance_usage_audit_period = month {{(pid=96015) log_opt_values /opt/stack/data/venv/lib/python3.12/site-packages/oslo_config/cfg.py:3534}}
Aug 06 20:04:16.226336 np0000006695 devstack@n-api-meta.service[96015]: DEBUG nova.api.openstack.wsgi_app [None req-81e03c1a-be0f-4f76-aaa0-18ffed064245 None None] instance_uuid_format = [instance: %(uuid)s] {{(pid=96015) log_opt_values /opt/stack/data/venv/lib/python3.12/site-packages/oslo_config/cfg.py:3534}}
Aug 06 20:04:16.226450 np0000006695 devstack@n-api-meta.service[96015]: DEBUG nova.api.openstack.wsgi_app [None req-81e03c1a-be0f-4f76-aaa0-18ffed064245 None None] instances_path = /opt/stack/data/nova/instances {{(pid=96015) log_opt_values /opt/stack/data/venv/lib/python3.12/site-packages/oslo_config/cfg.py:3534}}
Aug 06 20:04:16.226564 np0000006695 devstack@n-api-meta.service[96015]: DEBUG nova.api.openstack.wsgi_app [None req-81e03c1a-be0f-4f76-aaa0-18ffed064245 None None] internal_service_availability_zone = internal {{(pid=96015) log_opt_values /opt/stack/data/venv/lib/python3.12/site-packages/oslo_config/cfg.py:3534}}
Aug 06 20:04:16.226670 np0000006695 devstack@n-api-meta.service[96015]: DEBUG nova.api.openstack.wsgi_app [None req-81e03c1a-be0f-4f76-aaa0-18ffed064245 None None] key = None {{(pid=96015) log_opt_values /opt/stack/data/venv/lib/python3.12/site-packages/oslo_config/cfg.py:3534}}
Aug 06 20:04:16.226787 np0000006695 devstack@n-api-meta.service[96015]: DEBUG nova.api.openstack.wsgi_app [None req-81e03c1a-be0f-4f76-aaa0-18ffed064245 None None] live_migration_retry_count = 30 {{(pid=96015) log_opt_values /opt/stack/data/venv/lib/python3.12/site-packages/oslo_config/cfg.py:3534}}
Aug 06 20:04:16.226905 np0000006695 devstack@n-api-meta.service[96015]: DEBUG nova.api.openstack.wsgi_app [None req-81e03c1a-be0f-4f76-aaa0-18ffed064245 None None] log_color = False {{(pid=96015) log_opt_values /opt/stack/data/venv/lib/python3.12/site-packages/oslo_config/cfg.py:3534}}
Aug 06 20:04:16.227051 np0000006695 devstack@n-api-meta.service[96015]: DEBUG nova.api.openstack.wsgi_app [None req-81e03c1a-be0f-4f76-aaa0-18ffed064245 None None] log_config_append = None {{(pid=96015) log_opt_values /opt/stack/data/venv/lib/python3.12/site-packages/oslo_config/cfg.py:3534}}
Aug 06 20:04:16.227166 np0000006695 devstack@n-api-meta.service[96015]: DEBUG nova.api.openstack.wsgi_app [None req-81e03c1a-be0f-4f76-aaa0-18ffed064245 None None] log_date_format = %Y-%m-%d %H:%M:%S {{(pid=96015) log_opt_values /opt/stack/data/venv/lib/python3.12/site-packages/oslo_config/cfg.py:3534}}
Aug 06 20:04:16.227276 np0000006695 devstack@n-api-meta.service[96015]: DEBUG nova.api.openstack.wsgi_app [None req-81e03c1a-be0f-4f76-aaa0-18ffed064245 None None] log_dir = None {{(pid=96015) log_opt_values /opt/stack/data/venv/lib/python3.12/site-packages/oslo_config/cfg.py:3534}}
Aug 06 20:04:16.227382 np0000006695 devstack@n-api-meta.service[96015]: DEBUG nova.api.openstack.wsgi_app [None req-81e03c1a-be0f-4f76-aaa0-18ffed064245 None None] log_file = None {{(pid=96015) log_opt_values /opt/stack/data/venv/lib/python3.12/site-packages/oslo_config/cfg.py:3534}}
Aug 06 20:04:16.227469 np0000006695 devstack@n-api-meta.service[96015]: DEBUG nova.api.openstack.wsgi_app [None req-81e03c1a-be0f-4f76-aaa0-18ffed064245 None None] log_options = True {{(pid=96015) log_opt_values /opt/stack/data/venv/lib/python3.12/site-packages/oslo_config/cfg.py:3534}}
Aug 06 20:04:16.227579 np0000006695 devstack@n-api-meta.service[96015]: DEBUG nova.api.openstack.wsgi_app [None req-81e03c1a-be0f-4f76-aaa0-18ffed064245 None None] log_rotate_interval = 1 {{(pid=96015) log_opt_values /opt/stack/data/venv/lib/python3.12/site-packages/oslo_config/cfg.py:3534}}
Aug 06 20:04:16.227694 np0000006695 devstack@n-api-meta.service[96015]: DEBUG nova.api.openstack.wsgi_app [None req-81e03c1a-be0f-4f76-aaa0-18ffed064245 None None] log_rotate_interval_type = days {{(pid=96015) log_opt_values /opt/stack/data/venv/lib/python3.12/site-packages/oslo_config/cfg.py:3534}}
Aug 06 20:04:16.227818 np0000006695 devstack@n-api-meta.service[96015]: DEBUG nova.api.openstack.wsgi_app [None req-81e03c1a-be0f-4f76-aaa0-18ffed064245 None None] log_rotation_type = none {{(pid=96015) log_opt_values /opt/stack/data/venv/lib/python3.12/site-packages/oslo_config/cfg.py:3534}}
Aug 06 20:04:16.227860 np0000006695 devstack@n-api-meta.service[96013]: WARNING nova.api.metadata.handler [None req-1059dca9-48cf-4c45-8fad-db50167ad196 None None] metadata_proxy_shared_secret is not configured, the metadata information returned by the proxy cannot be trusted
