Aug 06 20:04:15.778501 np0000006695 nova-scheduler[96596]: DEBUG cotyledon.oslo_config_glue [-] workarounds.qemu_monitor_announce_self_count = 3 {{(pid=96596) log_opt_values /opt/stack/data/venv/lib/python3.12/site-packages/oslo_config/cfg.py:3545}}
Aug 06 20:04:15.778661 np0000006695 nova-scheduler[96596]: DEBUG cotyledon.oslo_config_glue [-] workarounds.qemu_monitor_announce_self_interval = 1 {{(pid=96596) log_opt_values /opt/stack/data/venv/lib/python3.12/site-packages/oslo_config/cfg.py:3545}}
Aug 06 20:04:15.778661 np0000006695 nova-scheduler[96596]: DEBUG cotyledon.oslo_config_glue [-] workarounds.reserve_disk_resource_for_image_cache = False {{(pid=96596) log_opt_values /opt/stack/data/venv/lib/python3.12/site-packages/oslo_config/cfg.py:3545}}
Aug 06 20:04:15.778661 np0000006695 nova-scheduler[96596]: DEBUG cotyledon.oslo_config_glue [-] workarounds.skip_cpu_compare_at_startup = False {{(pid=96596) log_opt_values /opt/stack/data/venv/lib/python3.12/site-packages/oslo_config/cfg.py:3545}}
Aug 06 20:04:15.778661 np0000006695 nova-scheduler[96596]: DEBUG cotyledon.oslo_config_glue [-] workarounds.skip_cpu_compare_on_dest = False {{(pid=96596) log_opt_values /opt/stack/data/venv/lib/python3.12/site-packages/oslo_config/cfg.py:3545}}
Aug 06 20:04:15.778661 np0000006695 nova-scheduler[96596]: DEBUG cotyledon.oslo_config_glue [-] workarounds.skip_hypervisor_version_check_on_lm = False {{(pid=96596) log_opt_values /opt/stack/data/venv/lib/python3.12/site-packages/oslo_config/cfg.py:3545}}
Aug 06 20:04:15.778661 np0000006695 nova-scheduler[96596]: DEBUG cotyledon.oslo_config_glue [-] workarounds.skip_reserve_in_use_ironic_nodes = False {{(pid=96596) log_opt_values /opt/stack/data/venv/lib/python3.12/site-packages/oslo_config/cfg.py:3545}}
Aug 06 20:04:15.778661 np0000006695 nova-scheduler[96596]: DEBUG cotyledon.oslo_config_glue [-] workarounds.unified_limits_count_pcpu_as_vcpu = False {{(pid=96596) log_opt_values /opt/stack/data/venv/lib/python3.12/site-packages/oslo_config/cfg.py:3545}}
Aug 06 20:04:15.778661 np0000006695 nova-scheduler[96596]: DEBUG cotyledon.oslo_config_glue [-] workarounds.wait_for_vif_plugged_event_during_hard_reboot = [] {{(pid=96596) log_opt_values /opt/stack/data/venv/lib/python3.12/site-packages/oslo_config/cfg.py:3545}}
Aug 06 20:04:15.778848 np0000006695 nova-scheduler[96596]: DEBUG cotyledon.oslo_config_glue [-] wsgi.api_paste_config = /etc/nova/api-paste.ini {{(pid=96596) log_opt_values /opt/stack/data/venv/lib/python3.12/site-packages/oslo_config/cfg.py:3545}}
Aug 06 20:04:15.778848 np0000006695 nova-scheduler[96596]: DEBUG cotyledon.oslo_config_glue [-] wsgi.secure_proxy_ssl_header = None {{(pid=96596) log_opt_values /opt/stack/data/venv/lib/python3.12/site-packages/oslo_config/cfg.py:3545}}
Aug 06 20:04:15.778848 np0000006695 nova-scheduler[96596]: DEBUG cotyledon.oslo_config_glue [-] zvm.ca_file = None {{(pid=96596) log_opt_values /opt/stack/data/venv/lib/python3.12/site-packages/oslo_config/cfg.py:3545}}
Aug 06 20:04:15.778848 np0000006695 nova-scheduler[96596]: DEBUG cotyledon.oslo_config_glue [-] zvm.cloud_connector_url = None {{(pid=96596) log_opt_values /opt/stack/data/venv/lib/python3.12/site-packages/oslo_config/cfg.py:3545}}
Aug 06 20:04:15.778848 np0000006695 nova-scheduler[96596]: DEBUG cotyledon.oslo_config_glue [-] zvm.image_tmp_path = /opt/stack/data/nova/images {{(pid=96596) log_opt_values /opt/stack/data/venv/lib/python3.12/site-packages/oslo_config/cfg.py:3545}}
Aug 06 20:04:15.778848 np0000006695 nova-scheduler[96596]: DEBUG cotyledon.oslo_config_glue [-] zvm.reachable_timeout = 300 {{(pid=96596) log_opt_values /opt/stack/data/venv/lib/python3.12/site-packages/oslo_config/cfg.py:3545}}
Aug 06 20:04:15.778848 np0000006695 nova-scheduler[96596]: DEBUG cotyledon.oslo_config_glue [-] oslo_versionedobjects.fatal_exception_format_errors = False {{(pid=96596) log_opt_values /opt/stack/data/venv/lib/python3.12/site-packages/oslo_config/cfg.py:3545}}
Aug 06 20:04:15.778848 np0000006695 nova-scheduler[96596]: DEBUG cotyledon.oslo_config_glue [-] oslo_middleware.http_basic_auth_user_file = /etc/htpasswd {{(pid=96596) log_opt_values /opt/stack/data/venv/lib/python3.12/site-packages/oslo_config/cfg.py:3545}}
Aug 06 20:04:15.778848 np0000006695 nova-scheduler[96596]: DEBUG cotyledon.oslo_config_glue [-] oslo_messaging_metrics.metrics_buffer_size = 1000 {{(pid=96596) log_opt_values /opt/stack/data/venv/lib/python3.12/site-packages/oslo_config/cfg.py:3545}}
Aug 06 20:04:15.779315 np0000006695 nova-scheduler[96596]: DEBUG cotyledon.oslo_config_glue [-] oslo_messaging_metrics.metrics_enabled = False {{(pid=96596) log_opt_values /opt/stack/data/venv/lib/python3.12/site-packages/oslo_config/cfg.py:3545}}
Aug 06 20:04:15.779315 np0000006695 nova-scheduler[96596]: DEBUG cotyledon.oslo_config_glue [-] oslo_messaging_metrics.metrics_process_name = {{(pid=96596) log_opt_values /opt/stack/data/venv/lib/python3.12/site-packages/oslo_config/cfg.py:3545}}
Aug 06 20:04:15.779315 np0000006695 nova-scheduler[96596]: DEBUG cotyledon.oslo_config_glue [-] oslo_messaging_metrics.metrics_socket_file = /var/tmp/metrics_collector.sock {{(pid=96596) log_opt_values /opt/stack/data/venv/lib/python3.12/site-packages/oslo_config/cfg.py:3545}}
Aug 06 20:04:15.779315 np0000006695 nova-scheduler[96596]: DEBUG cotyledon.oslo_config_glue [-] oslo_messaging_metrics.metrics_thread_stop_timeout = 10 {{(pid=96596) log_opt_values /opt/stack/data/venv/lib/python3.12/site-packages/oslo_config/cfg.py:3545}}
Aug 06 20:04:15.779315 np0000006695 nova-scheduler[96596]: DEBUG cotyledon.oslo_config_glue [-] profiler.connection_string = messaging:// {{(pid=96596) log_opt_values /opt/stack/data/venv/lib/python3.12/site-packages/oslo_config/cfg.py:3545}}
Aug 06 20:04:15.779315 np0000006695 nova-scheduler[96596]: DEBUG cotyledon.oslo_config_glue [-] profiler.enabled = False {{(pid=96596) log_opt_values /opt/stack/data/venv/lib/python3.12/site-packages/oslo_config/cfg.py:3545}}
Aug 06 20:04:15.779315 np0000006695 nova-scheduler[96596]: DEBUG cotyledon.oslo_config_glue [-] profiler.es_doc_type = notification {{(pid=96596) log_opt_values /opt/stack/data/venv/lib/python3.12/site-packages/oslo_config/cfg.py:3545}}
Aug 06 20:04:15.779315 np0000006695 nova-scheduler[96596]: DEBUG cotyledon.oslo_config_glue [-] profiler.es_scroll_size = 10000 {{(pid=96596) log_opt_values /opt/stack/data/venv/lib/python3.12/site-packages/oslo_config/cfg.py:3545}}
Aug 06 20:04:15.779315 np0000006695 nova-scheduler[96596]: DEBUG cotyledon.oslo_config_glue [-] profiler.es_scroll_time = 2m {{(pid=96596) log_opt_values /opt/stack/data/venv/lib/python3.12/site-packages/oslo_config/cfg.py:3545}}
Aug 06 20:04:15.779481 np0000006695 nova-scheduler[96596]: DEBUG cotyledon.oslo_config_glue [-] profiler.filter_error_trace = False {{(pid=96596) log_opt_values /opt/stack/data/venv/lib/python3.12/site-packages/oslo_config/cfg.py:3545}}
Aug 06 20:04:15.779481 np0000006695 nova-scheduler[96596]: DEBUG cotyledon.oslo_config_glue [-] profiler.hmac_keys = **** {{(pid=96596) log_opt_values /opt/stack/data/venv/lib/python3.12/site-packages/oslo_config/cfg.py:3545}}
Aug 06 20:04:15.779524 np0000006695 nova-scheduler[96598]: INFO nova.service [-] Starting scheduler node (version 33.1.0)
Aug 06 20:04:15.779553 np0000006695 nova-scheduler[96596]: DEBUG cotyledon.oslo_config_glue [-] profiler.sentinel_service_name = mymaster {{(pid=96596) log_opt_values /opt/stack/data/venv/lib/python3.12/site-packages/oslo_config/cfg.py:3545}}
Aug 06 20:04:15.779553 np0000006695 nova-scheduler[96596]: DEBUG cotyledon.oslo_config_glue [-] profiler.socket_timeout = 0.1 {{(pid=96596) log_opt_values /opt/stack/data/venv/lib/python3.12/site-packages/oslo_config/cfg.py:3545}}
Aug 06 20:04:15.779553 np0000006695 nova-scheduler[96596]: DEBUG cotyledon.oslo_config_glue [-] profiler.trace_requests = False {{(pid=96596) log_opt_values /opt/stack/data/venv/lib/python3.12/site-packages/oslo_config/cfg.py:3545}}
Aug 06 20:04:15.779553 np0000006695 nova-scheduler[96596]: DEBUG cotyledon.oslo_config_glue [-] profiler.trace_sqlalchemy = False {{(pid=96596) log_opt_values /opt/stack/data/venv/lib/python3.12/site-packages/oslo_config/cfg.py:3545}}
Aug 06 20:04:15.779553 np0000006695 nova-scheduler[96596]: DEBUG cotyledon.oslo_config_glue [-] profiler_jaeger.process_tags = {} {{(pid=96596) log_opt_values /opt/stack/data/venv/lib/python3.12/site-packages/oslo_config/cfg.py:3545}}
Aug 06 20:04:15.779553 np0000006695 nova-scheduler[96596]: DEBUG cotyledon.oslo_config_glue [-] profiler_jaeger.service_name_prefix = None {{(pid=96596) log_opt_values /opt/stack/data/venv/lib/python3.12/site-packages/oslo_config/cfg.py:3545}}
Aug 06 20:04:15.779553 np0000006695 nova-scheduler[96596]: DEBUG cotyledon.oslo_config_glue [-] profiler_otlp.service_name_prefix = None {{(pid=96596) log_opt_values /opt/stack/data/venv/lib/python3.12/site-packages/oslo_config/cfg.py:3545}}
Aug 06 20:04:15.779553 np0000006695 nova-scheduler[96596]: DEBUG cotyledon.oslo_config_glue [-] oslo_messaging_rabbit.amqp_auto_delete = False {{(pid=96596) log_opt_values /opt/stack/data/venv/lib/python3.12/site-packages/oslo_config/cfg.py:3545}}
Aug 06 20:04:15.779553 np0000006695 nova-scheduler[96596]: DEBUG cotyledon.oslo_config_glue [-] oslo_messaging_rabbit.amqp_durable_queues = False {{(pid=96596) log_opt_values /opt/stack/data/venv/lib/python3.12/site-packages/oslo_config/cfg.py:3545}}
Aug 06 20:04:15.779746 np0000006695 nova-scheduler[96596]: DEBUG cotyledon.oslo_config_glue [-] oslo_messaging_rabbit.conn_pool_min_size = 2 {{(pid=96596) log_opt_values /opt/stack/data/venv/lib/python3.12/site-packages/oslo_config/cfg.py:3545}}
Aug 06 20:04:15.779746 np0000006695 nova-scheduler[96596]: DEBUG cotyledon.oslo_config_glue [-] oslo_messaging_rabbit.conn_pool_ttl = 1200 {{(pid=96596) log_opt_values /opt/stack/data/venv/lib/python3.12/site-packages/oslo_config/cfg.py:3545}}
Aug 06 20:04:15.779746 np0000006695 nova-scheduler[96596]: DEBUG cotyledon.oslo_config_glue [-] oslo_messaging_rabbit.direct_mandatory_flag = True {{(pid=96596) log_opt_values /opt/stack/data/venv/lib/python3.12/site-packages/oslo_config/cfg.py:3545}}
Aug 06 20:04:15.779746 np0000006695 nova-scheduler[96596]: DEBUG cotyledon.oslo_config_glue [-] oslo_messaging_rabbit.enable_cancel_on_failover = False {{(pid=96596) log_opt_values /opt/stack/data/venv/lib/python3.12/site-packages/oslo_config/cfg.py:3545}}
Aug 06 20:04:15.779746 np0000006695 nova-scheduler[96596]: DEBUG cotyledon.oslo_config_glue [-] oslo_messaging_rabbit.heartbeat_rate = 3 {{(pid=96596) log_opt_values /opt/stack/data/venv/lib/python3.12/site-packages/oslo_config/cfg.py:3545}}
Aug 06 20:04:15.779746 np0000006695 nova-scheduler[96596]: DEBUG cotyledon.oslo_config_glue [-] oslo_messaging_rabbit.heartbeat_timeout_threshold = 60 {{(pid=96596) log_opt_values /opt/stack/data/venv/lib/python3.12/site-packages/oslo_config/cfg.py:3545}}
Aug 06 20:04:15.779746 np0000006695 nova-scheduler[96596]: DEBUG cotyledon.oslo_config_glue [-] oslo_messaging_rabbit.hostname = np0000006695 {{(pid=96596) log_opt_values /opt/stack/data/venv/lib/python3.12/site-packages/oslo_config/cfg.py:3545}}
Aug 06 20:04:15.779746 np0000006695 nova-scheduler[96596]: DEBUG cotyledon.oslo_config_glue [-] oslo_messaging_rabbit.kombu_compression = None {{(pid=96596) log_opt_values /opt/stack/data/venv/lib/python3.12/site-packages/oslo_config/cfg.py:3545}}
Aug 06 20:04:15.779746 np0000006695 nova-scheduler[96596]: DEBUG cotyledon.oslo_config_glue [-] oslo_messaging_rabbit.kombu_failover_strategy = round-robin {{(pid=96596) log_opt_values /opt/stack/data/venv/lib/python3.12/site-packages/oslo_config/cfg.py:3545}}
Aug 06 20:04:15.779970 np0000006695 nova-scheduler[96596]: DEBUG cotyledon.oslo_config_glue [-] oslo_messaging_rabbit.kombu_missing_consumer_retry_timeout = 60 {{(pid=96596) log_opt_values /opt/stack/data/venv/lib/python3.12/site-packages/oslo_config/cfg.py:3545}}
Aug 06 20:04:15.779970 np0000006695 nova-scheduler[96596]: DEBUG cotyledon.oslo_config_glue [-] oslo_messaging_rabbit.kombu_reconnect_delay = 1.0 {{(pid=96596) log_opt_values /opt/stack/data/venv/lib/python3.12/site-packages/oslo_config/cfg.py:3545}}
Aug 06 20:04:15.779970 np0000006695 nova-scheduler[96596]: DEBUG cotyledon.oslo_config_glue [-] oslo_messaging_rabbit.kombu_reconnect_splay = 0.0 {{(pid=96596) log_opt_values /opt/stack/data/venv/lib/python3.12/site-packages/oslo_config/cfg.py:3545}}
Aug 06 20:04:15.779970 np0000006695 nova-scheduler[96596]: DEBUG cotyledon.oslo_config_glue [-] oslo_messaging_rabbit.processname = nova-scheduler {{(pid=96596) log_opt_values /opt/stack/data/venv/lib/python3.12/site-packages/oslo_config/cfg.py:3545}}
Aug 06 20:04:15.779970 np0000006695 nova-scheduler[96596]: DEBUG cotyledon.oslo_config_glue [-] oslo_messaging_rabbit.rabbit_ha_queues = False {{(pid=96596) log_opt_values /opt/stack/data/venv/lib/python3.12/site-packages/oslo_config/cfg.py:3545}}
Aug 06 20:04:15.779970 np0000006695 nova-scheduler[96596]: DEBUG cotyledon.oslo_config_glue [-] oslo_messaging_rabbit.rabbit_interval_max = 30 {{(pid=96596) log_opt_values /opt/stack/data/venv/lib/python3.12/site-packages/oslo_config/cfg.py:3545}}
Aug 06 20:04:15.779970 np0000006695 nova-scheduler[96596]: DEBUG cotyledon.oslo_config_glue [-] oslo_messaging_rabbit.rabbit_login_method = AMQPLAIN {{(pid=96596) log_opt_values /opt/stack/data/venv/lib/python3.12/site-packages/oslo_config/cfg.py:3545}}
Aug 06 20:04:15.779970 np0000006695 nova-scheduler[96596]: DEBUG cotyledon.oslo_config_glue [-] oslo_messaging_rabbit.rabbit_qos_prefetch_count = 0 {{(pid=96596) log_opt_values /opt/stack/data/venv/lib/python3.12/site-packages/oslo_config/cfg.py:3545}}
Aug 06 20:04:15.779970 np0000006695 nova-scheduler[96596]: DEBUG cotyledon.oslo_config_glue [-] oslo_messaging_rabbit.rabbit_quorum_delivery_limit = 0 {{(pid=96596) log_opt_values /opt/stack/data/venv/lib/python3.12/site-packages/oslo_config/cfg.py:3545}}
Aug 06 20:04:15.780148 np0000006695 nova-scheduler[96596]: DEBUG cotyledon.oslo_config_glue [-] oslo_messaging_rabbit.rabbit_quorum_max_memory_bytes = 0 {{(pid=96596) log_opt_values /opt/stack/data/venv/lib/python3.12/site-packages/oslo_config/cfg.py:3545}}
Aug 06 20:04:15.780148 np0000006695 nova-scheduler[96596]: DEBUG cotyledon.oslo_config_glue [-] oslo_messaging_rabbit.rabbit_quorum_max_memory_length = 0 {{(pid=96596) log_opt_values /opt/stack/data/venv/lib/python3.12/site-packages/oslo_config/cfg.py:3545}}
Aug 06 20:04:15.780148 np0000006695 nova-scheduler[96596]: DEBUG cotyledon.oslo_config_glue [-] oslo_messaging_rabbit.rabbit_quorum_queue = False {{(pid=96596) log_opt_values /opt/stack/data/venv/lib/python3.12/site-packages/oslo_config/cfg.py:3545}}
Aug 06 20:04:15.780148 np0000006695 nova-scheduler[96596]: DEBUG cotyledon.oslo_config_glue [-] oslo_messaging_rabbit.rabbit_retry_backoff = 2 {{(pid=96596) log_opt_values /opt/stack/data/venv/lib/python3.12/site-packages/oslo_config/cfg.py:3545}}
Aug 06 20:04:15.780148 np0000006695 nova-scheduler[96596]: DEBUG cotyledon.oslo_config_glue [-] oslo_messaging_rabbit.rabbit_retry_interval = 1 {{(pid=96596) log_opt_values /opt/stack/data/venv/lib/python3.12/site-packages/oslo_config/cfg.py:3545}}
Aug 06 20:04:15.780148 np0000006695 nova-scheduler[96596]: DEBUG cotyledon.oslo_config_glue [-] oslo_messaging_rabbit.rabbit_stream_fanout = False {{(pid=96596) log_opt_values /opt/stack/data/venv/lib/python3.12/site-packages/oslo_config/cfg.py:3545}}
Aug 06 20:04:15.780148 np0000006695 nova-scheduler[96596]: DEBUG cotyledon.oslo_config_glue [-] oslo_messaging_rabbit.rabbit_transient_queues_ttl = 1800 {{(pid=96596) log_opt_values /opt/stack/data/venv/lib/python3.12/site-packages/oslo_config/cfg.py:3545}}
Aug 06 20:04:15.780148 np0000006695 nova-scheduler[96596]: DEBUG cotyledon.oslo_config_glue [-] oslo_messaging_rabbit.rabbit_transient_quorum_queue = False {{(pid=96596) log_opt_values /opt/stack/data/venv/lib/python3.12/site-packages/oslo_config/cfg.py:3545}}
Aug 06 20:04:15.780304 np0000006695 nova-scheduler[96596]: DEBUG cotyledon.oslo_config_glue [-] oslo_messaging_rabbit.rpc_conn_pool_size = 30 {{(pid=96596) log_opt_values /opt/stack/data/venv/lib/python3.12/site-packages/oslo_config/cfg.py:3545}}
Aug 06 20:04:15.780304 np0000006695 nova-scheduler[96596]: DEBUG cotyledon.oslo_config_glue [-] oslo_messaging_rabbit.ssl = False {{(pid=96596) log_opt_values /opt/stack/data/venv/lib/python3.12/site-packages/oslo_config/cfg.py:3545}}
Aug 06 20:04:15.780304 np0000006695 nova-scheduler[96596]: DEBUG cotyledon.oslo_config_glue [-] oslo_messaging_rabbit.ssl_ca_file = {{(pid=96596) log_opt_values /opt/stack/data/venv/lib/python3.12/site-packages/oslo_config/cfg.py:3545}}
Aug 06 20:04:15.780304 np0000006695 nova-scheduler[96596]: DEBUG cotyledon.oslo_config_glue [-] oslo_messaging_rabbit.ssl_cert_file = {{(pid=96596) log_opt_values /opt/stack/data/venv/lib/python3.12/site-packages/oslo_config/cfg.py:3545}}
Aug 06 20:04:15.780304 np0000006695 nova-scheduler[96596]: DEBUG cotyledon.oslo_config_glue [-] oslo_messaging_rabbit.ssl_enforce_fips_mode = False {{(pid=96596) log_opt_values /opt/stack/data/venv/lib/python3.12/site-packages/oslo_config/cfg.py:3545}}
Aug 06 20:04:15.780304 np0000006695 nova-scheduler[96596]: DEBUG cotyledon.oslo_config_glue [-] oslo_messaging_rabbit.ssl_enforce_hostname_verification = True {{(pid=96596) log_opt_values /opt/stack/data/venv/lib/python3.12/site-packages/oslo_config/cfg.py:3545}}
Aug 06 20:04:15.780304 np0000006695 nova-scheduler[96596]: DEBUG cotyledon.oslo_config_glue [-] oslo_messaging_rabbit.ssl_key_file = {{(pid=96596) log_opt_values /opt/stack/data/venv/lib/python3.12/site-packages/oslo_config/cfg.py:3545}}
Aug 06 20:04:15.780304 np0000006695 nova-scheduler[96596]: DEBUG cotyledon.oslo_config_glue [-] oslo_messaging_rabbit.ssl_version = {{(pid=96596) log_opt_values /opt/stack/data/venv/lib/python3.12/site-packages/oslo_config/cfg.py:3545}}
Aug 06 20:04:15.780304 np0000006695 nova-scheduler[96596]: DEBUG cotyledon.oslo_config_glue [-] oslo_messaging_rabbit.use_queue_manager = False {{(pid=96596) log_opt_values /opt/stack/data/venv/lib/python3.12/site-packages/oslo_config/cfg.py:3545}}
Aug 06 20:04:15.780474 np0000006695 nova-scheduler[96596]: DEBUG cotyledon.oslo_config_glue [-] oslo_messaging_notifications.driver = ['messagingv2'] {{(pid=96596) log_opt_values /opt/stack/data/venv/lib/python3.12/site-packages/oslo_config/cfg.py:3545}}
Aug 06 20:04:15.780474 np0000006695 nova-scheduler[96596]: DEBUG cotyledon.oslo_config_glue [-] oslo_messaging_notifications.retry = -1 {{(pid=96596) log_opt_values /opt/stack/data/venv/lib/python3.12/site-packages/oslo_config/cfg.py:3545}}
Aug 06 20:04:15.780474 np0000006695 nova-scheduler[96596]: DEBUG cotyledon.oslo_config_glue [-] oslo_messaging_notifications.topics = ['notifications'] {{(pid=96596) log_opt_values /opt/stack/data/venv/lib/python3.12/site-packages/oslo_config/cfg.py:3545}}
Aug 06 20:04:15.780474 np0000006695 nova-scheduler[96596]: DEBUG cotyledon.oslo_config_glue [-] oslo_messaging_notifications.transport_url = **** {{(pid=96596) log_opt_values /opt/stack/data/venv/lib/python3.12/site-packages/oslo_config/cfg.py:3545}}
Aug 06 20:04:15.780474 np0000006695 nova-scheduler[96596]: DEBUG cotyledon.oslo_config_glue [-] oslo_limit.auth_section = None {{(pid=96596) log_opt_values /opt/stack/data/venv/lib/python3.12/site-packages/oslo_config/cfg.py:3545}}
Aug 06 20:04:15.780474 np0000006695 nova-scheduler[96596]: DEBUG cotyledon.oslo_config_glue [-] oslo_limit.auth_type = None {{(pid=96596) log_opt_values /opt/stack/data/venv/lib/python3.12/site-packages/oslo_config/cfg.py:3545}}
Aug 06 20:04:15.780474 np0000006695 nova-scheduler[96596]: DEBUG cotyledon.oslo_config_glue [-] oslo_limit.cafile = None {{(pid=96596) log_opt_values /opt/stack/data/venv/lib/python3.12/site-packages/oslo_config/cfg.py:3545}}
Aug 06 20:04:15.780474 np0000006695 nova-scheduler[96596]: DEBUG cotyledon.oslo_config_glue [-] oslo_limit.certfile = None {{(pid=96596) log_opt_values /opt/stack/data/venv/lib/python3.12/site-packages/oslo_config/cfg.py:3545}}
Aug 06 20:04:15.780474 np0000006695 nova-scheduler[96596]: DEBUG cotyledon.oslo_config_glue [-] oslo_limit.collect_timing = False {{(pid=96596) log_opt_values /opt/stack/data/venv/lib/python3.12/site-packages/oslo_config/cfg.py:3545}}
Aug 06 20:04:15.780644 np0000006695 nova-scheduler[96596]: DEBUG cotyledon.oslo_config_glue [-] oslo_limit.connect_retries = None {{(pid=96596) log_opt_values /opt/stack/data/venv/lib/python3.12/site-packages/oslo_config/cfg.py:3545}}
Aug 06 20:04:15.780644 np0000006695 nova-scheduler[96596]: DEBUG cotyledon.oslo_config_glue [-] oslo_limit.connect_retry_delay = None {{(pid=96596) log_opt_values /opt/stack/data/venv/lib/python3.12/site-packages/oslo_config/cfg.py:3545}}
Aug 06 20:04:15.780644 np0000006695 nova-scheduler[96596]: DEBUG cotyledon.oslo_config_glue [-] oslo_limit.endpoint_id = None {{(pid=96596) log_opt_values /opt/stack/data/venv/lib/python3.12/site-packages/oslo_config/cfg.py:3545}}
Aug 06 20:04:15.780644 np0000006695 nova-scheduler[96596]: DEBUG cotyledon.oslo_config_glue [-] oslo_limit.endpoint_interface = public {{(pid=96596) log_opt_values /opt/stack/data/venv/lib/python3.12/site-packages/oslo_config/cfg.py:3545}}
Aug 06 20:04:15.780644 np0000006695 nova-scheduler[96596]: DEBUG cotyledon.oslo_config_glue [-] oslo_limit.endpoint_override = None {{(pid=96596) log_opt_values /opt/stack/data/venv/lib/python3.12/site-packages/oslo_config/cfg.py:3545}}
Aug 06 20:04:15.780644 np0000006695 nova-scheduler[96596]: DEBUG cotyledon.oslo_config_glue [-] oslo_limit.endpoint_region_name = None {{(pid=96596) log_opt_values /opt/stack/data/venv/lib/python3.12/site-packages/oslo_config/cfg.py:3545}}
Aug 06 20:04:15.780644 np0000006695 nova-scheduler[96596]: DEBUG cotyledon.oslo_config_glue [-] oslo_limit.endpoint_service_name = None {{(pid=96596) log_opt_values /opt/stack/data/venv/lib/python3.12/site-packages/oslo_config/cfg.py:3545}}
Aug 06 20:04:15.780644 np0000006695 nova-scheduler[96596]: DEBUG cotyledon.oslo_config_glue [-] oslo_limit.endpoint_service_type = None {{(pid=96596) log_opt_values /opt/stack/data/venv/lib/python3.12/site-packages/oslo_config/cfg.py:3545}}
Aug 06 20:04:15.780644 np0000006695 nova-scheduler[96596]: DEBUG cotyledon.oslo_config_glue [-] oslo_limit.insecure = False {{(pid=96596) log_opt_values /opt/stack/data/venv/lib/python3.12/site-packages/oslo_config/cfg.py:3545}}
Aug 06 20:04:15.780822 np0000006695 nova-scheduler[96596]: DEBUG cotyledon.oslo_config_glue [-] oslo_limit.keyfile = None {{(pid=96596) log_opt_values /opt/stack/data/venv/lib/python3.12/site-packages/oslo_config/cfg.py:3545}}
Aug 06 20:04:15.780822 np0000006695 nova-scheduler[96596]: DEBUG cotyledon.oslo_config_glue [-] oslo_limit.max_version = None {{(pid=96596) log_opt_values /opt/stack/data/venv/lib/python3.12/site-packages/oslo_config/cfg.py:3545}}
Aug 06 20:04:15.780822 np0000006695 nova-scheduler[96596]: DEBUG cotyledon.oslo_config_glue [-] oslo_limit.min_version = None {{(pid=96596) log_opt_values /opt/stack/data/venv/lib/python3.12/site-packages/oslo_config/cfg.py:3545}}
Aug 06 20:04:15.780822 np0000006695 nova-scheduler[96596]: DEBUG cotyledon.oslo_config_glue [-] oslo_limit.region_name = None {{(pid=96596) log_opt_values /opt/stack/data/venv/lib/python3.12/site-packages/oslo_config/cfg.py:3545}}
Aug 06 20:04:15.780822 np0000006695 nova-scheduler[96596]: DEBUG cotyledon.oslo_config_glue [-] oslo_limit.retriable_status_codes = None {{(pid=96596) log_opt_values /opt/stack/data/venv/lib/python3.12/site-packages/oslo_config/cfg.py:3545}}
Aug 06 20:04:15.780822 np0000006695 nova-scheduler[96596]: DEBUG cotyledon.oslo_config_glue [-] oslo_limit.service_name = None {{(pid=96596) log_opt_values /opt/stack/data/venv/lib/python3.12/site-packages/oslo_config/cfg.py:3545}}
Aug 06 20:04:15.780822 np0000006695 nova-scheduler[96596]: DEBUG cotyledon.oslo_config_glue [-] oslo_limit.service_type = None {{(pid=96596) log_opt_values /opt/stack/data/venv/lib/python3.12/site-packages/oslo_config/cfg.py:3545}}
Aug 06 20:04:15.780822 np0000006695 nova-scheduler[96596]: DEBUG cotyledon.oslo_config_glue [-] oslo_limit.split_loggers = False {{(pid=96596) log_opt_values /opt/stack/data/venv/lib/python3.12/site-packages/oslo_config/cfg.py:3545}}
Aug 06 20:04:15.780822 np0000006695 nova-scheduler[96596]: DEBUG cotyledon.oslo_config_glue [-] oslo_limit.status_code_retries = None {{(pid=96596) log_opt_values /opt/stack/data/venv/lib/python3.12/site-packages/oslo_config/cfg.py:3545}}
Aug 06 20:04:15.780999 np0000006695 nova-scheduler[96596]: DEBUG cotyledon.oslo_config_glue [-] oslo_limit.status_code_retry_delay = None {{(pid=96596) log_opt_values /opt/stack/data/venv/lib/python3.12/site-packages/oslo_config/cfg.py:3545}}
Aug 06 20:04:15.780999 np0000006695 nova-scheduler[96596]: DEBUG cotyledon.oslo_config_glue [-] oslo_limit.timeout = None {{(pid=96596) log_opt_values /opt/stack/data/venv/lib/python3.12/site-packages/oslo_config/cfg.py:3545}}
Aug 06 20:04:15.780999 np0000006695 nova-scheduler[96596]: DEBUG cotyledon.oslo_config_glue [-] oslo_limit.valid_interfaces = None {{(pid=96596) log_opt_values /opt/stack/data/venv/lib/python3.12/site-packages/oslo_config/cfg.py:3545}}
Aug 06 20:04:15.780999 np0000006695 nova-scheduler[96596]: DEBUG cotyledon.oslo_config_glue [-] oslo_limit.version = None {{(pid=96596) log_opt_values /opt/stack/data/venv/lib/python3.12/site-packages/oslo_config/cfg.py:3545}}
Aug 06 20:04:15.780999 np0000006695 nova-scheduler[96596]: DEBUG cotyledon.oslo_config_glue [-] oslo_reports.file_event_handler = None {{(pid=96596) log_opt_values /opt/stack/data/venv/lib/python3.12/site-packages/oslo_config/cfg.py:3545}}
Aug 06 20:04:15.780999 np0000006695 nova-scheduler[96596]: DEBUG cotyledon.oslo_config_glue [-] oslo_reports.file_event_handler_interval = 1 {{(pid=96596) log_opt_values /opt/stack/data/venv/lib/python3.12/site-packages/oslo_config/cfg.py:3545}}
Aug 06 20:04:15.780999 np0000006695 nova-scheduler[96596]: DEBUG cotyledon.oslo_config_glue [-] oslo_reports.log_dir = None {{(pid=96596) log_opt_values /opt/stack/data/venv/lib/python3.12/site-packages/oslo_config/cfg.py:3545}}
Aug 06 20:04:15.780999 np0000006695 nova-scheduler[96596]: DEBUG cotyledon.oslo_config_glue [-] ******************************************************************************** {{(pid=96596) log_opt_values /opt/stack/data/venv/lib/python3.12/site-packages/oslo_config/cfg.py:3552}}
Aug 06 20:04:15.780999 np0000006695 nova-scheduler[96596]: DEBUG cotyledon._service_worker [-] Run service ServiceWrapper(2) [96596] {{(pid=96596) wait_forever /opt/stack/data/venv/lib/python3.12/site-packages/cotyledon/_service_worker.py:218}}
Aug 06 20:04:15.781177 np0000006695 nova-scheduler[96596]: INFO nova.service [-] Starting scheduler node (version 33.1.0)
Aug 06 20:04:15.781204 np0000006695 nova-scheduler[96598]: INFO dbcounter [None req-3da55308-0e1d-4f30-b88a-843131f153e3 None None] Registered counter for database nova_cell0
Aug 06 20:04:15.781225 np0000006695 nova-scheduler[96596]: INFO dbcounter [None req-62416bc4-2f0b-409c-81bb-9a131a92a252 None None] Registered counter for database nova_cell0
Aug 06 20:04:15.781246 np0000006695 nova-scheduler[96594]: DEBUG oslo_db.sqlalchemy.engines [None req-7baf8897-e64b-46b5-aab4-3a50a5c9d469 None None] MySQL server mode set to STRICT_TRANS_TABLES,STRICT_ALL_TABLES,NO_ZERO_IN_DATE,NO_ZERO_DATE,ERROR_FOR_DIVISION_BY_ZERO,TRADITIONAL,NO_ENGINE_SUBSTITUTION {{(pid=96594) _check_effective_sql_mode /opt/stack/data/venv/lib/python3.12/site-packages/oslo_db/sqlalchemy/engines.py:325}}
Aug 06 20:04:15.781283 np0000006695 nova-scheduler[96591]: DEBUG oslo_db.sqlalchemy.engines [None req-94d4a862-5967-4301-a6fb-76322240e2cd None None] MySQL server mode set to STRICT_TRANS_TABLES,STRICT_ALL_TABLES,NO_ZERO_IN_DATE,NO_ZERO_DATE,ERROR_FOR_DIVISION_BY_ZERO,TRADITIONAL,NO_ENGINE_SUBSTITUTION {{(pid=96591) _check_effective_sql_mode /opt/stack/data/venv/lib/python3.12/site-packages/oslo_db/sqlalchemy/engines.py:325}}
Aug 06 20:04:15.781315 np0000006695 nova-scheduler[96594]: DEBUG dbcounter [-] [96594] Writer thread running {{(pid=96594) stat_writer /opt/stack/data/venv/lib/python3.12/site-packages/dbcounter.py:102}}
Aug 06 20:04:15.781338 np0000006695 nova-scheduler[96596]: DEBUG oslo_db.sqlalchemy.engines [None req-62416bc4-2f0b-409c-81bb-9a131a92a252 None None] MySQL server mode set to STRICT_TRANS_TABLES,STRICT_ALL_TABLES,NO_ZERO_IN_DATE,NO_ZERO_DATE,ERROR_FOR_DIVISION_BY_ZERO,TRADITIONAL,NO_ENGINE_SUBSTITUTION {{(pid=96596) _check_effective_sql_mode /opt/stack/data/venv/lib/python3.12/site-packages/oslo_db/sqlalchemy/engines.py:325}}
Aug 06 20:04:15.781365 np0000006695 nova-scheduler[96591]: DEBUG dbcounter [-] [96591] Writer thread running {{(pid=96591) stat_writer /opt/stack/data/venv/lib/python3.12/site-packages/dbcounter.py:102}}
Aug 06 20:04:15.781387 np0000006695 nova-scheduler[96596]: DEBUG dbcounter [-] [96596] Writer thread running {{(pid=96596) stat_writer /opt/stack/data/venv/lib/python3.12/site-packages/dbcounter.py:102}}
Aug 06 20:04:15.781416 np0000006695 nova-scheduler[96594]: DEBUG nova.service [None req-7baf8897-e64b-46b5-aab4-3a50a5c9d469 None None] Creating RPC server for service: nova-scheduler on topic: scheduler {{(pid=96594) start /opt/stack/nova/nova/service.py:196}}
Aug 06 20:04:15.785020 np0000006695 nova-scheduler[96591]: DEBUG nova.service [None req-94d4a862-5967-4301-a6fb-76322240e2cd None None] Creating RPC server for service: nova-scheduler on topic: scheduler {{(pid=96591) start /opt/stack/nova/nova/service.py:196}}
Aug 06 20:04:15.786872 np0000006695 nova-scheduler[96598]: DEBUG oslo_db.sqlalchemy.engines [None req-3da55308-0e1d-4f30-b88a-843131f153e3 None None] MySQL server mode set to STRICT_TRANS_TABLES,STRICT_ALL_TABLES,NO_ZERO_IN_DATE,NO_ZERO_DATE,ERROR_FOR_DIVISION_BY_ZERO,TRADITIONAL,NO_ENGINE_SUBSTITUTION {{(pid=96598) _check_effective_sql_mode /opt/stack/data/venv/lib/python3.12/site-packages/oslo_db/sqlalchemy/engines.py:325}}
Aug 06 20:04:15.791199 np0000006695 nova-scheduler[96596]: DEBUG nova.service [None req-62416bc4-2f0b-409c-81bb-9a131a92a252 None None] Creating RPC server for service: nova-scheduler on topic: scheduler {{(pid=96596) start /opt/stack/nova/nova/service.py:196}}
Aug 06 20:04:15.795744 np0000006695 nova-scheduler[96598]: DEBUG dbcounter [-] [96598] Writer thread running {{(pid=96598) stat_writer /opt/stack/data/venv/lib/python3.12/site-packages/dbcounter.py:102}}
Aug 06 20:04:15.798621 np0000006695 nova-scheduler[96598]: DEBUG nova.service [None req-3da55308-0e1d-4f30-b88a-843131f153e3 None None] Creating RPC server for service: nova-scheduler on topic: scheduler {{(pid=96598) start /opt/stack/nova/nova/service.py:196}}
Aug 06 20:04:15.811560 np0000006695 nova-scheduler[96596]: DEBUG nova.service [None req-62416bc4-2f0b-409c-81bb-9a131a92a252 None None] Join ServiceGroup membership for this service scheduler {{(pid=96596) start /opt/stack/nova/nova/service.py:222}}
Aug 06 20:04:15.811709 np0000006695 nova-scheduler[96596]: DEBUG nova.servicegroup.drivers.db [None req-62416bc4-2f0b-409c-81bb-9a131a92a252 None None] DB_Driver: join new ServiceGroup member np0000006695 to the scheduler group, service = {{(pid=96596) join /opt/stack/nova/nova/servicegroup/drivers/db.py:44}}
Aug 06 20:04:15.811904 np0000006695 nova-scheduler[96594]: DEBUG nova.service [None req-7baf8897-e64b-46b5-aab4-3a50a5c9d469 None None] Join ServiceGroup membership for this service scheduler {{(pid=96594) start /opt/stack/nova/nova/service.py:222}}
Aug 06 20:04:15.812155 np0000006695 nova-scheduler[96594]: DEBUG nova.servicegroup.drivers.db [None req-7baf8897-e64b-46b5-aab4-3a50a5c9d469 None None] DB_Driver: join new ServiceGroup member np0000006695 to the scheduler group, service = {{(pid=96594) join /opt/stack/nova/nova/servicegroup/drivers/db.py:44}}
Aug 06 20:04:15.815342 np0000006695 nova-scheduler[96598]: DEBUG nova.service [None req-3da55308-0e1d-4f30-b88a-843131f153e3 None None] Join ServiceGroup membership for this service scheduler {{(pid=96598) start /opt/stack/nova/nova/service.py:222}}
Aug 06 20:04:15.815451 np0000006695 nova-scheduler[96598]: DEBUG nova.servicegroup.drivers.db [None req-3da55308-0e1d-4f30-b88a-843131f153e3 None None] DB_Driver: join new ServiceGroup member np0000006695 to the scheduler group, service = {{(pid=96598) join /opt/stack/nova/nova/servicegroup/drivers/db.py:44}}
Aug 06 20:04:15.818421 np0000006695 nova-scheduler[96591]: DEBUG nova.service [None req-94d4a862-5967-4301-a6fb-76322240e2cd None None] Join ServiceGroup membership for this service scheduler {{(pid=96591) start /opt/stack/nova/nova/service.py:222}}
Aug 06 20:04:15.818421 np0000006695 nova-scheduler[96591]: DEBUG nova.servicegroup.drivers.db [None req-94d4a862-5967-4301-a6fb-76322240e2cd None None] DB_Driver: join new ServiceGroup member np0000006695 to the scheduler group, service = {{(pid=96591) join /opt/stack/nova/nova/servicegroup/drivers/db.py:44}}
Aug 06 20:04:15.820173 np0000006695 nova-scheduler[96591]: DEBUG oslo.service.backend._threading.loopingcall [None req-2d29db93-fcf6-478f-a814-3e2cce872cfd None None] Dynamic interval looping call 'nova.service.Service.periodic_tasks' sleeping for 60.00 seconds {{(pid=96591) _run_loop /opt/stack/data/venv/lib/python3.12/site-packages/oslo_service/backend/_threading/loopingcall.py:125}}
Aug 06 20:04:20.824312 np0000006695 nova-scheduler[96596]: DEBUG oslo.service.backend._threading.loopingcall [-] Fixed interval looping call 'nova.servicegroup.drivers.db.DbDriver._report_state' sleeping for 119.99 seconds {{(pid=96596) _run_loop /opt/stack/data/venv/lib/python3.12/site-packages/oslo_service/backend/_threading/loopingcall.py:125}}
Aug 06 20:04:20.825781 np0000006695 nova-scheduler[96594]: DEBUG oslo.service.backend._threading.loopingcall [-] Fixed interval looping call 'nova.servicegroup.drivers.db.DbDriver._report_state' sleeping for 119.99 seconds {{(pid=96594) _run_loop /opt/stack/data/venv/lib/python3.12/site-packages/oslo_service/backend/_threading/loopingcall.py:125}}
Aug 06 20:04:20.829861 np0000006695 nova-scheduler[96591]: DEBUG oslo.service.backend._threading.loopingcall [-] Fixed interval looping call 'nova.servicegroup.drivers.db.DbDriver._report_state' sleeping for 119.99 seconds {{(pid=96591) _run_loop /opt/stack/data/venv/lib/python3.12/site-packages/oslo_service/backend/_threading/loopingcall.py:125}}
Aug 06 20:04:20.831870 np0000006695 nova-scheduler[96598]: DEBUG oslo.service.backend._threading.loopingcall [-] Fixed interval looping call 'nova.servicegroup.drivers.db.DbDriver._report_state' sleeping for 119.99 seconds {{(pid=96598) _run_loop /opt/stack/data/venv/lib/python3.12/site-packages/oslo_service/backend/_threading/loopingcall.py:125}}
Aug 06 20:04:24.391681 np0000006695 nova-scheduler[95381]: DEBUG dbcounter [-] [95381] Writing DB stats nova_api:SELECT=3 {{(pid=95381) stat_writer /opt/stack/data/venv/lib/python3.12/site-packages/dbcounter.py:115}}
Aug 06 20:04:24.511111 np0000006695 nova-scheduler[95381]: DEBUG dbcounter [-] [95381] Writing DB stats nova_cell1:SELECT=1 {{(pid=95381) stat_writer /opt/stack/data/venv/lib/python3.12/site-packages/dbcounter.py:115}}
Aug 06 20:04:24.520374 np0000006695 nova-scheduler[95381]: DEBUG dbcounter [-] [95381] Writing DB stats nova_cell0:SELECT=1 {{(pid=95381) stat_writer /opt/stack/data/venv/lib/python3.12/site-packages/dbcounter.py:115}}
Aug 06 20:04:27.817413 np0000006695 nova-scheduler[96598]: DEBUG oslo.service.backend._threading.loopingcall [None req-833a3781-d25d-4930-86f3-8db727f9ba9b None None] Dynamic interval looping call 'nova.service.Service.periodic_tasks' sleeping for 60.00 seconds {{(pid=96598) _run_loop /opt/stack/data/venv/lib/python3.12/site-packages/oslo_service/backend/_threading/loopingcall.py:125}}
Aug 06 20:04:30.818911 np0000006695 nova-scheduler[96596]: DEBUG dbcounter [-] [96596] Writing DB stats nova_cell0:SELECT=4,nova_cell0:INSERT=1,nova_cell0:UPDATE=1 {{(pid=96596) stat_writer /opt/stack/data/venv/lib/python3.12/site-packages/dbcounter.py:115}}
Aug 06 20:04:30.822907 np0000006695 nova-scheduler[96594]: DEBUG dbcounter [-] [96594] Writing DB stats nova_cell0:SELECT=4,nova_cell0:INSERT=1 {{(pid=96594) stat_writer /opt/stack/data/venv/lib/python3.12/site-packages/dbcounter.py:115}}
Aug 06 20:04:30.827418 np0000006695 nova-scheduler[96591]: DEBUG dbcounter [-] [96591] Writing DB stats nova_cell0:SELECT=5,nova_cell0:INSERT=1 {{(pid=96591) stat_writer /opt/stack/data/venv/lib/python3.12/site-packages/dbcounter.py:115}}
Aug 06 20:04:30.832157 np0000006695 nova-scheduler[96598]: DEBUG dbcounter [-] [96598] Writing DB stats nova_cell0:SELECT=3 {{(pid=96598) stat_writer /opt/stack/data/venv/lib/python3.12/site-packages/dbcounter.py:115}}
Aug 06 20:05:03.814321 np0000006695 nova-scheduler[96594]: DEBUG oslo.service.backend._threading.loopingcall [None req-c6b0ffa7-3aa8-47a4-9f83-ad774341e057 None None] Dynamic interval looping call 'nova.service.Service.periodic_tasks' sleeping for 60.00 seconds {{(pid=96594) _run_loop /opt/stack/data/venv/lib/python3.12/site-packages/oslo_service/backend/_threading/loopingcall.py:125}}
Aug 06 20:05:06.814014 np0000006695 nova-scheduler[96596]: DEBUG oslo.service.backend._threading.loopingcall [None req-53ebf3d4-cf51-4e9e-9295-ab1c9d7730ad None None] Dynamic interval looping call 'nova.service.Service.periodic_tasks' sleeping for 60.00 seconds {{(pid=96596) _run_loop /opt/stack/data/venv/lib/python3.12/site-packages/oslo_service/backend/_threading/loopingcall.py:125}}
Aug 06 20:05:15.820701 np0000006695 nova-scheduler[96591]: DEBUG oslo.service.backend._threading.loopingcall [None req-2d29db93-fcf6-478f-a814-3e2cce872cfd None None] Dynamic interval looping call 'nova.service.Service.periodic_tasks' sleeping for 60.00 seconds {{(pid=96591) _run_loop /opt/stack/data/venv/lib/python3.12/site-packages/oslo_service/backend/_threading/loopingcall.py:125}}
Aug 06 20:05:27.817942 np0000006695 nova-scheduler[96598]: DEBUG oslo.service.backend._threading.loopingcall [None req-833a3781-d25d-4930-86f3-8db727f9ba9b None None] Dynamic interval looping call 'nova.service.Service.periodic_tasks' sleeping for 60.00 seconds {{(pid=96598) _run_loop /opt/stack/data/venv/lib/python3.12/site-packages/oslo_service/backend/_threading/loopingcall.py:125}}
Aug 06 20:06:03.814844 np0000006695 nova-scheduler[96594]: DEBUG oslo.service.backend._threading.loopingcall [None req-c6b0ffa7-3aa8-47a4-9f83-ad774341e057 None None] Dynamic interval looping call 'nova.service.Service.periodic_tasks' sleeping for 60.00 seconds {{(pid=96594) _run_loop /opt/stack/data/venv/lib/python3.12/site-packages/oslo_service/backend/_threading/loopingcall.py:125}}
Aug 06 20:06:06.814997 np0000006695 nova-scheduler[96596]: DEBUG oslo.service.backend._threading.loopingcall [None req-53ebf3d4-cf51-4e9e-9295-ab1c9d7730ad None None] Dynamic interval looping call 'nova.service.Service.periodic_tasks' sleeping for 60.00 seconds {{(pid=96596) _run_loop /opt/stack/data/venv/lib/python3.12/site-packages/oslo_service/backend/_threading/loopingcall.py:125}}
Aug 06 20:06:15.821615 np0000006695 nova-scheduler[96591]: DEBUG oslo.service.backend._threading.loopingcall [None req-2d29db93-fcf6-478f-a814-3e2cce872cfd None None] Dynamic interval looping call 'nova.service.Service.periodic_tasks' sleeping for 60.00 seconds {{(pid=96591) _run_loop /opt/stack/data/venv/lib/python3.12/site-packages/oslo_service/backend/_threading/loopingcall.py:125}}
Aug 06 20:06:20.831008 np0000006695 nova-scheduler[96596]: DEBUG oslo.service.backend._threading.loopingcall [-] Fixed interval looping call 'nova.servicegroup.drivers.db.DbDriver._report_state' sleeping for 119.99 seconds {{(pid=96596) _run_loop /opt/stack/data/venv/lib/python3.12/site-packages/oslo_service/backend/_threading/loopingcall.py:125}}
Aug 06 20:06:20.831863 np0000006695 nova-scheduler[96591]: DEBUG oslo.service.backend._threading.loopingcall [-] Fixed interval looping call 'nova.servicegroup.drivers.db.DbDriver._report_state' sleeping for 119.99 seconds {{(pid=96591) _run_loop /opt/stack/data/venv/lib/python3.12/site-packages/oslo_service/backend/_threading/loopingcall.py:125}}
Aug 06 20:06:20.832155 np0000006695 nova-scheduler[96594]: DEBUG oslo.service.backend._threading.loopingcall [-] Fixed interval looping call 'nova.servicegroup.drivers.db.DbDriver._report_state' sleeping for 119.99 seconds {{(pid=96594) _run_loop /opt/stack/data/venv/lib/python3.12/site-packages/oslo_service/backend/_threading/loopingcall.py:125}}
Aug 06 20:06:20.832378 np0000006695 nova-scheduler[96598]: DEBUG oslo.service.backend._threading.loopingcall [-] Fixed interval looping call 'nova.servicegroup.drivers.db.DbDriver._report_state' sleeping for 119.99 seconds {{(pid=96598) _run_loop /opt/stack/data/venv/lib/python3.12/site-packages/oslo_service/backend/_threading/loopingcall.py:125}}
Aug 06 20:06:22.657813 np0000006695 nova-scheduler[96596]: DEBUG nova.scheduler.manager [None req-7a66bd6f-dbd3-4399-ad8b-b18b0c8eb857 tempest-ServerActionsTestOtherB-246779349 tempest-ServerActionsTestOtherB-246779349-project-member] Starting to schedule for instances: ['193d303a-4ed8-4527-8360-86a41731bb7a'] {{(pid=96596) select_destinations /opt/stack/nova/nova/scheduler/manager.py:209}}
Aug 06 20:06:22.660843 np0000006695 nova-scheduler[96596]: DEBUG nova.scheduler.request_filter [None req-7a66bd6f-dbd3-4399-ad8b-b18b0c8eb857 tempest-ServerActionsTestOtherB-246779349 tempest-ServerActionsTestOtherB-246779349-project-member] compute_status_filter request filter added forbidden trait COMPUTE_STATUS_DISABLED {{(pid=96596) compute_status_filter /opt/stack/nova/nova/scheduler/request_filter.py:253}}
Aug 06 20:06:22.661011 np0000006695 nova-scheduler[96596]: DEBUG nova.scheduler.request_filter [None req-7a66bd6f-dbd3-4399-ad8b-b18b0c8eb857 tempest-ServerActionsTestOtherB-246779349 tempest-ServerActionsTestOtherB-246779349-project-member] Request filter 'compute_status_filter' took 0.0 seconds {{(pid=96596) wrapper /opt/stack/nova/nova/scheduler/request_filter.py:46}}
Aug 06 20:06:22.661254 np0000006695 nova-scheduler[96596]: DEBUG nova.scheduler.request_filter [None req-7a66bd6f-dbd3-4399-ad8b-b18b0c8eb857 tempest-ServerActionsTestOtherB-246779349 tempest-ServerActionsTestOtherB-246779349-project-member] Request filter 'accelerators_filter' took 0.0 seconds {{(pid=96596) wrapper /opt/stack/nova/nova/scheduler/request_filter.py:46}}
Aug 06 20:06:22.661509 np0000006695 nova-scheduler[96596]: DEBUG nova.scheduler.request_filter [None req-7a66bd6f-dbd3-4399-ad8b-b18b0c8eb857 tempest-ServerActionsTestOtherB-246779349 tempest-ServerActionsTestOtherB-246779349-project-member] Request filter 'packed_virtqueue_filter' took 0.0 seconds {{(pid=96596) wrapper /opt/stack/nova/nova/scheduler/request_filter.py:46}}
Aug 06 20:06:22.661767 np0000006695 nova-scheduler[96596]: DEBUG nova.scheduler.request_filter [None req-7a66bd6f-dbd3-4399-ad8b-b18b0c8eb857 tempest-ServerActionsTestOtherB-246779349 tempest-ServerActionsTestOtherB-246779349-project-member] Request filter 'remote_managed_ports_filter' took 0.0 seconds {{(pid=96596) wrapper /opt/stack/nova/nova/scheduler/request_filter.py:46}}
Aug 06 20:06:22.666244 np0000006695 nova-scheduler[96596]: DEBUG nova.scheduler.request_filter [None req-7a66bd6f-dbd3-4399-ad8b-b18b0c8eb857 tempest-ServerActionsTestOtherB-246779349 tempest-ServerActionsTestOtherB-246779349-project-member] ephemeral_encryption_filter skipped {{(pid=96596) ephemeral_encryption_filter /opt/stack/nova/nova/scheduler/request_filter.py:426}}
Aug 06 20:06:22.666424 np0000006695 nova-scheduler[96596]: DEBUG nova.scheduler.request_filter [None req-7a66bd6f-dbd3-4399-ad8b-b18b0c8eb857 tempest-ServerActionsTestOtherB-246779349 tempest-ServerActionsTestOtherB-246779349-project-member] virtio_sound_filter skipped {{(pid=96596) virtio_sound_filter /opt/stack/nova/nova/scheduler/request_filter.py:460}}
Aug 06 20:06:22.666606 np0000006695 nova-scheduler[96596]: DEBUG nova.scheduler.request_filter [None req-7a66bd6f-dbd3-4399-ad8b-b18b0c8eb857 tempest-ServerActionsTestOtherB-246779349 tempest-ServerActionsTestOtherB-246779349-project-member] tpm_secret_security_filter skipped {{(pid=96596) tpm_secret_security_filter /opt/stack/nova/nova/scheduler/request_filter.py:477}}
Aug 06 20:06:22.667938 np0000006695 nova-scheduler[96594]: DEBUG nova.scheduler.manager [None req-8ac5e728-4e4c-493b-a29f-9443afb26340 tempest-ServerActionsTestOtherA-296042235 tempest-ServerActionsTestOtherA-296042235-project-member] Starting to schedule for instances: ['c4ed9f4e-50e7-41d5-8cd6-ec9d224efda3'] {{(pid=96594) select_destinations /opt/stack/nova/nova/scheduler/manager.py:209}}
Aug 06 20:06:22.668531 np0000006695 nova-scheduler[96594]: DEBUG nova.scheduler.request_filter [None req-8ac5e728-4e4c-493b-a29f-9443afb26340 tempest-ServerActionsTestOtherA-296042235 tempest-ServerActionsTestOtherA-296042235-project-member] compute_status_filter request filter added forbidden trait COMPUTE_STATUS_DISABLED {{(pid=96594) compute_status_filter /opt/stack/nova/nova/scheduler/request_filter.py:253}}
Aug 06 20:06:22.668700 np0000006695 nova-scheduler[96594]: DEBUG nova.scheduler.request_filter [None req-8ac5e728-4e4c-493b-a29f-9443afb26340 tempest-ServerActionsTestOtherA-296042235 tempest-ServerActionsTestOtherA-296042235-project-member] Request filter 'compute_status_filter' took 0.0 seconds {{(pid=96594) wrapper /opt/stack/nova/nova/scheduler/request_filter.py:46}}
Aug 06 20:06:22.669521 np0000006695 nova-scheduler[96594]: DEBUG nova.scheduler.request_filter [None req-8ac5e728-4e4c-493b-a29f-9443afb26340 tempest-ServerActionsTestOtherA-296042235 tempest-ServerActionsTestOtherA-296042235-project-member] Request filter 'accelerators_filter' took 0.0 seconds {{(pid=96594) wrapper /opt/stack/nova/nova/scheduler/request_filter.py:46}}
Aug 06 20:06:22.669816 np0000006695 nova-scheduler[96594]: DEBUG nova.scheduler.request_filter [None req-8ac5e728-4e4c-493b-a29f-9443afb26340 tempest-ServerActionsTestOtherA-296042235 tempest-ServerActionsTestOtherA-296042235-project-member] Request filter 'packed_virtqueue_filter' took 0.0 seconds {{(pid=96594) wrapper /opt/stack/nova/nova/scheduler/request_filter.py:46}}
Aug 06 20:06:22.670196 np0000006695 nova-scheduler[96594]: DEBUG nova.scheduler.request_filter [None req-8ac5e728-4e4c-493b-a29f-9443afb26340 tempest-ServerActionsTestOtherA-296042235 tempest-ServerActionsTestOtherA-296042235-project-member] Request filter 'remote_managed_ports_filter' took 0.0 seconds {{(pid=96594) wrapper /opt/stack/nova/nova/scheduler/request_filter.py:46}}
Aug 06 20:06:22.670435 np0000006695 nova-scheduler[96594]: DEBUG nova.scheduler.request_filter [None req-8ac5e728-4e4c-493b-a29f-9443afb26340 tempest-ServerActionsTestOtherA-296042235 tempest-ServerActionsTestOtherA-296042235-project-member] ephemeral_encryption_filter skipped {{(pid=96594) ephemeral_encryption_filter /opt/stack/nova/nova/scheduler/request_filter.py:426}}
Aug 06 20:06:22.670632 np0000006695 nova-scheduler[96594]: DEBUG nova.scheduler.request_filter [None req-8ac5e728-4e4c-493b-a29f-9443afb26340 tempest-ServerActionsTestOtherA-296042235 tempest-ServerActionsTestOtherA-296042235-project-member] virtio_sound_filter skipped {{(pid=96594) virtio_sound_filter /opt/stack/nova/nova/scheduler/request_filter.py:460}}
Aug 06 20:06:22.670851 np0000006695 nova-scheduler[96594]: DEBUG nova.scheduler.request_filter [None req-8ac5e728-4e4c-493b-a29f-9443afb26340 tempest-ServerActionsTestOtherA-296042235 tempest-ServerActionsTestOtherA-296042235-project-member] tpm_secret_security_filter skipped {{(pid=96594) tpm_secret_security_filter /opt/stack/nova/nova/scheduler/request_filter.py:477}}
Aug 06 20:06:23.242957 np0000006695 nova-scheduler[96594]: INFO nova.utils [None req-8ac5e728-4e4c-493b-a29f-9443afb26340 tempest-ServerActionsTestOtherA-296042235 tempest-ServerActionsTestOtherA-296042235-project-member] The cell worker thread pool ForkProcess-2.cell_worker is initialized
Aug 06 20:06:23.243370 np0000006695 nova-scheduler[96594]: DEBUG oslo_concurrency.lockutils [None req-8ac5e728-4e4c-493b-a29f-9443afb26340 tempest-ServerActionsTestOtherA-296042235 tempest-ServerActionsTestOtherA-296042235-project-member] Acquiring lock "c20268f4-730d-43e4-bb7f-6bb26dca6f55" by "nova.context.set_target_cell..get_or_set_cached_cell_and_set_connections" {{(pid=96594) inner /opt/stack/data/venv/lib/python3.12/site-packages/oslo_concurrency/lockutils.py:512}}
Aug 06 20:06:23.243592 np0000006695 nova-scheduler[96594]: DEBUG oslo_concurrency.lockutils [None req-8ac5e728-4e4c-493b-a29f-9443afb26340 tempest-ServerActionsTestOtherA-296042235 tempest-ServerActionsTestOtherA-296042235-project-member] Lock "c20268f4-730d-43e4-bb7f-6bb26dca6f55" acquired by "nova.context.set_target_cell..get_or_set_cached_cell_and_set_connections" :: waited 0.000s {{(pid=96594) inner /opt/stack/data/venv/lib/python3.12/site-packages/oslo_concurrency/lockutils.py:525}}
Aug 06 20:06:23.245524 np0000006695 nova-scheduler[96594]: DEBUG oslo_concurrency.lockutils [None req-8ac5e728-4e4c-493b-a29f-9443afb26340 tempest-ServerActionsTestOtherA-296042235 tempest-ServerActionsTestOtherA-296042235-project-member] Lock "c20268f4-730d-43e4-bb7f-6bb26dca6f55" "released" by "nova.context.set_target_cell..get_or_set_cached_cell_and_set_connections" :: held 0.002s {{(pid=96594) inner /opt/stack/data/venv/lib/python3.12/site-packages/oslo_concurrency/lockutils.py:544}}
Aug 06 20:06:23.247920 np0000006695 nova-scheduler[96594]: INFO dbcounter [None req-8ac5e728-4e4c-493b-a29f-9443afb26340 tempest-ServerActionsTestOtherA-296042235 tempest-ServerActionsTestOtherA-296042235-project-member] Registered counter for database nova_cell1
