May 28 10:52:05.186774 np0000001616 devstack@g-api.service[98945]: [pid: 98945|app: 0|req: 53/101] 127.0.0.1 () {40 vars in 838 bytes} [Thu May 28 10:52:05 2026] GET /v2/images/2437fbcd-6ed1-4546-8b24-d284b0a54569 => generated 1360 bytes in 12 msecs (HTTP/1.1 200) 4 headers in 158 bytes (1 switches on core 0)
May 28 10:52:05.568820 np0000001616 devstack@g-api.service[98946]: DEBUG glance.api.middleware.version_negotiation [None req-13e27595-9d1f-4751-98e8-d105d4f9862d tempest-ServerBootFromVolumeStableRescueTest-1755041501 tempest-ServerBootFromVolumeStableRescueTest-1755041501-project-member] Determining version of request: GET /v2/images/2437fbcd-6ed1-4546-8b24-d284b0a54569 Accept: */* {{(pid=98946) process_request /opt/stack/glance/glance/api/middleware/version_negotiation.py:44}}
May 28 10:52:05.569398 np0000001616 devstack@g-api.service[98946]: DEBUG glance.api.middleware.version_negotiation [None req-13e27595-9d1f-4751-98e8-d105d4f9862d tempest-ServerBootFromVolumeStableRescueTest-1755041501 tempest-ServerBootFromVolumeStableRescueTest-1755041501-project-member] Using url versioning {{(pid=98946) process_request /opt/stack/glance/glance/api/middleware/version_negotiation.py:57}}
May 28 10:52:05.569398 np0000001616 devstack@g-api.service[98946]: DEBUG glance.api.middleware.version_negotiation [None req-13e27595-9d1f-4751-98e8-d105d4f9862d tempest-ServerBootFromVolumeStableRescueTest-1755041501 tempest-ServerBootFromVolumeStableRescueTest-1755041501-project-member] Matched version: v2 {{(pid=98946) process_request /opt/stack/glance/glance/api/middleware/version_negotiation.py:69}}
May 28 10:52:05.569398 np0000001616 devstack@g-api.service[98946]: DEBUG glance.api.middleware.version_negotiation [None req-13e27595-9d1f-4751-98e8-d105d4f9862d tempest-ServerBootFromVolumeStableRescueTest-1755041501 tempest-ServerBootFromVolumeStableRescueTest-1755041501-project-member] new path /v2/images/2437fbcd-6ed1-4546-8b24-d284b0a54569 {{(pid=98946) process_request /opt/stack/glance/glance/api/middleware/version_negotiation.py:70}}
May 28 10:52:05.582458 np0000001616 devstack@g-api.service[98946]: [pid: 98946|app: 0|req: 49/102] 127.0.0.1 () {44 vars in 1115 bytes} [Thu May 28 10:52:05 2026] GET /v2/images/2437fbcd-6ed1-4546-8b24-d284b0a54569 => generated 1360 bytes in 14 msecs (HTTP/1.1 200) 4 headers in 158 bytes (1 switches on core 0)
May 28 10:52:05.652595 np0000001616 devstack@g-api.service[98945]: DEBUG glance.api.middleware.version_negotiation [None req-8ce61449-71fa-4088-a5cb-dbe68cc39ac7 tempest-ServerBootFromVolumeStableRescueTest-1755041501 tempest-ServerBootFromVolumeStableRescueTest-1755041501-project-member] Determining version of request: GET /v2/schemas/image Accept: */* {{(pid=98945) process_request /opt/stack/glance/glance/api/middleware/version_negotiation.py:44}}
May 28 10:52:05.652863 np0000001616 devstack@g-api.service[98945]: DEBUG glance.api.middleware.version_negotiation [None req-8ce61449-71fa-4088-a5cb-dbe68cc39ac7 tempest-ServerBootFromVolumeStableRescueTest-1755041501 tempest-ServerBootFromVolumeStableRescueTest-1755041501-project-member] Using url versioning {{(pid=98945) process_request /opt/stack/glance/glance/api/middleware/version_negotiation.py:57}}
May 28 10:52:05.653070 np0000001616 devstack@g-api.service[98945]: DEBUG glance.api.middleware.version_negotiation [None req-8ce61449-71fa-4088-a5cb-dbe68cc39ac7 tempest-ServerBootFromVolumeStableRescueTest-1755041501 tempest-ServerBootFromVolumeStableRescueTest-1755041501-project-member] Matched version: v2 {{(pid=98945) process_request /opt/stack/glance/glance/api/middleware/version_negotiation.py:69}}
May 28 10:52:05.653208 np0000001616 devstack@g-api.service[98945]: DEBUG glance.api.middleware.version_negotiation [None req-8ce61449-71fa-4088-a5cb-dbe68cc39ac7 tempest-ServerBootFromVolumeStableRescueTest-1755041501 tempest-ServerBootFromVolumeStableRescueTest-1755041501-project-member] new path /v2/schemas/image {{(pid=98945) process_request /opt/stack/glance/glance/api/middleware/version_negotiation.py:70}}
May 28 10:52:05.660027 np0000001616 devstack@g-api.service[98945]: [pid: 98945|app: 0|req: 54/103] 127.0.0.1 () {44 vars in 1055 bytes} [Thu May 28 10:52:05 2026] GET /v2/schemas/image => generated 6083 bytes in 7 msecs (HTTP/1.1 200) 4 headers in 158 bytes (1 switches on core 0)
May 28 10:52:05.735436 np0000001616 devstack@g-api.service[98946]: DEBUG glance.api.middleware.version_negotiation [None req-c39fb559-b06f-4d38-9931-9b1e5167966e tempest-ServerBootFromVolumeStableRescueTest-1755041501 tempest-ServerBootFromVolumeStableRescueTest-1755041501-project-member] Determining version of request: GET /v2/schemas/image Accept: */* {{(pid=98946) process_request /opt/stack/glance/glance/api/middleware/version_negotiation.py:44}}
May 28 10:52:05.735714 np0000001616 devstack@g-api.service[98946]: DEBUG glance.api.middleware.version_negotiation [None req-c39fb559-b06f-4d38-9931-9b1e5167966e tempest-ServerBootFromVolumeStableRescueTest-1755041501 tempest-ServerBootFromVolumeStableRescueTest-1755041501-project-member] Using url versioning {{(pid=98946) process_request /opt/stack/glance/glance/api/middleware/version_negotiation.py:57}}
May 28 10:52:05.735938 np0000001616 devstack@g-api.service[98946]: DEBUG glance.api.middleware.version_negotiation [None req-c39fb559-b06f-4d38-9931-9b1e5167966e tempest-ServerBootFromVolumeStableRescueTest-1755041501 tempest-ServerBootFromVolumeStableRescueTest-1755041501-project-member] Matched version: v2 {{(pid=98946) process_request /opt/stack/glance/glance/api/middleware/version_negotiation.py:69}}
May 28 10:52:05.736119 np0000001616 devstack@g-api.service[98946]: DEBUG glance.api.middleware.version_negotiation [None req-c39fb559-b06f-4d38-9931-9b1e5167966e tempest-ServerBootFromVolumeStableRescueTest-1755041501 tempest-ServerBootFromVolumeStableRescueTest-1755041501-project-member] new path /v2/schemas/image {{(pid=98946) process_request /opt/stack/glance/glance/api/middleware/version_negotiation.py:70}}
May 28 10:52:05.738853 np0000001616 devstack@g-api.service[98946]: [pid: 98946|app: 0|req: 50/104] 127.0.0.1 () {44 vars in 1055 bytes} [Thu May 28 10:52:05 2026] GET /v2/schemas/image => generated 6083 bytes in 3 msecs (HTTP/1.1 200) 4 headers in 158 bytes (1 switches on core 0)
May 28 10:52:05.813077 np0000001616 devstack@g-api.service[98945]: DEBUG glance.api.middleware.version_negotiation [None req-c39fb559-b06f-4d38-9931-9b1e5167966e tempest-ServerBootFromVolumeStableRescueTest-1755041501 tempest-ServerBootFromVolumeStableRescueTest-1755041501-project-member] Determining version of request: PATCH /v2/images/2437fbcd-6ed1-4546-8b24-d284b0a54569 Accept: */* {{(pid=98945) process_request /opt/stack/glance/glance/api/middleware/version_negotiation.py:44}}
May 28 10:52:05.813201 np0000001616 devstack@g-api.service[98945]: DEBUG glance.api.middleware.version_negotiation [None req-c39fb559-b06f-4d38-9931-9b1e5167966e tempest-ServerBootFromVolumeStableRescueTest-1755041501 tempest-ServerBootFromVolumeStableRescueTest-1755041501-project-member] Using url versioning {{(pid=98945) process_request /opt/stack/glance/glance/api/middleware/version_negotiation.py:57}}
May 28 10:52:05.813341 np0000001616 devstack@g-api.service[98945]: DEBUG glance.api.middleware.version_negotiation [None req-c39fb559-b06f-4d38-9931-9b1e5167966e tempest-ServerBootFromVolumeStableRescueTest-1755041501 tempest-ServerBootFromVolumeStableRescueTest-1755041501-project-member] Matched version: v2 {{(pid=98945) process_request /opt/stack/glance/glance/api/middleware/version_negotiation.py:69}}
May 28 10:52:05.813462 np0000001616 devstack@g-api.service[98945]: DEBUG glance.api.middleware.version_negotiation [None req-c39fb559-b06f-4d38-9931-9b1e5167966e tempest-ServerBootFromVolumeStableRescueTest-1755041501 tempest-ServerBootFromVolumeStableRescueTest-1755041501-project-member] new path /v2/images/2437fbcd-6ed1-4546-8b24-d284b0a54569 {{(pid=98945) process_request /opt/stack/glance/glance/api/middleware/version_negotiation.py:70}}
May 28 10:52:06.044390 np0000001616 devstack@g-api.service[98945]: [pid: 98945|app: 0|req: 55/105] 127.0.0.1 () {46 vars in 1158 bytes} [Thu May 28 10:52:05 2026] PATCH /v2/images/2437fbcd-6ed1-4546-8b24-d284b0a54569 => generated 1471 bytes in 231 msecs (HTTP/1.1 200) 4 headers in 158 bytes (1 switches on core 0)
May 28 10:52:06.129152 np0000001616 devstack@g-api.service[98946]: DEBUG glance.api.middleware.version_negotiation [None req-c39fb559-b06f-4d38-9931-9b1e5167966e tempest-ServerBootFromVolumeStableRescueTest-1755041501 tempest-ServerBootFromVolumeStableRescueTest-1755041501-project-member] Determining version of request: GET /v2/images/2437fbcd-6ed1-4546-8b24-d284b0a54569 Accept: */* {{(pid=98946) process_request /opt/stack/glance/glance/api/middleware/version_negotiation.py:44}}
May 28 10:52:06.129481 np0000001616 devstack@g-api.service[98946]: DEBUG glance.api.middleware.version_negotiation [None req-c39fb559-b06f-4d38-9931-9b1e5167966e tempest-ServerBootFromVolumeStableRescueTest-1755041501 tempest-ServerBootFromVolumeStableRescueTest-1755041501-project-member] Using url versioning {{(pid=98946) process_request /opt/stack/glance/glance/api/middleware/version_negotiation.py:57}}
May 28 10:52:06.129728 np0000001616 devstack@g-api.service[98946]: DEBUG glance.api.middleware.version_negotiation [None req-c39fb559-b06f-4d38-9931-9b1e5167966e tempest-ServerBootFromVolumeStableRescueTest-1755041501 tempest-ServerBootFromVolumeStableRescueTest-1755041501-project-member] Matched version: v2 {{(pid=98946) process_request /opt/stack/glance/glance/api/middleware/version_negotiation.py:69}}
May 28 10:52:06.129947 np0000001616 devstack@g-api.service[98946]: DEBUG glance.api.middleware.version_negotiation [None req-c39fb559-b06f-4d38-9931-9b1e5167966e tempest-ServerBootFromVolumeStableRescueTest-1755041501 tempest-ServerBootFromVolumeStableRescueTest-1755041501-project-member] new path /v2/images/2437fbcd-6ed1-4546-8b24-d284b0a54569 {{(pid=98946) process_request /opt/stack/glance/glance/api/middleware/version_negotiation.py:70}}
May 28 10:52:06.148498 np0000001616 devstack@g-api.service[98946]: [pid: 98946|app: 0|req: 51/106] 127.0.0.1 () {44 vars in 1115 bytes} [Thu May 28 10:52:06 2026] GET /v2/images/2437fbcd-6ed1-4546-8b24-d284b0a54569 => generated 1471 bytes in 19 msecs (HTTP/1.1 200) 4 headers in 158 bytes (1 switches on core 0)
May 28 10:52:06.195587 np0000001616 devstack@g-api.service[98945]: DEBUG glance.api.middleware.version_negotiation [None req-c39fb559-b06f-4d38-9931-9b1e5167966e tempest-ServerBootFromVolumeStableRescueTest-1755041501 tempest-ServerBootFromVolumeStableRescueTest-1755041501-project-member] Determining version of request: GET /v2/images/2437fbcd-6ed1-4546-8b24-d284b0a54569 Accept: application/json {{(pid=98945) process_request /opt/stack/glance/glance/api/middleware/version_negotiation.py:44}}
May 28 10:52:06.195587 np0000001616 devstack@g-api.service[98945]: DEBUG glance.api.middleware.version_negotiation [None req-c39fb559-b06f-4d38-9931-9b1e5167966e tempest-ServerBootFromVolumeStableRescueTest-1755041501 tempest-ServerBootFromVolumeStableRescueTest-1755041501-project-member] Using url versioning {{(pid=98945) process_request /opt/stack/glance/glance/api/middleware/version_negotiation.py:57}}
May 28 10:52:06.195587 np0000001616 devstack@g-api.service[98945]: DEBUG glance.api.middleware.version_negotiation [None req-c39fb559-b06f-4d38-9931-9b1e5167966e tempest-ServerBootFromVolumeStableRescueTest-1755041501 tempest-ServerBootFromVolumeStableRescueTest-1755041501-project-member] Matched version: v2 {{(pid=98945) process_request /opt/stack/glance/glance/api/middleware/version_negotiation.py:69}}
May 28 10:52:06.195587 np0000001616 devstack@g-api.service[98945]: DEBUG glance.api.middleware.version_negotiation [None req-c39fb559-b06f-4d38-9931-9b1e5167966e tempest-ServerBootFromVolumeStableRescueTest-1755041501 tempest-ServerBootFromVolumeStableRescueTest-1755041501-project-member] new path /v2/images/2437fbcd-6ed1-4546-8b24-d284b0a54569 {{(pid=98945) process_request /opt/stack/glance/glance/api/middleware/version_negotiation.py:70}}
May 28 10:52:06.204028 np0000001616 devstack@g-api.service[98946]: DEBUG glance.api.middleware.version_negotiation [None req-c39fb559-b06f-4d38-9931-9b1e5167966e tempest-ServerBootFromVolumeStableRescueTest-1755041501 tempest-ServerBootFromVolumeStableRescueTest-1755041501-project-member] Determining version of request: PUT /v2/images/2437fbcd-6ed1-4546-8b24-d284b0a54569/file Accept: */* {{(pid=98946) process_request /opt/stack/glance/glance/api/middleware/version_negotiation.py:44}}
May 28 10:52:06.204862 np0000001616 devstack@g-api.service[98946]: DEBUG glance.api.middleware.version_negotiation [None req-c39fb559-b06f-4d38-9931-9b1e5167966e tempest-ServerBootFromVolumeStableRescueTest-1755041501 tempest-ServerBootFromVolumeStableRescueTest-1755041501-project-member] Using url versioning {{(pid=98946) process_request /opt/stack/glance/glance/api/middleware/version_negotiation.py:57}}
May 28 10:52:06.204862 np0000001616 devstack@g-api.service[98946]: DEBUG glance.api.middleware.version_negotiation [None req-c39fb559-b06f-4d38-9931-9b1e5167966e tempest-ServerBootFromVolumeStableRescueTest-1755041501 tempest-ServerBootFromVolumeStableRescueTest-1755041501-project-member] Matched version: v2 {{(pid=98946) process_request /opt/stack/glance/glance/api/middleware/version_negotiation.py:69}}
May 28 10:52:06.204862 np0000001616 devstack@g-api.service[98946]: DEBUG glance.api.middleware.version_negotiation [None req-c39fb559-b06f-4d38-9931-9b1e5167966e tempest-ServerBootFromVolumeStableRescueTest-1755041501 tempest-ServerBootFromVolumeStableRescueTest-1755041501-project-member] new path /v2/images/2437fbcd-6ed1-4546-8b24-d284b0a54569/file {{(pid=98946) process_request /opt/stack/glance/glance/api/middleware/version_negotiation.py:70}}
May 28 10:52:06.211965 np0000001616 devstack@g-api.service[98945]: [pid: 98945|app: 0|req: 56/107] 127.0.0.1 () {40 vars in 838 bytes} [Thu May 28 10:52:06 2026] GET /v2/images/2437fbcd-6ed1-4546-8b24-d284b0a54569 => generated 1471 bytes in 17 msecs (HTTP/1.1 200) 4 headers in 158 bytes (1 switches on core 0)
May 28 10:52:06.956020 np0000001616 devstack@g-api.service[98946]: INFO glance.api.v2.image_data [None req-c39fb559-b06f-4d38-9931-9b1e5167966e tempest-ServerBootFromVolumeStableRescueTest-1755041501 tempest-ServerBootFromVolumeStableRescueTest-1755041501-project-member] Unable to create trust: no such option collect_timing in group [keystone_authtoken] Use the existing user token.
May 28 10:52:07.222628 np0000001616 devstack@g-api.service[98945]: DEBUG glance.api.middleware.version_negotiation [None req-2e59c352-3e3e-482c-be2a-813c13fc0675 tempest-ServerBootFromVolumeStableRescueTest-1755041501 tempest-ServerBootFromVolumeStableRescueTest-1755041501-project-member] Determining version of request: GET /v2/images/2437fbcd-6ed1-4546-8b24-d284b0a54569 Accept: application/json {{(pid=98945) process_request /opt/stack/glance/glance/api/middleware/version_negotiation.py:44}}
May 28 10:52:07.222628 np0000001616 devstack@g-api.service[98945]: DEBUG glance.api.middleware.version_negotiation [None req-2e59c352-3e3e-482c-be2a-813c13fc0675 tempest-ServerBootFromVolumeStableRescueTest-1755041501 tempest-ServerBootFromVolumeStableRescueTest-1755041501-project-member] Using url versioning {{(pid=98945) process_request /opt/stack/glance/glance/api/middleware/version_negotiation.py:57}}
May 28 10:52:07.223266 np0000001616 devstack@g-api.service[98945]: DEBUG glance.api.middleware.version_negotiation [None req-2e59c352-3e3e-482c-be2a-813c13fc0675 tempest-ServerBootFromVolumeStableRescueTest-1755041501 tempest-ServerBootFromVolumeStableRescueTest-1755041501-project-member] Matched version: v2 {{(pid=98945) process_request /opt/stack/glance/glance/api/middleware/version_negotiation.py:69}}
May 28 10:52:07.223266 np0000001616 devstack@g-api.service[98945]: DEBUG glance.api.middleware.version_negotiation [None req-2e59c352-3e3e-482c-be2a-813c13fc0675 tempest-ServerBootFromVolumeStableRescueTest-1755041501 tempest-ServerBootFromVolumeStableRescueTest-1755041501-project-member] new path /v2/images/2437fbcd-6ed1-4546-8b24-d284b0a54569 {{(pid=98945) process_request /opt/stack/glance/glance/api/middleware/version_negotiation.py:70}}
May 28 10:52:07.235892 np0000001616 devstack@g-api.service[98945]: [pid: 98945|app: 0|req: 57/108] 127.0.0.1 () {40 vars in 838 bytes} [Thu May 28 10:52:07 2026] GET /v2/images/2437fbcd-6ed1-4546-8b24-d284b0a54569 => generated 1471 bytes in 12 msecs (HTTP/1.1 200) 4 headers in 158 bytes (1 switches on core 0)
May 28 10:52:07.787652 np0000001616 devstack@g-api.service[98946]: DEBUG glance.location [None req-c39fb559-b06f-4d38-9931-9b1e5167966e tempest-ServerBootFromVolumeStableRescueTest-1755041501 tempest-ServerBootFromVolumeStableRescueTest-1755041501-project-member] Enabling in-flight format inspection for qcow2 {{(pid=98946) set_data /opt/stack/glance/glance/location.py:616}}
May 28 10:52:07.787652 np0000001616 devstack@g-api.service[98946]: DEBUG glance_store.backend [None req-c39fb559-b06f-4d38-9931-9b1e5167966e tempest-ServerBootFromVolumeStableRescueTest-1755041501 tempest-ServerBootFromVolumeStableRescueTest-1755041501-project-member] Attempting to import store swift {{(pid=98946) _load_store /opt/stack/data/venv/lib/python3.12/site-packages/glance_store/backend.py:215}}
May 28 10:52:07.787652 np0000001616 devstack@g-api.service[98946]: DEBUG glance_store.capabilities [None req-c39fb559-b06f-4d38-9931-9b1e5167966e tempest-ServerBootFromVolumeStableRescueTest-1755041501 tempest-ServerBootFromVolumeStableRescueTest-1755041501-project-member] Store glance_store._drivers.swift.store.SingleTenantStore doesn't support updating dynamic storage capabilities. Please overwrite 'update_capabilities' method of the store to implement updating logics if needed. {{(pid=98946) update_capabilities /opt/stack/data/venv/lib/python3.12/site-packages/glance_store/capabilities.py:91}}
May 28 10:52:07.787652 np0000001616 devstack@g-api.service[98946]: DEBUG glance_store.driver [None req-c39fb559-b06f-4d38-9931-9b1e5167966e tempest-ServerBootFromVolumeStableRescueTest-1755041501 tempest-ServerBootFromVolumeStableRescueTest-1755041501-project-member] Late loading location class glance_store._drivers.swift.store.StoreLocation {{(pid=98946) get_store_location_class /opt/stack/data/venv/lib/python3.12/site-packages/glance_store/driver.py:134}}
May 28 10:52:07.787987 np0000001616 devstack@g-api.service[98946]: DEBUG glance_store.location [None req-c39fb559-b06f-4d38-9931-9b1e5167966e tempest-ServerBootFromVolumeStableRescueTest-1755041501 tempest-ServerBootFromVolumeStableRescueTest-1755041501-project-member] Registering scheme swift+https with {'store': , 'location_class': , 'store_entry': 'swift'} {{(pid=98946) register_scheme_map /opt/stack/data/venv/lib/python3.12/site-packages/glance_store/location.py:146}}
May 28 10:52:07.787987 np0000001616 devstack@g-api.service[98946]: DEBUG glance_store.location [None req-c39fb559-b06f-4d38-9931-9b1e5167966e tempest-ServerBootFromVolumeStableRescueTest-1755041501 tempest-ServerBootFromVolumeStableRescueTest-1755041501-project-member] Registering scheme swift+https with {'store': , 'location_class': , 'store_entry': 'swift'} {{(pid=98946) register_scheme_map /opt/stack/data/venv/lib/python3.12/site-packages/glance_store/location.py:146}}
May 28 10:52:07.787987 np0000001616 devstack@g-api.service[98946]: DEBUG glance_store.location [None req-c39fb559-b06f-4d38-9931-9b1e5167966e tempest-ServerBootFromVolumeStableRescueTest-1755041501 tempest-ServerBootFromVolumeStableRescueTest-1755041501-project-member] Registering scheme swift with {'store': , 'location_class': , 'store_entry': 'swift'} {{(pid=98946) register_scheme_map /opt/stack/data/venv/lib/python3.12/site-packages/glance_store/location.py:146}}
May 28 10:52:07.788131 np0000001616 devstack@g-api.service[98946]: DEBUG glance_store.location [None req-c39fb559-b06f-4d38-9931-9b1e5167966e tempest-ServerBootFromVolumeStableRescueTest-1755041501 tempest-ServerBootFromVolumeStableRescueTest-1755041501-project-member] Registering scheme swift+https with {'store': , 'location_class': , 'store_entry': 'swift'} {{(pid=98946) register_scheme_map /opt/stack/data/venv/lib/python3.12/site-packages/glance_store/location.py:146}}
May 28 10:52:07.788131 np0000001616 devstack@g-api.service[98946]: DEBUG glance_store.location [None req-c39fb559-b06f-4d38-9931-9b1e5167966e tempest-ServerBootFromVolumeStableRescueTest-1755041501 tempest-ServerBootFromVolumeStableRescueTest-1755041501-project-member] Registering scheme swift with {'store': , 'location_class': , 'store_entry': 'swift'} {{(pid=98946) register_scheme_map /opt/stack/data/venv/lib/python3.12/site-packages/glance_store/location.py:146}}
May 28 10:52:07.788131 np0000001616 devstack@g-api.service[98946]: DEBUG glance_store.location [None req-c39fb559-b06f-4d38-9931-9b1e5167966e tempest-ServerBootFromVolumeStableRescueTest-1755041501 tempest-ServerBootFromVolumeStableRescueTest-1755041501-project-member] Registering scheme swift+http with {'store': , 'location_class': , 'store_entry': 'swift'} {{(pid=98946) register_scheme_map /opt/stack/data/venv/lib/python3.12/site-packages/glance_store/location.py:146}}
May 28 10:52:07.788255 np0000001616 devstack@g-api.service[98946]: DEBUG glance_store.location [None req-c39fb559-b06f-4d38-9931-9b1e5167966e tempest-ServerBootFromVolumeStableRescueTest-1755041501 tempest-ServerBootFromVolumeStableRescueTest-1755041501-project-member] Registering scheme swift+https with {'store': , 'location_class': , 'store_entry': 'swift'} {{(pid=98946) register_scheme_map /opt/stack/data/venv/lib/python3.12/site-packages/glance_store/location.py:146}}
May 28 10:52:07.788255 np0000001616 devstack@g-api.service[98946]: DEBUG glance_store.location [None req-c39fb559-b06f-4d38-9931-9b1e5167966e tempest-ServerBootFromVolumeStableRescueTest-1755041501 tempest-ServerBootFromVolumeStableRescueTest-1755041501-project-member] Registering scheme swift with {'store': , 'location_class': , 'store_entry': 'swift'} {{(pid=98946) register_scheme_map /opt/stack/data/venv/lib/python3.12/site-packages/glance_store/location.py:146}}
May 28 10:52:07.788255 np0000001616 devstack@g-api.service[98946]: DEBUG glance_store.location [None req-c39fb559-b06f-4d38-9931-9b1e5167966e tempest-ServerBootFromVolumeStableRescueTest-1755041501 tempest-ServerBootFromVolumeStableRescueTest-1755041501-project-member] Registering scheme swift+http with {'store': , 'location_class': , 'store_entry': 'swift'} {{(pid=98946) register_scheme_map /opt/stack/data/venv/lib/python3.12/site-packages/glance_store/location.py:146}}
May 28 10:52:07.788373 np0000001616 devstack@g-api.service[98946]: DEBUG glance_store.location [None req-c39fb559-b06f-4d38-9931-9b1e5167966e tempest-ServerBootFromVolumeStableRescueTest-1755041501 tempest-ServerBootFromVolumeStableRescueTest-1755041501-project-member] Registering scheme swift+config with {'store': , 'location_class': , 'store_entry': 'swift'} {{(pid=98946) register_scheme_map /opt/stack/data/venv/lib/python3.12/site-packages/glance_store/location.py:146}}
May 28 10:52:08.246148 np0000001616 devstack@g-api.service[98945]: DEBUG glance.api.middleware.version_negotiation [None req-f7d86a3c-50cd-492f-8c86-7b2f12232c3d tempest-ServerBootFromVolumeStableRescueTest-1755041501 tempest-ServerBootFromVolumeStableRescueTest-1755041501-project-member] Determining version of request: GET /v2/images/2437fbcd-6ed1-4546-8b24-d284b0a54569 Accept: application/json {{(pid=98945) process_request /opt/stack/glance/glance/api/middleware/version_negotiation.py:44}}
May 28 10:52:08.246548 np0000001616 devstack@g-api.service[98945]: DEBUG glance.api.middleware.version_negotiation [None req-f7d86a3c-50cd-492f-8c86-7b2f12232c3d tempest-ServerBootFromVolumeStableRescueTest-1755041501 tempest-ServerBootFromVolumeStableRescueTest-1755041501-project-member] Using url versioning {{(pid=98945) process_request /opt/stack/glance/glance/api/middleware/version_negotiation.py:57}}
May 28 10:52:08.246548 np0000001616 devstack@g-api.service[98945]: DEBUG glance.api.middleware.version_negotiation [None req-f7d86a3c-50cd-492f-8c86-7b2f12232c3d tempest-ServerBootFromVolumeStableRescueTest-1755041501 tempest-ServerBootFromVolumeStableRescueTest-1755041501-project-member] Matched version: v2 {{(pid=98945) process_request /opt/stack/glance/glance/api/middleware/version_negotiation.py:69}}
May 28 10:52:08.246704 np0000001616 devstack@g-api.service[98945]: DEBUG glance.api.middleware.version_negotiation [None req-f7d86a3c-50cd-492f-8c86-7b2f12232c3d tempest-ServerBootFromVolumeStableRescueTest-1755041501 tempest-ServerBootFromVolumeStableRescueTest-1755041501-project-member] new path /v2/images/2437fbcd-6ed1-4546-8b24-d284b0a54569 {{(pid=98945) process_request /opt/stack/glance/glance/api/middleware/version_negotiation.py:70}}
May 28 10:52:08.269547 np0000001616 devstack@g-api.service[98945]: [pid: 98945|app: 0|req: 58/109] 127.0.0.1 () {40 vars in 838 bytes} [Thu May 28 10:52:08 2026] GET /v2/images/2437fbcd-6ed1-4546-8b24-d284b0a54569 => generated 1471 bytes in 24 msecs (HTTP/1.1 200) 4 headers in 158 bytes (1 switches on core 0)
May 28 10:52:08.328689 np0000001616 devstack@g-api.service[98946]: DEBUG swiftclient [None req-c39fb559-b06f-4d38-9931-9b1e5167966e tempest-ServerBootFromVolumeStableRescueTest-1755041501 tempest-ServerBootFromVolumeStableRescueTest-1755041501-project-member] REQ: curl -i https://10.4.3.115:8080/v1/AUTH_b7a3ce694472445d9eda0a5362b99a39/glance -I -H "X-Auth-Token: gAAAAABqGB5X_odQ..." {{(pid=98946) http_log /opt/stack/data/venv/lib/python3.12/site-packages/swiftclient/client.py:160}}
May 28 10:52:08.329116 np0000001616 devstack@g-api.service[98946]: DEBUG swiftclient [None req-c39fb559-b06f-4d38-9931-9b1e5167966e tempest-ServerBootFromVolumeStableRescueTest-1755041501 tempest-ServerBootFromVolumeStableRescueTest-1755041501-project-member] RESP STATUS: 204 No Content {{(pid=98946) http_log /opt/stack/data/venv/lib/python3.12/site-packages/swiftclient/client.py:161}}
May 28 10:52:08.329116 np0000001616 devstack@g-api.service[98946]: DEBUG swiftclient [None req-c39fb559-b06f-4d38-9931-9b1e5167966e tempest-ServerBootFromVolumeStableRescueTest-1755041501 tempest-ServerBootFromVolumeStableRescueTest-1755041501-project-member] RESP HEADERS: {'Date': 'Thu, 28 May 2026 10:52:08 GMT', 'Server': 'Apache/2.4.58 (Ubuntu)', 'Content-Type': 'text/plain; charset=utf-8', 'X-Container-Object-Count': '5', 'X-Container-Bytes-Used': '86048768', 'X-Timestamp': '1779965340.61588', 'Last-Modified': 'Thu, 28 May 2026 10:49:01 GMT', 'Accept-Ranges': 'bytes', 'X-Storage-Policy': 'Policy-0', 'X-Container-Sharding': 'False', 'Vary': 'Accept', 'X-Trans-Id': 'tx16d02421bab440078cf79-006a181e57', 'X-Openstack-Request-Id': 'tx16d02421bab440078cf79-006a181e57', 'Connection': 'close'} {{(pid=98946) http_log /opt/stack/data/venv/lib/python3.12/site-packages/swiftclient/client.py:162}}
May 28 10:52:08.329116 np0000001616 devstack@g-api.service[98946]: DEBUG glance_store._drivers.swift.store [None req-c39fb559-b06f-4d38-9931-9b1e5167966e tempest-ServerBootFromVolumeStableRescueTest-1755041501 tempest-ServerBootFromVolumeStableRescueTest-1755041501-project-member] Adding image object '2437fbcd-6ed1-4546-8b24-d284b0a54569' to Swift {{(pid=98946) add /opt/stack/data/venv/lib/python3.12/site-packages/glance_store/_drivers/swift/store.py:970}}
May 28 10:52:08.329329 np0000001616 devstack@g-api.service[98946]: DEBUG glance_store._drivers.swift.store [None req-c39fb559-b06f-4d38-9931-9b1e5167966e tempest-ServerBootFromVolumeStableRescueTest-1755041501 tempest-ServerBootFromVolumeStableRescueTest-1755041501-project-member] Cannot determine image size because it is either not provided in the request or chunked-transfer encoding is used. Adding image as a segmented object to Swift. {{(pid=98946) add /opt/stack/data/venv/lib/python3.12/site-packages/glance_store/_drivers/swift/store.py:994}}
May 28 10:52:08.334253 np0000001616 devstack@g-api.service[98946]: DEBUG oslo_utils.imageutils.format_inspector [None req-c39fb559-b06f-4d38-9931-9b1e5167966e tempest-ServerBootFromVolumeStableRescueTest-1755041501 tempest-ServerBootFromVolumeStableRescueTest-1755041501-project-member] Format inspector for vmdk does not match, excluding from consideration (Signature KDMV not found: b'QFI\xfb') {{(pid=98946) _process_chunk /opt/stack/data/venv/lib/python3.12/site-packages/oslo_utils/imageutils/format_inspector.py:1538}}
May 28 10:52:08.340707 np0000001616 devstack@g-api.service[98946]: DEBUG oslo_utils.imageutils.format_inspector [None req-c39fb559-b06f-4d38-9931-9b1e5167966e tempest-ServerBootFromVolumeStableRescueTest-1755041501 tempest-ServerBootFromVolumeStableRescueTest-1755041501-project-member] Format inspector for vhdx does not match, excluding from consideration (Region signature not found at 30000) {{(pid=98946) _process_chunk /opt/stack/data/venv/lib/python3.12/site-packages/oslo_utils/imageutils/format_inspector.py:1538}}
May 28 10:52:08.655690 np0000001616 devstack@g-api.service[98946]: DEBUG swiftclient [None req-c39fb559-b06f-4d38-9931-9b1e5167966e tempest-ServerBootFromVolumeStableRescueTest-1755041501 tempest-ServerBootFromVolumeStableRescueTest-1755041501-project-member] REQ: curl -i https://10.4.3.115:8080/v1/AUTH_b7a3ce694472445d9eda0a5362b99a39/glance/2437fbcd-6ed1-4546-8b24-d284b0a54569-00001 -X PUT -H "X-Auth-Token: gAAAAABqGB5X_odQ..." {{(pid=98946) http_log /opt/stack/data/venv/lib/python3.12/site-packages/swiftclient/client.py:160}}
May 28 10:52:08.655821 np0000001616 devstack@g-api.service[98946]: DEBUG swiftclient [None req-c39fb559-b06f-4d38-9931-9b1e5167966e tempest-ServerBootFromVolumeStableRescueTest-1755041501 tempest-ServerBootFromVolumeStableRescueTest-1755041501-project-member] RESP STATUS: 201 Created {{(pid=98946) http_log /opt/stack/data/venv/lib/python3.12/site-packages/swiftclient/client.py:161}}
May 28 10:52:08.655993 np0000001616 devstack@g-api.service[98946]: DEBUG swiftclient [None req-c39fb559-b06f-4d38-9931-9b1e5167966e tempest-ServerBootFromVolumeStableRescueTest-1755041501 tempest-ServerBootFromVolumeStableRescueTest-1755041501-project-member] RESP HEADERS: {'Date': 'Thu, 28 May 2026 10:52:08 GMT', 'Server': 'Apache/2.4.58 (Ubuntu)', 'Content-Type': 'text/html; charset=UTF-8', 'Content-Length': '0', 'Etag': '4fa343ee581d8d2e78533191fd1ac3e1', 'Last-Modified': 'Thu, 28 May 2026 10:52:09 GMT', 'X-Trans-Id': 'tx33afdd3e4f1944288728a-006a181e58', 'X-Openstack-Request-Id': 'tx33afdd3e4f1944288728a-006a181e58', 'Connection': 'close'} {{(pid=98946) http_log /opt/stack/data/venv/lib/python3.12/site-packages/swiftclient/client.py:162}}
May 28 10:52:08.656120 np0000001616 devstack@g-api.service[98946]: DEBUG glance_store._drivers.swift.store [None req-c39fb559-b06f-4d38-9931-9b1e5167966e tempest-ServerBootFromVolumeStableRescueTest-1755041501 tempest-ServerBootFromVolumeStableRescueTest-1755041501-project-member] Wrote chunk 2437fbcd-6ed1-4546-8b24-d284b0a54569-00001 (1/?) of length 23527424 to Swift returning MD5 of content: 4fa343ee581d8d2e78533191fd1ac3e1 {{(pid=98946) add /opt/stack/data/venv/lib/python3.12/site-packages/glance_store/_drivers/swift/store.py:1059}}
May 28 10:52:08.656642 np0000001616 devstack@g-api.service[98946]: DEBUG glance_store._drivers.swift.store [None req-c39fb559-b06f-4d38-9931-9b1e5167966e tempest-ServerBootFromVolumeStableRescueTest-1755041501 tempest-ServerBootFromVolumeStableRescueTest-1755041501-project-member] Not writing zero-length chunk. {{(pid=98946) add /opt/stack/data/venv/lib/python3.12/site-packages/glance_store/_drivers/swift/store.py:1028}}
May 28 10:52:08.704532 np0000001616 devstack@g-api.service[98946]: DEBUG swiftclient [None req-c39fb559-b06f-4d38-9931-9b1e5167966e tempest-ServerBootFromVolumeStableRescueTest-1755041501 tempest-ServerBootFromVolumeStableRescueTest-1755041501-project-member] REQ: curl -i https://10.4.3.115:8080/v1/AUTH_b7a3ce694472445d9eda0a5362b99a39/glance/2437fbcd-6ed1-4546-8b24-d284b0a54569 -X PUT -H "X-Object-Manifest: glance/2437fbcd-6ed1-4546-8b24-d284b0a54569-" -H "X-Auth-Token: gAAAAABqGB5X_odQ..." -H "Content-Length: 0" {{(pid=98946) http_log /opt/stack/data/venv/lib/python3.12/site-packages/swiftclient/client.py:160}}
May 28 10:52:08.704532 np0000001616 devstack@g-api.service[98946]: DEBUG swiftclient [None req-c39fb559-b06f-4d38-9931-9b1e5167966e tempest-ServerBootFromVolumeStableRescueTest-1755041501 tempest-ServerBootFromVolumeStableRescueTest-1755041501-project-member] RESP STATUS: 201 Created {{(pid=98946) http_log /opt/stack/data/venv/lib/python3.12/site-packages/swiftclient/client.py:161}}
May 28 10:52:08.704532 np0000001616 devstack@g-api.service[98946]: DEBUG swiftclient [None req-c39fb559-b06f-4d38-9931-9b1e5167966e tempest-ServerBootFromVolumeStableRescueTest-1755041501 tempest-ServerBootFromVolumeStableRescueTest-1755041501-project-member] RESP HEADERS: {'Date': 'Thu, 28 May 2026 10:52:08 GMT', 'Server': 'Apache/2.4.58 (Ubuntu)', 'Content-Type': 'text/html; charset=UTF-8', 'Content-Length': '0', 'Etag': 'd41d8cd98f00b204e9800998ecf8427e', 'Last-Modified': 'Thu, 28 May 2026 10:52:09 GMT', 'X-Trans-Id': 'tx58c8458f03d347118dfe1-006a181e58', 'X-Openstack-Request-Id': 'tx58c8458f03d347118dfe1-006a181e58', 'Connection': 'close'} {{(pid=98946) http_log /opt/stack/data/venv/lib/python3.12/site-packages/swiftclient/client.py:162}}
May 28 10:52:08.705158 np0000001616 devstack@g-api.service[98946]: INFO glance.location [None req-c39fb559-b06f-4d38-9931-9b1e5167966e tempest-ServerBootFromVolumeStableRescueTest-1755041501 tempest-ServerBootFromVolumeStableRescueTest-1755041501-project-member] Image format matched and virtual size computed: 1073741824
May 28 10:52:08.750483 np0000001616 devstack@g-api.service[98946]: DEBUG glance_store.backend [None req-c39fb559-b06f-4d38-9931-9b1e5167966e tempest-ServerBootFromVolumeStableRescueTest-1755041501 tempest-ServerBootFromVolumeStableRescueTest-1755041501-project-member] Attempting to import store swift {{(pid=98946) _load_store /opt/stack/data/venv/lib/python3.12/site-packages/glance_store/backend.py:215}}
May 28 10:52:08.751749 np0000001616 devstack@g-api.service[98946]: DEBUG glance_store.capabilities [None req-c39fb559-b06f-4d38-9931-9b1e5167966e tempest-ServerBootFromVolumeStableRescueTest-1755041501 tempest-ServerBootFromVolumeStableRescueTest-1755041501-project-member] Store glance_store._drivers.swift.store.SingleTenantStore doesn't support updating dynamic storage capabilities. Please overwrite 'update_capabilities' method of the store to implement updating logics if needed. {{(pid=98946) update_capabilities /opt/stack/data/venv/lib/python3.12/site-packages/glance_store/capabilities.py:91}}
May 28 10:52:08.751953 np0000001616 devstack@g-api.service[98946]: DEBUG glance_store.driver [None req-c39fb559-b06f-4d38-9931-9b1e5167966e tempest-ServerBootFromVolumeStableRescueTest-1755041501 tempest-ServerBootFromVolumeStableRescueTest-1755041501-project-member] Late loading location class glance_store._drivers.swift.store.StoreLocation {{(pid=98946) get_store_location_class /opt/stack/data/venv/lib/python3.12/site-packages/glance_store/driver.py:134}}
May 28 10:52:08.752125 np0000001616 devstack@g-api.service[98946]: DEBUG glance_store.location [None req-c39fb559-b06f-4d38-9931-9b1e5167966e tempest-ServerBootFromVolumeStableRescueTest-1755041501 tempest-ServerBootFromVolumeStableRescueTest-1755041501-project-member] Registering scheme swift+https with {'store': , 'location_class': , 'store_entry': 'swift'} {{(pid=98946) register_scheme_map /opt/stack/data/venv/lib/python3.12/site-packages/glance_store/location.py:146}}
May 28 10:52:08.752306 np0000001616 devstack@g-api.service[98946]: DEBUG glance_store.location [None req-c39fb559-b06f-4d38-9931-9b1e5167966e tempest-ServerBootFromVolumeStableRescueTest-1755041501 tempest-ServerBootFromVolumeStableRescueTest-1755041501-project-member] Registering scheme swift+https with {'store': , 'location_class': , 'store_entry': 'swift'} {{(pid=98946) register_scheme_map /opt/stack/data/venv/lib/python3.12/site-packages/glance_store/location.py:146}}
May 28 10:52:08.752411 np0000001616 devstack@g-api.service[98946]: DEBUG glance_store.location [None req-c39fb559-b06f-4d38-9931-9b1e5167966e tempest-ServerBootFromVolumeStableRescueTest-1755041501 tempest-ServerBootFromVolumeStableRescueTest-1755041501-project-member] Registering scheme swift with {'store': , 'location_class': , 'store_entry': 'swift'} {{(pid=98946) register_scheme_map /opt/stack/data/venv/lib/python3.12/site-packages/glance_store/location.py:146}}
May 28 10:52:08.752591 np0000001616 devstack@g-api.service[98946]: DEBUG glance_store.location [None req-c39fb559-b06f-4d38-9931-9b1e5167966e tempest-ServerBootFromVolumeStableRescueTest-1755041501 tempest-ServerBootFromVolumeStableRescueTest-1755041501-project-member] Registering scheme swift+https with {'store': , 'location_class': , 'store_entry': 'swift'} {{(pid=98946) register_scheme_map /opt/stack/data/venv/lib/python3.12/site-packages/glance_store/location.py:146}}
May 28 10:52:08.752770 np0000001616 devstack@g-api.service[98946]: DEBUG glance_store.location [None req-c39fb559-b06f-4d38-9931-9b1e5167966e tempest-ServerBootFromVolumeStableRescueTest-1755041501 tempest-ServerBootFromVolumeStableRescueTest-1755041501-project-member] Registering scheme swift with {'store': , 'location_class': , 'store_entry': 'swift'} {{(pid=98946) register_scheme_map /opt/stack/data/venv/lib/python3.12/site-packages/glance_store/location.py:146}}
May 28 10:52:08.752935 np0000001616 devstack@g-api.service[98946]: DEBUG glance_store.location [None req-c39fb559-b06f-4d38-9931-9b1e5167966e tempest-ServerBootFromVolumeStableRescueTest-1755041501 tempest-ServerBootFromVolumeStableRescueTest-1755041501-project-member] Registering scheme swift+http with {'store': , 'location_class': , 'store_entry': 'swift'} {{(pid=98946) register_scheme_map /opt/stack/data/venv/lib/python3.12/site-packages/glance_store/location.py:146}}
May 28 10:52:08.753114 np0000001616 devstack@g-api.service[98946]: DEBUG glance_store.location [None req-c39fb559-b06f-4d38-9931-9b1e5167966e tempest-ServerBootFromVolumeStableRescueTest-1755041501 tempest-ServerBootFromVolumeStableRescueTest-1755041501-project-member] Registering scheme swift+https with {'store': , 'location_class': , 'store_entry': 'swift'} {{(pid=98946) register_scheme_map /opt/stack/data/venv/lib/python3.12/site-packages/glance_store/location.py:146}}
May 28 10:52:08.753291 np0000001616 devstack@g-api.service[98946]: DEBUG glance_store.location [None req-c39fb559-b06f-4d38-9931-9b1e5167966e tempest-ServerBootFromVolumeStableRescueTest-1755041501 tempest-ServerBootFromVolumeStableRescueTest-1755041501-project-member] Registering scheme swift with {'store': , 'location_class': , 'store_entry': 'swift'} {{(pid=98946) register_scheme_map /opt/stack/data/venv/lib/python3.12/site-packages/glance_store/location.py:146}}
May 28 10:52:08.753437 np0000001616 devstack@g-api.service[98946]: DEBUG glance_store.location [None req-c39fb559-b06f-4d38-9931-9b1e5167966e tempest-ServerBootFromVolumeStableRescueTest-1755041501 tempest-ServerBootFromVolumeStableRescueTest-1755041501-project-member] Registering scheme swift+http with {'store': , 'location_class': , 'store_entry': 'swift'} {{(pid=98946) register_scheme_map /opt/stack/data/venv/lib/python3.12/site-packages/glance_store/location.py:146}}
May 28 10:52:08.753546 np0000001616 devstack@g-api.service[98946]: DEBUG glance_store.location [None req-c39fb559-b06f-4d38-9931-9b1e5167966e tempest-ServerBootFromVolumeStableRescueTest-1755041501 tempest-ServerBootFromVolumeStableRescueTest-1755041501-project-member] Registering scheme swift+config with {'store': , 'location_class': , 'store_entry': 'swift'} {{(pid=98946) register_scheme_map /opt/stack/data/venv/lib/python3.12/site-packages/glance_store/location.py:146}}
May 28 10:52:08.753695 np0000001616 devstack@g-api.service[98946]: DEBUG glance_store.backend [None req-c39fb559-b06f-4d38-9931-9b1e5167966e tempest-ServerBootFromVolumeStableRescueTest-1755041501 tempest-ServerBootFromVolumeStableRescueTest-1755041501-project-member] Skipping store.set_acls... not implemented. {{(pid=98946) set_acls /opt/stack/data/venv/lib/python3.12/site-packages/glance_store/backend.py:507}}
May 28 10:52:08.755627 np0000001616 devstack@g-api.service[98946]: [pid: 98946|app: 0|req: 52/110] 127.0.0.1 () {46 vars in 1158 bytes} [Thu May 28 10:52:06 2026] PUT /v2/images/2437fbcd-6ed1-4546-8b24-d284b0a54569/file => generated 0 bytes in 2552 msecs (HTTP/1.1 204) 4 headers in 171 bytes (1 switches on core 0)
May 28 10:52:08.809855 np0000001616 devstack@g-api.service[98945]: DEBUG glance.api.middleware.version_negotiation [None req-a8d6d073-7730-44a0-b0cc-2e770c8e9f8e tempest-ServerBootFromVolumeStableRescueTest-1755041501 tempest-ServerBootFromVolumeStableRescueTest-1755041501-project-member] Determining version of request: GET /v2/images/2437fbcd-6ed1-4546-8b24-d284b0a54569 Accept: */* {{(pid=98945) process_request /opt/stack/glance/glance/api/middleware/version_negotiation.py:44}}
May 28 10:52:08.809855 np0000001616 devstack@g-api.service[98945]: DEBUG glance.api.middleware.version_negotiation [None req-a8d6d073-7730-44a0-b0cc-2e770c8e9f8e tempest-ServerBootFromVolumeStableRescueTest-1755041501 tempest-ServerBootFromVolumeStableRescueTest-1755041501-project-member] Using url versioning {{(pid=98945) process_request /opt/stack/glance/glance/api/middleware/version_negotiation.py:57}}
May 28 10:52:08.809855 np0000001616 devstack@g-api.service[98945]: DEBUG glance.api.middleware.version_negotiation [None req-a8d6d073-7730-44a0-b0cc-2e770c8e9f8e tempest-ServerBootFromVolumeStableRescueTest-1755041501 tempest-ServerBootFromVolumeStableRescueTest-1755041501-project-member] Matched version: v2 {{(pid=98945) process_request /opt/stack/glance/glance/api/middleware/version_negotiation.py:69}}
May 28 10:52:08.809855 np0000001616 devstack@g-api.service[98945]: DEBUG glance.api.middleware.version_negotiation [None req-a8d6d073-7730-44a0-b0cc-2e770c8e9f8e tempest-ServerBootFromVolumeStableRescueTest-1755041501 tempest-ServerBootFromVolumeStableRescueTest-1755041501-project-member] new path /v2/images/2437fbcd-6ed1-4546-8b24-d284b0a54569 {{(pid=98945) process_request /opt/stack/glance/glance/api/middleware/version_negotiation.py:70}}
May 28 10:52:08.823681 np0000001616 devstack@g-api.service[98945]: [pid: 98945|app: 0|req: 59/111] 127.0.0.1 () {44 vars in 1115 bytes} [Thu May 28 10:52:08 2026] GET /v2/images/2437fbcd-6ed1-4546-8b24-d284b0a54569 => generated 1641 bytes in 14 msecs (HTTP/1.1 200) 4 headers in 158 bytes (1 switches on core 0)
May 28 10:52:08.878566 np0000001616 devstack@g-api.service[98946]: DEBUG glance.api.middleware.version_negotiation [None req-c39fb559-b06f-4d38-9931-9b1e5167966e tempest-ServerBootFromVolumeStableRescueTest-1755041501 tempest-ServerBootFromVolumeStableRescueTest-1755041501-project-member] Determining version of request: GET /v2/schemas/image Accept: */* {{(pid=98946) process_request /opt/stack/glance/glance/api/middleware/version_negotiation.py:44}}
May 28 10:52:08.878724 np0000001616 devstack@g-api.service[98946]: DEBUG glance.api.middleware.version_negotiation [None req-c39fb559-b06f-4d38-9931-9b1e5167966e tempest-ServerBootFromVolumeStableRescueTest-1755041501 tempest-ServerBootFromVolumeStableRescueTest-1755041501-project-member] Using url versioning {{(pid=98946) process_request /opt/stack/glance/glance/api/middleware/version_negotiation.py:57}}
May 28 10:52:08.878877 np0000001616 devstack@g-api.service[98946]: DEBUG glance.api.middleware.version_negotiation [None req-c39fb559-b06f-4d38-9931-9b1e5167966e tempest-ServerBootFromVolumeStableRescueTest-1755041501 tempest-ServerBootFromVolumeStableRescueTest-1755041501-project-member] Matched version: v2 {{(pid=98946) process_request /opt/stack/glance/glance/api/middleware/version_negotiation.py:69}}
May 28 10:52:08.878969 np0000001616 devstack@g-api.service[98946]: DEBUG glance.api.middleware.version_negotiation [None req-c39fb559-b06f-4d38-9931-9b1e5167966e tempest-ServerBootFromVolumeStableRescueTest-1755041501 tempest-ServerBootFromVolumeStableRescueTest-1755041501-project-member] new path /v2/schemas/image {{(pid=98946) process_request /opt/stack/glance/glance/api/middleware/version_negotiation.py:70}}
May 28 10:52:08.882814 np0000001616 devstack@g-api.service[98946]: [pid: 98946|app: 0|req: 53/112] 127.0.0.1 () {44 vars in 1055 bytes} [Thu May 28 10:52:08 2026] GET /v2/schemas/image => generated 6083 bytes in 4 msecs (HTTP/1.1 200) 4 headers in 158 bytes (1 switches on core 0)
May 28 10:52:09.278046 np0000001616 devstack@g-api.service[98945]: DEBUG glance.api.middleware.version_negotiation [None req-c39fb559-b06f-4d38-9931-9b1e5167966e tempest-ServerBootFromVolumeStableRescueTest-1755041501 tempest-ServerBootFromVolumeStableRescueTest-1755041501-project-member] Determining version of request: GET /v2/images/2437fbcd-6ed1-4546-8b24-d284b0a54569 Accept: application/json {{(pid=98945) process_request /opt/stack/glance/glance/api/middleware/version_negotiation.py:44}}
May 28 10:52:09.278631 np0000001616 devstack@g-api.service[98945]: DEBUG glance.api.middleware.version_negotiation [None req-c39fb559-b06f-4d38-9931-9b1e5167966e tempest-ServerBootFromVolumeStableRescueTest-1755041501 tempest-ServerBootFromVolumeStableRescueTest-1755041501-project-member] Using url versioning {{(pid=98945) process_request /opt/stack/glance/glance/api/middleware/version_negotiation.py:57}}
May 28 10:52:09.278837 np0000001616 devstack@g-api.service[98945]: DEBUG glance.api.middleware.version_negotiation [None req-c39fb559-b06f-4d38-9931-9b1e5167966e tempest-ServerBootFromVolumeStableRescueTest-1755041501 tempest-ServerBootFromVolumeStableRescueTest-1755041501-project-member] Matched version: v2 {{(pid=98945) process_request /opt/stack/glance/glance/api/middleware/version_negotiation.py:69}}
May 28 10:52:09.279078 np0000001616 devstack@g-api.service[98945]: DEBUG glance.api.middleware.version_negotiation [None req-c39fb559-b06f-4d38-9931-9b1e5167966e tempest-ServerBootFromVolumeStableRescueTest-1755041501 tempest-ServerBootFromVolumeStableRescueTest-1755041501-project-member] new path /v2/images/2437fbcd-6ed1-4546-8b24-d284b0a54569 {{(pid=98945) process_request /opt/stack/glance/glance/api/middleware/version_negotiation.py:70}}
May 28 10:52:09.288497 np0000001616 devstack@g-api.service[98945]: [pid: 98945|app: 0|req: 60/113] 127.0.0.1 () {40 vars in 838 bytes} [Thu May 28 10:52:09 2026] GET /v2/images/2437fbcd-6ed1-4546-8b24-d284b0a54569 => generated 1641 bytes in 10 msecs (HTTP/1.1 200) 4 headers in 158 bytes (1 switches on core 0)
May 28 10:52:09.298915 np0000001616 devstack@g-api.service[98946]: DEBUG glance.api.middleware.version_negotiation [None req-c39fb559-b06f-4d38-9931-9b1e5167966e tempest-ServerBootFromVolumeStableRescueTest-1755041501 tempest-ServerBootFromVolumeStableRescueTest-1755041501-project-member] Determining version of request: GET /v2/images/2437fbcd-6ed1-4546-8b24-d284b0a54569 Accept: application/json {{(pid=98946) process_request /opt/stack/glance/glance/api/middleware/version_negotiation.py:44}}
May 28 10:52:09.299034 np0000001616 devstack@g-api.service[98946]: DEBUG glance.api.middleware.version_negotiation [None req-c39fb559-b06f-4d38-9931-9b1e5167966e tempest-ServerBootFromVolumeStableRescueTest-1755041501 tempest-ServerBootFromVolumeStableRescueTest-1755041501-project-member] Using url versioning {{(pid=98946) process_request /opt/stack/glance/glance/api/middleware/version_negotiation.py:57}}
May 28 10:52:09.299144 np0000001616 devstack@g-api.service[98946]: DEBUG glance.api.middleware.version_negotiation [None req-c39fb559-b06f-4d38-9931-9b1e5167966e tempest-ServerBootFromVolumeStableRescueTest-1755041501 tempest-ServerBootFromVolumeStableRescueTest-1755041501-project-member] Matched version: v2 {{(pid=98946) process_request /opt/stack/glance/glance/api/middleware/version_negotiation.py:69}}
May 28 10:52:09.299234 np0000001616 devstack@g-api.service[98946]: DEBUG glance.api.middleware.version_negotiation [None req-c39fb559-b06f-4d38-9931-9b1e5167966e tempest-ServerBootFromVolumeStableRescueTest-1755041501 tempest-ServerBootFromVolumeStableRescueTest-1755041501-project-member] new path /v2/images/2437fbcd-6ed1-4546-8b24-d284b0a54569 {{(pid=98946) process_request /opt/stack/glance/glance/api/middleware/version_negotiation.py:70}}
May 28 10:52:09.311140 np0000001616 devstack@g-api.service[98946]: [pid: 98946|app: 0|req: 54/114] 127.0.0.1 () {40 vars in 838 bytes} [Thu May 28 10:52:09 2026] GET /v2/images/2437fbcd-6ed1-4546-8b24-d284b0a54569 => generated 1641 bytes in 12 msecs (HTTP/1.1 200) 4 headers in 158 bytes (1 switches on core 0)
May 28 10:52:10.196000 np0000001616 devstack@g-api.service[98945]: DEBUG glance.api.middleware.version_negotiation [None req-4d08026e-fa43-44f4-8e0c-140f0980103e tempest-ServerBootFromVolumeStableRescueTest-1755041501 tempest-ServerBootFromVolumeStableRescueTest-1755041501-project-member] Determining version of request: GET /v2/images/49d13dbb-438a-413e-a1d6-0332ab029de7 Accept: */* {{(pid=98945) process_request /opt/stack/glance/glance/api/middleware/version_negotiation.py:44}}
May 28 10:52:10.196189 np0000001616 devstack@g-api.service[98945]: DEBUG glance.api.middleware.version_negotiation [None req-4d08026e-fa43-44f4-8e0c-140f0980103e tempest-ServerBootFromVolumeStableRescueTest-1755041501 tempest-ServerBootFromVolumeStableRescueTest-1755041501-project-member] Using url versioning {{(pid=98945) process_request /opt/stack/glance/glance/api/middleware/version_negotiation.py:57}}
