Jul 03 15:52:46.097203 np0000004439 devstack@g-api.service[99639]: DEBUG glance_store.capabilities [-] Store glance_store._drivers.http.Store doesn't support updating dynamic storage capabilities. Please overwrite 'update_capabilities' method of the store to implement updating logics if needed. {{(pid=99639) update_capabilities /opt/stack/data/venv/lib/python3.12/site-packages/glance_store/capabilities.py:91}}
Jul 03 15:52:46.097281 np0000004439 devstack@g-api.service[99639]: DEBUG glance_store.backend [-] Registering store http with schemes ('http', 'https') {{(pid=99639) create_stores /opt/stack/data/venv/lib/python3.12/site-packages/glance_store/backend.py:261}}
Jul 03 15:52:46.097363 np0000004439 devstack@g-api.service[99639]: DEBUG glance_store.driver [-] Late loading location class glance_store._drivers.http.StoreLocation {{(pid=99639) get_store_location_class /opt/stack/data/venv/lib/python3.12/site-packages/glance_store/driver.py:134}}
Jul 03 15:52:46.097456 np0000004439 devstack@g-api.service[99639]: DEBUG glance_store.location [-] Registering scheme http with {'store': , 'location_class': , 'store_entry': 'http'} {{(pid=99639) register_scheme_map /opt/stack/data/venv/lib/python3.12/site-packages/glance_store/location.py:146}}
Jul 03 15:52:46.097509 np0000004439 devstack@g-api.service[99639]: DEBUG glance_store.location [-] Registering scheme https with {'store': , 'location_class': , 'store_entry': 'http'} {{(pid=99639) register_scheme_map /opt/stack/data/venv/lib/python3.12/site-packages/glance_store/location.py:146}}
Jul 03 15:52:46.097582 np0000004439 devstack@g-api.service[99639]: DEBUG glance_store.backend [-] Attempting to import store file {{(pid=99639) _load_store /opt/stack/data/venv/lib/python3.12/site-packages/glance_store/backend.py:215}}
Jul 03 15:52:46.098128 np0000004439 devstack@g-api.service[99639]: DEBUG glance_store.capabilities [-] Store glance_store._drivers.filesystem.Store doesn't support updating dynamic storage capabilities. Please overwrite 'update_capabilities' method of the store to implement updating logics if needed. {{(pid=99639) update_capabilities /opt/stack/data/venv/lib/python3.12/site-packages/glance_store/capabilities.py:91}}
Jul 03 15:52:46.098189 np0000004439 devstack@g-api.service[99639]: DEBUG glance_store.backend [-] Registering store file with schemes ('file', 'filesystem') {{(pid=99639) create_stores /opt/stack/data/venv/lib/python3.12/site-packages/glance_store/backend.py:261}}
Jul 03 15:52:46.098237 np0000004439 devstack@g-api.service[99639]: DEBUG glance_store.driver [-] Late loading location class glance_store._drivers.filesystem.StoreLocation {{(pid=99639) get_store_location_class /opt/stack/data/venv/lib/python3.12/site-packages/glance_store/driver.py:134}}
Jul 03 15:52:46.098280 np0000004439 devstack@g-api.service[99639]: DEBUG glance_store.location [-] Registering scheme file with {'store': , 'location_class': , 'store_entry': 'file'} {{(pid=99639) register_scheme_map /opt/stack/data/venv/lib/python3.12/site-packages/glance_store/location.py:146}}
Jul 03 15:52:46.098339 np0000004439 devstack@g-api.service[99639]: DEBUG glance_store.location [-] Registering scheme filesystem with {'store': , 'location_class': , 'store_entry': 'file'} {{(pid=99639) register_scheme_map /opt/stack/data/venv/lib/python3.12/site-packages/glance_store/location.py:146}}
Jul 03 15:52:46.098459 np0000004439 devstack@g-api.service[99639]: DEBUG glance_store.backend [-] Attempting to import store swift {{(pid=99639) _load_store /opt/stack/data/venv/lib/python3.12/site-packages/glance_store/backend.py:215}}
Jul 03 15:52:46.099593 np0000004439 devstack@g-api.service[99639]: DEBUG glance_store.capabilities [-] Store glance_store._drivers.swift.store.SingleTenantStore doesn't support updating dynamic storage capabilities. Please overwrite 'update_capabilities' method of the store to implement updating logics if needed. {{(pid=99639) update_capabilities /opt/stack/data/venv/lib/python3.12/site-packages/glance_store/capabilities.py:91}}
Jul 03 15:52:46.099664 np0000004439 devstack@g-api.service[99639]: DEBUG glance_store.driver [-] Late loading location class glance_store._drivers.swift.store.StoreLocation {{(pid=99639) get_store_location_class /opt/stack/data/venv/lib/python3.12/site-packages/glance_store/driver.py:134}}
Jul 03 15:52:46.099762 np0000004439 devstack@g-api.service[99639]: DEBUG glance_store.location [-] Registering scheme swift+https with {'store': , 'location_class': , 'store_entry': 'swift'} {{(pid=99639) register_scheme_map /opt/stack/data/venv/lib/python3.12/site-packages/glance_store/location.py:146}}
Jul 03 15:52:46.099818 np0000004439 devstack@g-api.service[99639]: DEBUG glance_store.location [-] Registering scheme swift+https with {'store': , 'location_class': , 'store_entry': 'swift'} {{(pid=99639) register_scheme_map /opt/stack/data/venv/lib/python3.12/site-packages/glance_store/location.py:146}}
Jul 03 15:52:46.099863 np0000004439 devstack@g-api.service[99639]: DEBUG glance_store.location [-] Registering scheme swift with {'store': , 'location_class': , 'store_entry': 'swift'} {{(pid=99639) register_scheme_map /opt/stack/data/venv/lib/python3.12/site-packages/glance_store/location.py:146}}
Jul 03 15:52:46.099932 np0000004439 devstack@g-api.service[99639]: DEBUG glance_store.location [-] Registering scheme swift+https with {'store': , 'location_class': , 'store_entry': 'swift'} {{(pid=99639) register_scheme_map /opt/stack/data/venv/lib/python3.12/site-packages/glance_store/location.py:146}}
Jul 03 15:52:46.100035 np0000004439 devstack@g-api.service[99639]: DEBUG glance_store.location [-] Registering scheme swift with {'store': , 'location_class': , 'store_entry': 'swift'} {{(pid=99639) register_scheme_map /opt/stack/data/venv/lib/python3.12/site-packages/glance_store/location.py:146}}
Jul 03 15:52:46.100116 np0000004439 devstack@g-api.service[99639]: DEBUG glance_store.location [-] Registering scheme swift+http with {'store': , 'location_class': , 'store_entry': 'swift'} {{(pid=99639) register_scheme_map /opt/stack/data/venv/lib/python3.12/site-packages/glance_store/location.py:146}}
Jul 03 15:52:46.100197 np0000004439 devstack@g-api.service[99639]: DEBUG glance_store.location [-] Registering scheme swift+https with {'store': , 'location_class': , 'store_entry': 'swift'} {{(pid=99639) register_scheme_map /opt/stack/data/venv/lib/python3.12/site-packages/glance_store/location.py:146}}
Jul 03 15:52:46.100290 np0000004439 devstack@g-api.service[99639]: DEBUG glance_store.location [-] Registering scheme swift with {'store': , 'location_class': , 'store_entry': 'swift'} {{(pid=99639) register_scheme_map /opt/stack/data/venv/lib/python3.12/site-packages/glance_store/location.py:146}}
Jul 03 15:52:46.100383 np0000004439 devstack@g-api.service[99639]: DEBUG glance_store.location [-] Registering scheme swift+http with {'store': , 'location_class': , 'store_entry': 'swift'} {{(pid=99639) register_scheme_map /opt/stack/data/venv/lib/python3.12/site-packages/glance_store/location.py:146}}
Jul 03 15:52:46.100461 np0000004439 devstack@g-api.service[99639]: DEBUG glance_store.location [-] Registering scheme swift+config with {'store': , 'location_class': , 'store_entry': 'swift'} {{(pid=99639) register_scheme_map /opt/stack/data/venv/lib/python3.12/site-packages/glance_store/location.py:146}}
Jul 03 15:52:46.100842 np0000004439 devstack@g-api.service[99639]: DEBUG glance.sqlite_migration [-] SQLite caching database not located, skipping migration {{(pid=99639) get_db_path /opt/stack/glance/glance/sqlite_migration.py:68}}
Jul 03 15:52:46.101134 np0000004439 devstack@g-api.service[99639]: WARNING glance.common.wsgi_app [-] Import methods are enabled but staging directory /tmp/staging/ does not exist; Imports will fail!
Jul 03 15:52:46.270427 np0000004439 devstack@g-api.service[99638]: DEBUG glance.common.config [None req-8e3645bb-bb81-4cc2-9809-6cae1f549d58 None None] Loading glance-api-keystone+cachemanagement from /etc/glance/glance-api-paste.ini {{(pid=99638) load_paste_app /opt/stack/glance/glance/common/config.py:765}}
Jul 03 15:52:46.275099 np0000004439 devstack@g-api.service[99640]: DEBUG glance.common.config [None req-7205a35b-e1fd-48a0-9695-3c824d5f3175 None None] Loading glance-api-keystone+cachemanagement from /etc/glance/glance-api-paste.ini {{(pid=99640) load_paste_app /opt/stack/glance/glance/common/config.py:765}}
Jul 03 15:52:46.276570 np0000004439 devstack@g-api.service[99639]: DEBUG glance.common.config [None req-8caafc3f-9c9e-4680-8164-9f9067bc61d9 None None] Loading glance-api-keystone+cachemanagement from /etc/glance/glance-api-paste.ini {{(pid=99639) load_paste_app /opt/stack/glance/glance/common/config.py:765}}
Jul 03 15:52:46.952788 np0000004439 devstack@g-api.service[99640]: INFO glance.image_cache [None req-7205a35b-e1fd-48a0-9695-3c824d5f3175 None None] Image cache loaded driver 'centralized_db'.
Jul 03 15:52:46.981509 np0000004439 devstack@g-api.service[99639]: INFO glance.image_cache [None req-8caafc3f-9c9e-4680-8164-9f9067bc61d9 None None] Image cache loaded driver 'centralized_db'.
Jul 03 15:52:46.996068 np0000004439 devstack@g-api.service[99638]: INFO glance.image_cache [None req-8e3645bb-bb81-4cc2-9809-6cae1f549d58 None None] Image cache loaded driver 'centralized_db'.
Jul 03 15:52:46.998513 np0000004439 devstack@g-api.service[99640]: INFO dbcounter [None req-7205a35b-e1fd-48a0-9695-3c824d5f3175 None None] Registered counter for database glance
Jul 03 15:52:47.024922 np0000004439 devstack@g-api.service[99639]: INFO dbcounter [None req-8caafc3f-9c9e-4680-8164-9f9067bc61d9 None None] Registered counter for database glance
Jul 03 15:52:47.041206 np0000004439 devstack@g-api.service[99640]: DEBUG oslo_db.sqlalchemy.engines [None req-7205a35b-e1fd-48a0-9695-3c824d5f3175 None None] MySQL server mode set to STRICT_TRANS_TABLES,STRICT_ALL_TABLES,NO_ZERO_IN_DATE,NO_ZERO_DATE,ERROR_FOR_DIVISION_BY_ZERO,TRADITIONAL,NO_ENGINE_SUBSTITUTION {{(pid=99640) _check_effective_sql_mode /opt/stack/data/venv/lib/python3.12/site-packages/oslo_db/sqlalchemy/engines.py:325}}
Jul 03 15:52:47.046331 np0000004439 devstack@g-api.service[99638]: INFO dbcounter [None req-8e3645bb-bb81-4cc2-9809-6cae1f549d58 None None] Registered counter for database glance
Jul 03 15:52:47.062572 np0000004439 devstack@g-api.service[99640]: DEBUG dbcounter [-] [99640] Writer thread running {{(pid=99640) stat_writer /opt/stack/data/venv/lib/python3.12/site-packages/dbcounter.py:102}}
Jul 03 15:52:47.065524 np0000004439 devstack@g-api.service[99639]: DEBUG oslo_db.sqlalchemy.engines [None req-8caafc3f-9c9e-4680-8164-9f9067bc61d9 None None] MySQL server mode set to STRICT_TRANS_TABLES,STRICT_ALL_TABLES,NO_ZERO_IN_DATE,NO_ZERO_DATE,ERROR_FOR_DIVISION_BY_ZERO,TRADITIONAL,NO_ENGINE_SUBSTITUTION {{(pid=99639) _check_effective_sql_mode /opt/stack/data/venv/lib/python3.12/site-packages/oslo_db/sqlalchemy/engines.py:325}}
Jul 03 15:52:47.075550 np0000004439 devstack@g-api.service[99640]: INFO glance.image_cache [None req-7205a35b-e1fd-48a0-9695-3c824d5f3175 None None] Image cache loaded driver 'centralized_db'.
Jul 03 15:52:47.088547 np0000004439 devstack@g-api.service[99638]: DEBUG oslo_db.sqlalchemy.engines [None req-8e3645bb-bb81-4cc2-9809-6cae1f549d58 None None] MySQL server mode set to STRICT_TRANS_TABLES,STRICT_ALL_TABLES,NO_ZERO_IN_DATE,NO_ZERO_DATE,ERROR_FOR_DIVISION_BY_ZERO,TRADITIONAL,NO_ENGINE_SUBSTITUTION {{(pid=99638) _check_effective_sql_mode /opt/stack/data/venv/lib/python3.12/site-packages/oslo_db/sqlalchemy/engines.py:325}}
Jul 03 15:52:47.092808 np0000004439 devstack@g-api.service[99639]: DEBUG dbcounter [-] [99639] Writer thread running {{(pid=99639) stat_writer /opt/stack/data/venv/lib/python3.12/site-packages/dbcounter.py:102}}
Jul 03 15:52:47.096228 np0000004439 devstack@g-api.service[99639]: DEBUG glance.image_cache.drivers.centralized_db [None req-8caafc3f-9c9e-4680-8164-9f9067bc61d9 None None] Node reference is already recorded, ignoring it {{(pid=99639) configure /opt/stack/glance/glance/image_cache/drivers/centralized_db.py:71}}
Jul 03 15:52:47.104794 np0000004439 devstack@g-api.service[99639]: INFO glance.image_cache [None req-8caafc3f-9c9e-4680-8164-9f9067bc61d9 None None] Image cache loaded driver 'centralized_db'.
Jul 03 15:52:47.113799 np0000004439 devstack@g-api.service[99638]: DEBUG dbcounter [-] [99638] Writer thread running {{(pid=99638) stat_writer /opt/stack/data/venv/lib/python3.12/site-packages/dbcounter.py:102}}
Jul 03 15:52:47.116388 np0000004439 devstack@g-api.service[99638]: DEBUG glance.image_cache.drivers.centralized_db [None req-8e3645bb-bb81-4cc2-9809-6cae1f549d58 None None] Node reference is already recorded, ignoring it {{(pid=99638) configure /opt/stack/glance/glance/image_cache/drivers/centralized_db.py:71}}
Jul 03 15:52:47.198524 np0000004439 devstack@g-api.service[99640]: DEBUG glance.image_cache.drivers.centralized_db [None req-7205a35b-e1fd-48a0-9695-3c824d5f3175 None None] Node reference is already recorded, ignoring it {{(pid=99640) configure /opt/stack/glance/glance/image_cache/drivers/centralized_db.py:71}}
Jul 03 15:52:47.203890 np0000004439 devstack@g-api.service[99640]: DEBUG glance.api.v2.cached_images [None req-7205a35b-e1fd-48a0-9695-3c824d5f3175 None None] Started cache worker thread {{(pid=99640) __init__ /opt/stack/glance/glance/api/v2/cached_images.py:69}}
Jul 03 15:52:47.204728 np0000004439 devstack@g-api.service[99640]: INFO glance.image_cache [None req-7205a35b-e1fd-48a0-9695-3c824d5f3175 None None] Image cache loaded driver 'centralized_db'.
Jul 03 15:52:47.212900 np0000004439 devstack@g-api.service[99640]: DEBUG glance.image_cache.drivers.centralized_db [None req-7205a35b-e1fd-48a0-9695-3c824d5f3175 None None] Node reference is already recorded, ignoring it {{(pid=99640) configure /opt/stack/glance/glance/image_cache/drivers/centralized_db.py:71}}
Jul 03 15:52:47.217657 np0000004439 devstack@g-api.service[99639]: DEBUG glance.image_cache.drivers.centralized_db [None req-8caafc3f-9c9e-4680-8164-9f9067bc61d9 None None] Node reference is already recorded, ignoring it {{(pid=99639) configure /opt/stack/glance/glance/image_cache/drivers/centralized_db.py:71}}
Jul 03 15:52:47.218050 np0000004439 devstack@g-api.service[99640]: INFO glance.api.middleware.cache_manage [None req-7205a35b-e1fd-48a0-9695-3c824d5f3175 None None] Initialized image cache management middleware
Jul 03 15:52:47.218302 np0000004439 devstack@g-api.service[99640]: INFO glance.image_cache [None req-7205a35b-e1fd-48a0-9695-3c824d5f3175 None None] Image cache loaded driver 'centralized_db'.
Jul 03 15:52:47.220402 np0000004439 devstack@g-api.service[99638]: INFO glance.image_cache [None req-8e3645bb-bb81-4cc2-9809-6cae1f549d58 None None] Image cache loaded driver 'centralized_db'.
Jul 03 15:52:47.223217 np0000004439 devstack@g-api.service[99639]: DEBUG glance.api.v2.cached_images [None req-8caafc3f-9c9e-4680-8164-9f9067bc61d9 None None] Started cache worker thread {{(pid=99639) __init__ /opt/stack/glance/glance/api/v2/cached_images.py:69}}
Jul 03 15:52:47.223764 np0000004439 devstack@g-api.service[99639]: INFO glance.image_cache [None req-8caafc3f-9c9e-4680-8164-9f9067bc61d9 None None] Image cache loaded driver 'centralized_db'.
Jul 03 15:52:47.225970 np0000004439 devstack@g-api.service[99640]: DEBUG glance.image_cache.drivers.centralized_db [None req-7205a35b-e1fd-48a0-9695-3c824d5f3175 None None] Node reference is already recorded, ignoring it {{(pid=99640) configure /opt/stack/glance/glance/image_cache/drivers/centralized_db.py:71}}
Jul 03 15:52:47.228325 np0000004439 devstack@g-api.service[99638]: DEBUG glance.image_cache.drivers.centralized_db [None req-8e3645bb-bb81-4cc2-9809-6cae1f549d58 None None] Node reference is already recorded, ignoring it {{(pid=99638) configure /opt/stack/glance/glance/image_cache/drivers/centralized_db.py:71}}
Jul 03 15:52:47.230058 np0000004439 devstack@g-api.service[99640]: INFO glance.api.middleware.cache [None req-7205a35b-e1fd-48a0-9695-3c824d5f3175 None None] Initialized image cache middleware
Jul 03 15:52:47.230609 np0000004439 devstack@g-api.service[99639]: DEBUG glance.image_cache.drivers.centralized_db [None req-8caafc3f-9c9e-4680-8164-9f9067bc61d9 None None] Node reference is already recorded, ignoring it {{(pid=99639) configure /opt/stack/glance/glance/image_cache/drivers/centralized_db.py:71}}
Jul 03 15:52:47.233509 np0000004439 devstack@g-api.service[99638]: DEBUG glance.api.v2.cached_images [None req-8e3645bb-bb81-4cc2-9809-6cae1f549d58 None None] Started cache worker thread {{(pid=99638) __init__ /opt/stack/glance/glance/api/v2/cached_images.py:69}}
Jul 03 15:52:47.234401 np0000004439 devstack@g-api.service[99638]: INFO glance.image_cache [None req-8e3645bb-bb81-4cc2-9809-6cae1f549d58 None None] Image cache loaded driver 'centralized_db'.
Jul 03 15:52:47.236339 np0000004439 devstack@g-api.service[99639]: INFO glance.api.middleware.cache_manage [None req-8caafc3f-9c9e-4680-8164-9f9067bc61d9 None None] Initialized image cache management middleware
Jul 03 15:52:47.236501 np0000004439 devstack@g-api.service[99639]: INFO glance.image_cache [None req-8caafc3f-9c9e-4680-8164-9f9067bc61d9 None None] Image cache loaded driver 'centralized_db'.
Jul 03 15:52:47.241660 np0000004439 devstack@g-api.service[99638]: DEBUG glance.image_cache.drivers.centralized_db [None req-8e3645bb-bb81-4cc2-9809-6cae1f549d58 None None] Node reference is already recorded, ignoring it {{(pid=99638) configure /opt/stack/glance/glance/image_cache/drivers/centralized_db.py:71}}
Jul 03 15:52:47.243978 np0000004439 devstack@g-api.service[99639]: DEBUG glance.image_cache.drivers.centralized_db [None req-8caafc3f-9c9e-4680-8164-9f9067bc61d9 None None] Node reference is already recorded, ignoring it {{(pid=99639) configure /opt/stack/glance/glance/image_cache/drivers/centralized_db.py:71}}
Jul 03 15:52:47.245530 np0000004439 devstack@g-api.service[99640]: DEBUG glance.common.config [None req-7205a35b-e1fd-48a0-9695-3c824d5f3175 None None] ******************************************************************************** {{(pid=99640) log_opt_values /opt/stack/data/venv/lib/python3.12/site-packages/oslo_config/cfg.py:3226}}
Jul 03 15:52:47.245648 np0000004439 devstack@g-api.service[99640]: DEBUG glance.common.config [None req-7205a35b-e1fd-48a0-9695-3c824d5f3175 None None] Configuration options gathered from: {{(pid=99640) log_opt_values /opt/stack/data/venv/lib/python3.12/site-packages/oslo_config/cfg.py:3227}}
Jul 03 15:52:47.246062 np0000004439 devstack@g-api.service[99640]: DEBUG glance.common.config [None req-7205a35b-e1fd-48a0-9695-3c824d5f3175 None None] command line args: [] {{(pid=99640) log_opt_values /opt/stack/data/venv/lib/python3.12/site-packages/oslo_config/cfg.py:3228}}
Jul 03 15:52:47.246423 np0000004439 devstack@g-api.service[99640]: DEBUG glance.common.config [None req-7205a35b-e1fd-48a0-9695-3c824d5f3175 None None] config files: ['/etc/glance/glance-image-import.conf', '/etc/glance/glance-api.conf'] {{(pid=99640) log_opt_values /opt/stack/data/venv/lib/python3.12/site-packages/oslo_config/cfg.py:3229}}
Jul 03 15:52:47.246520 np0000004439 devstack@g-api.service[99640]: DEBUG glance.common.config [None req-7205a35b-e1fd-48a0-9695-3c824d5f3175 None None] ================================================================================ {{(pid=99640) log_opt_values /opt/stack/data/venv/lib/python3.12/site-packages/oslo_config/cfg.py:3234}}
Jul 03 15:52:47.246682 np0000004439 devstack@g-api.service[99640]: DEBUG glance.common.config [None req-7205a35b-e1fd-48a0-9695-3c824d5f3175 None None] allow_anonymous_access = False {{(pid=99640) log_opt_values /opt/stack/data/venv/lib/python3.12/site-packages/oslo_config/cfg.py:3242}}
Jul 03 15:52:47.246806 np0000004439 devstack@g-api.service[99640]: DEBUG glance.common.config [None req-7205a35b-e1fd-48a0-9695-3c824d5f3175 None None] api_limit_max = 1000 {{(pid=99640) log_opt_values /opt/stack/data/venv/lib/python3.12/site-packages/oslo_config/cfg.py:3242}}
Jul 03 15:52:47.246924 np0000004439 devstack@g-api.service[99640]: DEBUG glance.common.config [None req-7205a35b-e1fd-48a0-9695-3c824d5f3175 None None] backlog = 4096 {{(pid=99640) log_opt_values /opt/stack/data/venv/lib/python3.12/site-packages/oslo_config/cfg.py:3242}}
Jul 03 15:52:47.246977 np0000004439 devstack@g-api.service[99638]: INFO glance.api.middleware.cache_manage [None req-8e3645bb-bb81-4cc2-9809-6cae1f549d58 None None] Initialized image cache management middleware
Jul 03 15:52:47.247107 np0000004439 devstack@g-api.service[99640]: DEBUG glance.common.config [None req-7205a35b-e1fd-48a0-9695-3c824d5f3175 None None] bind_host = 0.0.0.0 {{(pid=99640) log_opt_values /opt/stack/data/venv/lib/python3.12/site-packages/oslo_config/cfg.py:3242}}
Jul 03 15:52:47.247148 np0000004439 devstack@g-api.service[99638]: INFO glance.image_cache [None req-8e3645bb-bb81-4cc2-9809-6cae1f549d58 None None] Image cache loaded driver 'centralized_db'.
Jul 03 15:52:47.247251 np0000004439 devstack@g-api.service[99640]: DEBUG glance.common.config [None req-7205a35b-e1fd-48a0-9695-3c824d5f3175 None None] bind_port = 19292 {{(pid=99640) log_opt_values /opt/stack/data/venv/lib/python3.12/site-packages/oslo_config/cfg.py:3242}}
Jul 03 15:52:47.247393 np0000004439 devstack@g-api.service[99640]: DEBUG glance.common.config [None req-7205a35b-e1fd-48a0-9695-3c824d5f3175 None None] client_socket_timeout = 900 {{(pid=99640) log_opt_values /opt/stack/data/venv/lib/python3.12/site-packages/oslo_config/cfg.py:3242}}
Jul 03 15:52:47.247521 np0000004439 devstack@g-api.service[99640]: DEBUG glance.common.config [None req-7205a35b-e1fd-48a0-9695-3c824d5f3175 None None] config_dir = [] {{(pid=99640) log_opt_values /opt/stack/data/venv/lib/python3.12/site-packages/oslo_config/cfg.py:3242}}
Jul 03 15:52:47.247594 np0000004439 devstack@g-api.service[99640]: DEBUG glance.common.config [None req-7205a35b-e1fd-48a0-9695-3c824d5f3175 None None] config_file = ['/etc/glance/glance-image-import.conf', '/etc/glance/glance-api.conf'] {{(pid=99640) log_opt_values /opt/stack/data/venv/lib/python3.12/site-packages/oslo_config/cfg.py:3242}}
Jul 03 15:52:47.247712 np0000004439 devstack@g-api.service[99640]: DEBUG glance.common.config [None req-7205a35b-e1fd-48a0-9695-3c824d5f3175 None None] config_source = [] {{(pid=99640) log_opt_values /opt/stack/data/venv/lib/python3.12/site-packages/oslo_config/cfg.py:3242}}
Jul 03 15:52:47.247825 np0000004439 devstack@g-api.service[99640]: DEBUG glance.common.config [None req-7205a35b-e1fd-48a0-9695-3c824d5f3175 None None] control_exchange = glance {{(pid=99640) log_opt_values /opt/stack/data/venv/lib/python3.12/site-packages/oslo_config/cfg.py:3242}}
Jul 03 15:52:47.247921 np0000004439 devstack@g-api.service[99640]: DEBUG glance.common.config [None req-7205a35b-e1fd-48a0-9695-3c824d5f3175 None None] debug = True {{(pid=99640) log_opt_values /opt/stack/data/venv/lib/python3.12/site-packages/oslo_config/cfg.py:3242}}
Jul 03 15:52:47.248158 np0000004439 devstack@g-api.service[99640]: DEBUG glance.common.config [None req-7205a35b-e1fd-48a0-9695-3c824d5f3175 None None] default_log_levels = ['amqp=WARN', 'boto=WARN', 'sqlalchemy=WARN', 'suds=INFO', 'oslo.messaging=INFO', 'oslo_messaging=INFO', 'iso8601=WARN', 'requests.packages.urllib3.connectionpool=WARN', 'urllib3.connectionpool=WARN', 'websocket=WARN', 'requests.packages.urllib3.util.retry=WARN', 'urllib3.util.retry=WARN', 'keystonemiddleware=WARN', 'routes.middleware=WARN', 'stevedore=WARN', 'taskflow=WARN', 'keystoneauth=WARN', 'oslo.cache=INFO', 'oslo_policy=INFO', 'dogpile.core.dogpile=INFO'] {{(pid=99640) log_opt_values /opt/stack/data/venv/lib/python3.12/site-packages/oslo_config/cfg.py:3242}}
Jul 03 15:52:47.248282 np0000004439 devstack@g-api.service[99640]: DEBUG glance.common.config [None req-7205a35b-e1fd-48a0-9695-3c824d5f3175 None None] default_publisher_id = image.localhost {{(pid=99640) log_opt_values /opt/stack/data/venv/lib/python3.12/site-packages/oslo_config/cfg.py:3242}}
Jul 03 15:52:47.248362 np0000004439 devstack@g-api.service[99640]: DEBUG glance.common.config [None req-7205a35b-e1fd-48a0-9695-3c824d5f3175 None None] delayed_delete = False {{(pid=99640) log_opt_values /opt/stack/data/venv/lib/python3.12/site-packages/oslo_config/cfg.py:3242}}
Jul 03 15:52:47.248453 np0000004439 devstack@g-api.service[99640]: DEBUG glance.common.config [None req-7205a35b-e1fd-48a0-9695-3c824d5f3175 None None] digest_algorithm = sha256 {{(pid=99640) log_opt_values /opt/stack/data/venv/lib/python3.12/site-packages/oslo_config/cfg.py:3242}}
Jul 03 15:52:47.248541 np0000004439 devstack@g-api.service[99640]: DEBUG glance.common.config [None req-7205a35b-e1fd-48a0-9695-3c824d5f3175 None None] disabled_notifications = [] {{(pid=99640) log_opt_values /opt/stack/data/venv/lib/python3.12/site-packages/oslo_config/cfg.py:3242}}
Jul 03 15:52:47.248625 np0000004439 devstack@g-api.service[99640]: DEBUG glance.common.config [None req-7205a35b-e1fd-48a0-9695-3c824d5f3175 None None] do_secure_hash = True {{(pid=99640) log_opt_values /opt/stack/data/venv/lib/python3.12/site-packages/oslo_config/cfg.py:3242}}
Jul 03 15:52:47.248707 np0000004439 devstack@g-api.service[99640]: DEBUG glance.common.config [None req-7205a35b-e1fd-48a0-9695-3c824d5f3175 None None] enabled_backends = None {{(pid=99640) log_opt_values /opt/stack/data/venv/lib/python3.12/site-packages/oslo_config/cfg.py:3242}}
Jul 03 15:52:47.248802 np0000004439 devstack@g-api.service[99639]: INFO glance.api.middleware.cache [None req-8caafc3f-9c9e-4680-8164-9f9067bc61d9 None None] Initialized image cache middleware
Jul 03 15:52:47.248855 np0000004439 devstack@g-api.service[99640]: DEBUG glance.common.config [None req-7205a35b-e1fd-48a0-9695-3c824d5f3175 None None] enabled_import_methods = ['glance-direct', 'web-download', 'copy-image'] {{(pid=99640) log_opt_values /opt/stack/data/venv/lib/python3.12/site-packages/oslo_config/cfg.py:3242}}
Jul 03 15:52:47.248895 np0000004439 devstack@g-api.service[99640]: DEBUG glance.common.config [None req-7205a35b-e1fd-48a0-9695-3c824d5f3175 None None] fatal_deprecations = False {{(pid=99640) log_opt_values /opt/stack/data/venv/lib/python3.12/site-packages/oslo_config/cfg.py:3242}}
Jul 03 15:52:47.248993 np0000004439 devstack@g-api.service[99640]: DEBUG glance.common.config [None req-7205a35b-e1fd-48a0-9695-3c824d5f3175 None None] hashing_algorithm = sha512 {{(pid=99640) log_opt_values /opt/stack/data/venv/lib/python3.12/site-packages/oslo_config/cfg.py:3242}}
Jul 03 15:52:47.249130 np0000004439 devstack@g-api.service[99640]: DEBUG glance.common.config [None req-7205a35b-e1fd-48a0-9695-3c824d5f3175 None None] http_keepalive = True {{(pid=99640) log_opt_values /opt/stack/data/venv/lib/python3.12/site-packages/oslo_config/cfg.py:3242}}
Jul 03 15:52:47.249265 np0000004439 devstack@g-api.service[99640]: DEBUG glance.common.config [None req-7205a35b-e1fd-48a0-9695-3c824d5f3175 None None] http_retries = 3 {{(pid=99640) log_opt_values /opt/stack/data/venv/lib/python3.12/site-packages/oslo_config/cfg.py:3242}}
Jul 03 15:52:47.249404 np0000004439 devstack@g-api.service[99640]: DEBUG glance.common.config [None req-7205a35b-e1fd-48a0-9695-3c824d5f3175 None None] image_cache_dir = /opt/stack/data/glance/cache/ {{(pid=99640) log_opt_values /opt/stack/data/venv/lib/python3.12/site-packages/oslo_config/cfg.py:3242}}
Jul 03 15:52:47.249538 np0000004439 devstack@g-api.service[99640]: DEBUG glance.common.config [None req-7205a35b-e1fd-48a0-9695-3c824d5f3175 None None] image_cache_driver = centralized_db {{(pid=99640) log_opt_values /opt/stack/data/venv/lib/python3.12/site-packages/oslo_config/cfg.py:3242}}
Jul 03 15:52:47.249665 np0000004439 devstack@g-api.service[99640]: DEBUG glance.common.config [None req-7205a35b-e1fd-48a0-9695-3c824d5f3175 None None] image_cache_max_size = 10737418240 {{(pid=99640) log_opt_values /opt/stack/data/venv/lib/python3.12/site-packages/oslo_config/cfg.py:3242}}
Jul 03 15:52:47.249796 np0000004439 devstack@g-api.service[99640]: DEBUG glance.common.config [None req-7205a35b-e1fd-48a0-9695-3c824d5f3175 None None] image_cache_sqlite_db = cache.db {{(pid=99640) log_opt_values /opt/stack/data/venv/lib/python3.12/site-packages/oslo_config/cfg.py:3242}}
Jul 03 15:52:47.249923 np0000004439 devstack@g-api.service[99640]: DEBUG glance.common.config [None req-7205a35b-e1fd-48a0-9695-3c824d5f3175 None None] image_cache_stall_time = 86400 {{(pid=99640) log_opt_values /opt/stack/data/venv/lib/python3.12/site-packages/oslo_config/cfg.py:3242}}
Jul 03 15:52:47.250080 np0000004439 devstack@g-api.service[99640]: DEBUG glance.common.config [None req-7205a35b-e1fd-48a0-9695-3c824d5f3175 None None] image_location_quota = 10 {{(pid=99640) log_opt_values /opt/stack/data/venv/lib/python3.12/site-packages/oslo_config/cfg.py:3242}}
Jul 03 15:52:47.250211 np0000004439 devstack@g-api.service[99640]: DEBUG glance.common.config [None req-7205a35b-e1fd-48a0-9695-3c824d5f3175 None None] image_member_quota = 128 {{(pid=99640) log_opt_values /opt/stack/data/venv/lib/python3.12/site-packages/oslo_config/cfg.py:3242}}
Jul 03 15:52:47.250348 np0000004439 devstack@g-api.service[99640]: DEBUG glance.common.config [None req-7205a35b-e1fd-48a0-9695-3c824d5f3175 None None] image_property_quota = 128 {{(pid=99640) log_opt_values /opt/stack/data/venv/lib/python3.12/site-packages/oslo_config/cfg.py:3242}}
Jul 03 15:52:47.250473 np0000004439 devstack@g-api.service[99640]: DEBUG glance.common.config [None req-7205a35b-e1fd-48a0-9695-3c824d5f3175 None None] image_size_cap = 1099511627776 {{(pid=99640) log_opt_values /opt/stack/data/venv/lib/python3.12/site-packages/oslo_config/cfg.py:3242}}
Jul 03 15:52:47.250595 np0000004439 devstack@g-api.service[99640]: DEBUG glance.common.config [None req-7205a35b-e1fd-48a0-9695-3c824d5f3175 None None] image_tag_quota = 128 {{(pid=99640) log_opt_values /opt/stack/data/venv/lib/python3.12/site-packages/oslo_config/cfg.py:3242}}
Jul 03 15:52:47.250723 np0000004439 devstack@g-api.service[99640]: DEBUG glance.common.config [None req-7205a35b-e1fd-48a0-9695-3c824d5f3175 None None] instance_format = [instance: %(uuid)s] {{(pid=99640) log_opt_values /opt/stack/data/venv/lib/python3.12/site-packages/oslo_config/cfg.py:3242}}
Jul 03 15:52:47.250851 np0000004439 devstack@g-api.service[99640]: DEBUG glance.common.config [None req-7205a35b-e1fd-48a0-9695-3c824d5f3175 None None] instance_uuid_format = [instance: %(uuid)s] {{(pid=99640) log_opt_values /opt/stack/data/venv/lib/python3.12/site-packages/oslo_config/cfg.py:3242}}
Jul 03 15:52:47.250975 np0000004439 devstack@g-api.service[99640]: DEBUG glance.common.config [None req-7205a35b-e1fd-48a0-9695-3c824d5f3175 None None] limit_param_default = 25 {{(pid=99640) log_opt_values /opt/stack/data/venv/lib/python3.12/site-packages/oslo_config/cfg.py:3242}}
Jul 03 15:52:47.251137 np0000004439 devstack@g-api.service[99640]: DEBUG glance.common.config [None req-7205a35b-e1fd-48a0-9695-3c824d5f3175 None None] log_color = False {{(pid=99640) log_opt_values /opt/stack/data/venv/lib/python3.12/site-packages/oslo_config/cfg.py:3242}}
Jul 03 15:52:47.251281 np0000004439 devstack@g-api.service[99640]: DEBUG glance.common.config [None req-7205a35b-e1fd-48a0-9695-3c824d5f3175 None None] log_config_append = None {{(pid=99640) log_opt_values /opt/stack/data/venv/lib/python3.12/site-packages/oslo_config/cfg.py:3242}}
Jul 03 15:52:47.251415 np0000004439 devstack@g-api.service[99640]: DEBUG glance.common.config [None req-7205a35b-e1fd-48a0-9695-3c824d5f3175 None None] log_date_format = %Y-%m-%d %H:%M:%S {{(pid=99640) log_opt_values /opt/stack/data/venv/lib/python3.12/site-packages/oslo_config/cfg.py:3242}}
Jul 03 15:52:47.251543 np0000004439 devstack@g-api.service[99640]: DEBUG glance.common.config [None req-7205a35b-e1fd-48a0-9695-3c824d5f3175 None None] log_dir = None {{(pid=99640) log_opt_values /opt/stack/data/venv/lib/python3.12/site-packages/oslo_config/cfg.py:3242}}
Jul 03 15:52:47.251666 np0000004439 devstack@g-api.service[99640]: DEBUG glance.common.config [None req-7205a35b-e1fd-48a0-9695-3c824d5f3175 None None] log_file = None {{(pid=99640) log_opt_values /opt/stack/data/venv/lib/python3.12/site-packages/oslo_config/cfg.py:3242}}
Jul 03 15:52:47.251793 np0000004439 devstack@g-api.service[99640]: DEBUG glance.common.config [None req-7205a35b-e1fd-48a0-9695-3c824d5f3175 None None] log_rotate_interval = 1 {{(pid=99640) log_opt_values /opt/stack/data/venv/lib/python3.12/site-packages/oslo_config/cfg.py:3242}}
Jul 03 15:52:47.251924 np0000004439 devstack@g-api.service[99640]: DEBUG glance.common.config [None req-7205a35b-e1fd-48a0-9695-3c824d5f3175 None None] log_rotate_interval_type = days {{(pid=99640) log_opt_values /opt/stack/data/venv/lib/python3.12/site-packages/oslo_config/cfg.py:3242}}
Jul 03 15:52:47.252073 np0000004439 devstack@g-api.service[99640]: DEBUG glance.common.config [None req-7205a35b-e1fd-48a0-9695-3c824d5f3175 None None] log_rotation_type = none {{(pid=99640) log_opt_values /opt/stack/data/venv/lib/python3.12/site-packages/oslo_config/cfg.py:3242}}
Jul 03 15:52:47.252184 np0000004439 devstack@g-api.service[99640]: DEBUG glance.common.config [None req-7205a35b-e1fd-48a0-9695-3c824d5f3175 None None] logging_context_format_string = %(color)s%(levelname)s %(name)s [%(global_request_id)s %(request_id)s %(project_name)s %(user_name)s%(color)s] %(instance)s%(color)s%(message)s {{(pid=99640) log_opt_values /opt/stack/data/venv/lib/python3.12/site-packages/oslo_config/cfg.py:3242}}
Jul 03 15:52:47.252302 np0000004439 devstack@g-api.service[99640]: DEBUG glance.common.config [None req-7205a35b-e1fd-48a0-9695-3c824d5f3175 None None] logging_debug_format_suffix = {{(pid=%(process)d) %(funcName)s %(pathname)s:%(lineno)d}} {{(pid=99640) log_opt_values /opt/stack/data/venv/lib/python3.12/site-packages/oslo_config/cfg.py:3242}}
Jul 03 15:52:47.252517 np0000004439 devstack@g-api.service[99640]: DEBUG glance.common.config [None req-7205a35b-e1fd-48a0-9695-3c824d5f3175 None None] logging_default_format_string = %(color)s%(levelname)s %(name)s [-%(color)s] %(instance)s%(color)s%(message)s {{(pid=99640) log_opt_values /opt/stack/data/venv/lib/python3.12/site-packages/oslo_config/cfg.py:3242}}
Jul 03 15:52:47.252571 np0000004439 devstack@g-api.service[99640]: DEBUG glance.common.config [None req-7205a35b-e1fd-48a0-9695-3c824d5f3175 None None] logging_exception_prefix = ERROR %(name)s %(instance)s {{(pid=99640) log_opt_values /opt/stack/data/venv/lib/python3.12/site-packages/oslo_config/cfg.py:3242}}
Jul 03 15:52:47.252676 np0000004439 devstack@g-api.service[99640]: DEBUG glance.common.config [None req-7205a35b-e1fd-48a0-9695-3c824d5f3175 None None] logging_user_identity_format = %(user)s %(project)s %(domain)s %(system_scope)s %(user_domain)s %(project_domain)s {{(pid=99640) log_opt_values /opt/stack/data/venv/lib/python3.12/site-packages/oslo_config/cfg.py:3242}}
Jul 03 15:52:47.252781 np0000004439 devstack@g-api.service[99640]: DEBUG glance.common.config [None req-7205a35b-e1fd-48a0-9695-3c824d5f3175 None None] max_header_line = 16384 {{(pid=99640) log_opt_values /opt/stack/data/venv/lib/python3.12/site-packages/oslo_config/cfg.py:3242}}
Jul 03 15:52:47.252915 np0000004439 devstack@g-api.service[99640]: DEBUG glance.common.config [None req-7205a35b-e1fd-48a0-9695-3c824d5f3175 None None] max_logfile_count = 30 {{(pid=99640) log_opt_values /opt/stack/data/venv/lib/python3.12/site-packages/oslo_config/cfg.py:3242}}
Jul 03 15:52:47.253048 np0000004439 devstack@g-api.service[99640]: DEBUG glance.common.config [None req-7205a35b-e1fd-48a0-9695-3c824d5f3175 None None] max_logfile_size_mb = 200 {{(pid=99640) log_opt_values /opt/stack/data/venv/lib/python3.12/site-packages/oslo_config/cfg.py:3242}}
Jul 03 15:52:47.253176 np0000004439 devstack@g-api.service[99640]: DEBUG glance.common.config [None req-7205a35b-e1fd-48a0-9695-3c824d5f3175 None None] max_request_id_length = 64 {{(pid=99640) log_opt_values /opt/stack/data/venv/lib/python3.12/site-packages/oslo_config/cfg.py:3242}}
Jul 03 15:52:47.253316 np0000004439 devstack@g-api.service[99640]: DEBUG glance.common.config [None req-7205a35b-e1fd-48a0-9695-3c824d5f3175 None None] metadata_encryption_key = **** {{(pid=99640) log_opt_values /opt/stack/data/venv/lib/python3.12/site-packages/oslo_config/cfg.py:3242}}
Jul 03 15:52:47.253462 np0000004439 devstack@g-api.service[99640]: DEBUG glance.common.config [None req-7205a35b-e1fd-48a0-9695-3c824d5f3175 None None] node_staging_uri = file:///tmp/staging/ {{(pid=99640) log_opt_values /opt/stack/data/venv/lib/python3.12/site-packages/oslo_config/cfg.py:3242}}
Jul 03 15:52:47.253592 np0000004439 devstack@g-api.service[99640]: DEBUG glance.common.config [None req-7205a35b-e1fd-48a0-9695-3c824d5f3175 None None] property_protection_file = None {{(pid=99640) log_opt_values /opt/stack/data/venv/lib/python3.12/site-packages/oslo_config/cfg.py:3242}}
Jul 03 15:52:47.253728 np0000004439 devstack@g-api.service[99640]: DEBUG glance.common.config [None req-7205a35b-e1fd-48a0-9695-3c824d5f3175 None None] property_protection_rule_format = roles {{(pid=99640) log_opt_values /opt/stack/data/venv/lib/python3.12/site-packages/oslo_config/cfg.py:3242}}
Jul 03 15:52:47.253865 np0000004439 devstack@g-api.service[99640]: DEBUG glance.common.config [None req-7205a35b-e1fd-48a0-9695-3c824d5f3175 None None] public_endpoint = https://10.4.3.63/image {{(pid=99640) log_opt_values /opt/stack/data/venv/lib/python3.12/site-packages/oslo_config/cfg.py:3242}}
Jul 03 15:52:47.254009 np0000004439 devstack@g-api.service[99640]: DEBUG glance.common.config [None req-7205a35b-e1fd-48a0-9695-3c824d5f3175 None None] publish_errors = False {{(pid=99640) log_opt_values /opt/stack/data/venv/lib/python3.12/site-packages/oslo_config/cfg.py:3242}}
Jul 03 15:52:47.254146 np0000004439 devstack@g-api.service[99640]: DEBUG glance.common.config [None req-7205a35b-e1fd-48a0-9695-3c824d5f3175 None None] pydev_worker_debug_host = None {{(pid=99640) log_opt_values /opt/stack/data/venv/lib/python3.12/site-packages/oslo_config/cfg.py:3242}}
Jul 03 15:52:47.254288 np0000004439 devstack@g-api.service[99640]: DEBUG glance.common.config [None req-7205a35b-e1fd-48a0-9695-3c824d5f3175 None None] pydev_worker_debug_port = 5678 {{(pid=99640) log_opt_values /opt/stack/data/venv/lib/python3.12/site-packages/oslo_config/cfg.py:3242}}
Jul 03 15:52:47.254424 np0000004439 devstack@g-api.service[99640]: DEBUG glance.common.config [None req-7205a35b-e1fd-48a0-9695-3c824d5f3175 None None] rate_limit_burst = 0 {{(pid=99640) log_opt_values /opt/stack/data/venv/lib/python3.12/site-packages/oslo_config/cfg.py:3242}}
Jul 03 15:52:47.254561 np0000004439 devstack@g-api.service[99640]: DEBUG glance.common.config [None req-7205a35b-e1fd-48a0-9695-3c824d5f3175 None None] rate_limit_except_level = CRITICAL {{(pid=99640) log_opt_values /opt/stack/data/venv/lib/python3.12/site-packages/oslo_config/cfg.py:3242}}
Jul 03 15:52:47.254688 np0000004439 devstack@g-api.service[99640]: DEBUG glance.common.config [None req-7205a35b-e1fd-48a0-9695-3c824d5f3175 None None] rate_limit_interval = 0 {{(pid=99640) log_opt_values /opt/stack/data/venv/lib/python3.12/site-packages/oslo_config/cfg.py:3242}}
Jul 03 15:52:47.254806 np0000004439 devstack@g-api.service[99640]: DEBUG glance.common.config [None req-7205a35b-e1fd-48a0-9695-3c824d5f3175 None None] scrub_pool_size = 1 {{(pid=99640) log_opt_values /opt/stack/data/venv/lib/python3.12/site-packages/oslo_config/cfg.py:3242}}
Jul 03 15:52:47.254928 np0000004439 devstack@g-api.service[99640]: DEBUG glance.common.config [None req-7205a35b-e1fd-48a0-9695-3c824d5f3175 None None] scrub_time = 0 {{(pid=99640) log_opt_values /opt/stack/data/venv/lib/python3.12/site-packages/oslo_config/cfg.py:3242}}
Jul 03 15:52:47.255070 np0000004439 devstack@g-api.service[99640]: DEBUG glance.common.config [None req-7205a35b-e1fd-48a0-9695-3c824d5f3175 None None] shell_completion = None {{(pid=99640) log_opt_values /opt/stack/data/venv/lib/python3.12/site-packages/oslo_config/cfg.py:3242}}
Jul 03 15:52:47.255104 np0000004439 devstack@g-api.service[99638]: DEBUG glance.image_cache.drivers.centralized_db [None req-8e3645bb-bb81-4cc2-9809-6cae1f549d58 None None] Node reference is already recorded, ignoring it {{(pid=99638) configure /opt/stack/glance/glance/image_cache/drivers/centralized_db.py:71}}
Jul 03 15:52:47.255218 np0000004439 devstack@g-api.service[99640]: DEBUG glance.common.config [None req-7205a35b-e1fd-48a0-9695-3c824d5f3175 None None] show_image_direct_url = False {{(pid=99640) log_opt_values /opt/stack/data/venv/lib/python3.12/site-packages/oslo_config/cfg.py:3242}}
Jul 03 15:52:47.255520 np0000004439 devstack@g-api.service[99640]: WARNING oslo_config.cfg [None req-7205a35b-e1fd-48a0-9695-3c824d5f3175 None None] Deprecated: Option "show_multiple_locations" from group "DEFAULT" is deprecated for removal (Use of this option, deprecated since Newton, is a security risk and will be removed once we figure out a way to satisfy those use cases that currently require it. An earlier announcement that the same functionality can be achieved with greater granularity by using policies is incorrect. You cannot work around this option via policy configuration at the present time, though that is the direction we believe the fix will take. Please keep an eye on the Glance release notes to stay up to date on progress in addressing this issue.). Its value may be silently ignored in the future.
Jul 03 15:52:47.255670 np0000004439 devstack@g-api.service[99640]: DEBUG glance.common.config [None req-7205a35b-e1fd-48a0-9695-3c824d5f3175 None None] show_multiple_locations = False {{(pid=99640) log_opt_values /opt/stack/data/venv/lib/python3.12/site-packages/oslo_config/cfg.py:3242}}
Jul 03 15:52:47.255799 np0000004439 devstack@g-api.service[99640]: DEBUG glance.common.config [None req-7205a35b-e1fd-48a0-9695-3c824d5f3175 None None] syslog_log_facility = LOG_USER {{(pid=99640) log_opt_values /opt/stack/data/venv/lib/python3.12/site-packages/oslo_config/cfg.py:3242}}
Jul 03 15:52:47.255920 np0000004439 devstack@g-api.service[99640]: DEBUG glance.common.config [None req-7205a35b-e1fd-48a0-9695-3c824d5f3175 None None] tcp_keepidle = 600 {{(pid=99640) log_opt_values /opt/stack/data/venv/lib/python3.12/site-packages/oslo_config/cfg.py:3242}}
Jul 03 15:52:47.256090 np0000004439 devstack@g-api.service[99640]: DEBUG glance.common.config [None req-7205a35b-e1fd-48a0-9695-3c824d5f3175 None None] transport_url = **** {{(pid=99640) log_opt_values /opt/stack/data/venv/lib/python3.12/site-packages/oslo_config/cfg.py:3242}}
Jul 03 15:52:47.256178 np0000004439 devstack@g-api.service[99640]: DEBUG glance.common.config [None req-7205a35b-e1fd-48a0-9695-3c824d5f3175 None None] use_journal = False {{(pid=99640) log_opt_values /opt/stack/data/venv/lib/python3.12/site-packages/oslo_config/cfg.py:3242}}
Jul 03 15:52:47.256293 np0000004439 devstack@g-api.service[99640]: DEBUG glance.common.config [None req-7205a35b-e1fd-48a0-9695-3c824d5f3175 None None] use_json = False {{(pid=99640) log_opt_values /opt/stack/data/venv/lib/python3.12/site-packages/oslo_config/cfg.py:3242}}
Jul 03 15:52:47.256417 np0000004439 devstack@g-api.service[99640]: DEBUG glance.common.config [None req-7205a35b-e1fd-48a0-9695-3c824d5f3175 None None] use_keystone_limits = True {{(pid=99640) log_opt_values /opt/stack/data/venv/lib/python3.12/site-packages/oslo_config/cfg.py:3242}}
Jul 03 15:52:47.256534 np0000004439 devstack@g-api.service[99640]: DEBUG glance.common.config [None req-7205a35b-e1fd-48a0-9695-3c824d5f3175 None None] use_stderr = False {{(pid=99640) log_opt_values /opt/stack/data/venv/lib/python3.12/site-packages/oslo_config/cfg.py:3242}}
Jul 03 15:52:47.256623 np0000004439 devstack@g-api.service[99640]: DEBUG glance.common.config [None req-7205a35b-e1fd-48a0-9695-3c824d5f3175 None None] use_syslog = False {{(pid=99640) log_opt_values /opt/stack/data/venv/lib/python3.12/site-packages/oslo_config/cfg.py:3242}}
Jul 03 15:52:47.256741 np0000004439 devstack@g-api.service[99640]: DEBUG glance.common.config [None req-7205a35b-e1fd-48a0-9695-3c824d5f3175 None None] user_storage_quota = 0 {{(pid=99640) log_opt_values /opt/stack/data/venv/lib/python3.12/site-packages/oslo_config/cfg.py:3242}}
Jul 03 15:52:47.256861 np0000004439 devstack@g-api.service[99640]: DEBUG glance.common.config [None req-7205a35b-e1fd-48a0-9695-3c824d5f3175 None None] worker_self_reference_url = http://127.0.0.1:60999 {{(pid=99640) log_opt_values /opt/stack/data/venv/lib/python3.12/site-packages/oslo_config/cfg.py:3242}}
Jul 03 15:52:47.256971 np0000004439 devstack@g-api.service[99640]: DEBUG glance.common.config [None req-7205a35b-e1fd-48a0-9695-3c824d5f3175 None None] workers = None {{(pid=99640) log_opt_values /opt/stack/data/venv/lib/python3.12/site-packages/oslo_config/cfg.py:3242}}
Jul 03 15:52:47.257136 np0000004439 devstack@g-api.service[99640]: DEBUG glance.common.config [None req-7205a35b-e1fd-48a0-9695-3c824d5f3175 None None] oslo_concurrency.disable_process_locking = False {{(pid=99640) log_opt_values /opt/stack/data/venv/lib/python3.12/site-packages/oslo_config/cfg.py:3253}}
Jul 03 15:52:47.257235 np0000004439 devstack@g-api.service[99640]: DEBUG glance.common.config [None req-7205a35b-e1fd-48a0-9695-3c824d5f3175 None None] oslo_concurrency.lock_path = /opt/stack/data/glance/locks {{(pid=99640) log_opt_values /opt/stack/data/venv/lib/python3.12/site-packages/oslo_config/cfg.py:3253}}
Jul 03 15:52:47.257344 np0000004439 devstack@g-api.service[99640]: DEBUG glance.common.config [None req-7205a35b-e1fd-48a0-9695-3c824d5f3175 None None] oslo_middleware.enable_proxy_headers_parsing = False {{(pid=99640) log_opt_values /opt/stack/data/venv/lib/python3.12/site-packages/oslo_config/cfg.py:3253}}
Jul 03 15:52:47.257435 np0000004439 devstack@g-api.service[99640]: DEBUG glance.common.config [None req-7205a35b-e1fd-48a0-9695-3c824d5f3175 None None] oslo_middleware.http_basic_auth_user_file = /etc/htpasswd {{(pid=99640) log_opt_values /opt/stack/data/venv/lib/python3.12/site-packages/oslo_config/cfg.py:3253}}
Jul 03 15:52:47.257526 np0000004439 devstack@g-api.service[99640]: DEBUG glance.common.config [None req-7205a35b-e1fd-48a0-9695-3c824d5f3175 None None] paste_deploy.config_file = None {{(pid=99640) log_opt_values /opt/stack/data/venv/lib/python3.12/site-packages/oslo_config/cfg.py:3253}}
Jul 03 15:52:47.257619 np0000004439 devstack@g-api.service[99640]: DEBUG glance.common.config [None req-7205a35b-e1fd-48a0-9695-3c824d5f3175 None None] paste_deploy.flavor = keystone+cachemanagement {{(pid=99640) log_opt_values /opt/stack/data/venv/lib/python3.12/site-packages/oslo_config/cfg.py:3253}}
Jul 03 15:52:47.257760 np0000004439 devstack@g-api.service[99640]: DEBUG glance.common.config [None req-7205a35b-e1fd-48a0-9695-3c824d5f3175 None None] image_format.container_formats = ['ami', 'ari', 'aki', 'bare', 'ovf', 'ova', 'docker', 'compressed'] {{(pid=99640) log_opt_values /opt/stack/data/venv/lib/python3.12/site-packages/oslo_config/cfg.py:3253}}
Jul 03 15:52:47.257901 np0000004439 devstack@g-api.service[99640]: DEBUG glance.common.config [None req-7205a35b-e1fd-48a0-9695-3c824d5f3175 None None] image_format.disk_formats = ['ami', 'ari', 'aki', 'vhd', 'vhdx', 'vmdk', 'raw', 'qcow2', 'vdi', 'iso', 'ploop'] {{(pid=99640) log_opt_values /opt/stack/data/venv/lib/python3.12/site-packages/oslo_config/cfg.py:3253}}
Jul 03 15:52:47.258015 np0000004439 devstack@g-api.service[99640]: DEBUG glance.common.config [None req-7205a35b-e1fd-48a0-9695-3c824d5f3175 None None] image_format.gpt_safety_checks_nonfatal = [] {{(pid=99640) log_opt_values /opt/stack/data/venv/lib/python3.12/site-packages/oslo_config/cfg.py:3253}}
Jul 03 15:52:47.258122 np0000004439 devstack@g-api.service[99640]: DEBUG glance.common.config [None req-7205a35b-e1fd-48a0-9695-3c824d5f3175 None None] image_format.require_image_format_match = True {{(pid=99640) log_opt_values /opt/stack/data/venv/lib/python3.12/site-packages/oslo_config/cfg.py:3253}}
Jul 03 15:52:47.258227 np0000004439 devstack@g-api.service[99640]: DEBUG glance.common.config [None req-7205a35b-e1fd-48a0-9695-3c824d5f3175 None None] image_format.vmdk_allowed_types = ['streamOptimized', 'monolithicSparse'] {{(pid=99640) log_opt_values /opt/stack/data/venv/lib/python3.12/site-packages/oslo_config/cfg.py:3253}}
Jul 03 15:52:47.258343 np0000004439 devstack@g-api.service[99640]: DEBUG glance.common.config [None req-7205a35b-e1fd-48a0-9695-3c824d5f3175 None None] task.task_executor = taskflow {{(pid=99640) log_opt_values /opt/stack/data/venv/lib/python3.12/site-packages/oslo_config/cfg.py:3253}}
Jul 03 15:52:47.258490 np0000004439 devstack@g-api.service[99640]: DEBUG glance.common.config [None req-7205a35b-e1fd-48a0-9695-3c824d5f3175 None None] task.task_time_to_live = 48 {{(pid=99640) log_opt_values /opt/stack/data/venv/lib/python3.12/site-packages/oslo_config/cfg.py:3253}}
Jul 03 15:52:47.258607 np0000004439 devstack@g-api.service[99640]: DEBUG glance.common.config [None req-7205a35b-e1fd-48a0-9695-3c824d5f3175 None None] task.work_dir = None {{(pid=99640) log_opt_values /opt/stack/data/venv/lib/python3.12/site-packages/oslo_config/cfg.py:3253}}
Jul 03 15:52:47.258709 np0000004439 devstack@g-api.service[99640]: DEBUG glance.common.config [None req-7205a35b-e1fd-48a0-9695-3c824d5f3175 None None] wsgi.python_interpreter = /opt/stack/data/venv/bin/python3 {{(pid=99640) log_opt_values /opt/stack/data/venv/lib/python3.12/site-packages/oslo_config/cfg.py:3253}}
Jul 03 15:52:47.258797 np0000004439 devstack@g-api.service[99640]: DEBUG glance.common.config [None req-7205a35b-e1fd-48a0-9695-3c824d5f3175 None None] wsgi.task_pool_threads = 16 {{(pid=99640) log_opt_values /opt/stack/data/venv/lib/python3.12/site-packages/oslo_config/cfg.py:3253}}
