Jul 03 15:52:22.358228 np0000004439 nova-scheduler[93382]: DEBUG cotyledon.oslo_config_glue [-] oslo_limit.auth_type = None {{(pid=93382) log_opt_values /opt/stack/data/venv/lib/python3.12/site-packages/oslo_config/cfg.py:3253}}
Jul 03 15:52:22.358228 np0000004439 nova-scheduler[93382]: DEBUG cotyledon.oslo_config_glue [-] oslo_limit.cafile = None {{(pid=93382) log_opt_values /opt/stack/data/venv/lib/python3.12/site-packages/oslo_config/cfg.py:3253}}
Jul 03 15:52:22.358228 np0000004439 nova-scheduler[93382]: DEBUG cotyledon.oslo_config_glue [-] oslo_limit.certfile = None {{(pid=93382) log_opt_values /opt/stack/data/venv/lib/python3.12/site-packages/oslo_config/cfg.py:3253}}
Jul 03 15:52:22.358228 np0000004439 nova-scheduler[93382]: DEBUG cotyledon.oslo_config_glue [-] oslo_limit.collect_timing = False {{(pid=93382) log_opt_values /opt/stack/data/venv/lib/python3.12/site-packages/oslo_config/cfg.py:3253}}
Jul 03 15:52:22.358401 np0000004439 nova-scheduler[93382]: DEBUG cotyledon.oslo_config_glue [-] oslo_limit.connect_retries = None {{(pid=93382) log_opt_values /opt/stack/data/venv/lib/python3.12/site-packages/oslo_config/cfg.py:3253}}
Jul 03 15:52:22.358401 np0000004439 nova-scheduler[93382]: DEBUG cotyledon.oslo_config_glue [-] oslo_limit.connect_retry_delay = None {{(pid=93382) log_opt_values /opt/stack/data/venv/lib/python3.12/site-packages/oslo_config/cfg.py:3253}}
Jul 03 15:52:22.358401 np0000004439 nova-scheduler[93382]: DEBUG cotyledon.oslo_config_glue [-] oslo_limit.endpoint_id = None {{(pid=93382) log_opt_values /opt/stack/data/venv/lib/python3.12/site-packages/oslo_config/cfg.py:3253}}
Jul 03 15:52:22.358401 np0000004439 nova-scheduler[93382]: DEBUG cotyledon.oslo_config_glue [-] oslo_limit.endpoint_interface = public {{(pid=93382) log_opt_values /opt/stack/data/venv/lib/python3.12/site-packages/oslo_config/cfg.py:3253}}
Jul 03 15:52:22.358401 np0000004439 nova-scheduler[93382]: DEBUG cotyledon.oslo_config_glue [-] oslo_limit.endpoint_override = None {{(pid=93382) log_opt_values /opt/stack/data/venv/lib/python3.12/site-packages/oslo_config/cfg.py:3253}}
Jul 03 15:52:22.358401 np0000004439 nova-scheduler[93382]: DEBUG cotyledon.oslo_config_glue [-] oslo_limit.endpoint_region_name = None {{(pid=93382) log_opt_values /opt/stack/data/venv/lib/python3.12/site-packages/oslo_config/cfg.py:3253}}
Jul 03 15:52:22.358401 np0000004439 nova-scheduler[93382]: DEBUG cotyledon.oslo_config_glue [-] oslo_limit.endpoint_service_name = None {{(pid=93382) log_opt_values /opt/stack/data/venv/lib/python3.12/site-packages/oslo_config/cfg.py:3253}}
Jul 03 15:52:22.358401 np0000004439 nova-scheduler[93382]: DEBUG cotyledon.oslo_config_glue [-] oslo_limit.endpoint_service_type = None {{(pid=93382) log_opt_values /opt/stack/data/venv/lib/python3.12/site-packages/oslo_config/cfg.py:3253}}
Jul 03 15:52:22.358401 np0000004439 nova-scheduler[93382]: DEBUG cotyledon.oslo_config_glue [-] oslo_limit.insecure = False {{(pid=93382) log_opt_values /opt/stack/data/venv/lib/python3.12/site-packages/oslo_config/cfg.py:3253}}
Jul 03 15:52:22.358601 np0000004439 nova-scheduler[93382]: DEBUG cotyledon.oslo_config_glue [-] oslo_limit.keyfile = None {{(pid=93382) log_opt_values /opt/stack/data/venv/lib/python3.12/site-packages/oslo_config/cfg.py:3253}}
Jul 03 15:52:22.358601 np0000004439 nova-scheduler[93382]: DEBUG cotyledon.oslo_config_glue [-] oslo_limit.max_version = None {{(pid=93382) log_opt_values /opt/stack/data/venv/lib/python3.12/site-packages/oslo_config/cfg.py:3253}}
Jul 03 15:52:22.358601 np0000004439 nova-scheduler[93382]: DEBUG cotyledon.oslo_config_glue [-] oslo_limit.min_version = None {{(pid=93382) log_opt_values /opt/stack/data/venv/lib/python3.12/site-packages/oslo_config/cfg.py:3253}}
Jul 03 15:52:22.358601 np0000004439 nova-scheduler[93382]: DEBUG cotyledon.oslo_config_glue [-] oslo_limit.region_name = None {{(pid=93382) log_opt_values /opt/stack/data/venv/lib/python3.12/site-packages/oslo_config/cfg.py:3253}}
Jul 03 15:52:22.358601 np0000004439 nova-scheduler[93382]: DEBUG cotyledon.oslo_config_glue [-] oslo_limit.retriable_status_codes = None {{(pid=93382) log_opt_values /opt/stack/data/venv/lib/python3.12/site-packages/oslo_config/cfg.py:3253}}
Jul 03 15:52:22.358601 np0000004439 nova-scheduler[93382]: DEBUG cotyledon.oslo_config_glue [-] oslo_limit.service_name = None {{(pid=93382) log_opt_values /opt/stack/data/venv/lib/python3.12/site-packages/oslo_config/cfg.py:3253}}
Jul 03 15:52:22.358601 np0000004439 nova-scheduler[93382]: DEBUG cotyledon.oslo_config_glue [-] oslo_limit.service_type = None {{(pid=93382) log_opt_values /opt/stack/data/venv/lib/python3.12/site-packages/oslo_config/cfg.py:3253}}
Jul 03 15:52:22.358601 np0000004439 nova-scheduler[93382]: DEBUG cotyledon.oslo_config_glue [-] oslo_limit.split_loggers = False {{(pid=93382) log_opt_values /opt/stack/data/venv/lib/python3.12/site-packages/oslo_config/cfg.py:3253}}
Jul 03 15:52:22.358601 np0000004439 nova-scheduler[93382]: DEBUG cotyledon.oslo_config_glue [-] oslo_limit.status_code_retries = None {{(pid=93382) log_opt_values /opt/stack/data/venv/lib/python3.12/site-packages/oslo_config/cfg.py:3253}}
Jul 03 15:52:22.358767 np0000004439 nova-scheduler[93382]: DEBUG cotyledon.oslo_config_glue [-] oslo_limit.status_code_retry_delay = None {{(pid=93382) log_opt_values /opt/stack/data/venv/lib/python3.12/site-packages/oslo_config/cfg.py:3253}}
Jul 03 15:52:22.358767 np0000004439 nova-scheduler[93382]: DEBUG cotyledon.oslo_config_glue [-] oslo_limit.timeout = None {{(pid=93382) log_opt_values /opt/stack/data/venv/lib/python3.12/site-packages/oslo_config/cfg.py:3253}}
Jul 03 15:52:22.358767 np0000004439 nova-scheduler[93382]: DEBUG cotyledon.oslo_config_glue [-] oslo_limit.valid_interfaces = None {{(pid=93382) log_opt_values /opt/stack/data/venv/lib/python3.12/site-packages/oslo_config/cfg.py:3253}}
Jul 03 15:52:22.358767 np0000004439 nova-scheduler[93382]: DEBUG cotyledon.oslo_config_glue [-] oslo_limit.version = None {{(pid=93382) log_opt_values /opt/stack/data/venv/lib/python3.12/site-packages/oslo_config/cfg.py:3253}}
Jul 03 15:52:22.358767 np0000004439 nova-scheduler[93382]: DEBUG cotyledon.oslo_config_glue [-] oslo_reports.file_event_handler = None {{(pid=93382) log_opt_values /opt/stack/data/venv/lib/python3.12/site-packages/oslo_config/cfg.py:3253}}
Jul 03 15:52:22.358767 np0000004439 nova-scheduler[93382]: DEBUG cotyledon.oslo_config_glue [-] oslo_reports.file_event_handler_interval = 1 {{(pid=93382) log_opt_values /opt/stack/data/venv/lib/python3.12/site-packages/oslo_config/cfg.py:3253}}
Jul 03 15:52:22.358767 np0000004439 nova-scheduler[93382]: DEBUG cotyledon.oslo_config_glue [-] oslo_reports.log_dir = None {{(pid=93382) log_opt_values /opt/stack/data/venv/lib/python3.12/site-packages/oslo_config/cfg.py:3253}}
Jul 03 15:52:22.358767 np0000004439 nova-scheduler[93382]: DEBUG cotyledon.oslo_config_glue [-] ******************************************************************************** {{(pid=93382) log_opt_values /opt/stack/data/venv/lib/python3.12/site-packages/oslo_config/cfg.py:3260}}
Jul 03 15:52:22.358767 np0000004439 nova-scheduler[93382]: DEBUG cotyledon._service_worker [-] Run service ServiceWrapper(2) [93382] {{(pid=93382) wait_forever /opt/stack/data/venv/lib/python3.12/site-packages/cotyledon/_service_worker.py:218}}
Jul 03 15:52:22.358926 np0000004439 nova-scheduler[93382]: INFO nova.service [-] Starting scheduler node (version 33.1.0)
Jul 03 15:52:22.358926 np0000004439 nova-scheduler[93382]: INFO dbcounter [None req-fce138e3-5766-4a7a-84d3-833096974087 None None] Registered counter for database nova_cell0
Jul 03 15:52:22.358963 np0000004439 nova-scheduler[93375]: DEBUG oslo_db.sqlalchemy.engines [None req-8583d9c5-4413-4773-8742-bdf0c6b9a07a None None] MySQL server mode set to STRICT_TRANS_TABLES,STRICT_ALL_TABLES,NO_ZERO_IN_DATE,NO_ZERO_DATE,ERROR_FOR_DIVISION_BY_ZERO,TRADITIONAL,NO_ENGINE_SUBSTITUTION {{(pid=93375) _check_effective_sql_mode /opt/stack/data/venv/lib/python3.12/site-packages/oslo_db/sqlalchemy/engines.py:325}}
Jul 03 15:52:22.364376 np0000004439 nova-scheduler[93377]: DEBUG oslo_db.sqlalchemy.engines [None req-723fed06-6959-4a51-a285-9e446e2389d4 None None] MySQL server mode set to STRICT_TRANS_TABLES,STRICT_ALL_TABLES,NO_ZERO_IN_DATE,NO_ZERO_DATE,ERROR_FOR_DIVISION_BY_ZERO,TRADITIONAL,NO_ENGINE_SUBSTITUTION {{(pid=93377) _check_effective_sql_mode /opt/stack/data/venv/lib/python3.12/site-packages/oslo_db/sqlalchemy/engines.py:325}}
Jul 03 15:52:22.370410 np0000004439 nova-scheduler[93375]: DEBUG dbcounter [-] [93375] Writer thread running {{(pid=93375) stat_writer /opt/stack/data/venv/lib/python3.12/site-packages/dbcounter.py:102}}
Jul 03 15:52:22.374622 np0000004439 nova-scheduler[93377]: DEBUG dbcounter [-] [93377] Writer thread running {{(pid=93377) stat_writer /opt/stack/data/venv/lib/python3.12/site-packages/dbcounter.py:102}}
Jul 03 15:52:22.389385 np0000004439 nova-scheduler[93382]: DEBUG oslo_db.sqlalchemy.engines [None req-fce138e3-5766-4a7a-84d3-833096974087 None None] MySQL server mode set to STRICT_TRANS_TABLES,STRICT_ALL_TABLES,NO_ZERO_IN_DATE,NO_ZERO_DATE,ERROR_FOR_DIVISION_BY_ZERO,TRADITIONAL,NO_ENGINE_SUBSTITUTION {{(pid=93382) _check_effective_sql_mode /opt/stack/data/venv/lib/python3.12/site-packages/oslo_db/sqlalchemy/engines.py:325}}
Jul 03 15:52:22.391237 np0000004439 nova-scheduler[93377]: DEBUG nova.service [None req-723fed06-6959-4a51-a285-9e446e2389d4 None None] Creating RPC server for service: nova-scheduler on topic: scheduler {{(pid=93377) start /opt/stack/nova/nova/service.py:196}}
Jul 03 15:52:22.395601 np0000004439 nova-scheduler[93375]: DEBUG nova.service [None req-8583d9c5-4413-4773-8742-bdf0c6b9a07a None None] Creating RPC server for service: nova-scheduler on topic: scheduler {{(pid=93375) start /opt/stack/nova/nova/service.py:196}}
Jul 03 15:52:22.401368 np0000004439 nova-scheduler[93382]: DEBUG dbcounter [-] [93382] Writer thread running {{(pid=93382) stat_writer /opt/stack/data/venv/lib/python3.12/site-packages/dbcounter.py:102}}
Jul 03 15:52:22.405366 np0000004439 nova-scheduler[93382]: DEBUG nova.service [None req-fce138e3-5766-4a7a-84d3-833096974087 None None] Creating RPC server for service: nova-scheduler on topic: scheduler {{(pid=93382) start /opt/stack/nova/nova/service.py:196}}
Jul 03 15:52:22.418129 np0000004439 nova-scheduler[93375]: DEBUG nova.service [None req-8583d9c5-4413-4773-8742-bdf0c6b9a07a None None] Join ServiceGroup membership for this service scheduler {{(pid=93375) start /opt/stack/nova/nova/service.py:222}}
Jul 03 15:52:22.418463 np0000004439 nova-scheduler[93375]: DEBUG nova.servicegroup.drivers.db [None req-8583d9c5-4413-4773-8742-bdf0c6b9a07a None None] DB_Driver: join new ServiceGroup member np0000004439 to the scheduler group, service = {{(pid=93375) join /opt/stack/nova/nova/servicegroup/drivers/db.py:44}}
Jul 03 15:52:22.423811 np0000004439 nova-scheduler[93377]: DEBUG nova.service [None req-723fed06-6959-4a51-a285-9e446e2389d4 None None] Join ServiceGroup membership for this service scheduler {{(pid=93377) start /opt/stack/nova/nova/service.py:222}}
Jul 03 15:52:22.423995 np0000004439 nova-scheduler[93377]: DEBUG nova.servicegroup.drivers.db [None req-723fed06-6959-4a51-a285-9e446e2389d4 None None] DB_Driver: join new ServiceGroup member np0000004439 to the scheduler group, service = {{(pid=93377) join /opt/stack/nova/nova/servicegroup/drivers/db.py:44}}
Jul 03 15:52:22.426513 np0000004439 nova-scheduler[93382]: DEBUG nova.service [None req-fce138e3-5766-4a7a-84d3-833096974087 None None] Join ServiceGroup membership for this service scheduler {{(pid=93382) start /opt/stack/nova/nova/service.py:222}}
Jul 03 15:52:22.426702 np0000004439 nova-scheduler[93382]: DEBUG nova.servicegroup.drivers.db [None req-fce138e3-5766-4a7a-84d3-833096974087 None None] DB_Driver: join new ServiceGroup member np0000004439 to the scheduler group, service = {{(pid=93382) join /opt/stack/nova/nova/servicegroup/drivers/db.py:44}}
Jul 03 15:52:27.432314 np0000004439 nova-scheduler[93375]: DEBUG oslo.service.backend._threading.loopingcall [-] Fixed interval looping call 'nova.servicegroup.drivers.db.DbDriver._report_state' sleeping for 119.99 seconds {{(pid=93375) _run_loop /opt/stack/data/venv/lib/python3.12/site-packages/oslo_service/backend/_threading/loopingcall.py:125}}
Jul 03 15:52:27.435380 np0000004439 nova-scheduler[93377]: DEBUG oslo.service.backend._threading.loopingcall [-] Fixed interval looping call 'nova.servicegroup.drivers.db.DbDriver._report_state' sleeping for 119.99 seconds {{(pid=93377) _run_loop /opt/stack/data/venv/lib/python3.12/site-packages/oslo_service/backend/_threading/loopingcall.py:125}}
Jul 03 15:52:27.439197 np0000004439 nova-scheduler[93382]: DEBUG oslo.service.backend._threading.loopingcall [-] Fixed interval looping call 'nova.servicegroup.drivers.db.DbDriver._report_state' sleeping for 119.99 seconds {{(pid=93382) _run_loop /opt/stack/data/venv/lib/python3.12/site-packages/oslo_service/backend/_threading/loopingcall.py:125}}
Jul 03 15:52:30.911739 np0000004439 nova-scheduler[92182]: DEBUG dbcounter [-] [92182] Writing DB stats nova_api:SELECT=3 {{(pid=92182) stat_writer /opt/stack/data/venv/lib/python3.12/site-packages/dbcounter.py:115}}
Jul 03 15:52:31.069870 np0000004439 nova-scheduler[92182]: DEBUG dbcounter [-] [92182] Writing DB stats nova_cell0:SELECT=1 {{(pid=92182) stat_writer /opt/stack/data/venv/lib/python3.12/site-packages/dbcounter.py:115}}
Jul 03 15:52:31.075754 np0000004439 nova-scheduler[92182]: DEBUG dbcounter [-] [92182] Writing DB stats nova_cell1:SELECT=1 {{(pid=92182) stat_writer /opt/stack/data/venv/lib/python3.12/site-packages/dbcounter.py:115}}
Jul 03 15:52:37.428172 np0000004439 nova-scheduler[93375]: DEBUG dbcounter [-] [93375] Writing DB stats nova_cell0:SELECT=5,nova_cell0:INSERT=1,nova_cell0:UPDATE=1 {{(pid=93375) stat_writer /opt/stack/data/venv/lib/python3.12/site-packages/dbcounter.py:115}}
Jul 03 15:52:37.434065 np0000004439 nova-scheduler[93377]: DEBUG dbcounter [-] [93377] Writing DB stats nova_cell0:SELECT=4,nova_cell0:INSERT=1,nova_cell0:UPDATE=1 {{(pid=93377) stat_writer /opt/stack/data/venv/lib/python3.12/site-packages/dbcounter.py:115}}
Jul 03 15:52:37.436089 np0000004439 nova-scheduler[93382]: DEBUG dbcounter [-] [93382] Writing DB stats nova_cell0:SELECT=3 {{(pid=93382) stat_writer /opt/stack/data/venv/lib/python3.12/site-packages/dbcounter.py:115}}
Jul 03 15:52:59.429172 np0000004439 nova-scheduler[93382]: DEBUG oslo.service.backend._threading.loopingcall [None req-26b40dde-31ce-4b1e-98a0-fb4d42f177d3 None None] Dynamic interval looping call 'nova.service.Service.periodic_tasks' sleeping for 60.00 seconds {{(pid=93382) _run_loop /opt/stack/data/venv/lib/python3.12/site-packages/oslo_service/backend/_threading/loopingcall.py:125}}
Jul 03 15:53:10.420646 np0000004439 nova-scheduler[93375]: DEBUG oslo.service.backend._threading.loopingcall [None req-c8d41216-7973-4977-aadb-bc3acd54aa0a None None] Dynamic interval looping call 'nova.service.Service.periodic_tasks' sleeping for 60.00 seconds {{(pid=93375) _run_loop /opt/stack/data/venv/lib/python3.12/site-packages/oslo_service/backend/_threading/loopingcall.py:125}}
Jul 03 15:53:12.426172 np0000004439 nova-scheduler[93377]: DEBUG oslo.service.backend._threading.loopingcall [None req-594c2d0f-5603-45b6-b540-83126139be4e None None] Dynamic interval looping call 'nova.service.Service.periodic_tasks' sleeping for 60.00 seconds {{(pid=93377) _run_loop /opt/stack/data/venv/lib/python3.12/site-packages/oslo_service/backend/_threading/loopingcall.py:125}}
Jul 03 15:53:59.429755 np0000004439 nova-scheduler[93382]: DEBUG oslo.service.backend._threading.loopingcall [None req-26b40dde-31ce-4b1e-98a0-fb4d42f177d3 None None] Dynamic interval looping call 'nova.service.Service.periodic_tasks' sleeping for 60.00 seconds {{(pid=93382) _run_loop /opt/stack/data/venv/lib/python3.12/site-packages/oslo_service/backend/_threading/loopingcall.py:125}}
Jul 03 15:54:10.421222 np0000004439 nova-scheduler[93375]: DEBUG oslo.service.backend._threading.loopingcall [None req-c8d41216-7973-4977-aadb-bc3acd54aa0a None None] Dynamic interval looping call 'nova.service.Service.periodic_tasks' sleeping for 60.00 seconds {{(pid=93375) _run_loop /opt/stack/data/venv/lib/python3.12/site-packages/oslo_service/backend/_threading/loopingcall.py:125}}
Jul 03 15:54:12.426674 np0000004439 nova-scheduler[93377]: DEBUG oslo.service.backend._threading.loopingcall [None req-594c2d0f-5603-45b6-b540-83126139be4e None None] Dynamic interval looping call 'nova.service.Service.periodic_tasks' sleeping for 60.00 seconds {{(pid=93377) _run_loop /opt/stack/data/venv/lib/python3.12/site-packages/oslo_service/backend/_threading/loopingcall.py:125}}
Jul 03 15:54:27.432657 np0000004439 nova-scheduler[93375]: DEBUG oslo.service.backend._threading.loopingcall [-] Fixed interval looping call 'nova.servicegroup.drivers.db.DbDriver._report_state' sleeping for 119.99 seconds {{(pid=93375) _run_loop /opt/stack/data/venv/lib/python3.12/site-packages/oslo_service/backend/_threading/loopingcall.py:125}}
Jul 03 15:54:27.433200 np0000004439 nova-scheduler[93377]: DEBUG oslo.service.backend._threading.loopingcall [-] Fixed interval looping call 'nova.servicegroup.drivers.db.DbDriver._report_state' sleeping for 119.99 seconds {{(pid=93377) _run_loop /opt/stack/data/venv/lib/python3.12/site-packages/oslo_service/backend/_threading/loopingcall.py:125}}
Jul 03 15:54:27.435367 np0000004439 nova-scheduler[93382]: DEBUG oslo.service.backend._threading.loopingcall [-] Fixed interval looping call 'nova.servicegroup.drivers.db.DbDriver._report_state' sleeping for 119.99 seconds {{(pid=93382) _run_loop /opt/stack/data/venv/lib/python3.12/site-packages/oslo_service/backend/_threading/loopingcall.py:125}}
Jul 03 15:54:37.426367 np0000004439 nova-scheduler[93375]: DEBUG dbcounter [-] [93375] Writing DB stats nova_cell0:SELECT=1,nova_cell0:UPDATE=1 {{(pid=93375) stat_writer /opt/stack/data/venv/lib/python3.12/site-packages/dbcounter.py:115}}
Jul 03 15:54:37.428738 np0000004439 nova-scheduler[93377]: DEBUG dbcounter [-] [93377] Writing DB stats nova_cell0:SELECT=1,nova_cell0:UPDATE=1 {{(pid=93377) stat_writer /opt/stack/data/venv/lib/python3.12/site-packages/dbcounter.py:115}}
Jul 03 15:54:37.434574 np0000004439 nova-scheduler[93382]: DEBUG dbcounter [-] [93382] Writing DB stats nova_cell0:SELECT=1,nova_cell0:UPDATE=1 {{(pid=93382) stat_writer /opt/stack/data/venv/lib/python3.12/site-packages/dbcounter.py:115}}
Jul 03 15:54:57.252294 np0000004439 nova-scheduler[93375]: DEBUG nova.scheduler.manager [None req-67356926-a66c-4b9b-9004-4952e3bbeecd tempest-DeleteServersTestJSON-492211083 tempest-DeleteServersTestJSON-492211083-project-member] Starting to schedule for instances: ['5ac2b148-d2dc-440f-8679-bbd4fbb84b49'] {{(pid=93375) select_destinations /opt/stack/nova/nova/scheduler/manager.py:209}}
Jul 03 15:54:57.252845 np0000004439 nova-scheduler[93375]: DEBUG nova.scheduler.request_filter [None req-67356926-a66c-4b9b-9004-4952e3bbeecd tempest-DeleteServersTestJSON-492211083 tempest-DeleteServersTestJSON-492211083-project-member] compute_status_filter request filter added forbidden trait COMPUTE_STATUS_DISABLED {{(pid=93375) compute_status_filter /opt/stack/nova/nova/scheduler/request_filter.py:253}}
Jul 03 15:54:57.252951 np0000004439 nova-scheduler[93375]: DEBUG nova.scheduler.request_filter [None req-67356926-a66c-4b9b-9004-4952e3bbeecd tempest-DeleteServersTestJSON-492211083 tempest-DeleteServersTestJSON-492211083-project-member] Request filter 'compute_status_filter' took 0.0 seconds {{(pid=93375) wrapper /opt/stack/nova/nova/scheduler/request_filter.py:46}}
Jul 03 15:54:57.253676 np0000004439 nova-scheduler[93375]: DEBUG nova.scheduler.request_filter [None req-67356926-a66c-4b9b-9004-4952e3bbeecd tempest-DeleteServersTestJSON-492211083 tempest-DeleteServersTestJSON-492211083-project-member] Request filter 'accelerators_filter' took 0.0 seconds {{(pid=93375) wrapper /opt/stack/nova/nova/scheduler/request_filter.py:46}}
Jul 03 15:54:57.253899 np0000004439 nova-scheduler[93375]: DEBUG nova.scheduler.request_filter [None req-67356926-a66c-4b9b-9004-4952e3bbeecd tempest-DeleteServersTestJSON-492211083 tempest-DeleteServersTestJSON-492211083-project-member] Request filter 'packed_virtqueue_filter' took 0.0 seconds {{(pid=93375) wrapper /opt/stack/nova/nova/scheduler/request_filter.py:46}}
Jul 03 15:54:57.254219 np0000004439 nova-scheduler[93375]: DEBUG nova.scheduler.request_filter [None req-67356926-a66c-4b9b-9004-4952e3bbeecd tempest-DeleteServersTestJSON-492211083 tempest-DeleteServersTestJSON-492211083-project-member] Request filter 'remote_managed_ports_filter' took 0.0 seconds {{(pid=93375) wrapper /opt/stack/nova/nova/scheduler/request_filter.py:46}}
Jul 03 15:54:57.254401 np0000004439 nova-scheduler[93375]: DEBUG nova.scheduler.request_filter [None req-67356926-a66c-4b9b-9004-4952e3bbeecd tempest-DeleteServersTestJSON-492211083 tempest-DeleteServersTestJSON-492211083-project-member] ephemeral_encryption_filter skipped {{(pid=93375) ephemeral_encryption_filter /opt/stack/nova/nova/scheduler/request_filter.py:426}}
Jul 03 15:54:57.254604 np0000004439 nova-scheduler[93375]: DEBUG nova.scheduler.request_filter [None req-67356926-a66c-4b9b-9004-4952e3bbeecd tempest-DeleteServersTestJSON-492211083 tempest-DeleteServersTestJSON-492211083-project-member] virtio_sound_filter skipped {{(pid=93375) virtio_sound_filter /opt/stack/nova/nova/scheduler/request_filter.py:460}}
Jul 03 15:54:57.255894 np0000004439 nova-scheduler[93375]: DEBUG nova.scheduler.request_filter [None req-67356926-a66c-4b9b-9004-4952e3bbeecd tempest-DeleteServersTestJSON-492211083 tempest-DeleteServersTestJSON-492211083-project-member] tpm_secret_security_filter skipped {{(pid=93375) tpm_secret_security_filter /opt/stack/nova/nova/scheduler/request_filter.py:477}}
Jul 03 15:54:57.813561 np0000004439 nova-scheduler[93375]: INFO nova.utils [None req-67356926-a66c-4b9b-9004-4952e3bbeecd tempest-DeleteServersTestJSON-492211083 tempest-DeleteServersTestJSON-492211083-project-member] The cell worker thread pool ForkProcess-1.cell_worker is initialized
Jul 03 15:54:57.814621 np0000004439 nova-scheduler[93375]: DEBUG oslo_concurrency.lockutils [None req-67356926-a66c-4b9b-9004-4952e3bbeecd tempest-DeleteServersTestJSON-492211083 tempest-DeleteServersTestJSON-492211083-project-member] Acquiring lock "38b39da5-52bf-4a00-b278-9889b88085db" by "nova.context.set_target_cell..get_or_set_cached_cell_and_set_connections" {{(pid=93375) inner /opt/stack/data/venv/lib/python3.12/site-packages/oslo_concurrency/lockutils.py:511}}
Jul 03 15:54:57.815095 np0000004439 nova-scheduler[93375]: DEBUG oslo_concurrency.lockutils [None req-67356926-a66c-4b9b-9004-4952e3bbeecd tempest-DeleteServersTestJSON-492211083 tempest-DeleteServersTestJSON-492211083-project-member] Lock "38b39da5-52bf-4a00-b278-9889b88085db" acquired by "nova.context.set_target_cell..get_or_set_cached_cell_and_set_connections" :: waited 0.001s {{(pid=93375) inner /opt/stack/data/venv/lib/python3.12/site-packages/oslo_concurrency/lockutils.py:524}}
Jul 03 15:54:57.816844 np0000004439 nova-scheduler[93375]: DEBUG oslo_concurrency.lockutils [None req-67356926-a66c-4b9b-9004-4952e3bbeecd tempest-DeleteServersTestJSON-492211083 tempest-DeleteServersTestJSON-492211083-project-member] Lock "38b39da5-52bf-4a00-b278-9889b88085db" "released" by "nova.context.set_target_cell..get_or_set_cached_cell_and_set_connections" :: held 0.002s {{(pid=93375) inner /opt/stack/data/venv/lib/python3.12/site-packages/oslo_concurrency/lockutils.py:543}}
Jul 03 15:54:57.819571 np0000004439 nova-scheduler[93375]: INFO dbcounter [None req-67356926-a66c-4b9b-9004-4952e3bbeecd tempest-DeleteServersTestJSON-492211083 tempest-DeleteServersTestJSON-492211083-project-member] Registered counter for database nova_cell1
Jul 03 15:54:57.856342 np0000004439 nova-scheduler[93375]: DEBUG oslo_db.sqlalchemy.engines [None req-67356926-a66c-4b9b-9004-4952e3bbeecd tempest-DeleteServersTestJSON-492211083 tempest-DeleteServersTestJSON-492211083-project-member] MySQL server mode set to STRICT_TRANS_TABLES,STRICT_ALL_TABLES,NO_ZERO_IN_DATE,NO_ZERO_DATE,ERROR_FOR_DIVISION_BY_ZERO,TRADITIONAL,NO_ENGINE_SUBSTITUTION {{(pid=93375) _check_effective_sql_mode /opt/stack/data/venv/lib/python3.12/site-packages/oslo_db/sqlalchemy/engines.py:325}}
Jul 03 15:54:57.862715 np0000004439 nova-scheduler[93375]: DEBUG dbcounter [-] [93375] Writer thread running {{(pid=93375) stat_writer /opt/stack/data/venv/lib/python3.12/site-packages/dbcounter.py:102}}
Jul 03 15:54:57.876146 np0000004439 nova-scheduler[93375]: DEBUG oslo_db.sqlalchemy.engines [None req-67356926-a66c-4b9b-9004-4952e3bbeecd tempest-DeleteServersTestJSON-492211083 tempest-DeleteServersTestJSON-492211083-project-member] Parent process 92182 forked (93375) with an open database connection, which is being discarded and recreated. {{(pid=93375) checkout /opt/stack/data/venv/lib/python3.12/site-packages/oslo_db/sqlalchemy/engines.py:402}}
Jul 03 15:54:57.937282 np0000004439 nova-scheduler[93375]: DEBUG dbcounter [-] [93375] Writer thread running {{(pid=93375) stat_writer /opt/stack/data/venv/lib/python3.12/site-packages/dbcounter.py:102}}
Jul 03 15:54:57.940819 np0000004439 nova-scheduler[93375]: DEBUG oslo_concurrency.lockutils [None req-67356926-a66c-4b9b-9004-4952e3bbeecd tempest-DeleteServersTestJSON-492211083 tempest-DeleteServersTestJSON-492211083-project-member] Acquiring lock "38b39da5-52bf-4a00-b278-9889b88085db" by "nova.context.set_target_cell..get_or_set_cached_cell_and_set_connections" {{(pid=93375) inner /opt/stack/data/venv/lib/python3.12/site-packages/oslo_concurrency/lockutils.py:511}}
Jul 03 15:54:57.941086 np0000004439 nova-scheduler[93375]: DEBUG oslo_concurrency.lockutils [None req-67356926-a66c-4b9b-9004-4952e3bbeecd tempest-DeleteServersTestJSON-492211083 tempest-DeleteServersTestJSON-492211083-project-member] Lock "38b39da5-52bf-4a00-b278-9889b88085db" acquired by "nova.context.set_target_cell..get_or_set_cached_cell_and_set_connections" :: waited 0.000s {{(pid=93375) inner /opt/stack/data/venv/lib/python3.12/site-packages/oslo_concurrency/lockutils.py:524}}
Jul 03 15:54:57.941266 np0000004439 nova-scheduler[93375]: DEBUG oslo_concurrency.lockutils [None req-67356926-a66c-4b9b-9004-4952e3bbeecd tempest-DeleteServersTestJSON-492211083 tempest-DeleteServersTestJSON-492211083-project-member] Lock "38b39da5-52bf-4a00-b278-9889b88085db" "released" by "nova.context.set_target_cell..get_or_set_cached_cell_and_set_connections" :: held 0.000s {{(pid=93375) inner /opt/stack/data/venv/lib/python3.12/site-packages/oslo_concurrency/lockutils.py:543}}
Jul 03 15:54:57.944635 np0000004439 nova-scheduler[93375]: DEBUG oslo_concurrency.lockutils [None req-67356926-a66c-4b9b-9004-4952e3bbeecd tempest-DeleteServersTestJSON-492211083 tempest-DeleteServersTestJSON-492211083-project-member] Acquiring lock "np0000004439-np0000004439" by "nova.scheduler.host_manager.HostState.update.._locked_update" {{(pid=93375) inner /opt/stack/data/venv/lib/python3.12/site-packages/oslo_concurrency/lockutils.py:511}}
Jul 03 15:54:57.944856 np0000004439 nova-scheduler[93375]: DEBUG oslo_concurrency.lockutils [None req-67356926-a66c-4b9b-9004-4952e3bbeecd tempest-DeleteServersTestJSON-492211083 tempest-DeleteServersTestJSON-492211083-project-member] Lock "np0000004439-np0000004439" acquired by "nova.scheduler.host_manager.HostState.update.._locked_update" :: waited 0.000s {{(pid=93375) inner /opt/stack/data/venv/lib/python3.12/site-packages/oslo_concurrency/lockutils.py:524}}
Jul 03 15:54:57.945964 np0000004439 nova-scheduler[93375]: DEBUG nova.scheduler.host_manager [None req-67356926-a66c-4b9b-9004-4952e3bbeecd tempest-DeleteServersTestJSON-492211083 tempest-DeleteServersTestJSON-492211083-project-member] Update host state from compute node: ComputeNode(cpu_allocation_ratio=4.0,cpu_info='{"arch": "x86_64", "model": "EPYC-Milan", "vendor": "AMD", "topology": {"cells": 1, "sockets": 16, "cores": 1, "threads": 1}, "maxphysaddr": {"mode": "emulate", "bits": 40}, "features": ["clflushopt", "msr", "mmx", "pge", "misalignsse", "mmxext", "no-nested-data-bp", "rdctl-no", "xgetbv1", "amd-stibp", "xsaves", "apic", "clflush", "tsc", "vaes", "tsc-scale", "spec-ctrl", "fma", "wbnoinvd", "vgif", "pdpe1gb", "stibp", "v-vmsave-vmload", "pni", "erms", "skip-l1dfl-vmentry", "ibpb", "rdtscp", "pcid", "clwb", "abm", "pku", "sep", "movbe", "nrip-save", "aes", "mtrr", "x2apic", "lbrv", "perfctr_core", "xsavec", "tsc-deadline", "popcnt", "bmi2", "fxsr", "de", "pfthreshold", "amd-ssbd", "vpclmulqdq", "xsaveopt", "smep", "mds-no", "fxsr_opt", "fpu", "amd-psfd", "lfence-always-serializing", "ssse3", "avx2", "topoext", "f16c", "svme-addr-chk", "syscall", "smap", "bmi1", "pae", "invpcid", "arch-capabilities", "cmov", "virt-ssbd", "pse", "sse2", "pschange-mc-no", "avx", "umip", "sse4.2", "lm", "cr8legacy", "arat", "sse", "cx16", "null-sel-clr-base", "cx8", "gds-no", "rdpid", "cmp_legacy", "rdseed", "sha-ni", "osvw", "mca", "npt", "clzero", "ibrs", "3dnowprefetch", "hypervisor", "pse36", "fsrm", "stibp-always-on", "ssbd", "rdrand", "pause-filter", "pat", "vmcb-clean", "fsgsbase", "xsave", "pclmuldq", "lahf_lm", "adx", "xsaveerptr", "nx", "sse4a", "tsc_adjust", "sse4.1", "mce", "svm", "flushbyasid", "vme"]}',created_at=2026-07-03T15:52:50Z,current_workload=0,deleted=False,deleted_at=None,disk_allocation_ratio=1.0,disk_available_least=73,free_disk_gb=95,free_ram_mb=62765,host='np0000004439',host_ip=10.4.3.63,hypervisor_hostname='np0000004439',hypervisor_type='QEMU',hypervisor_version=8002002,id=1,local_gb=95,local_gb_used=0,mapped=1,memory_mb=63277,memory_mb_used=512,metrics='[]',numa_topology='{"nova_object.name": "NUMATopology", "nova_object.namespace": "nova", "nova_object.version": "1.2", "nova_object.data": {"cells": [{"nova_object.name": "NUMACell", "nova_object.namespace": "nova", "nova_object.version": "1.5", "nova_object.data": {"id": 0, "cpuset": [0, 1, 2, 3, 4, 5, 6, 7, 8, 9, 10, 11, 12, 13, 14, 15], "pcpuset": [0, 1, 2, 3, 4, 5, 6, 7, 8, 9, 10, 11, 12, 13, 14, 15], "memory": 63277, "cpu_usage": 0, "memory_usage": 0, "pinned_cpus": [], "siblings": [[6], [12], [2], [15], [5], [11], [8], [14], [4], [1], [7], [10], [0], [13], [3], [9]], "mempages": [{"nova_object.name": "NUMAPagesTopology", "nova_object.namespace": "nova", "nova_object.version": "1.1", "nova_object.data": {"size_kb": 4, "total": 16177928, "used": 0, "reserved": 0}, "nova_object.changes": ["reserved", "total", "size_kb", "used"]}, {"nova_object.name": "NUMAPagesTopology", "nova_object.namespace": "nova", "nova_object.version": "1.1", "nova_object.data": {"size_kb": 2048, "total": 41, "used": 0, "reserved": 0}, "nova_object.changes": ["reserved", "total", "size_kb", "used"]}, {"nova_object.name": "NUMAPagesTopology", "nova_object.namespace": "nova", "nova_object.version": "1.1", "nova_object.data": {"size_kb": 1048576, "total": 0, "used": 0, "reserved": 0}, "nova_object.changes": ["reserved", "total", "size_kb", "used"]}], "network_metadata": {"nova_object.name": "NetworkMetadata", "nova_object.namespace": "nova", "nova_object.version": "1.0", "nova_object.data": {"physnets": [], "tunneled": false}, "nova_object.changes": ["tunneled", "physnets"]}, "socket": null}, "nova_object.changes": ["mempages", "cpuset", "id", "cpu_usage", "pcpuset", "memory_usage", "pinned_cpus", "siblings", "network_metadata", "socket", "memory"]}]}, "nova_object.changes": ["cells"]}',pci_device_pools=PciDevicePoolList,ram_allocation_ratio=1.0,running_vms=0,service_id=2,stats={failed_builds='0',uptime=' 15:54:33 up 15 min, 2 users, load average: 1.43, 1.65, 0.96
Jul 03 15:54:57.945964 np0000004439 nova-scheduler[93375]: '},supported_hv_specs=[HVSpec,HVSpec,HVSpec,HVSpec,HVSpec,HVSpec,HVSpec,HVSpec,HVSpec,HVSpec,HVSpec,HVSpec,HVSpec,HVSpec,HVSpec,HVSpec,HVSpec,HVSpec,HVSpec,HVSpec,HVSpec,HVSpec,HVSpec,HVSpec,HVSpec],updated_at=2026-07-03T15:54:36Z,uuid=93219286-bdf4-41bc-a020-8427b1bfc555,vcpus=16,vcpus_used=0) {{(pid=93375) _locked_update /opt/stack/nova/nova/scheduler/host_manager.py:168}}
Jul 03 15:54:57.946993 np0000004439 nova-scheduler[93375]: DEBUG nova.scheduler.host_manager [None req-67356926-a66c-4b9b-9004-4952e3bbeecd tempest-DeleteServersTestJSON-492211083 tempest-DeleteServersTestJSON-492211083-project-member] Update host state with aggregates: [] {{(pid=93375) _locked_update /opt/stack/nova/nova/scheduler/host_manager.py:171}}
Jul 03 15:54:57.947286 np0000004439 nova-scheduler[93375]: DEBUG nova.scheduler.host_manager [None req-67356926-a66c-4b9b-9004-4952e3bbeecd tempest-DeleteServersTestJSON-492211083 tempest-DeleteServersTestJSON-492211083-project-member] Update host state with service dict: {'id': 2, 'uuid': '2e4469ef-8cde-4df3-98af-6b46f74025ee', 'host': 'np0000004439', 'binary': 'nova-compute', 'topic': 'compute', 'report_count': 1, 'disabled': False, 'disabled_reason': None, 'last_seen_up': datetime.datetime(2026, 7, 3, 15, 52, 59, tzinfo=datetime.timezone.utc), 'forced_down': False, 'version': 72, 'created_at': datetime.datetime(2026, 7, 3, 15, 52, 48, tzinfo=datetime.timezone.utc), 'updated_at': datetime.datetime(2026, 7, 3, 15, 52, 59, tzinfo=datetime.timezone.utc), 'deleted_at': None, 'deleted': False} {{(pid=93375) _locked_update /opt/stack/nova/nova/scheduler/host_manager.py:174}}
Jul 03 15:54:57.947564 np0000004439 nova-scheduler[93375]: DEBUG nova.scheduler.host_manager [None req-67356926-a66c-4b9b-9004-4952e3bbeecd tempest-DeleteServersTestJSON-492211083 tempest-DeleteServersTestJSON-492211083-project-member] Update host state with instances: [] {{(pid=93375) _locked_update /opt/stack/nova/nova/scheduler/host_manager.py:177}}
Jul 03 15:54:57.948045 np0000004439 nova-scheduler[93375]: DEBUG oslo_concurrency.lockutils [None req-67356926-a66c-4b9b-9004-4952e3bbeecd tempest-DeleteServersTestJSON-492211083 tempest-DeleteServersTestJSON-492211083-project-member] Lock "np0000004439-np0000004439" "released" by "nova.scheduler.host_manager.HostState.update.._locked_update" :: held 0.003s {{(pid=93375) inner /opt/stack/data/venv/lib/python3.12/site-packages/oslo_concurrency/lockutils.py:543}}
Jul 03 15:54:57.948631 np0000004439 nova-scheduler[93375]: DEBUG nova.filters [None req-67356926-a66c-4b9b-9004-4952e3bbeecd tempest-DeleteServersTestJSON-492211083 tempest-DeleteServersTestJSON-492211083-project-member] Starting with 1 host(s) {{(pid=93375) get_filtered_objects /opt/stack/nova/nova/filters.py:70}}
Jul 03 15:54:57.948917 np0000004439 nova-scheduler[93375]: DEBUG nova.filters [None req-67356926-a66c-4b9b-9004-4952e3bbeecd tempest-DeleteServersTestJSON-492211083 tempest-DeleteServersTestJSON-492211083-project-member] Filter ComputeFilter returned 1 host(s) {{(pid=93375) get_filtered_objects /opt/stack/nova/nova/filters.py:102}}
Jul 03 15:54:57.949292 np0000004439 nova-scheduler[93375]: DEBUG nova.filters [None req-67356926-a66c-4b9b-9004-4952e3bbeecd tempest-DeleteServersTestJSON-492211083 tempest-DeleteServersTestJSON-492211083-project-member] Filter ComputeCapabilitiesFilter returned 1 host(s) {{(pid=93375) get_filtered_objects /opt/stack/nova/nova/filters.py:102}}
Jul 03 15:54:57.949448 np0000004439 nova-scheduler[93375]: DEBUG nova.filters [None req-67356926-a66c-4b9b-9004-4952e3bbeecd tempest-DeleteServersTestJSON-492211083 tempest-DeleteServersTestJSON-492211083-project-member] Filter ImagePropertiesFilter returned 1 host(s) {{(pid=93375) get_filtered_objects /opt/stack/nova/nova/filters.py:102}}
Jul 03 15:54:57.949671 np0000004439 nova-scheduler[93375]: DEBUG nova.filters [None req-67356926-a66c-4b9b-9004-4952e3bbeecd tempest-DeleteServersTestJSON-492211083 tempest-DeleteServersTestJSON-492211083-project-member] Filter ServerGroupAntiAffinityFilter returned 1 host(s) {{(pid=93375) get_filtered_objects /opt/stack/nova/nova/filters.py:102}}
Jul 03 15:54:57.949862 np0000004439 nova-scheduler[93375]: DEBUG nova.filters [None req-67356926-a66c-4b9b-9004-4952e3bbeecd tempest-DeleteServersTestJSON-492211083 tempest-DeleteServersTestJSON-492211083-project-member] Filter ServerGroupAffinityFilter returned 1 host(s) {{(pid=93375) get_filtered_objects /opt/stack/nova/nova/filters.py:102}}
Jul 03 15:54:57.950081 np0000004439 nova-scheduler[93375]: DEBUG nova.filters [None req-67356926-a66c-4b9b-9004-4952e3bbeecd tempest-DeleteServersTestJSON-492211083 tempest-DeleteServersTestJSON-492211083-project-member] Filter SameHostFilter returned 1 host(s) {{(pid=93375) get_filtered_objects /opt/stack/nova/nova/filters.py:102}}
Jul 03 15:54:57.950285 np0000004439 nova-scheduler[93375]: DEBUG nova.filters [None req-67356926-a66c-4b9b-9004-4952e3bbeecd tempest-DeleteServersTestJSON-492211083 tempest-DeleteServersTestJSON-492211083-project-member] Filter DifferentHostFilter returned 1 host(s) {{(pid=93375) get_filtered_objects /opt/stack/nova/nova/filters.py:102}}
Jul 03 15:54:57.950725 np0000004439 nova-scheduler[93375]: DEBUG nova.scheduler.manager [None req-67356926-a66c-4b9b-9004-4952e3bbeecd tempest-DeleteServersTestJSON-492211083 tempest-DeleteServersTestJSON-492211083-project-member] Filtered [(np0000004439, np0000004439) ram: 62765MB disk: 74752MB io_ops: 0 instances: 0, allocation_candidates: 1] {{(pid=93375) _get_sorted_hosts /opt/stack/nova/nova/scheduler/manager.py:742}}
Jul 03 15:54:57.951041 np0000004439 nova-scheduler[93375]: DEBUG nova.scheduler.manager [None req-67356926-a66c-4b9b-9004-4952e3bbeecd tempest-DeleteServersTestJSON-492211083 tempest-DeleteServersTestJSON-492211083-project-member] Weighed [WeighedHost [host: (np0000004439, np0000004439) ram: 62765MB disk: 74752MB io_ops: 0 instances: 0, allocation_candidates: 1, weight: 0.0]] {{(pid=93375) _get_sorted_hosts /opt/stack/nova/nova/scheduler/manager.py:764}}
Jul 03 15:54:57.951340 np0000004439 nova-scheduler[93375]: DEBUG nova.scheduler.utils [None req-67356926-a66c-4b9b-9004-4952e3bbeecd tempest-DeleteServersTestJSON-492211083 tempest-DeleteServersTestJSON-492211083-project-member] Attempting to claim resources in the placement API for instance 5ac2b148-d2dc-440f-8679-bbd4fbb84b49 {{(pid=93375) claim_resources /opt/stack/nova/nova/scheduler/utils.py:1345}}
Jul 03 15:54:58.143218 np0000004439 nova-scheduler[93375]: DEBUG nova.scheduler.manager [None req-67356926-a66c-4b9b-9004-4952e3bbeecd tempest-DeleteServersTestJSON-492211083 tempest-DeleteServersTestJSON-492211083-project-member] [instance: 5ac2b148-d2dc-440f-8679-bbd4fbb84b49] Selected host: (np0000004439, np0000004439) ram: 62765MB disk: 74752MB io_ops: 0 instances: 0, allocation_candidates: 1 {{(pid=93375) _consume_selected_host /opt/stack/nova/nova/scheduler/manager.py:624}}
Jul 03 15:54:58.143806 np0000004439 nova-scheduler[93375]: DEBUG oslo_concurrency.lockutils [None req-67356926-a66c-4b9b-9004-4952e3bbeecd tempest-DeleteServersTestJSON-492211083 tempest-DeleteServersTestJSON-492211083-project-member] Acquiring lock "np0000004439-np0000004439" by "nova.scheduler.host_manager.HostState.consume_from_request.._locked" {{(pid=93375) inner /opt/stack/data/venv/lib/python3.12/site-packages/oslo_concurrency/lockutils.py:511}}
Jul 03 15:54:58.144795 np0000004439 nova-scheduler[93375]: DEBUG oslo_concurrency.lockutils [None req-67356926-a66c-4b9b-9004-4952e3bbeecd tempest-DeleteServersTestJSON-492211083 tempest-DeleteServersTestJSON-492211083-project-member] Lock "np0000004439-np0000004439" acquired by "nova.scheduler.host_manager.HostState.consume_from_request.._locked" :: waited 0.000s {{(pid=93375) inner /opt/stack/data/venv/lib/python3.12/site-packages/oslo_concurrency/lockutils.py:524}}
Jul 03 15:54:58.144795 np0000004439 nova-scheduler[93375]: DEBUG oslo_concurrency.lockutils [None req-67356926-a66c-4b9b-9004-4952e3bbeecd tempest-DeleteServersTestJSON-492211083 tempest-DeleteServersTestJSON-492211083-project-member] Lock "np0000004439-np0000004439" "released" by "nova.scheduler.host_manager.HostState.consume_from_request.._locked" :: held 0.000s {{(pid=93375) inner /opt/stack/data/venv/lib/python3.12/site-packages/oslo_concurrency/lockutils.py:543}}
Jul 03 15:54:59.430765 np0000004439 nova-scheduler[93382]: DEBUG oslo.service.backend._threading.loopingcall [None req-26b40dde-31ce-4b1e-98a0-fb4d42f177d3 None None] Dynamic interval looping call 'nova.service.Service.periodic_tasks' sleeping for 60.00 seconds {{(pid=93382) _run_loop /opt/stack/data/venv/lib/python3.12/site-packages/oslo_service/backend/_threading/loopingcall.py:125}}
Jul 03 15:55:03.970606 np0000004439 nova-scheduler[93377]: DEBUG nova.scheduler.manager [None req-f23daf97-81b9-49e8-a6dd-814d7eadbba9 tempest-ServerStableDeviceRescueTest-1501549113 tempest-ServerStableDeviceRescueTest-1501549113-project-member] Starting to schedule for instances: ['b7a244c9-ec87-4da6-bf85-bd5a6e453fff'] {{(pid=93377) select_destinations /opt/stack/nova/nova/scheduler/manager.py:209}}
Jul 03 15:55:03.971101 np0000004439 nova-scheduler[93377]: DEBUG nova.scheduler.request_filter [None req-f23daf97-81b9-49e8-a6dd-814d7eadbba9 tempest-ServerStableDeviceRescueTest-1501549113 tempest-ServerStableDeviceRescueTest-1501549113-project-member] compute_status_filter request filter added forbidden trait COMPUTE_STATUS_DISABLED {{(pid=93377) compute_status_filter /opt/stack/nova/nova/scheduler/request_filter.py:253}}
Jul 03 15:55:03.971101 np0000004439 nova-scheduler[93377]: DEBUG nova.scheduler.request_filter [None req-f23daf97-81b9-49e8-a6dd-814d7eadbba9 tempest-ServerStableDeviceRescueTest-1501549113 tempest-ServerStableDeviceRescueTest-1501549113-project-member] Request filter 'compute_status_filter' took 0.0 seconds {{(pid=93377) wrapper /opt/stack/nova/nova/scheduler/request_filter.py:46}}
Jul 03 15:55:03.971383 np0000004439 nova-scheduler[93377]: DEBUG nova.scheduler.request_filter [None req-f23daf97-81b9-49e8-a6dd-814d7eadbba9 tempest-ServerStableDeviceRescueTest-1501549113 tempest-ServerStableDeviceRescueTest-1501549113-project-member] Request filter 'accelerators_filter' took 0.0 seconds {{(pid=93377) wrapper /opt/stack/nova/nova/scheduler/request_filter.py:46}}
Jul 03 15:55:03.971816 np0000004439 nova-scheduler[93377]: DEBUG nova.scheduler.request_filter [None req-f23daf97-81b9-49e8-a6dd-814d7eadbba9 tempest-ServerStableDeviceRescueTest-1501549113 tempest-ServerStableDeviceRescueTest-1501549113-project-member] Request filter 'packed_virtqueue_filter' took 0.0 seconds {{(pid=93377) wrapper /opt/stack/nova/nova/scheduler/request_filter.py:46}}
Jul 03 15:55:03.971925 np0000004439 nova-scheduler[93377]: DEBUG nova.scheduler.request_filter [None req-f23daf97-81b9-49e8-a6dd-814d7eadbba9 tempest-ServerStableDeviceRescueTest-1501549113 tempest-ServerStableDeviceRescueTest-1501549113-project-member] Request filter 'remote_managed_ports_filter' took 0.0 seconds {{(pid=93377) wrapper /opt/stack/nova/nova/scheduler/request_filter.py:46}}
Jul 03 15:55:03.972128 np0000004439 nova-scheduler[93377]: DEBUG nova.scheduler.request_filter [None req-f23daf97-81b9-49e8-a6dd-814d7eadbba9 tempest-ServerStableDeviceRescueTest-1501549113 tempest-ServerStableDeviceRescueTest-1501549113-project-member] ephemeral_encryption_filter skipped {{(pid=93377) ephemeral_encryption_filter /opt/stack/nova/nova/scheduler/request_filter.py:426}}
Jul 03 15:55:03.972316 np0000004439 nova-scheduler[93377]: DEBUG nova.scheduler.request_filter [None req-f23daf97-81b9-49e8-a6dd-814d7eadbba9 tempest-ServerStableDeviceRescueTest-1501549113 tempest-ServerStableDeviceRescueTest-1501549113-project-member] virtio_sound_filter skipped {{(pid=93377) virtio_sound_filter /opt/stack/nova/nova/scheduler/request_filter.py:460}}
Jul 03 15:55:03.972484 np0000004439 nova-scheduler[93377]: DEBUG nova.scheduler.request_filter [None req-f23daf97-81b9-49e8-a6dd-814d7eadbba9 tempest-ServerStableDeviceRescueTest-1501549113 tempest-ServerStableDeviceRescueTest-1501549113-project-member] tpm_secret_security_filter skipped {{(pid=93377) tpm_secret_security_filter /opt/stack/nova/nova/scheduler/request_filter.py:477}}
Jul 03 15:55:04.090388 np0000004439 nova-scheduler[93377]: INFO nova.utils [None req-f23daf97-81b9-49e8-a6dd-814d7eadbba9 tempest-ServerStableDeviceRescueTest-1501549113 tempest-ServerStableDeviceRescueTest-1501549113-project-member] The cell worker thread pool ForkProcess-2.cell_worker is initialized
Jul 03 15:55:04.091027 np0000004439 nova-scheduler[93377]: DEBUG oslo_concurrency.lockutils [None req-f23daf97-81b9-49e8-a6dd-814d7eadbba9 tempest-ServerStableDeviceRescueTest-1501549113 tempest-ServerStableDeviceRescueTest-1501549113-project-member] Acquiring lock "38b39da5-52bf-4a00-b278-9889b88085db" by "nova.context.set_target_cell..get_or_set_cached_cell_and_set_connections" {{(pid=93377) inner /opt/stack/data/venv/lib/python3.12/site-packages/oslo_concurrency/lockutils.py:511}}
Jul 03 15:55:04.091375 np0000004439 nova-scheduler[93377]: DEBUG oslo_concurrency.lockutils [None req-f23daf97-81b9-49e8-a6dd-814d7eadbba9 tempest-ServerStableDeviceRescueTest-1501549113 tempest-ServerStableDeviceRescueTest-1501549113-project-member] Lock "38b39da5-52bf-4a00-b278-9889b88085db" acquired by "nova.context.set_target_cell..get_or_set_cached_cell_and_set_connections" :: waited 0.000s {{(pid=93377) inner /opt/stack/data/venv/lib/python3.12/site-packages/oslo_concurrency/lockutils.py:524}}
Jul 03 15:55:04.093521 np0000004439 nova-scheduler[93377]: DEBUG oslo_concurrency.lockutils [None req-f23daf97-81b9-49e8-a6dd-814d7eadbba9 tempest-ServerStableDeviceRescueTest-1501549113 tempest-ServerStableDeviceRescueTest-1501549113-project-member] Lock "38b39da5-52bf-4a00-b278-9889b88085db" "released" by "nova.context.set_target_cell..get_or_set_cached_cell_and_set_connections" :: held 0.002s {{(pid=93377) inner /opt/stack/data/venv/lib/python3.12/site-packages/oslo_concurrency/lockutils.py:543}}
Jul 03 15:55:04.096438 np0000004439 nova-scheduler[93377]: INFO dbcounter [None req-f23daf97-81b9-49e8-a6dd-814d7eadbba9 tempest-ServerStableDeviceRescueTest-1501549113 tempest-ServerStableDeviceRescueTest-1501549113-project-member] Registered counter for database nova_cell1
Jul 03 15:55:04.141774 np0000004439 nova-scheduler[93377]: DEBUG oslo_db.sqlalchemy.engines [None req-f23daf97-81b9-49e8-a6dd-814d7eadbba9 tempest-ServerStableDeviceRescueTest-1501549113 tempest-ServerStableDeviceRescueTest-1501549113-project-member] MySQL server mode set to STRICT_TRANS_TABLES,STRICT_ALL_TABLES,NO_ZERO_IN_DATE,NO_ZERO_DATE,ERROR_FOR_DIVISION_BY_ZERO,TRADITIONAL,NO_ENGINE_SUBSTITUTION {{(pid=93377) _check_effective_sql_mode /opt/stack/data/venv/lib/python3.12/site-packages/oslo_db/sqlalchemy/engines.py:325}}
Jul 03 15:55:04.146830 np0000004439 nova-scheduler[93377]: DEBUG dbcounter [-] [93377] Writer thread running {{(pid=93377) stat_writer /opt/stack/data/venv/lib/python3.12/site-packages/dbcounter.py:102}}
Jul 03 15:55:04.203022 np0000004439 nova-scheduler[93377]: DEBUG dbcounter [-] [93377] Writer thread running {{(pid=93377) stat_writer /opt/stack/data/venv/lib/python3.12/site-packages/dbcounter.py:102}}
Jul 03 15:55:04.205508 np0000004439 nova-scheduler[93377]: DEBUG oslo_concurrency.lockutils [None req-f23daf97-81b9-49e8-a6dd-814d7eadbba9 tempest-ServerStableDeviceRescueTest-1501549113 tempest-ServerStableDeviceRescueTest-1501549113-project-member] Acquiring lock "38b39da5-52bf-4a00-b278-9889b88085db" by "nova.context.set_target_cell..get_or_set_cached_cell_and_set_connections" {{(pid=93377) inner /opt/stack/data/venv/lib/python3.12/site-packages/oslo_concurrency/lockutils.py:511}}
Jul 03 15:55:04.205615 np0000004439 nova-scheduler[93377]: DEBUG oslo_concurrency.lockutils [None req-f23daf97-81b9-49e8-a6dd-814d7eadbba9 tempest-ServerStableDeviceRescueTest-1501549113 tempest-ServerStableDeviceRescueTest-1501549113-project-member] Lock "38b39da5-52bf-4a00-b278-9889b88085db" acquired by "nova.context.set_target_cell..get_or_set_cached_cell_and_set_connections" :: waited 0.000s {{(pid=93377) inner /opt/stack/data/venv/lib/python3.12/site-packages/oslo_concurrency/lockutils.py:524}}
Jul 03 15:55:04.205661 np0000004439 nova-scheduler[93377]: DEBUG oslo_concurrency.lockutils [None req-f23daf97-81b9-49e8-a6dd-814d7eadbba9 tempest-ServerStableDeviceRescueTest-1501549113 tempest-ServerStableDeviceRescueTest-1501549113-project-member] Lock "38b39da5-52bf-4a00-b278-9889b88085db" "released" by "nova.context.set_target_cell..get_or_set_cached_cell_and_set_connections" :: held 0.000s {{(pid=93377) inner /opt/stack/data/venv/lib/python3.12/site-packages/oslo_concurrency/lockutils.py:543}}
Jul 03 15:55:04.208720 np0000004439 nova-scheduler[93377]: DEBUG oslo_concurrency.lockutils [None req-f23daf97-81b9-49e8-a6dd-814d7eadbba9 tempest-ServerStableDeviceRescueTest-1501549113 tempest-ServerStableDeviceRescueTest-1501549113-project-member] Acquiring lock "np0000004439-np0000004439" by "nova.scheduler.host_manager.HostState.update.._locked_update" {{(pid=93377) inner /opt/stack/data/venv/lib/python3.12/site-packages/oslo_concurrency/lockutils.py:511}}
Jul 03 15:55:04.208822 np0000004439 nova-scheduler[93377]: DEBUG oslo_concurrency.lockutils [None req-f23daf97-81b9-49e8-a6dd-814d7eadbba9 tempest-ServerStableDeviceRescueTest-1501549113 tempest-ServerStableDeviceRescueTest-1501549113-project-member] Lock "np0000004439-np0000004439" acquired by "nova.scheduler.host_manager.HostState.update.._locked_update" :: waited 0.000s {{(pid=93377) inner /opt/stack/data/venv/lib/python3.12/site-packages/oslo_concurrency/lockutils.py:524}}
