Jul 08 17:19:49.615721 np0000004835 nova-scheduler[93433]: DEBUG cotyledon.oslo_config_glue [-] oslo_messaging_rabbit.ssl_version = {{(pid=93433) log_opt_values /opt/stack/data/venv/lib/python3.12/site-packages/oslo_config/cfg.py:3253}}
Jul 08 17:19:49.615721 np0000004835 nova-scheduler[93433]: DEBUG cotyledon.oslo_config_glue [-] oslo_messaging_rabbit.use_queue_manager = False {{(pid=93433) log_opt_values /opt/stack/data/venv/lib/python3.12/site-packages/oslo_config/cfg.py:3253}}
Jul 08 17:19:49.615721 np0000004835 nova-scheduler[93433]: DEBUG cotyledon.oslo_config_glue [-] oslo_messaging_notifications.driver = ['messagingv2'] {{(pid=93433) log_opt_values /opt/stack/data/venv/lib/python3.12/site-packages/oslo_config/cfg.py:3253}}
Jul 08 17:19:49.615721 np0000004835 nova-scheduler[93433]: DEBUG cotyledon.oslo_config_glue [-] oslo_messaging_notifications.retry = -1 {{(pid=93433) log_opt_values /opt/stack/data/venv/lib/python3.12/site-packages/oslo_config/cfg.py:3253}}
Jul 08 17:19:49.615721 np0000004835 nova-scheduler[93433]: DEBUG cotyledon.oslo_config_glue [-] oslo_messaging_notifications.topics = ['notifications'] {{(pid=93433) log_opt_values /opt/stack/data/venv/lib/python3.12/site-packages/oslo_config/cfg.py:3253}}
Jul 08 17:19:49.616092 np0000004835 nova-scheduler[93433]: DEBUG cotyledon.oslo_config_glue [-] oslo_messaging_notifications.transport_url = **** {{(pid=93433) log_opt_values /opt/stack/data/venv/lib/python3.12/site-packages/oslo_config/cfg.py:3253}}
Jul 08 17:19:49.616092 np0000004835 nova-scheduler[93433]: DEBUG cotyledon.oslo_config_glue [-] oslo_limit.auth_section = None {{(pid=93433) log_opt_values /opt/stack/data/venv/lib/python3.12/site-packages/oslo_config/cfg.py:3253}}
Jul 08 17:19:49.616092 np0000004835 nova-scheduler[93433]: DEBUG cotyledon.oslo_config_glue [-] oslo_limit.auth_type = None {{(pid=93433) log_opt_values /opt/stack/data/venv/lib/python3.12/site-packages/oslo_config/cfg.py:3253}}
Jul 08 17:19:49.616092 np0000004835 nova-scheduler[93433]: DEBUG cotyledon.oslo_config_glue [-] oslo_limit.cafile = None {{(pid=93433) log_opt_values /opt/stack/data/venv/lib/python3.12/site-packages/oslo_config/cfg.py:3253}}
Jul 08 17:19:49.616092 np0000004835 nova-scheduler[93433]: DEBUG cotyledon.oslo_config_glue [-] oslo_limit.certfile = None {{(pid=93433) log_opt_values /opt/stack/data/venv/lib/python3.12/site-packages/oslo_config/cfg.py:3253}}
Jul 08 17:19:49.616092 np0000004835 nova-scheduler[93433]: DEBUG cotyledon.oslo_config_glue [-] oslo_limit.collect_timing = False {{(pid=93433) log_opt_values /opt/stack/data/venv/lib/python3.12/site-packages/oslo_config/cfg.py:3253}}
Jul 08 17:19:49.616092 np0000004835 nova-scheduler[93433]: DEBUG cotyledon.oslo_config_glue [-] oslo_limit.connect_retries = None {{(pid=93433) log_opt_values /opt/stack/data/venv/lib/python3.12/site-packages/oslo_config/cfg.py:3253}}
Jul 08 17:19:49.616092 np0000004835 nova-scheduler[93433]: DEBUG cotyledon.oslo_config_glue [-] oslo_limit.connect_retry_delay = None {{(pid=93433) log_opt_values /opt/stack/data/venv/lib/python3.12/site-packages/oslo_config/cfg.py:3253}}
Jul 08 17:19:49.616092 np0000004835 nova-scheduler[93433]: DEBUG cotyledon.oslo_config_glue [-] oslo_limit.endpoint_id = None {{(pid=93433) log_opt_values /opt/stack/data/venv/lib/python3.12/site-packages/oslo_config/cfg.py:3253}}
Jul 08 17:19:49.616268 np0000004835 nova-scheduler[93433]: DEBUG cotyledon.oslo_config_glue [-] oslo_limit.endpoint_interface = public {{(pid=93433) log_opt_values /opt/stack/data/venv/lib/python3.12/site-packages/oslo_config/cfg.py:3253}}
Jul 08 17:19:49.616268 np0000004835 nova-scheduler[93433]: DEBUG cotyledon.oslo_config_glue [-] oslo_limit.endpoint_override = None {{(pid=93433) log_opt_values /opt/stack/data/venv/lib/python3.12/site-packages/oslo_config/cfg.py:3253}}
Jul 08 17:19:49.616268 np0000004835 nova-scheduler[93433]: DEBUG cotyledon.oslo_config_glue [-] oslo_limit.endpoint_region_name = None {{(pid=93433) log_opt_values /opt/stack/data/venv/lib/python3.12/site-packages/oslo_config/cfg.py:3253}}
Jul 08 17:19:49.616268 np0000004835 nova-scheduler[93433]: DEBUG cotyledon.oslo_config_glue [-] oslo_limit.endpoint_service_name = None {{(pid=93433) log_opt_values /opt/stack/data/venv/lib/python3.12/site-packages/oslo_config/cfg.py:3253}}
Jul 08 17:19:49.616268 np0000004835 nova-scheduler[93433]: DEBUG cotyledon.oslo_config_glue [-] oslo_limit.endpoint_service_type = None {{(pid=93433) log_opt_values /opt/stack/data/venv/lib/python3.12/site-packages/oslo_config/cfg.py:3253}}
Jul 08 17:19:49.616268 np0000004835 nova-scheduler[93433]: DEBUG cotyledon.oslo_config_glue [-] oslo_limit.insecure = False {{(pid=93433) log_opt_values /opt/stack/data/venv/lib/python3.12/site-packages/oslo_config/cfg.py:3253}}
Jul 08 17:19:49.616268 np0000004835 nova-scheduler[93433]: DEBUG cotyledon.oslo_config_glue [-] oslo_limit.keyfile = None {{(pid=93433) log_opt_values /opt/stack/data/venv/lib/python3.12/site-packages/oslo_config/cfg.py:3253}}
Jul 08 17:19:49.616268 np0000004835 nova-scheduler[93433]: DEBUG cotyledon.oslo_config_glue [-] oslo_limit.max_version = None {{(pid=93433) log_opt_values /opt/stack/data/venv/lib/python3.12/site-packages/oslo_config/cfg.py:3253}}
Jul 08 17:19:49.616268 np0000004835 nova-scheduler[93433]: DEBUG cotyledon.oslo_config_glue [-] oslo_limit.min_version = None {{(pid=93433) log_opt_values /opt/stack/data/venv/lib/python3.12/site-packages/oslo_config/cfg.py:3253}}
Jul 08 17:19:49.616461 np0000004835 nova-scheduler[93433]: DEBUG cotyledon.oslo_config_glue [-] oslo_limit.region_name = None {{(pid=93433) log_opt_values /opt/stack/data/venv/lib/python3.12/site-packages/oslo_config/cfg.py:3253}}
Jul 08 17:19:49.616461 np0000004835 nova-scheduler[93433]: DEBUG cotyledon.oslo_config_glue [-] oslo_limit.retriable_status_codes = None {{(pid=93433) log_opt_values /opt/stack/data/venv/lib/python3.12/site-packages/oslo_config/cfg.py:3253}}
Jul 08 17:19:49.616461 np0000004835 nova-scheduler[93433]: DEBUG cotyledon.oslo_config_glue [-] oslo_limit.service_name = None {{(pid=93433) log_opt_values /opt/stack/data/venv/lib/python3.12/site-packages/oslo_config/cfg.py:3253}}
Jul 08 17:19:49.616461 np0000004835 nova-scheduler[93433]: DEBUG cotyledon.oslo_config_glue [-] oslo_limit.service_type = None {{(pid=93433) log_opt_values /opt/stack/data/venv/lib/python3.12/site-packages/oslo_config/cfg.py:3253}}
Jul 08 17:19:49.616461 np0000004835 nova-scheduler[93433]: DEBUG cotyledon.oslo_config_glue [-] oslo_limit.split_loggers = False {{(pid=93433) log_opt_values /opt/stack/data/venv/lib/python3.12/site-packages/oslo_config/cfg.py:3253}}
Jul 08 17:19:49.616461 np0000004835 nova-scheduler[93433]: DEBUG cotyledon.oslo_config_glue [-] oslo_limit.status_code_retries = None {{(pid=93433) log_opt_values /opt/stack/data/venv/lib/python3.12/site-packages/oslo_config/cfg.py:3253}}
Jul 08 17:19:49.616461 np0000004835 nova-scheduler[93433]: DEBUG cotyledon.oslo_config_glue [-] oslo_limit.status_code_retry_delay = None {{(pid=93433) log_opt_values /opt/stack/data/venv/lib/python3.12/site-packages/oslo_config/cfg.py:3253}}
Jul 08 17:19:49.616461 np0000004835 nova-scheduler[93433]: DEBUG cotyledon.oslo_config_glue [-] oslo_limit.timeout = None {{(pid=93433) log_opt_values /opt/stack/data/venv/lib/python3.12/site-packages/oslo_config/cfg.py:3253}}
Jul 08 17:19:49.616461 np0000004835 nova-scheduler[93433]: DEBUG cotyledon.oslo_config_glue [-] oslo_limit.valid_interfaces = None {{(pid=93433) log_opt_values /opt/stack/data/venv/lib/python3.12/site-packages/oslo_config/cfg.py:3253}}
Jul 08 17:19:49.616627 np0000004835 nova-scheduler[93433]: DEBUG cotyledon.oslo_config_glue [-] oslo_limit.version = None {{(pid=93433) log_opt_values /opt/stack/data/venv/lib/python3.12/site-packages/oslo_config/cfg.py:3253}}
Jul 08 17:19:49.616627 np0000004835 nova-scheduler[93433]: DEBUG cotyledon.oslo_config_glue [-] oslo_reports.file_event_handler = None {{(pid=93433) log_opt_values /opt/stack/data/venv/lib/python3.12/site-packages/oslo_config/cfg.py:3253}}
Jul 08 17:19:49.616627 np0000004835 nova-scheduler[93433]: DEBUG cotyledon.oslo_config_glue [-] oslo_reports.file_event_handler_interval = 1 {{(pid=93433) log_opt_values /opt/stack/data/venv/lib/python3.12/site-packages/oslo_config/cfg.py:3253}}
Jul 08 17:19:49.616627 np0000004835 nova-scheduler[93433]: DEBUG cotyledon.oslo_config_glue [-] oslo_reports.log_dir = None {{(pid=93433) log_opt_values /opt/stack/data/venv/lib/python3.12/site-packages/oslo_config/cfg.py:3253}}
Jul 08 17:19:49.616627 np0000004835 nova-scheduler[93433]: DEBUG cotyledon.oslo_config_glue [-] ******************************************************************************** {{(pid=93433) log_opt_values /opt/stack/data/venv/lib/python3.12/site-packages/oslo_config/cfg.py:3260}}
Jul 08 17:19:49.616627 np0000004835 nova-scheduler[93433]: DEBUG cotyledon._service_worker [-] Run service ServiceWrapper(2) [93433] {{(pid=93433) wait_forever /opt/stack/data/venv/lib/python3.12/site-packages/cotyledon/_service_worker.py:218}}
Jul 08 17:19:49.616627 np0000004835 nova-scheduler[93433]: INFO nova.service [-] Starting scheduler node (version 33.1.0)
Jul 08 17:19:49.616627 np0000004835 nova-scheduler[93433]: INFO dbcounter [None req-6f9bc2a2-f9f3-4db1-8191-604ab5dcd082 None None] Registered counter for database nova_cell0
Jul 08 17:19:49.616882 np0000004835 nova-scheduler[93431]: DEBUG oslo_db.sqlalchemy.engines [None req-23f319bc-551c-4c85-b11b-0400a127beb9 None None] MySQL server mode set to STRICT_TRANS_TABLES,STRICT_ALL_TABLES,NO_ZERO_IN_DATE,NO_ZERO_DATE,ERROR_FOR_DIVISION_BY_ZERO,TRADITIONAL,NO_ENGINE_SUBSTITUTION {{(pid=93431) _check_effective_sql_mode /opt/stack/data/venv/lib/python3.12/site-packages/oslo_db/sqlalchemy/engines.py:325}}
Jul 08 17:19:49.616882 np0000004835 nova-scheduler[93431]: DEBUG dbcounter [-] [93431] Writer thread running {{(pid=93431) stat_writer /opt/stack/data/venv/lib/python3.12/site-packages/dbcounter.py:102}}
Jul 08 17:19:49.616940 np0000004835 nova-scheduler[93433]: DEBUG oslo_db.sqlalchemy.engines [None req-6f9bc2a2-f9f3-4db1-8191-604ab5dcd082 None None] MySQL server mode set to STRICT_TRANS_TABLES,STRICT_ALL_TABLES,NO_ZERO_IN_DATE,NO_ZERO_DATE,ERROR_FOR_DIVISION_BY_ZERO,TRADITIONAL,NO_ENGINE_SUBSTITUTION {{(pid=93433) _check_effective_sql_mode /opt/stack/data/venv/lib/python3.12/site-packages/oslo_db/sqlalchemy/engines.py:325}}
Jul 08 17:19:49.619106 np0000004835 nova-scheduler[93405]: DEBUG nova.service [None req-5b6ae3f4-0b4c-44d5-9e8c-1265dab65310 None None] Creating RPC server for service: nova-scheduler on topic: scheduler {{(pid=93405) start /opt/stack/nova/nova/service.py:196}}
Jul 08 17:19:49.625775 np0000004835 nova-scheduler[93433]: DEBUG dbcounter [-] [93433] Writer thread running {{(pid=93433) stat_writer /opt/stack/data/venv/lib/python3.12/site-packages/dbcounter.py:102}}
Jul 08 17:19:49.629152 np0000004835 nova-scheduler[93433]: DEBUG nova.service [None req-6f9bc2a2-f9f3-4db1-8191-604ab5dcd082 None None] Creating RPC server for service: nova-scheduler on topic: scheduler {{(pid=93433) start /opt/stack/nova/nova/service.py:196}}
Jul 08 17:19:49.631143 np0000004835 nova-scheduler[93431]: DEBUG nova.service [None req-23f319bc-551c-4c85-b11b-0400a127beb9 None None] Creating RPC server for service: nova-scheduler on topic: scheduler {{(pid=93431) start /opt/stack/nova/nova/service.py:196}}
Jul 08 17:19:49.645268 np0000004835 nova-scheduler[93405]: DEBUG nova.service [None req-5b6ae3f4-0b4c-44d5-9e8c-1265dab65310 None None] Join ServiceGroup membership for this service scheduler {{(pid=93405) start /opt/stack/nova/nova/service.py:222}}
Jul 08 17:19:49.645585 np0000004835 nova-scheduler[93405]: DEBUG nova.servicegroup.drivers.db [None req-5b6ae3f4-0b4c-44d5-9e8c-1265dab65310 None None] DB_Driver: join new ServiceGroup member np0000004835 to the scheduler group, service = {{(pid=93405) join /opt/stack/nova/nova/servicegroup/drivers/db.py:44}}
Jul 08 17:19:49.647994 np0000004835 nova-scheduler[93433]: DEBUG nova.service [None req-6f9bc2a2-f9f3-4db1-8191-604ab5dcd082 None None] Join ServiceGroup membership for this service scheduler {{(pid=93433) start /opt/stack/nova/nova/service.py:222}}
Jul 08 17:19:49.648247 np0000004835 nova-scheduler[93433]: DEBUG nova.servicegroup.drivers.db [None req-6f9bc2a2-f9f3-4db1-8191-604ab5dcd082 None None] DB_Driver: join new ServiceGroup member np0000004835 to the scheduler group, service = {{(pid=93433) join /opt/stack/nova/nova/servicegroup/drivers/db.py:44}}
Jul 08 17:19:49.649132 np0000004835 nova-scheduler[93431]: DEBUG nova.service [None req-23f319bc-551c-4c85-b11b-0400a127beb9 None None] Join ServiceGroup membership for this service scheduler {{(pid=93431) start /opt/stack/nova/nova/service.py:222}}
Jul 08 17:19:49.649358 np0000004835 nova-scheduler[93431]: DEBUG nova.servicegroup.drivers.db [None req-23f319bc-551c-4c85-b11b-0400a127beb9 None None] DB_Driver: join new ServiceGroup member np0000004835 to the scheduler group, service = {{(pid=93431) join /opt/stack/nova/nova/servicegroup/drivers/db.py:44}}
Jul 08 17:19:50.647351 np0000004835 nova-scheduler[93405]: DEBUG oslo.service.backend._threading.loopingcall [None req-0f0aaad0-6e20-4655-a241-82e606f7f4fd None None] Dynamic interval looping call 'nova.service.Service.periodic_tasks' sleeping for 60.00 seconds {{(pid=93405) _run_loop /opt/stack/data/venv/lib/python3.12/site-packages/oslo_service/backend/_threading/loopingcall.py:125}}
Jul 08 17:19:54.664355 np0000004835 nova-scheduler[93405]: DEBUG oslo.service.backend._threading.loopingcall [-] Fixed interval looping call 'nova.servicegroup.drivers.db.DbDriver._report_state' sleeping for 119.98 seconds {{(pid=93405) _run_loop /opt/stack/data/venv/lib/python3.12/site-packages/oslo_service/backend/_threading/loopingcall.py:125}}
Jul 08 17:19:54.665263 np0000004835 nova-scheduler[93431]: DEBUG oslo.service.backend._threading.loopingcall [-] Fixed interval looping call 'nova.servicegroup.drivers.db.DbDriver._report_state' sleeping for 119.99 seconds {{(pid=93431) _run_loop /opt/stack/data/venv/lib/python3.12/site-packages/oslo_service/backend/_threading/loopingcall.py:125}}
Jul 08 17:19:54.669570 np0000004835 nova-scheduler[93433]: DEBUG oslo.service.backend._threading.loopingcall [-] Fixed interval looping call 'nova.servicegroup.drivers.db.DbDriver._report_state' sleeping for 119.98 seconds {{(pid=93433) _run_loop /opt/stack/data/venv/lib/python3.12/site-packages/oslo_service/backend/_threading/loopingcall.py:125}}
Jul 08 17:19:58.203594 np0000004835 nova-scheduler[92150]: DEBUG dbcounter [-] [92150] Writing DB stats nova_api:SELECT=3 {{(pid=92150) stat_writer /opt/stack/data/venv/lib/python3.12/site-packages/dbcounter.py:115}}
Jul 08 17:19:58.344393 np0000004835 nova-scheduler[92150]: DEBUG dbcounter [-] [92150] Writing DB stats nova_cell0:SELECT=1 {{(pid=92150) stat_writer /opt/stack/data/venv/lib/python3.12/site-packages/dbcounter.py:115}}
Jul 08 17:19:58.349750 np0000004835 nova-scheduler[92150]: DEBUG dbcounter [-] [92150] Writing DB stats nova_cell1:SELECT=1 {{(pid=92150) stat_writer /opt/stack/data/venv/lib/python3.12/site-packages/dbcounter.py:115}}
Jul 08 17:20:04.659959 np0000004835 nova-scheduler[93405]: DEBUG dbcounter [-] [93405] Writing DB stats nova_cell0:SELECT=4,nova_cell0:INSERT=1,nova_cell0:UPDATE=1 {{(pid=93405) stat_writer /opt/stack/data/venv/lib/python3.12/site-packages/dbcounter.py:115}}
Jul 08 17:20:04.662918 np0000004835 nova-scheduler[93431]: DEBUG dbcounter [-] [93431] Writing DB stats nova_cell0:SELECT=5,nova_cell0:INSERT=1,nova_cell0:UPDATE=1 {{(pid=93431) stat_writer /opt/stack/data/venv/lib/python3.12/site-packages/dbcounter.py:115}}
Jul 08 17:20:04.667267 np0000004835 nova-scheduler[93433]: DEBUG dbcounter [-] [93433] Writing DB stats nova_cell0:SELECT=3,nova_cell0:UPDATE=1 {{(pid=93433) stat_writer /opt/stack/data/venv/lib/python3.12/site-packages/dbcounter.py:115}}
Jul 08 17:20:12.651879 np0000004835 nova-scheduler[93431]: DEBUG oslo.service.backend._threading.loopingcall [None req-a8437e6e-71d6-4dd1-8b5c-9761b93e300f None None] Dynamic interval looping call 'nova.service.Service.periodic_tasks' sleeping for 60.00 seconds {{(pid=93431) _run_loop /opt/stack/data/venv/lib/python3.12/site-packages/oslo_service/backend/_threading/loopingcall.py:125}}
Jul 08 17:20:36.650781 np0000004835 nova-scheduler[93433]: DEBUG oslo.service.backend._threading.loopingcall [None req-0cc4d331-a91b-41c0-81f6-0c6f1f913816 None None] Dynamic interval looping call 'nova.service.Service.periodic_tasks' sleeping for 60.00 seconds {{(pid=93433) _run_loop /opt/stack/data/venv/lib/python3.12/site-packages/oslo_service/backend/_threading/loopingcall.py:125}}
Jul 08 17:20:50.647855 np0000004835 nova-scheduler[93405]: DEBUG oslo.service.backend._threading.loopingcall [None req-0f0aaad0-6e20-4655-a241-82e606f7f4fd None None] Dynamic interval looping call 'nova.service.Service.periodic_tasks' sleeping for 60.00 seconds {{(pid=93405) _run_loop /opt/stack/data/venv/lib/python3.12/site-packages/oslo_service/backend/_threading/loopingcall.py:125}}
Jul 08 17:21:12.652398 np0000004835 nova-scheduler[93431]: DEBUG oslo.service.backend._threading.loopingcall [None req-a8437e6e-71d6-4dd1-8b5c-9761b93e300f None None] Dynamic interval looping call 'nova.service.Service.periodic_tasks' sleeping for 60.00 seconds {{(pid=93431) _run_loop /opt/stack/data/venv/lib/python3.12/site-packages/oslo_service/backend/_threading/loopingcall.py:125}}
Jul 08 17:21:36.651807 np0000004835 nova-scheduler[93433]: DEBUG oslo.service.backend._threading.loopingcall [None req-0cc4d331-a91b-41c0-81f6-0c6f1f913816 None None] Dynamic interval looping call 'nova.service.Service.periodic_tasks' sleeping for 60.00 seconds {{(pid=93433) _run_loop /opt/stack/data/venv/lib/python3.12/site-packages/oslo_service/backend/_threading/loopingcall.py:125}}
Jul 08 17:21:50.648412 np0000004835 nova-scheduler[93405]: DEBUG oslo.service.backend._threading.loopingcall [None req-0f0aaad0-6e20-4655-a241-82e606f7f4fd None None] Dynamic interval looping call 'nova.service.Service.periodic_tasks' sleeping for 60.00 seconds {{(pid=93405) _run_loop /opt/stack/data/venv/lib/python3.12/site-packages/oslo_service/backend/_threading/loopingcall.py:125}}
Jul 08 17:21:54.672288 np0000004835 nova-scheduler[93405]: DEBUG oslo.service.backend._threading.loopingcall [-] Fixed interval looping call 'nova.servicegroup.drivers.db.DbDriver._report_state' sleeping for 119.97 seconds {{(pid=93405) _run_loop /opt/stack/data/venv/lib/python3.12/site-packages/oslo_service/backend/_threading/loopingcall.py:125}}
Jul 08 17:21:54.673709 np0000004835 nova-scheduler[93433]: DEBUG oslo.service.backend._threading.loopingcall [-] Fixed interval looping call 'nova.servicegroup.drivers.db.DbDriver._report_state' sleeping for 119.98 seconds {{(pid=93433) _run_loop /opt/stack/data/venv/lib/python3.12/site-packages/oslo_service/backend/_threading/loopingcall.py:125}}
Jul 08 17:21:54.675156 np0000004835 nova-scheduler[93431]: DEBUG oslo.service.backend._threading.loopingcall [-] Fixed interval looping call 'nova.servicegroup.drivers.db.DbDriver._report_state' sleeping for 119.98 seconds {{(pid=93431) _run_loop /opt/stack/data/venv/lib/python3.12/site-packages/oslo_service/backend/_threading/loopingcall.py:125}}
Jul 08 17:22:00.193875 np0000004835 nova-scheduler[93405]: DEBUG nova.scheduler.manager [None req-b74934a8-f4c5-43b9-88b6-1b28c28a4e8d tempest-DeleteServersTestJSON-426107864 tempest-DeleteServersTestJSON-426107864-project-member] Starting to schedule for instances: ['0edec7f0-a15b-45cf-bf23-92a47deab875'] {{(pid=93405) select_destinations /opt/stack/nova/nova/scheduler/manager.py:209}}
Jul 08 17:22:00.194812 np0000004835 nova-scheduler[93405]: DEBUG nova.scheduler.request_filter [None req-b74934a8-f4c5-43b9-88b6-1b28c28a4e8d tempest-DeleteServersTestJSON-426107864 tempest-DeleteServersTestJSON-426107864-project-member] compute_status_filter request filter added forbidden trait COMPUTE_STATUS_DISABLED {{(pid=93405) compute_status_filter /opt/stack/nova/nova/scheduler/request_filter.py:253}}
Jul 08 17:22:00.194812 np0000004835 nova-scheduler[93405]: DEBUG nova.scheduler.request_filter [None req-b74934a8-f4c5-43b9-88b6-1b28c28a4e8d tempest-DeleteServersTestJSON-426107864 tempest-DeleteServersTestJSON-426107864-project-member] Request filter 'compute_status_filter' took 0.0 seconds {{(pid=93405) wrapper /opt/stack/nova/nova/scheduler/request_filter.py:46}}
Jul 08 17:22:00.195060 np0000004835 nova-scheduler[93405]: DEBUG nova.scheduler.request_filter [None req-b74934a8-f4c5-43b9-88b6-1b28c28a4e8d tempest-DeleteServersTestJSON-426107864 tempest-DeleteServersTestJSON-426107864-project-member] Request filter 'accelerators_filter' took 0.0 seconds {{(pid=93405) wrapper /opt/stack/nova/nova/scheduler/request_filter.py:46}}
Jul 08 17:22:00.195116 np0000004835 nova-scheduler[93405]: DEBUG nova.scheduler.request_filter [None req-b74934a8-f4c5-43b9-88b6-1b28c28a4e8d tempest-DeleteServersTestJSON-426107864 tempest-DeleteServersTestJSON-426107864-project-member] Request filter 'packed_virtqueue_filter' took 0.0 seconds {{(pid=93405) wrapper /opt/stack/nova/nova/scheduler/request_filter.py:46}}
Jul 08 17:22:00.195832 np0000004835 nova-scheduler[93405]: DEBUG nova.scheduler.request_filter [None req-b74934a8-f4c5-43b9-88b6-1b28c28a4e8d tempest-DeleteServersTestJSON-426107864 tempest-DeleteServersTestJSON-426107864-project-member] Request filter 'remote_managed_ports_filter' took 0.0 seconds {{(pid=93405) wrapper /opt/stack/nova/nova/scheduler/request_filter.py:46}}
Jul 08 17:22:00.195832 np0000004835 nova-scheduler[93405]: DEBUG nova.scheduler.request_filter [None req-b74934a8-f4c5-43b9-88b6-1b28c28a4e8d tempest-DeleteServersTestJSON-426107864 tempest-DeleteServersTestJSON-426107864-project-member] ephemeral_encryption_filter skipped {{(pid=93405) ephemeral_encryption_filter /opt/stack/nova/nova/scheduler/request_filter.py:426}}
Jul 08 17:22:00.195832 np0000004835 nova-scheduler[93405]: DEBUG nova.scheduler.request_filter [None req-b74934a8-f4c5-43b9-88b6-1b28c28a4e8d tempest-DeleteServersTestJSON-426107864 tempest-DeleteServersTestJSON-426107864-project-member] virtio_sound_filter skipped {{(pid=93405) virtio_sound_filter /opt/stack/nova/nova/scheduler/request_filter.py:460}}
Jul 08 17:22:00.196048 np0000004835 nova-scheduler[93405]: DEBUG nova.scheduler.request_filter [None req-b74934a8-f4c5-43b9-88b6-1b28c28a4e8d tempest-DeleteServersTestJSON-426107864 tempest-DeleteServersTestJSON-426107864-project-member] tpm_secret_security_filter skipped {{(pid=93405) tpm_secret_security_filter /opt/stack/nova/nova/scheduler/request_filter.py:477}}
Jul 08 17:22:00.592853 np0000004835 nova-scheduler[93405]: INFO nova.utils [None req-b74934a8-f4c5-43b9-88b6-1b28c28a4e8d tempest-DeleteServersTestJSON-426107864 tempest-DeleteServersTestJSON-426107864-project-member] The cell worker thread pool ForkProcess-1.cell_worker is initialized
Jul 08 17:22:00.593154 np0000004835 nova-scheduler[93405]: DEBUG oslo_concurrency.lockutils [None req-b74934a8-f4c5-43b9-88b6-1b28c28a4e8d tempest-DeleteServersTestJSON-426107864 tempest-DeleteServersTestJSON-426107864-project-member] Acquiring lock "50ceebe1-05e8-4bc2-a0f6-6c735166a5a0" by "nova.context.set_target_cell..get_or_set_cached_cell_and_set_connections" {{(pid=93405) inner /opt/stack/data/venv/lib/python3.12/site-packages/oslo_concurrency/lockutils.py:511}}
Jul 08 17:22:00.593324 np0000004835 nova-scheduler[93405]: DEBUG oslo_concurrency.lockutils [None req-b74934a8-f4c5-43b9-88b6-1b28c28a4e8d tempest-DeleteServersTestJSON-426107864 tempest-DeleteServersTestJSON-426107864-project-member] Lock "50ceebe1-05e8-4bc2-a0f6-6c735166a5a0" acquired by "nova.context.set_target_cell..get_or_set_cached_cell_and_set_connections" :: waited 0.000s {{(pid=93405) inner /opt/stack/data/venv/lib/python3.12/site-packages/oslo_concurrency/lockutils.py:524}}
Jul 08 17:22:00.594711 np0000004835 nova-scheduler[93405]: DEBUG oslo_concurrency.lockutils [None req-b74934a8-f4c5-43b9-88b6-1b28c28a4e8d tempest-DeleteServersTestJSON-426107864 tempest-DeleteServersTestJSON-426107864-project-member] Lock "50ceebe1-05e8-4bc2-a0f6-6c735166a5a0" "released" by "nova.context.set_target_cell..get_or_set_cached_cell_and_set_connections" :: held 0.001s {{(pid=93405) inner /opt/stack/data/venv/lib/python3.12/site-packages/oslo_concurrency/lockutils.py:543}}
Jul 08 17:22:00.598392 np0000004835 nova-scheduler[93405]: INFO dbcounter [None req-b74934a8-f4c5-43b9-88b6-1b28c28a4e8d tempest-DeleteServersTestJSON-426107864 tempest-DeleteServersTestJSON-426107864-project-member] Registered counter for database nova_cell1
Jul 08 17:22:00.632452 np0000004835 nova-scheduler[93405]: DEBUG oslo_db.sqlalchemy.engines [None req-b74934a8-f4c5-43b9-88b6-1b28c28a4e8d tempest-DeleteServersTestJSON-426107864 tempest-DeleteServersTestJSON-426107864-project-member] MySQL server mode set to STRICT_TRANS_TABLES,STRICT_ALL_TABLES,NO_ZERO_IN_DATE,NO_ZERO_DATE,ERROR_FOR_DIVISION_BY_ZERO,TRADITIONAL,NO_ENGINE_SUBSTITUTION {{(pid=93405) _check_effective_sql_mode /opt/stack/data/venv/lib/python3.12/site-packages/oslo_db/sqlalchemy/engines.py:325}}
Jul 08 17:22:00.637390 np0000004835 nova-scheduler[93405]: DEBUG dbcounter [-] [93405] Writer thread running {{(pid=93405) stat_writer /opt/stack/data/venv/lib/python3.12/site-packages/dbcounter.py:102}}
Jul 08 17:22:00.649415 np0000004835 nova-scheduler[93405]: DEBUG oslo_db.sqlalchemy.engines [None req-b74934a8-f4c5-43b9-88b6-1b28c28a4e8d tempest-DeleteServersTestJSON-426107864 tempest-DeleteServersTestJSON-426107864-project-member] Parent process 92150 forked (93405) with an open database connection, which is being discarded and recreated. {{(pid=93405) checkout /opt/stack/data/venv/lib/python3.12/site-packages/oslo_db/sqlalchemy/engines.py:402}}
Jul 08 17:22:00.688589 np0000004835 nova-scheduler[93405]: DEBUG dbcounter [-] [93405] Writer thread running {{(pid=93405) stat_writer /opt/stack/data/venv/lib/python3.12/site-packages/dbcounter.py:102}}
Jul 08 17:22:00.691697 np0000004835 nova-scheduler[93405]: DEBUG oslo_concurrency.lockutils [None req-b74934a8-f4c5-43b9-88b6-1b28c28a4e8d tempest-DeleteServersTestJSON-426107864 tempest-DeleteServersTestJSON-426107864-project-member] Acquiring lock "50ceebe1-05e8-4bc2-a0f6-6c735166a5a0" by "nova.context.set_target_cell..get_or_set_cached_cell_and_set_connections" {{(pid=93405) inner /opt/stack/data/venv/lib/python3.12/site-packages/oslo_concurrency/lockutils.py:511}}
Jul 08 17:22:00.691856 np0000004835 nova-scheduler[93405]: DEBUG oslo_concurrency.lockutils [None req-b74934a8-f4c5-43b9-88b6-1b28c28a4e8d tempest-DeleteServersTestJSON-426107864 tempest-DeleteServersTestJSON-426107864-project-member] Lock "50ceebe1-05e8-4bc2-a0f6-6c735166a5a0" acquired by "nova.context.set_target_cell..get_or_set_cached_cell_and_set_connections" :: waited 0.000s {{(pid=93405) inner /opt/stack/data/venv/lib/python3.12/site-packages/oslo_concurrency/lockutils.py:524}}
Jul 08 17:22:00.691951 np0000004835 nova-scheduler[93405]: DEBUG oslo_concurrency.lockutils [None req-b74934a8-f4c5-43b9-88b6-1b28c28a4e8d tempest-DeleteServersTestJSON-426107864 tempest-DeleteServersTestJSON-426107864-project-member] Lock "50ceebe1-05e8-4bc2-a0f6-6c735166a5a0" "released" by "nova.context.set_target_cell..get_or_set_cached_cell_and_set_connections" :: held 0.000s {{(pid=93405) inner /opt/stack/data/venv/lib/python3.12/site-packages/oslo_concurrency/lockutils.py:543}}
Jul 08 17:22:00.694550 np0000004835 nova-scheduler[93405]: DEBUG oslo_concurrency.lockutils [None req-b74934a8-f4c5-43b9-88b6-1b28c28a4e8d tempest-DeleteServersTestJSON-426107864 tempest-DeleteServersTestJSON-426107864-project-member] Acquiring lock "np0000004835-np0000004835" by "nova.scheduler.host_manager.HostState.update.._locked_update" {{(pid=93405) inner /opt/stack/data/venv/lib/python3.12/site-packages/oslo_concurrency/lockutils.py:511}}
Jul 08 17:22:00.694687 np0000004835 nova-scheduler[93405]: DEBUG oslo_concurrency.lockutils [None req-b74934a8-f4c5-43b9-88b6-1b28c28a4e8d tempest-DeleteServersTestJSON-426107864 tempest-DeleteServersTestJSON-426107864-project-member] Lock "np0000004835-np0000004835" acquired by "nova.scheduler.host_manager.HostState.update.._locked_update" :: waited 0.000s {{(pid=93405) inner /opt/stack/data/venv/lib/python3.12/site-packages/oslo_concurrency/lockutils.py:524}}
Jul 08 17:22:00.695920 np0000004835 nova-scheduler[93405]: DEBUG nova.scheduler.host_manager [None req-b74934a8-f4c5-43b9-88b6-1b28c28a4e8d tempest-DeleteServersTestJSON-426107864 tempest-DeleteServersTestJSON-426107864-project-member] Update host state from compute node: ComputeNode(cpu_allocation_ratio=4.0,cpu_info='{"arch": "x86_64", "model": "EPYC-Milan", "vendor": "AMD", "topology": {"cells": 1, "sockets": 16, "cores": 1, "threads": 1}, "maxphysaddr": {"mode": "emulate", "bits": 40}, "features": ["tsc-scale", "fma", "lm", "ibrs", "mmxext", "stibp", "pge", "topoext", "mmx", "osvw", "popcnt", "avx", "mce", "fsrm", "amd-ssbd", "apic", "wbnoinvd", "sse4.1", "sha-ni", "pause-filter", "de", "sep", "fxsr_opt", "stibp-always-on", "pni", "avx2", "mtrr", "xsaveopt", "amd-stibp", "misalignsse", "npt", "no-nested-data-bp", "pat", "msr", "f16c", "nx", "perfctr_core", "vaes", "spec-ctrl", "bmi2", "arch-capabilities", "clwb", "cmov", "rdseed", "clzero", "arat", "rdpid", "clflushopt", "ibpb", "sse", "pse", "vmcb-clean", "fpu", "v-vmsave-vmload", "adx", "ssbd", "hypervisor", "abm", "aes", "nrip-save", "lbrv", "virt-ssbd", "tsc-deadline", "tsc_adjust", "vgif", "pse36", "pku", "fsgsbase", "rdtscp", "sse4.2", "3dnowprefetch", "bmi1", "vme", "xsaves", "pclmuldq", "syscall", "tsc", "xsaveerptr", "ssse3", "sse4a", "pfthreshold", "cmp_legacy", "svme-addr-chk", "rdrand", "pdpe1gb", "clflush", "pcid", "smap", "rdctl-no", "mds-no", "cx16", "invpcid", "xgetbv1", "mca", "cx8", "pae", "amd-psfd", "skip-l1dfl-vmentry", "flushbyasid", "gds-no", "x2apic", "svm", "umip", "xsavec", "lfence-always-serializing", "xsave", "fxsr", "lahf_lm", "sse2", "smep", "pschange-mc-no", "null-sel-clr-base", "cr8legacy", "movbe", "vpclmulqdq", "erms"]}',created_at=2026-07-08T17:20:15Z,current_workload=0,deleted=False,deleted_at=None,disk_allocation_ratio=1.0,disk_available_least=73,free_disk_gb=95,free_ram_mb=62765,host='np0000004835',host_ip=10.4.3.193,hypervisor_hostname='np0000004835',hypervisor_type='QEMU',hypervisor_version=8002002,id=1,local_gb=95,local_gb_used=0,mapped=1,memory_mb=63277,memory_mb_used=512,metrics='[]',numa_topology='{"nova_object.name": "NUMATopology", "nova_object.namespace": "nova", "nova_object.version": "1.2", "nova_object.data": {"cells": [{"nova_object.name": "NUMACell", "nova_object.namespace": "nova", "nova_object.version": "1.5", "nova_object.data": {"id": 0, "cpuset": [0, 1, 2, 3, 4, 5, 6, 7, 8, 9, 10, 11, 12, 13, 14, 15], "pcpuset": [0, 1, 2, 3, 4, 5, 6, 7, 8, 9, 10, 11, 12, 13, 14, 15], "memory": 63277, "cpu_usage": 0, "memory_usage": 0, "pinned_cpus": [], "siblings": [[6], [12], [2], [15], [5], [11], [8], [14], [4], [1], [7], [10], [0], [13], [3], [9]], "mempages": [{"nova_object.name": "NUMAPagesTopology", "nova_object.namespace": "nova", "nova_object.version": "1.1", "nova_object.data": {"size_kb": 4, "total": 16177929, "used": 0, "reserved": 0}, "nova_object.changes": ["size_kb", "reserved", "total", "used"]}, {"nova_object.name": "NUMAPagesTopology", "nova_object.namespace": "nova", "nova_object.version": "1.1", "nova_object.data": {"size_kb": 2048, "total": 41, "used": 0, "reserved": 0}, "nova_object.changes": ["size_kb", "reserved", "total", "used"]}, {"nova_object.name": "NUMAPagesTopology", "nova_object.namespace": "nova", "nova_object.version": "1.1", "nova_object.data": {"size_kb": 1048576, "total": 0, "used": 0, "reserved": 0}, "nova_object.changes": ["size_kb", "reserved", "total", "used"]}], "network_metadata": {"nova_object.name": "NetworkMetadata", "nova_object.namespace": "nova", "nova_object.version": "1.0", "nova_object.data": {"physnets": [], "tunneled": false}, "nova_object.changes": ["tunneled", "physnets"]}, "socket": null}, "nova_object.changes": ["memory", "id", "cpu_usage", "socket", "cpuset", "memory_usage", "pcpuset", "siblings", "mempages", "pinned_cpus", "network_metadata"]}]}, "nova_object.changes": ["cells"]}',pci_device_pools=PciDevicePoolList,ram_allocation_ratio=1.0,running_vms=0,service_id=3,stats={failed_builds='0',uptime=' 17:21:08 up 14 min, 2 users, load average: 1.97, 1.65, 0.88
Jul 08 17:22:00.695920 np0000004835 nova-scheduler[93405]: '},supported_hv_specs=[HVSpec,HVSpec,HVSpec,HVSpec,HVSpec,HVSpec,HVSpec,HVSpec,HVSpec,HVSpec,HVSpec,HVSpec,HVSpec,HVSpec,HVSpec,HVSpec,HVSpec,HVSpec,HVSpec,HVSpec,HVSpec,HVSpec,HVSpec,HVSpec,HVSpec],updated_at=2026-07-08T17:21:10Z,uuid=9a8bff03-3ca1-4d77-8267-6f7475cc34fe,vcpus=16,vcpus_used=0) {{(pid=93405) _locked_update /opt/stack/nova/nova/scheduler/host_manager.py:168}}
Jul 08 17:22:00.696519 np0000004835 nova-scheduler[93405]: DEBUG nova.scheduler.host_manager [None req-b74934a8-f4c5-43b9-88b6-1b28c28a4e8d tempest-DeleteServersTestJSON-426107864 tempest-DeleteServersTestJSON-426107864-project-member] Update host state with aggregates: [] {{(pid=93405) _locked_update /opt/stack/nova/nova/scheduler/host_manager.py:171}}
Jul 08 17:22:00.696650 np0000004835 nova-scheduler[93405]: DEBUG nova.scheduler.host_manager [None req-b74934a8-f4c5-43b9-88b6-1b28c28a4e8d tempest-DeleteServersTestJSON-426107864 tempest-DeleteServersTestJSON-426107864-project-member] Update host state with service dict: {'id': 3, 'uuid': '699b9f2d-d29c-4234-88d9-00bb90ef10bf', 'host': 'np0000004835', 'binary': 'nova-compute', 'topic': 'compute', 'report_count': 1, 'disabled': False, 'disabled_reason': None, 'last_seen_up': datetime.datetime(2026, 7, 8, 17, 20, 24, tzinfo=datetime.timezone.utc), 'forced_down': False, 'version': 72, 'created_at': datetime.datetime(2026, 7, 8, 17, 20, 13, tzinfo=datetime.timezone.utc), 'updated_at': datetime.datetime(2026, 7, 8, 17, 20, 24, tzinfo=datetime.timezone.utc), 'deleted_at': None, 'deleted': False} {{(pid=93405) _locked_update /opt/stack/nova/nova/scheduler/host_manager.py:174}}
Jul 08 17:22:00.696744 np0000004835 nova-scheduler[93405]: DEBUG nova.scheduler.host_manager [None req-b74934a8-f4c5-43b9-88b6-1b28c28a4e8d tempest-DeleteServersTestJSON-426107864 tempest-DeleteServersTestJSON-426107864-project-member] Update host state with instances: [] {{(pid=93405) _locked_update /opt/stack/nova/nova/scheduler/host_manager.py:177}}
Jul 08 17:22:00.696841 np0000004835 nova-scheduler[93405]: DEBUG oslo_concurrency.lockutils [None req-b74934a8-f4c5-43b9-88b6-1b28c28a4e8d tempest-DeleteServersTestJSON-426107864 tempest-DeleteServersTestJSON-426107864-project-member] Lock "np0000004835-np0000004835" "released" by "nova.scheduler.host_manager.HostState.update.._locked_update" :: held 0.002s {{(pid=93405) inner /opt/stack/data/venv/lib/python3.12/site-packages/oslo_concurrency/lockutils.py:543}}
Jul 08 17:22:00.697201 np0000004835 nova-scheduler[93405]: DEBUG nova.filters [None req-b74934a8-f4c5-43b9-88b6-1b28c28a4e8d tempest-DeleteServersTestJSON-426107864 tempest-DeleteServersTestJSON-426107864-project-member] Starting with 1 host(s) {{(pid=93405) get_filtered_objects /opt/stack/nova/nova/filters.py:70}}
Jul 08 17:22:00.697379 np0000004835 nova-scheduler[93405]: DEBUG nova.filters [None req-b74934a8-f4c5-43b9-88b6-1b28c28a4e8d tempest-DeleteServersTestJSON-426107864 tempest-DeleteServersTestJSON-426107864-project-member] Filter ComputeFilter returned 1 host(s) {{(pid=93405) get_filtered_objects /opt/stack/nova/nova/filters.py:102}}
Jul 08 17:22:00.697529 np0000004835 nova-scheduler[93405]: DEBUG nova.filters [None req-b74934a8-f4c5-43b9-88b6-1b28c28a4e8d tempest-DeleteServersTestJSON-426107864 tempest-DeleteServersTestJSON-426107864-project-member] Filter ComputeCapabilitiesFilter returned 1 host(s) {{(pid=93405) get_filtered_objects /opt/stack/nova/nova/filters.py:102}}
Jul 08 17:22:00.697712 np0000004835 nova-scheduler[93405]: DEBUG nova.filters [None req-b74934a8-f4c5-43b9-88b6-1b28c28a4e8d tempest-DeleteServersTestJSON-426107864 tempest-DeleteServersTestJSON-426107864-project-member] Filter ImagePropertiesFilter returned 1 host(s) {{(pid=93405) get_filtered_objects /opt/stack/nova/nova/filters.py:102}}
Jul 08 17:22:00.697852 np0000004835 nova-scheduler[93405]: DEBUG nova.filters [None req-b74934a8-f4c5-43b9-88b6-1b28c28a4e8d tempest-DeleteServersTestJSON-426107864 tempest-DeleteServersTestJSON-426107864-project-member] Filter ServerGroupAntiAffinityFilter returned 1 host(s) {{(pid=93405) get_filtered_objects /opt/stack/nova/nova/filters.py:102}}
Jul 08 17:22:00.697945 np0000004835 nova-scheduler[93405]: DEBUG nova.filters [None req-b74934a8-f4c5-43b9-88b6-1b28c28a4e8d tempest-DeleteServersTestJSON-426107864 tempest-DeleteServersTestJSON-426107864-project-member] Filter ServerGroupAffinityFilter returned 1 host(s) {{(pid=93405) get_filtered_objects /opt/stack/nova/nova/filters.py:102}}
Jul 08 17:22:00.698052 np0000004835 nova-scheduler[93405]: DEBUG nova.filters [None req-b74934a8-f4c5-43b9-88b6-1b28c28a4e8d tempest-DeleteServersTestJSON-426107864 tempest-DeleteServersTestJSON-426107864-project-member] Filter SameHostFilter returned 1 host(s) {{(pid=93405) get_filtered_objects /opt/stack/nova/nova/filters.py:102}}
Jul 08 17:22:00.698187 np0000004835 nova-scheduler[93405]: DEBUG nova.filters [None req-b74934a8-f4c5-43b9-88b6-1b28c28a4e8d tempest-DeleteServersTestJSON-426107864 tempest-DeleteServersTestJSON-426107864-project-member] Filter DifferentHostFilter returned 1 host(s) {{(pid=93405) get_filtered_objects /opt/stack/nova/nova/filters.py:102}}
Jul 08 17:22:00.698261 np0000004835 nova-scheduler[93405]: DEBUG nova.scheduler.manager [None req-b74934a8-f4c5-43b9-88b6-1b28c28a4e8d tempest-DeleteServersTestJSON-426107864 tempest-DeleteServersTestJSON-426107864-project-member] Filtered [(np0000004835, np0000004835) ram: 62765MB disk: 74752MB io_ops: 0 instances: 0, allocation_candidates: 1] {{(pid=93405) _get_sorted_hosts /opt/stack/nova/nova/scheduler/manager.py:742}}
Jul 08 17:22:00.698410 np0000004835 nova-scheduler[93405]: DEBUG nova.scheduler.manager [None req-b74934a8-f4c5-43b9-88b6-1b28c28a4e8d tempest-DeleteServersTestJSON-426107864 tempest-DeleteServersTestJSON-426107864-project-member] Weighed [WeighedHost [host: (np0000004835, np0000004835) ram: 62765MB disk: 74752MB io_ops: 0 instances: 0, allocation_candidates: 1, weight: 0.0]] {{(pid=93405) _get_sorted_hosts /opt/stack/nova/nova/scheduler/manager.py:764}}
Jul 08 17:22:00.698572 np0000004835 nova-scheduler[93405]: DEBUG nova.scheduler.utils [None req-b74934a8-f4c5-43b9-88b6-1b28c28a4e8d tempest-DeleteServersTestJSON-426107864 tempest-DeleteServersTestJSON-426107864-project-member] Attempting to claim resources in the placement API for instance 0edec7f0-a15b-45cf-bf23-92a47deab875 {{(pid=93405) claim_resources /opt/stack/nova/nova/scheduler/utils.py:1345}}
Jul 08 17:22:00.858352 np0000004835 nova-scheduler[93405]: DEBUG nova.scheduler.manager [None req-b74934a8-f4c5-43b9-88b6-1b28c28a4e8d tempest-DeleteServersTestJSON-426107864 tempest-DeleteServersTestJSON-426107864-project-member] [instance: 0edec7f0-a15b-45cf-bf23-92a47deab875] Selected host: (np0000004835, np0000004835) ram: 62765MB disk: 74752MB io_ops: 0 instances: 0, allocation_candidates: 1 {{(pid=93405) _consume_selected_host /opt/stack/nova/nova/scheduler/manager.py:624}}
Jul 08 17:22:00.858352 np0000004835 nova-scheduler[93405]: DEBUG oslo_concurrency.lockutils [None req-b74934a8-f4c5-43b9-88b6-1b28c28a4e8d tempest-DeleteServersTestJSON-426107864 tempest-DeleteServersTestJSON-426107864-project-member] Acquiring lock "np0000004835-np0000004835" by "nova.scheduler.host_manager.HostState.consume_from_request.._locked" {{(pid=93405) inner /opt/stack/data/venv/lib/python3.12/site-packages/oslo_concurrency/lockutils.py:511}}
Jul 08 17:22:00.858352 np0000004835 nova-scheduler[93405]: DEBUG oslo_concurrency.lockutils [None req-b74934a8-f4c5-43b9-88b6-1b28c28a4e8d tempest-DeleteServersTestJSON-426107864 tempest-DeleteServersTestJSON-426107864-project-member] Lock "np0000004835-np0000004835" acquired by "nova.scheduler.host_manager.HostState.consume_from_request.._locked" :: waited 0.000s {{(pid=93405) inner /opt/stack/data/venv/lib/python3.12/site-packages/oslo_concurrency/lockutils.py:524}}
Jul 08 17:22:00.858352 np0000004835 nova-scheduler[93405]: DEBUG oslo_concurrency.lockutils [None req-b74934a8-f4c5-43b9-88b6-1b28c28a4e8d tempest-DeleteServersTestJSON-426107864 tempest-DeleteServersTestJSON-426107864-project-member] Lock "np0000004835-np0000004835" "released" by "nova.scheduler.host_manager.HostState.consume_from_request.._locked" :: held 0.000s {{(pid=93405) inner /opt/stack/data/venv/lib/python3.12/site-packages/oslo_concurrency/lockutils.py:543}}
Jul 08 17:22:01.015311 np0000004835 nova-scheduler[93433]: DEBUG nova.scheduler.manager [None req-fb368d1a-9a98-45dc-86f0-16666af188e7 tempest-ServerRescueNegativeTestJSON-1281810732 tempest-ServerRescueNegativeTestJSON-1281810732-project-member] Starting to schedule for instances: ['b61b9dd2-be77-4566-9c62-a08813857961'] {{(pid=93433) select_destinations /opt/stack/nova/nova/scheduler/manager.py:209}}
Jul 08 17:22:01.016213 np0000004835 nova-scheduler[93433]: DEBUG nova.scheduler.request_filter [None req-fb368d1a-9a98-45dc-86f0-16666af188e7 tempest-ServerRescueNegativeTestJSON-1281810732 tempest-ServerRescueNegativeTestJSON-1281810732-project-member] compute_status_filter request filter added forbidden trait COMPUTE_STATUS_DISABLED {{(pid=93433) compute_status_filter /opt/stack/nova/nova/scheduler/request_filter.py:253}}
Jul 08 17:22:01.016333 np0000004835 nova-scheduler[93433]: DEBUG nova.scheduler.request_filter [None req-fb368d1a-9a98-45dc-86f0-16666af188e7 tempest-ServerRescueNegativeTestJSON-1281810732 tempest-ServerRescueNegativeTestJSON-1281810732-project-member] Request filter 'compute_status_filter' took 0.0 seconds {{(pid=93433) wrapper /opt/stack/nova/nova/scheduler/request_filter.py:46}}
Jul 08 17:22:01.016586 np0000004835 nova-scheduler[93433]: DEBUG nova.scheduler.request_filter [None req-fb368d1a-9a98-45dc-86f0-16666af188e7 tempest-ServerRescueNegativeTestJSON-1281810732 tempest-ServerRescueNegativeTestJSON-1281810732-project-member] Request filter 'accelerators_filter' took 0.0 seconds {{(pid=93433) wrapper /opt/stack/nova/nova/scheduler/request_filter.py:46}}
Jul 08 17:22:01.017210 np0000004835 nova-scheduler[93433]: DEBUG nova.scheduler.request_filter [None req-fb368d1a-9a98-45dc-86f0-16666af188e7 tempest-ServerRescueNegativeTestJSON-1281810732 tempest-ServerRescueNegativeTestJSON-1281810732-project-member] Request filter 'packed_virtqueue_filter' took 0.0 seconds {{(pid=93433) wrapper /opt/stack/nova/nova/scheduler/request_filter.py:46}}
Jul 08 17:22:01.017210 np0000004835 nova-scheduler[93433]: DEBUG nova.scheduler.request_filter [None req-fb368d1a-9a98-45dc-86f0-16666af188e7 tempest-ServerRescueNegativeTestJSON-1281810732 tempest-ServerRescueNegativeTestJSON-1281810732-project-member] Request filter 'remote_managed_ports_filter' took 0.0 seconds {{(pid=93433) wrapper /opt/stack/nova/nova/scheduler/request_filter.py:46}}
Jul 08 17:22:01.017210 np0000004835 nova-scheduler[93433]: DEBUG nova.scheduler.request_filter [None req-fb368d1a-9a98-45dc-86f0-16666af188e7 tempest-ServerRescueNegativeTestJSON-1281810732 tempest-ServerRescueNegativeTestJSON-1281810732-project-member] ephemeral_encryption_filter skipped {{(pid=93433) ephemeral_encryption_filter /opt/stack/nova/nova/scheduler/request_filter.py:426}}
Jul 08 17:22:01.017437 np0000004835 nova-scheduler[93433]: DEBUG nova.scheduler.request_filter [None req-fb368d1a-9a98-45dc-86f0-16666af188e7 tempest-ServerRescueNegativeTestJSON-1281810732 tempest-ServerRescueNegativeTestJSON-1281810732-project-member] virtio_sound_filter skipped {{(pid=93433) virtio_sound_filter /opt/stack/nova/nova/scheduler/request_filter.py:460}}
Jul 08 17:22:01.017563 np0000004835 nova-scheduler[93433]: DEBUG nova.scheduler.request_filter [None req-fb368d1a-9a98-45dc-86f0-16666af188e7 tempest-ServerRescueNegativeTestJSON-1281810732 tempest-ServerRescueNegativeTestJSON-1281810732-project-member] tpm_secret_security_filter skipped {{(pid=93433) tpm_secret_security_filter /opt/stack/nova/nova/scheduler/request_filter.py:477}}
Jul 08 17:22:01.137569 np0000004835 nova-scheduler[93433]: INFO nova.utils [None req-fb368d1a-9a98-45dc-86f0-16666af188e7 tempest-ServerRescueNegativeTestJSON-1281810732 tempest-ServerRescueNegativeTestJSON-1281810732-project-member] The cell worker thread pool ForkProcess-3.cell_worker is initialized
Jul 08 17:22:01.137915 np0000004835 nova-scheduler[93433]: DEBUG oslo_concurrency.lockutils [None req-fb368d1a-9a98-45dc-86f0-16666af188e7 tempest-ServerRescueNegativeTestJSON-1281810732 tempest-ServerRescueNegativeTestJSON-1281810732-project-member] Acquiring lock "50ceebe1-05e8-4bc2-a0f6-6c735166a5a0" by "nova.context.set_target_cell..get_or_set_cached_cell_and_set_connections" {{(pid=93433) inner /opt/stack/data/venv/lib/python3.12/site-packages/oslo_concurrency/lockutils.py:511}}
Jul 08 17:22:01.138087 np0000004835 nova-scheduler[93433]: DEBUG oslo_concurrency.lockutils [None req-fb368d1a-9a98-45dc-86f0-16666af188e7 tempest-ServerRescueNegativeTestJSON-1281810732 tempest-ServerRescueNegativeTestJSON-1281810732-project-member] Lock "50ceebe1-05e8-4bc2-a0f6-6c735166a5a0" acquired by "nova.context.set_target_cell..get_or_set_cached_cell_and_set_connections" :: waited 0.000s {{(pid=93433) inner /opt/stack/data/venv/lib/python3.12/site-packages/oslo_concurrency/lockutils.py:524}}
Jul 08 17:22:01.139374 np0000004835 nova-scheduler[93433]: DEBUG oslo_concurrency.lockutils [None req-fb368d1a-9a98-45dc-86f0-16666af188e7 tempest-ServerRescueNegativeTestJSON-1281810732 tempest-ServerRescueNegativeTestJSON-1281810732-project-member] Lock "50ceebe1-05e8-4bc2-a0f6-6c735166a5a0" "released" by "nova.context.set_target_cell..get_or_set_cached_cell_and_set_connections" :: held 0.001s {{(pid=93433) inner /opt/stack/data/venv/lib/python3.12/site-packages/oslo_concurrency/lockutils.py:543}}
Jul 08 17:22:01.141995 np0000004835 nova-scheduler[93433]: INFO dbcounter [None req-fb368d1a-9a98-45dc-86f0-16666af188e7 tempest-ServerRescueNegativeTestJSON-1281810732 tempest-ServerRescueNegativeTestJSON-1281810732-project-member] Registered counter for database nova_cell1
Jul 08 17:22:01.174180 np0000004835 nova-scheduler[93433]: DEBUG oslo_db.sqlalchemy.engines [None req-fb368d1a-9a98-45dc-86f0-16666af188e7 tempest-ServerRescueNegativeTestJSON-1281810732 tempest-ServerRescueNegativeTestJSON-1281810732-project-member] MySQL server mode set to STRICT_TRANS_TABLES,STRICT_ALL_TABLES,NO_ZERO_IN_DATE,NO_ZERO_DATE,ERROR_FOR_DIVISION_BY_ZERO,TRADITIONAL,NO_ENGINE_SUBSTITUTION {{(pid=93433) _check_effective_sql_mode /opt/stack/data/venv/lib/python3.12/site-packages/oslo_db/sqlalchemy/engines.py:325}}
Jul 08 17:22:01.180148 np0000004835 nova-scheduler[93433]: DEBUG dbcounter [-] [93433] Writer thread running {{(pid=93433) stat_writer /opt/stack/data/venv/lib/python3.12/site-packages/dbcounter.py:102}}
Jul 08 17:22:01.234807 np0000004835 nova-scheduler[93433]: DEBUG dbcounter [-] [93433] Writer thread running {{(pid=93433) stat_writer /opt/stack/data/venv/lib/python3.12/site-packages/dbcounter.py:102}}
Jul 08 17:22:01.241557 np0000004835 nova-scheduler[93433]: DEBUG oslo_concurrency.lockutils [None req-fb368d1a-9a98-45dc-86f0-16666af188e7 tempest-ServerRescueNegativeTestJSON-1281810732 tempest-ServerRescueNegativeTestJSON-1281810732-project-member] Acquiring lock "50ceebe1-05e8-4bc2-a0f6-6c735166a5a0" by "nova.context.set_target_cell..get_or_set_cached_cell_and_set_connections" {{(pid=93433) inner /opt/stack/data/venv/lib/python3.12/site-packages/oslo_concurrency/lockutils.py:511}}
Jul 08 17:22:01.241557 np0000004835 nova-scheduler[93433]: DEBUG oslo_concurrency.lockutils [None req-fb368d1a-9a98-45dc-86f0-16666af188e7 tempest-ServerRescueNegativeTestJSON-1281810732 tempest-ServerRescueNegativeTestJSON-1281810732-project-member] Lock "50ceebe1-05e8-4bc2-a0f6-6c735166a5a0" acquired by "nova.context.set_target_cell..get_or_set_cached_cell_and_set_connections" :: waited 0.000s {{(pid=93433) inner /opt/stack/data/venv/lib/python3.12/site-packages/oslo_concurrency/lockutils.py:524}}
Jul 08 17:22:01.241884 np0000004835 nova-scheduler[93433]: DEBUG oslo_concurrency.lockutils [None req-fb368d1a-9a98-45dc-86f0-16666af188e7 tempest-ServerRescueNegativeTestJSON-1281810732 tempest-ServerRescueNegativeTestJSON-1281810732-project-member] Lock "50ceebe1-05e8-4bc2-a0f6-6c735166a5a0" "released" by "nova.context.set_target_cell..get_or_set_cached_cell_and_set_connections" :: held 0.000s {{(pid=93433) inner /opt/stack/data/venv/lib/python3.12/site-packages/oslo_concurrency/lockutils.py:543}}
Jul 08 17:22:01.250440 np0000004835 nova-scheduler[93433]: DEBUG oslo_concurrency.lockutils [None req-fb368d1a-9a98-45dc-86f0-16666af188e7 tempest-ServerRescueNegativeTestJSON-1281810732 tempest-ServerRescueNegativeTestJSON-1281810732-project-member] Acquiring lock "np0000004835-np0000004835" by "nova.scheduler.host_manager.HostState.update.._locked_update" {{(pid=93433) inner /opt/stack/data/venv/lib/python3.12/site-packages/oslo_concurrency/lockutils.py:511}}
Jul 08 17:22:01.250874 np0000004835 nova-scheduler[93433]: DEBUG oslo_concurrency.lockutils [None req-fb368d1a-9a98-45dc-86f0-16666af188e7 tempest-ServerRescueNegativeTestJSON-1281810732 tempest-ServerRescueNegativeTestJSON-1281810732-project-member] Lock "np0000004835-np0000004835" acquired by "nova.scheduler.host_manager.HostState.update.._locked_update" :: waited 0.000s {{(pid=93433) inner /opt/stack/data/venv/lib/python3.12/site-packages/oslo_concurrency/lockutils.py:524}}
