May 22 12:43:43.675516 np0000001265 devstack@g-api.service[98959]: DEBUG glance.api.middleware.version_negotiation [None req-bab23ff3-8896-4ab5-92f9-157cee28ef5e tempest-VolumesActionsTest-148648947 tempest-VolumesActionsTest-148648947-project-member] Using url versioning {{(pid=98959) process_request /opt/stack/glance/glance/api/middleware/version_negotiation.py:57}}
May 22 12:43:43.675516 np0000001265 devstack@g-api.service[98959]: DEBUG glance.api.middleware.version_negotiation [None req-bab23ff3-8896-4ab5-92f9-157cee28ef5e tempest-VolumesActionsTest-148648947 tempest-VolumesActionsTest-148648947-project-member] Matched version: v2 {{(pid=98959) process_request /opt/stack/glance/glance/api/middleware/version_negotiation.py:69}}
May 22 12:43:43.679358 np0000001265 devstack@g-api.service[98959]: DEBUG glance.api.middleware.version_negotiation [None req-bab23ff3-8896-4ab5-92f9-157cee28ef5e tempest-VolumesActionsTest-148648947 tempest-VolumesActionsTest-148648947-project-member] new path /v2/images/94ce740c-6b10-49cc-bed6-69239bf69770 {{(pid=98959) process_request /opt/stack/glance/glance/api/middleware/version_negotiation.py:70}}
May 22 12:43:43.714748 np0000001265 devstack@g-api.service[98959]: [pid: 98959|app: 0|req: 145/288] 127.0.0.1 () {40 vars in 838 bytes} [Fri May 22 12:43:43 2026] GET /v2/images/94ce740c-6b10-49cc-bed6-69239bf69770 => generated 650 bytes in 42 msecs (HTTP/1.1 200) 4 headers in 157 bytes (1 switches on core 0)
May 22 12:43:44.093998 np0000001265 devstack@g-api.service[98958]: DEBUG swiftclient [None req-9aa8a858-b904-4a62-b266-6544e3d16cc6 tempest-VolumesActionsTest-148648947 tempest-VolumesActionsTest-148648947-project-member] REQ: curl -i https://10.4.3.127:8080/v1/AUTH_6f867530ffc94340867c6d8ea2c84fdc/glance/94ce740c-6b10-49cc-bed6-69239bf69770-00001 -X PUT -H "X-Auth-Token: gAAAAABqEE98LCyg..." {{(pid=98958) http_log /opt/stack/data/venv/lib/python3.12/site-packages/swiftclient/client.py:160}}
May 22 12:43:44.094391 np0000001265 devstack@g-api.service[98958]: DEBUG swiftclient [None req-9aa8a858-b904-4a62-b266-6544e3d16cc6 tempest-VolumesActionsTest-148648947 tempest-VolumesActionsTest-148648947-project-member] RESP STATUS: 201 Created {{(pid=98958) http_log /opt/stack/data/venv/lib/python3.12/site-packages/swiftclient/client.py:161}}
May 22 12:43:44.094391 np0000001265 devstack@g-api.service[98958]: DEBUG swiftclient [None req-9aa8a858-b904-4a62-b266-6544e3d16cc6 tempest-VolumesActionsTest-148648947 tempest-VolumesActionsTest-148648947-project-member] RESP HEADERS: {'Date': 'Fri, 22 May 2026 12:43:44 GMT', 'Server': 'Apache/2.4.58 (Ubuntu)', 'Content-Type': 'text/html; charset=UTF-8', 'Content-Length': '0', 'Etag': 'eda9a9889837ac4bc81d6387d92c1bec', 'Last-Modified': 'Fri, 22 May 2026 12:43:42 GMT', 'X-Trans-Id': 'txca9aa85ffa9e4def827cf-006a104f7d', 'X-Openstack-Request-Id': 'txca9aa85ffa9e4def827cf-006a104f7d', 'Connection': 'close'} {{(pid=98958) http_log /opt/stack/data/venv/lib/python3.12/site-packages/swiftclient/client.py:162}}
May 22 12:43:44.096083 np0000001265 devstack@g-api.service[98958]: DEBUG glance_store._drivers.swift.store [None req-9aa8a858-b904-4a62-b266-6544e3d16cc6 tempest-VolumesActionsTest-148648947 tempest-VolumesActionsTest-148648947-project-member] Wrote chunk 94ce740c-6b10-49cc-bed6-69239bf69770-00001 (1/?) of length 204800000 to Swift returning MD5 of content: eda9a9889837ac4bc81d6387d92c1bec {{(pid=98958) add /opt/stack/data/venv/lib/python3.12/site-packages/glance_store/_drivers/swift/store.py:1067}}
May 22 12:43:44.726423 np0000001265 devstack@g-api.service[98959]: DEBUG glance.api.middleware.version_negotiation [None req-0079bdc3-aee8-4c25-9be5-f1fdfb46c48b tempest-VolumesActionsTest-148648947 tempest-VolumesActionsTest-148648947-project-member] Determining version of request: GET /v2/images/94ce740c-6b10-49cc-bed6-69239bf69770 Accept: application/json {{(pid=98959) process_request /opt/stack/glance/glance/api/middleware/version_negotiation.py:44}}
May 22 12:43:44.727098 np0000001265 devstack@g-api.service[98959]: DEBUG glance.api.middleware.version_negotiation [None req-0079bdc3-aee8-4c25-9be5-f1fdfb46c48b tempest-VolumesActionsTest-148648947 tempest-VolumesActionsTest-148648947-project-member] Using url versioning {{(pid=98959) process_request /opt/stack/glance/glance/api/middleware/version_negotiation.py:57}}
May 22 12:43:44.727098 np0000001265 devstack@g-api.service[98959]: DEBUG glance.api.middleware.version_negotiation [None req-0079bdc3-aee8-4c25-9be5-f1fdfb46c48b tempest-VolumesActionsTest-148648947 tempest-VolumesActionsTest-148648947-project-member] Matched version: v2 {{(pid=98959) process_request /opt/stack/glance/glance/api/middleware/version_negotiation.py:69}}
May 22 12:43:44.727098 np0000001265 devstack@g-api.service[98959]: DEBUG glance.api.middleware.version_negotiation [None req-0079bdc3-aee8-4c25-9be5-f1fdfb46c48b tempest-VolumesActionsTest-148648947 tempest-VolumesActionsTest-148648947-project-member] new path /v2/images/94ce740c-6b10-49cc-bed6-69239bf69770 {{(pid=98959) process_request /opt/stack/glance/glance/api/middleware/version_negotiation.py:70}}
May 22 12:43:44.747809 np0000001265 devstack@g-api.service[98959]: [pid: 98959|app: 0|req: 146/289] 127.0.0.1 () {40 vars in 838 bytes} [Fri May 22 12:43:44 2026] GET /v2/images/94ce740c-6b10-49cc-bed6-69239bf69770 => generated 650 bytes in 22 msecs (HTTP/1.1 200) 4 headers in 157 bytes (1 switches on core 0)
May 22 12:43:45.758039 np0000001265 devstack@g-api.service[98959]: DEBUG glance.api.middleware.version_negotiation [None req-af93a6ba-2bb0-43da-a308-bd29bdabeb31 tempest-VolumesActionsTest-148648947 tempest-VolumesActionsTest-148648947-project-member] Determining version of request: GET /v2/images/94ce740c-6b10-49cc-bed6-69239bf69770 Accept: application/json {{(pid=98959) process_request /opt/stack/glance/glance/api/middleware/version_negotiation.py:44}}
May 22 12:43:45.758531 np0000001265 devstack@g-api.service[98959]: DEBUG glance.api.middleware.version_negotiation [None req-af93a6ba-2bb0-43da-a308-bd29bdabeb31 tempest-VolumesActionsTest-148648947 tempest-VolumesActionsTest-148648947-project-member] Using url versioning {{(pid=98959) process_request /opt/stack/glance/glance/api/middleware/version_negotiation.py:57}}
May 22 12:43:45.758531 np0000001265 devstack@g-api.service[98959]: DEBUG glance.api.middleware.version_negotiation [None req-af93a6ba-2bb0-43da-a308-bd29bdabeb31 tempest-VolumesActionsTest-148648947 tempest-VolumesActionsTest-148648947-project-member] Matched version: v2 {{(pid=98959) process_request /opt/stack/glance/glance/api/middleware/version_negotiation.py:69}}
May 22 12:43:45.758615 np0000001265 devstack@g-api.service[98959]: DEBUG glance.api.middleware.version_negotiation [None req-af93a6ba-2bb0-43da-a308-bd29bdabeb31 tempest-VolumesActionsTest-148648947 tempest-VolumesActionsTest-148648947-project-member] new path /v2/images/94ce740c-6b10-49cc-bed6-69239bf69770 {{(pid=98959) process_request /opt/stack/glance/glance/api/middleware/version_negotiation.py:70}}
May 22 12:43:45.772632 np0000001265 devstack@g-api.service[98959]: [pid: 98959|app: 0|req: 147/290] 127.0.0.1 () {40 vars in 838 bytes} [Fri May 22 12:43:45 2026] GET /v2/images/94ce740c-6b10-49cc-bed6-69239bf69770 => generated 650 bytes in 15 msecs (HTTP/1.1 200) 4 headers in 157 bytes (1 switches on core 0)
May 22 12:43:46.023201 np0000001265 devstack@g-api.service[98958]: DEBUG swiftclient [None req-9aa8a858-b904-4a62-b266-6544e3d16cc6 tempest-VolumesActionsTest-148648947 tempest-VolumesActionsTest-148648947-project-member] REQ: curl -i https://10.4.3.127:8080/v1/AUTH_6f867530ffc94340867c6d8ea2c84fdc/glance/94ce740c-6b10-49cc-bed6-69239bf69770-00002 -X PUT -H "X-Auth-Token: gAAAAABqEE98LCyg..." {{(pid=98958) http_log /opt/stack/data/venv/lib/python3.12/site-packages/swiftclient/client.py:160}}
May 22 12:43:46.023543 np0000001265 devstack@g-api.service[98958]: DEBUG swiftclient [None req-9aa8a858-b904-4a62-b266-6544e3d16cc6 tempest-VolumesActionsTest-148648947 tempest-VolumesActionsTest-148648947-project-member] RESP STATUS: 201 Created {{(pid=98958) http_log /opt/stack/data/venv/lib/python3.12/site-packages/swiftclient/client.py:161}}
May 22 12:43:46.023543 np0000001265 devstack@g-api.service[98958]: DEBUG swiftclient [None req-9aa8a858-b904-4a62-b266-6544e3d16cc6 tempest-VolumesActionsTest-148648947 tempest-VolumesActionsTest-148648947-project-member] RESP HEADERS: {'Date': 'Fri, 22 May 2026 12:43:46 GMT', 'Server': 'Apache/2.4.58 (Ubuntu)', 'Content-Type': 'text/html; charset=UTF-8', 'Content-Length': '0', 'Etag': 'eda9a9889837ac4bc81d6387d92c1bec', 'Last-Modified': 'Fri, 22 May 2026 12:43:45 GMT', 'X-Trans-Id': 'txc21292c1ae0e48358b86d-006a104f80', 'X-Openstack-Request-Id': 'txc21292c1ae0e48358b86d-006a104f80', 'Connection': 'close'} {{(pid=98958) http_log /opt/stack/data/venv/lib/python3.12/site-packages/swiftclient/client.py:162}}
May 22 12:43:46.023543 np0000001265 devstack@g-api.service[98958]: DEBUG glance_store._drivers.swift.store [None req-9aa8a858-b904-4a62-b266-6544e3d16cc6 tempest-VolumesActionsTest-148648947 tempest-VolumesActionsTest-148648947-project-member] Wrote chunk 94ce740c-6b10-49cc-bed6-69239bf69770-00002 (2/?) of length 204800000 to Swift returning MD5 of content: eda9a9889837ac4bc81d6387d92c1bec {{(pid=98958) add /opt/stack/data/venv/lib/python3.12/site-packages/glance_store/_drivers/swift/store.py:1067}}
May 22 12:43:46.782383 np0000001265 devstack@g-api.service[98959]: DEBUG glance.api.middleware.version_negotiation [None req-ba0fb8c3-939f-48c2-acfc-84410115aee0 tempest-VolumesActionsTest-148648947 tempest-VolumesActionsTest-148648947-project-member] Determining version of request: GET /v2/images/94ce740c-6b10-49cc-bed6-69239bf69770 Accept: application/json {{(pid=98959) process_request /opt/stack/glance/glance/api/middleware/version_negotiation.py:44}}
May 22 12:43:46.782383 np0000001265 devstack@g-api.service[98959]: DEBUG glance.api.middleware.version_negotiation [None req-ba0fb8c3-939f-48c2-acfc-84410115aee0 tempest-VolumesActionsTest-148648947 tempest-VolumesActionsTest-148648947-project-member] Using url versioning {{(pid=98959) process_request /opt/stack/glance/glance/api/middleware/version_negotiation.py:57}}
May 22 12:43:46.782383 np0000001265 devstack@g-api.service[98959]: DEBUG glance.api.middleware.version_negotiation [None req-ba0fb8c3-939f-48c2-acfc-84410115aee0 tempest-VolumesActionsTest-148648947 tempest-VolumesActionsTest-148648947-project-member] Matched version: v2 {{(pid=98959) process_request /opt/stack/glance/glance/api/middleware/version_negotiation.py:69}}
May 22 12:43:46.782851 np0000001265 devstack@g-api.service[98959]: DEBUG glance.api.middleware.version_negotiation [None req-ba0fb8c3-939f-48c2-acfc-84410115aee0 tempest-VolumesActionsTest-148648947 tempest-VolumesActionsTest-148648947-project-member] new path /v2/images/94ce740c-6b10-49cc-bed6-69239bf69770 {{(pid=98959) process_request /opt/stack/glance/glance/api/middleware/version_negotiation.py:70}}
May 22 12:43:46.797181 np0000001265 devstack@g-api.service[98959]: [pid: 98959|app: 0|req: 148/291] 127.0.0.1 () {40 vars in 838 bytes} [Fri May 22 12:43:46 2026] GET /v2/images/94ce740c-6b10-49cc-bed6-69239bf69770 => generated 650 bytes in 14 msecs (HTTP/1.1 200) 4 headers in 157 bytes (1 switches on core 0)
May 22 12:43:47.804867 np0000001265 devstack@g-api.service[98959]: DEBUG glance.api.middleware.version_negotiation [None req-e5776168-1591-477d-af99-7fa34855d821 tempest-VolumesActionsTest-148648947 tempest-VolumesActionsTest-148648947-project-member] Determining version of request: GET /v2/images/94ce740c-6b10-49cc-bed6-69239bf69770 Accept: application/json {{(pid=98959) process_request /opt/stack/glance/glance/api/middleware/version_negotiation.py:44}}
May 22 12:43:47.805983 np0000001265 devstack@g-api.service[98959]: DEBUG glance.api.middleware.version_negotiation [None req-e5776168-1591-477d-af99-7fa34855d821 tempest-VolumesActionsTest-148648947 tempest-VolumesActionsTest-148648947-project-member] Using url versioning {{(pid=98959) process_request /opt/stack/glance/glance/api/middleware/version_negotiation.py:57}}
May 22 12:43:47.806260 np0000001265 devstack@g-api.service[98959]: DEBUG glance.api.middleware.version_negotiation [None req-e5776168-1591-477d-af99-7fa34855d821 tempest-VolumesActionsTest-148648947 tempest-VolumesActionsTest-148648947-project-member] Matched version: v2 {{(pid=98959) process_request /opt/stack/glance/glance/api/middleware/version_negotiation.py:69}}
May 22 12:43:47.806840 np0000001265 devstack@g-api.service[98959]: DEBUG glance.api.middleware.version_negotiation [None req-e5776168-1591-477d-af99-7fa34855d821 tempest-VolumesActionsTest-148648947 tempest-VolumesActionsTest-148648947-project-member] new path /v2/images/94ce740c-6b10-49cc-bed6-69239bf69770 {{(pid=98959) process_request /opt/stack/glance/glance/api/middleware/version_negotiation.py:70}}
May 22 12:43:47.821184 np0000001265 devstack@g-api.service[98959]: [pid: 98959|app: 0|req: 149/292] 127.0.0.1 () {40 vars in 838 bytes} [Fri May 22 12:43:47 2026] GET /v2/images/94ce740c-6b10-49cc-bed6-69239bf69770 => generated 650 bytes in 16 msecs (HTTP/1.1 200) 4 headers in 157 bytes (1 switches on core 0)
May 22 12:43:47.922489 np0000001265 devstack@g-api.service[98958]: DEBUG swiftclient [None req-9aa8a858-b904-4a62-b266-6544e3d16cc6 tempest-VolumesActionsTest-148648947 tempest-VolumesActionsTest-148648947-project-member] REQ: curl -i https://10.4.3.127:8080/v1/AUTH_6f867530ffc94340867c6d8ea2c84fdc/glance/94ce740c-6b10-49cc-bed6-69239bf69770-00003 -X PUT -H "X-Auth-Token: gAAAAABqEE98LCyg..." {{(pid=98958) http_log /opt/stack/data/venv/lib/python3.12/site-packages/swiftclient/client.py:160}}
May 22 12:43:47.922489 np0000001265 devstack@g-api.service[98958]: DEBUG swiftclient [None req-9aa8a858-b904-4a62-b266-6544e3d16cc6 tempest-VolumesActionsTest-148648947 tempest-VolumesActionsTest-148648947-project-member] RESP STATUS: 201 Created {{(pid=98958) http_log /opt/stack/data/venv/lib/python3.12/site-packages/swiftclient/client.py:161}}
May 22 12:43:47.922489 np0000001265 devstack@g-api.service[98958]: DEBUG swiftclient [None req-9aa8a858-b904-4a62-b266-6544e3d16cc6 tempest-VolumesActionsTest-148648947 tempest-VolumesActionsTest-148648947-project-member] RESP HEADERS: {'Date': 'Fri, 22 May 2026 12:43:47 GMT', 'Server': 'Apache/2.4.58 (Ubuntu)', 'Content-Type': 'text/html; charset=UTF-8', 'Content-Length': '0', 'Etag': 'eda9a9889837ac4bc81d6387d92c1bec', 'Last-Modified': 'Fri, 22 May 2026 12:43:47 GMT', 'X-Trans-Id': 'txa7336b6fc0c94edd990a1-006a104f82', 'X-Openstack-Request-Id': 'txa7336b6fc0c94edd990a1-006a104f82', 'Connection': 'close'} {{(pid=98958) http_log /opt/stack/data/venv/lib/python3.12/site-packages/swiftclient/client.py:162}}
May 22 12:43:47.922489 np0000001265 devstack@g-api.service[98958]: DEBUG glance_store._drivers.swift.store [None req-9aa8a858-b904-4a62-b266-6544e3d16cc6 tempest-VolumesActionsTest-148648947 tempest-VolumesActionsTest-148648947-project-member] Wrote chunk 94ce740c-6b10-49cc-bed6-69239bf69770-00003 (3/?) of length 204800000 to Swift returning MD5 of content: eda9a9889837ac4bc81d6387d92c1bec {{(pid=98958) add /opt/stack/data/venv/lib/python3.12/site-packages/glance_store/_drivers/swift/store.py:1067}}
May 22 12:43:48.832342 np0000001265 devstack@g-api.service[98959]: DEBUG glance.api.middleware.version_negotiation [None req-ae686b82-f05f-4693-a1b0-535c042fdd05 tempest-VolumesActionsTest-148648947 tempest-VolumesActionsTest-148648947-project-member] Determining version of request: GET /v2/images/94ce740c-6b10-49cc-bed6-69239bf69770 Accept: application/json {{(pid=98959) process_request /opt/stack/glance/glance/api/middleware/version_negotiation.py:44}}
May 22 12:43:48.834520 np0000001265 devstack@g-api.service[98959]: DEBUG glance.api.middleware.version_negotiation [None req-ae686b82-f05f-4693-a1b0-535c042fdd05 tempest-VolumesActionsTest-148648947 tempest-VolumesActionsTest-148648947-project-member] Using url versioning {{(pid=98959) process_request /opt/stack/glance/glance/api/middleware/version_negotiation.py:57}}
May 22 12:43:48.834520 np0000001265 devstack@g-api.service[98959]: DEBUG glance.api.middleware.version_negotiation [None req-ae686b82-f05f-4693-a1b0-535c042fdd05 tempest-VolumesActionsTest-148648947 tempest-VolumesActionsTest-148648947-project-member] Matched version: v2 {{(pid=98959) process_request /opt/stack/glance/glance/api/middleware/version_negotiation.py:69}}
May 22 12:43:48.834520 np0000001265 devstack@g-api.service[98959]: DEBUG glance.api.middleware.version_negotiation [None req-ae686b82-f05f-4693-a1b0-535c042fdd05 tempest-VolumesActionsTest-148648947 tempest-VolumesActionsTest-148648947-project-member] new path /v2/images/94ce740c-6b10-49cc-bed6-69239bf69770 {{(pid=98959) process_request /opt/stack/glance/glance/api/middleware/version_negotiation.py:70}}
May 22 12:43:48.846238 np0000001265 devstack@g-api.service[98959]: [pid: 98959|app: 0|req: 150/293] 127.0.0.1 () {40 vars in 838 bytes} [Fri May 22 12:43:48 2026] GET /v2/images/94ce740c-6b10-49cc-bed6-69239bf69770 => generated 650 bytes in 14 msecs (HTTP/1.1 200) 4 headers in 157 bytes (1 switches on core 0)
May 22 12:43:49.855495 np0000001265 devstack@g-api.service[98959]: DEBUG glance.api.middleware.version_negotiation [None req-d17bf84e-b9e8-495a-9ed9-8af9ea6b22dd tempest-VolumesActionsTest-148648947 tempest-VolumesActionsTest-148648947-project-member] Determining version of request: GET /v2/images/94ce740c-6b10-49cc-bed6-69239bf69770 Accept: application/json {{(pid=98959) process_request /opt/stack/glance/glance/api/middleware/version_negotiation.py:44}}
May 22 12:43:49.859429 np0000001265 devstack@g-api.service[98959]: DEBUG glance.api.middleware.version_negotiation [None req-d17bf84e-b9e8-495a-9ed9-8af9ea6b22dd tempest-VolumesActionsTest-148648947 tempest-VolumesActionsTest-148648947-project-member] Using url versioning {{(pid=98959) process_request /opt/stack/glance/glance/api/middleware/version_negotiation.py:57}}
May 22 12:43:49.859429 np0000001265 devstack@g-api.service[98959]: DEBUG glance.api.middleware.version_negotiation [None req-d17bf84e-b9e8-495a-9ed9-8af9ea6b22dd tempest-VolumesActionsTest-148648947 tempest-VolumesActionsTest-148648947-project-member] Matched version: v2 {{(pid=98959) process_request /opt/stack/glance/glance/api/middleware/version_negotiation.py:69}}
May 22 12:43:49.859429 np0000001265 devstack@g-api.service[98959]: DEBUG glance.api.middleware.version_negotiation [None req-d17bf84e-b9e8-495a-9ed9-8af9ea6b22dd tempest-VolumesActionsTest-148648947 tempest-VolumesActionsTest-148648947-project-member] new path /v2/images/94ce740c-6b10-49cc-bed6-69239bf69770 {{(pid=98959) process_request /opt/stack/glance/glance/api/middleware/version_negotiation.py:70}}
May 22 12:43:49.869731 np0000001265 devstack@g-api.service[98959]: [pid: 98959|app: 0|req: 151/294] 127.0.0.1 () {40 vars in 838 bytes} [Fri May 22 12:43:49 2026] GET /v2/images/94ce740c-6b10-49cc-bed6-69239bf69770 => generated 650 bytes in 14 msecs (HTTP/1.1 200) 4 headers in 157 bytes (1 switches on core 0)
May 22 12:43:50.090390 np0000001265 devstack@g-api.service[98958]: DEBUG swiftclient [None req-9aa8a858-b904-4a62-b266-6544e3d16cc6 tempest-VolumesActionsTest-148648947 tempest-VolumesActionsTest-148648947-project-member] REQ: curl -i https://10.4.3.127:8080/v1/AUTH_6f867530ffc94340867c6d8ea2c84fdc/glance/94ce740c-6b10-49cc-bed6-69239bf69770-00004 -X PUT -H "X-Auth-Token: gAAAAABqEE98LCyg..." {{(pid=98958) http_log /opt/stack/data/venv/lib/python3.12/site-packages/swiftclient/client.py:160}}
May 22 12:43:50.090675 np0000001265 devstack@g-api.service[98958]: DEBUG swiftclient [None req-9aa8a858-b904-4a62-b266-6544e3d16cc6 tempest-VolumesActionsTest-148648947 tempest-VolumesActionsTest-148648947-project-member] RESP STATUS: 201 Created {{(pid=98958) http_log /opt/stack/data/venv/lib/python3.12/site-packages/swiftclient/client.py:161}}
May 22 12:43:50.090711 np0000001265 devstack@g-api.service[98958]: DEBUG swiftclient [None req-9aa8a858-b904-4a62-b266-6544e3d16cc6 tempest-VolumesActionsTest-148648947 tempest-VolumesActionsTest-148648947-project-member] RESP HEADERS: {'Date': 'Fri, 22 May 2026 12:43:50 GMT', 'Server': 'Apache/2.4.58 (Ubuntu)', 'Content-Type': 'text/html; charset=UTF-8', 'Content-Length': '0', 'Etag': 'eda9a9889837ac4bc81d6387d92c1bec', 'Last-Modified': 'Fri, 22 May 2026 12:43:48 GMT', 'X-Trans-Id': 'tx401dbaa656a74eb1b43f2-006a104f83', 'X-Openstack-Request-Id': 'tx401dbaa656a74eb1b43f2-006a104f83', 'Connection': 'close'} {{(pid=98958) http_log /opt/stack/data/venv/lib/python3.12/site-packages/swiftclient/client.py:162}}
May 22 12:43:50.090859 np0000001265 devstack@g-api.service[98958]: DEBUG glance_store._drivers.swift.store [None req-9aa8a858-b904-4a62-b266-6544e3d16cc6 tempest-VolumesActionsTest-148648947 tempest-VolumesActionsTest-148648947-project-member] Wrote chunk 94ce740c-6b10-49cc-bed6-69239bf69770-00004 (4/?) of length 204800000 to Swift returning MD5 of content: eda9a9889837ac4bc81d6387d92c1bec {{(pid=98958) add /opt/stack/data/venv/lib/python3.12/site-packages/glance_store/_drivers/swift/store.py:1067}}
May 22 12:43:50.880398 np0000001265 devstack@g-api.service[98959]: DEBUG glance.api.middleware.version_negotiation [None req-928c179a-d276-43c6-9d0e-f3a581c50f94 tempest-VolumesActionsTest-148648947 tempest-VolumesActionsTest-148648947-project-member] Determining version of request: GET /v2/images/94ce740c-6b10-49cc-bed6-69239bf69770 Accept: application/json {{(pid=98959) process_request /opt/stack/glance/glance/api/middleware/version_negotiation.py:44}}
May 22 12:43:50.880398 np0000001265 devstack@g-api.service[98959]: DEBUG glance.api.middleware.version_negotiation [None req-928c179a-d276-43c6-9d0e-f3a581c50f94 tempest-VolumesActionsTest-148648947 tempest-VolumesActionsTest-148648947-project-member] Using url versioning {{(pid=98959) process_request /opt/stack/glance/glance/api/middleware/version_negotiation.py:57}}
May 22 12:43:50.880398 np0000001265 devstack@g-api.service[98959]: DEBUG glance.api.middleware.version_negotiation [None req-928c179a-d276-43c6-9d0e-f3a581c50f94 tempest-VolumesActionsTest-148648947 tempest-VolumesActionsTest-148648947-project-member] Matched version: v2 {{(pid=98959) process_request /opt/stack/glance/glance/api/middleware/version_negotiation.py:69}}
May 22 12:43:50.880398 np0000001265 devstack@g-api.service[98959]: DEBUG glance.api.middleware.version_negotiation [None req-928c179a-d276-43c6-9d0e-f3a581c50f94 tempest-VolumesActionsTest-148648947 tempest-VolumesActionsTest-148648947-project-member] new path /v2/images/94ce740c-6b10-49cc-bed6-69239bf69770 {{(pid=98959) process_request /opt/stack/glance/glance/api/middleware/version_negotiation.py:70}}
May 22 12:43:50.892039 np0000001265 devstack@g-api.service[98959]: [pid: 98959|app: 0|req: 152/295] 127.0.0.1 () {40 vars in 838 bytes} [Fri May 22 12:43:50 2026] GET /v2/images/94ce740c-6b10-49cc-bed6-69239bf69770 => generated 650 bytes in 13 msecs (HTTP/1.1 200) 4 headers in 157 bytes (1 switches on core 0)
May 22 12:43:50.932289 np0000001265 devstack@g-api.service[98958]: DEBUG dbcounter [-] [98958] Writing DB stats glance:SELECT=10,glance:UPDATE=1 {{(pid=98958) stat_writer /opt/stack/data/venv/lib/python3.12/site-packages/dbcounter.py:115}}
May 22 12:43:51.901655 np0000001265 devstack@g-api.service[98959]: DEBUG glance.api.middleware.version_negotiation [None req-0eaa2c6b-7844-4794-889c-8fe2608dc509 tempest-VolumesActionsTest-148648947 tempest-VolumesActionsTest-148648947-project-member] Determining version of request: GET /v2/images/94ce740c-6b10-49cc-bed6-69239bf69770 Accept: application/json {{(pid=98959) process_request /opt/stack/glance/glance/api/middleware/version_negotiation.py:44}}
May 22 12:43:51.902048 np0000001265 devstack@g-api.service[98959]: DEBUG glance.api.middleware.version_negotiation [None req-0eaa2c6b-7844-4794-889c-8fe2608dc509 tempest-VolumesActionsTest-148648947 tempest-VolumesActionsTest-148648947-project-member] Using url versioning {{(pid=98959) process_request /opt/stack/glance/glance/api/middleware/version_negotiation.py:57}}
May 22 12:43:51.902048 np0000001265 devstack@g-api.service[98959]: DEBUG glance.api.middleware.version_negotiation [None req-0eaa2c6b-7844-4794-889c-8fe2608dc509 tempest-VolumesActionsTest-148648947 tempest-VolumesActionsTest-148648947-project-member] Matched version: v2 {{(pid=98959) process_request /opt/stack/glance/glance/api/middleware/version_negotiation.py:69}}
May 22 12:43:51.902184 np0000001265 devstack@g-api.service[98959]: DEBUG glance.api.middleware.version_negotiation [None req-0eaa2c6b-7844-4794-889c-8fe2608dc509 tempest-VolumesActionsTest-148648947 tempest-VolumesActionsTest-148648947-project-member] new path /v2/images/94ce740c-6b10-49cc-bed6-69239bf69770 {{(pid=98959) process_request /opt/stack/glance/glance/api/middleware/version_negotiation.py:70}}
May 22 12:43:51.917176 np0000001265 devstack@g-api.service[98959]: [pid: 98959|app: 0|req: 153/296] 127.0.0.1 () {40 vars in 838 bytes} [Fri May 22 12:43:51 2026] GET /v2/images/94ce740c-6b10-49cc-bed6-69239bf69770 => generated 650 bytes in 16 msecs (HTTP/1.1 200) 4 headers in 157 bytes (1 switches on core 0)
May 22 12:43:52.216498 np0000001265 devstack@g-api.service[98958]: DEBUG swiftclient [None req-9aa8a858-b904-4a62-b266-6544e3d16cc6 tempest-VolumesActionsTest-148648947 tempest-VolumesActionsTest-148648947-project-member] REQ: curl -i https://10.4.3.127:8080/v1/AUTH_6f867530ffc94340867c6d8ea2c84fdc/glance/94ce740c-6b10-49cc-bed6-69239bf69770-00005 -X PUT -H "X-Auth-Token: gAAAAABqEE98LCyg..." {{(pid=98958) http_log /opt/stack/data/venv/lib/python3.12/site-packages/swiftclient/client.py:160}}
May 22 12:43:52.216812 np0000001265 devstack@g-api.service[98958]: DEBUG swiftclient [None req-9aa8a858-b904-4a62-b266-6544e3d16cc6 tempest-VolumesActionsTest-148648947 tempest-VolumesActionsTest-148648947-project-member] RESP STATUS: 201 Created {{(pid=98958) http_log /opt/stack/data/venv/lib/python3.12/site-packages/swiftclient/client.py:161}}
May 22 12:43:52.216812 np0000001265 devstack@g-api.service[98958]: DEBUG swiftclient [None req-9aa8a858-b904-4a62-b266-6544e3d16cc6 tempest-VolumesActionsTest-148648947 tempest-VolumesActionsTest-148648947-project-member] RESP HEADERS: {'Date': 'Fri, 22 May 2026 12:43:52 GMT', 'Server': 'Apache/2.4.58 (Ubuntu)', 'Content-Type': 'text/html; charset=UTF-8', 'Content-Length': '0', 'Etag': 'eda9a9889837ac4bc81d6387d92c1bec', 'Last-Modified': 'Fri, 22 May 2026 12:43:51 GMT', 'X-Trans-Id': 'txe3d762ec83764694aa141-006a104f86', 'X-Openstack-Request-Id': 'txe3d762ec83764694aa141-006a104f86', 'Connection': 'close'} {{(pid=98958) http_log /opt/stack/data/venv/lib/python3.12/site-packages/swiftclient/client.py:162}}
May 22 12:43:52.216936 np0000001265 devstack@g-api.service[98958]: DEBUG glance_store._drivers.swift.store [None req-9aa8a858-b904-4a62-b266-6544e3d16cc6 tempest-VolumesActionsTest-148648947 tempest-VolumesActionsTest-148648947-project-member] Wrote chunk 94ce740c-6b10-49cc-bed6-69239bf69770-00005 (5/?) of length 204800000 to Swift returning MD5 of content: eda9a9889837ac4bc81d6387d92c1bec {{(pid=98958) add /opt/stack/data/venv/lib/python3.12/site-packages/glance_store/_drivers/swift/store.py:1067}}
May 22 12:43:52.815710 np0000001265 devstack@g-api.service[98958]: DEBUG swiftclient [None req-9aa8a858-b904-4a62-b266-6544e3d16cc6 tempest-VolumesActionsTest-148648947 tempest-VolumesActionsTest-148648947-project-member] REQ: curl -i https://10.4.3.127:8080/v1/AUTH_6f867530ffc94340867c6d8ea2c84fdc/glance/94ce740c-6b10-49cc-bed6-69239bf69770-00006 -X PUT -H "X-Auth-Token: gAAAAABqEE98LCyg..." {{(pid=98958) http_log /opt/stack/data/venv/lib/python3.12/site-packages/swiftclient/client.py:160}}
May 22 12:43:52.815849 np0000001265 devstack@g-api.service[98958]: DEBUG swiftclient [None req-9aa8a858-b904-4a62-b266-6544e3d16cc6 tempest-VolumesActionsTest-148648947 tempest-VolumesActionsTest-148648947-project-member] RESP STATUS: 201 Created {{(pid=98958) http_log /opt/stack/data/venv/lib/python3.12/site-packages/swiftclient/client.py:161}}
May 22 12:43:52.816032 np0000001265 devstack@g-api.service[98958]: DEBUG swiftclient [None req-9aa8a858-b904-4a62-b266-6544e3d16cc6 tempest-VolumesActionsTest-148648947 tempest-VolumesActionsTest-148648947-project-member] RESP HEADERS: {'Date': 'Fri, 22 May 2026 12:43:52 GMT', 'Server': 'Apache/2.4.58 (Ubuntu)', 'Content-Type': 'text/html; charset=UTF-8', 'Content-Length': '0', 'Etag': '708761f3b8777ec77058e63da08eeeb6', 'Last-Modified': 'Fri, 22 May 2026 12:43:53 GMT', 'X-Trans-Id': 'txc36b7997a0df4861a96bb-006a104f88', 'X-Openstack-Request-Id': 'txc36b7997a0df4861a96bb-006a104f88', 'Connection': 'close'} {{(pid=98958) http_log /opt/stack/data/venv/lib/python3.12/site-packages/swiftclient/client.py:162}}
May 22 12:43:52.816165 np0000001265 devstack@g-api.service[98958]: DEBUG glance_store._drivers.swift.store [None req-9aa8a858-b904-4a62-b266-6544e3d16cc6 tempest-VolumesActionsTest-148648947 tempest-VolumesActionsTest-148648947-project-member] Wrote chunk 94ce740c-6b10-49cc-bed6-69239bf69770-00006 (6/?) of length 49741824 to Swift returning MD5 of content: 708761f3b8777ec77058e63da08eeeb6 {{(pid=98958) add /opt/stack/data/venv/lib/python3.12/site-packages/glance_store/_drivers/swift/store.py:1067}}
May 22 12:43:52.816468 np0000001265 devstack@g-api.service[98958]: DEBUG glance_store._drivers.swift.store [None req-9aa8a858-b904-4a62-b266-6544e3d16cc6 tempest-VolumesActionsTest-148648947 tempest-VolumesActionsTest-148648947-project-member] Not writing zero-length chunk. {{(pid=98958) add /opt/stack/data/venv/lib/python3.12/site-packages/glance_store/_drivers/swift/store.py:1036}}
May 22 12:43:52.846206 np0000001265 devstack@g-api.service[98958]: DEBUG swiftclient [None req-9aa8a858-b904-4a62-b266-6544e3d16cc6 tempest-VolumesActionsTest-148648947 tempest-VolumesActionsTest-148648947-project-member] REQ: curl -i https://10.4.3.127:8080/v1/AUTH_6f867530ffc94340867c6d8ea2c84fdc/glance/94ce740c-6b10-49cc-bed6-69239bf69770 -X PUT -H "X-Object-Manifest: glance/94ce740c-6b10-49cc-bed6-69239bf69770-" -H "X-Auth-Token: gAAAAABqEE98LCyg..." -H "Content-Length: 0" {{(pid=98958) http_log /opt/stack/data/venv/lib/python3.12/site-packages/swiftclient/client.py:160}}
May 22 12:43:52.846324 np0000001265 devstack@g-api.service[98958]: DEBUG swiftclient [None req-9aa8a858-b904-4a62-b266-6544e3d16cc6 tempest-VolumesActionsTest-148648947 tempest-VolumesActionsTest-148648947-project-member] RESP STATUS: 201 Created {{(pid=98958) http_log /opt/stack/data/venv/lib/python3.12/site-packages/swiftclient/client.py:161}}
May 22 12:43:52.846463 np0000001265 devstack@g-api.service[98958]: DEBUG swiftclient [None req-9aa8a858-b904-4a62-b266-6544e3d16cc6 tempest-VolumesActionsTest-148648947 tempest-VolumesActionsTest-148648947-project-member] RESP HEADERS: {'Date': 'Fri, 22 May 2026 12:43:52 GMT', 'Server': 'Apache/2.4.58 (Ubuntu)', 'Content-Type': 'text/html; charset=UTF-8', 'Content-Length': '0', 'Etag': 'd41d8cd98f00b204e9800998ecf8427e', 'Last-Modified': 'Fri, 22 May 2026 12:43:53 GMT', 'X-Trans-Id': 'txb0ca7de415834f64853e1-006a104f88', 'X-Openstack-Request-Id': 'txb0ca7de415834f64853e1-006a104f88', 'Connection': 'close'} {{(pid=98958) http_log /opt/stack/data/venv/lib/python3.12/site-packages/swiftclient/client.py:162}}
May 22 12:43:52.846872 np0000001265 devstack@g-api.service[98958]: INFO glance.location [None req-9aa8a858-b904-4a62-b266-6544e3d16cc6 tempest-VolumesActionsTest-148648947 tempest-VolumesActionsTest-148648947-project-member] Image format matched and virtual size computed: 1073741824
May 22 12:43:52.868432 np0000001265 devstack@g-api.service[98958]: DEBUG glance_store.backend [None req-9aa8a858-b904-4a62-b266-6544e3d16cc6 tempest-VolumesActionsTest-148648947 tempest-VolumesActionsTest-148648947-project-member] Attempting to import store swift {{(pid=98958) _load_store /opt/stack/data/venv/lib/python3.12/site-packages/glance_store/backend.py:215}}
May 22 12:43:52.869973 np0000001265 devstack@g-api.service[98958]: DEBUG glance_store.capabilities [None req-9aa8a858-b904-4a62-b266-6544e3d16cc6 tempest-VolumesActionsTest-148648947 tempest-VolumesActionsTest-148648947-project-member] Store glance_store._drivers.swift.store.SingleTenantStore doesn't support updating dynamic storage capabilities. Please overwrite 'update_capabilities' method of the store to implement updating logics if needed. {{(pid=98958) update_capabilities /opt/stack/data/venv/lib/python3.12/site-packages/glance_store/capabilities.py:91}}
May 22 12:43:52.870086 np0000001265 devstack@g-api.service[98958]: DEBUG glance_store.driver [None req-9aa8a858-b904-4a62-b266-6544e3d16cc6 tempest-VolumesActionsTest-148648947 tempest-VolumesActionsTest-148648947-project-member] Late loading location class glance_store._drivers.swift.store.StoreLocation {{(pid=98958) get_store_location_class /opt/stack/data/venv/lib/python3.12/site-packages/glance_store/driver.py:134}}
May 22 12:43:52.870151 np0000001265 devstack@g-api.service[98958]: DEBUG glance_store.location [None req-9aa8a858-b904-4a62-b266-6544e3d16cc6 tempest-VolumesActionsTest-148648947 tempest-VolumesActionsTest-148648947-project-member] Registering scheme swift+https with {'store': , 'location_class': , 'store_entry': 'swift'} {{(pid=98958) register_scheme_map /opt/stack/data/venv/lib/python3.12/site-packages/glance_store/location.py:146}}
May 22 12:43:52.870237 np0000001265 devstack@g-api.service[98958]: DEBUG glance_store.location [None req-9aa8a858-b904-4a62-b266-6544e3d16cc6 tempest-VolumesActionsTest-148648947 tempest-VolumesActionsTest-148648947-project-member] Registering scheme swift+https with {'store': , 'location_class': , 'store_entry': 'swift'} {{(pid=98958) register_scheme_map /opt/stack/data/venv/lib/python3.12/site-packages/glance_store/location.py:146}}
May 22 12:43:52.870378 np0000001265 devstack@g-api.service[98958]: DEBUG glance_store.location [None req-9aa8a858-b904-4a62-b266-6544e3d16cc6 tempest-VolumesActionsTest-148648947 tempest-VolumesActionsTest-148648947-project-member] Registering scheme swift with {'store': , 'location_class': , 'store_entry': 'swift'} {{(pid=98958) register_scheme_map /opt/stack/data/venv/lib/python3.12/site-packages/glance_store/location.py:146}}
May 22 12:43:52.870378 np0000001265 devstack@g-api.service[98958]: DEBUG glance_store.location [None req-9aa8a858-b904-4a62-b266-6544e3d16cc6 tempest-VolumesActionsTest-148648947 tempest-VolumesActionsTest-148648947-project-member] Registering scheme swift+https with {'store': , 'location_class': , 'store_entry': 'swift'} {{(pid=98958) register_scheme_map /opt/stack/data/venv/lib/python3.12/site-packages/glance_store/location.py:146}}
May 22 12:43:52.870711 np0000001265 devstack@g-api.service[98958]: DEBUG glance_store.location [None req-9aa8a858-b904-4a62-b266-6544e3d16cc6 tempest-VolumesActionsTest-148648947 tempest-VolumesActionsTest-148648947-project-member] Registering scheme swift with {'store': , 'location_class': , 'store_entry': 'swift'} {{(pid=98958) register_scheme_map /opt/stack/data/venv/lib/python3.12/site-packages/glance_store/location.py:146}}
May 22 12:43:52.870711 np0000001265 devstack@g-api.service[98958]: DEBUG glance_store.location [None req-9aa8a858-b904-4a62-b266-6544e3d16cc6 tempest-VolumesActionsTest-148648947 tempest-VolumesActionsTest-148648947-project-member] Registering scheme swift+http with {'store': , 'location_class': , 'store_entry': 'swift'} {{(pid=98958) register_scheme_map /opt/stack/data/venv/lib/python3.12/site-packages/glance_store/location.py:146}}
May 22 12:43:52.870711 np0000001265 devstack@g-api.service[98958]: DEBUG glance_store.location [None req-9aa8a858-b904-4a62-b266-6544e3d16cc6 tempest-VolumesActionsTest-148648947 tempest-VolumesActionsTest-148648947-project-member] Registering scheme swift+https with {'store': , 'location_class': , 'store_entry': 'swift'} {{(pid=98958) register_scheme_map /opt/stack/data/venv/lib/python3.12/site-packages/glance_store/location.py:146}}
May 22 12:43:52.870711 np0000001265 devstack@g-api.service[98958]: DEBUG glance_store.location [None req-9aa8a858-b904-4a62-b266-6544e3d16cc6 tempest-VolumesActionsTest-148648947 tempest-VolumesActionsTest-148648947-project-member] Registering scheme swift with {'store': , 'location_class': , 'store_entry': 'swift'} {{(pid=98958) register_scheme_map /opt/stack/data/venv/lib/python3.12/site-packages/glance_store/location.py:146}}
May 22 12:43:52.870942 np0000001265 devstack@g-api.service[98958]: DEBUG glance_store.location [None req-9aa8a858-b904-4a62-b266-6544e3d16cc6 tempest-VolumesActionsTest-148648947 tempest-VolumesActionsTest-148648947-project-member] Registering scheme swift+http with {'store': , 'location_class': , 'store_entry': 'swift'} {{(pid=98958) register_scheme_map /opt/stack/data/venv/lib/python3.12/site-packages/glance_store/location.py:146}}
May 22 12:43:52.870942 np0000001265 devstack@g-api.service[98958]: DEBUG glance_store.location [None req-9aa8a858-b904-4a62-b266-6544e3d16cc6 tempest-VolumesActionsTest-148648947 tempest-VolumesActionsTest-148648947-project-member] Registering scheme swift+config with {'store': , 'location_class': , 'store_entry': 'swift'} {{(pid=98958) register_scheme_map /opt/stack/data/venv/lib/python3.12/site-packages/glance_store/location.py:146}}
May 22 12:43:52.870942 np0000001265 devstack@g-api.service[98958]: DEBUG glance_store.backend [None req-9aa8a858-b904-4a62-b266-6544e3d16cc6 tempest-VolumesActionsTest-148648947 tempest-VolumesActionsTest-148648947-project-member] Skipping store.set_acls... not implemented. {{(pid=98958) set_acls /opt/stack/data/venv/lib/python3.12/site-packages/glance_store/backend.py:507}}
May 22 12:43:52.872832 np0000001265 devstack@g-api.service[98958]: [pid: 98958|app: 0|req: 144/297] 127.0.0.1 () {46 vars in 1158 bytes} [Fri May 22 12:43:40 2026] PUT /v2/images/94ce740c-6b10-49cc-bed6-69239bf69770/file => generated 0 bytes in 12842 msecs (HTTP/1.1 204) 4 headers in 171 bytes (1 switches on core 0)
May 22 12:43:52.882933 np0000001265 devstack@g-api.service[98959]: DEBUG glance.api.middleware.version_negotiation [None req-f684b643-1e12-4de7-bb0d-847ba1a02740 tempest-VolumesActionsTest-148648947 tempest-VolumesActionsTest-148648947-project-member] Determining version of request: GET /v2/images/94ce740c-6b10-49cc-bed6-69239bf69770 Accept: */* {{(pid=98959) process_request /opt/stack/glance/glance/api/middleware/version_negotiation.py:44}}
May 22 12:43:52.883079 np0000001265 devstack@g-api.service[98959]: DEBUG glance.api.middleware.version_negotiation [None req-f684b643-1e12-4de7-bb0d-847ba1a02740 tempest-VolumesActionsTest-148648947 tempest-VolumesActionsTest-148648947-project-member] Using url versioning {{(pid=98959) process_request /opt/stack/glance/glance/api/middleware/version_negotiation.py:57}}
May 22 12:43:52.883228 np0000001265 devstack@g-api.service[98959]: DEBUG glance.api.middleware.version_negotiation [None req-f684b643-1e12-4de7-bb0d-847ba1a02740 tempest-VolumesActionsTest-148648947 tempest-VolumesActionsTest-148648947-project-member] Matched version: v2 {{(pid=98959) process_request /opt/stack/glance/glance/api/middleware/version_negotiation.py:69}}
May 22 12:43:52.883342 np0000001265 devstack@g-api.service[98959]: DEBUG glance.api.middleware.version_negotiation [None req-f684b643-1e12-4de7-bb0d-847ba1a02740 tempest-VolumesActionsTest-148648947 tempest-VolumesActionsTest-148648947-project-member] new path /v2/images/94ce740c-6b10-49cc-bed6-69239bf69770 {{(pid=98959) process_request /opt/stack/glance/glance/api/middleware/version_negotiation.py:70}}
May 22 12:43:52.930820 np0000001265 devstack@g-api.service[98958]: DEBUG glance.api.middleware.version_negotiation [None req-9aa8a858-b904-4a62-b266-6544e3d16cc6 tempest-VolumesActionsTest-148648947 tempest-VolumesActionsTest-148648947-project-member] Determining version of request: GET /v2/images/94ce740c-6b10-49cc-bed6-69239bf69770 Accept: application/json {{(pid=98958) process_request /opt/stack/glance/glance/api/middleware/version_negotiation.py:44}}
May 22 12:43:52.931042 np0000001265 devstack@g-api.service[98958]: DEBUG glance.api.middleware.version_negotiation [None req-9aa8a858-b904-4a62-b266-6544e3d16cc6 tempest-VolumesActionsTest-148648947 tempest-VolumesActionsTest-148648947-project-member] Using url versioning {{(pid=98958) process_request /opt/stack/glance/glance/api/middleware/version_negotiation.py:57}}
May 22 12:43:52.931243 np0000001265 devstack@g-api.service[98958]: DEBUG glance.api.middleware.version_negotiation [None req-9aa8a858-b904-4a62-b266-6544e3d16cc6 tempest-VolumesActionsTest-148648947 tempest-VolumesActionsTest-148648947-project-member] Matched version: v2 {{(pid=98958) process_request /opt/stack/glance/glance/api/middleware/version_negotiation.py:69}}
May 22 12:43:52.932434 np0000001265 devstack@g-api.service[98958]: DEBUG glance.api.middleware.version_negotiation [None req-9aa8a858-b904-4a62-b266-6544e3d16cc6 tempest-VolumesActionsTest-148648947 tempest-VolumesActionsTest-148648947-project-member] new path /v2/images/94ce740c-6b10-49cc-bed6-69239bf69770 {{(pid=98958) process_request /opt/stack/glance/glance/api/middleware/version_negotiation.py:70}}
May 22 12:43:52.942572 np0000001265 devstack@g-api.service[98958]: [pid: 98958|app: 0|req: 145/298] 127.0.0.1 () {40 vars in 838 bytes} [Fri May 22 12:43:52 2026] GET /v2/images/94ce740c-6b10-49cc-bed6-69239bf69770 => generated 822 bytes in 12 msecs (HTTP/1.1 200) 4 headers in 157 bytes (1 switches on core 0)
May 22 12:43:53.074236 np0000001265 devstack@g-api.service[98959]: [pid: 98959|app: 0|req: 154/299] 127.0.0.1 () {44 vars in 1115 bytes} [Fri May 22 12:43:52 2026] GET /v2/images/94ce740c-6b10-49cc-bed6-69239bf69770 => generated 822 bytes in 191 msecs (HTTP/1.1 200) 4 headers in 157 bytes (1 switches on core 0)
May 22 12:43:53.084360 np0000001265 devstack@g-api.service[98958]: DEBUG glance.api.middleware.version_negotiation [None req-1a9763e0-4408-4334-a440-e8631cbb9337 tempest-VolumesActionsTest-148648947 tempest-VolumesActionsTest-148648947-project-member] Determining version of request: GET /v2/schemas/image Accept: */* {{(pid=98958) process_request /opt/stack/glance/glance/api/middleware/version_negotiation.py:44}}
May 22 12:43:53.084561 np0000001265 devstack@g-api.service[98958]: DEBUG glance.api.middleware.version_negotiation [None req-1a9763e0-4408-4334-a440-e8631cbb9337 tempest-VolumesActionsTest-148648947 tempest-VolumesActionsTest-148648947-project-member] Using url versioning {{(pid=98958) process_request /opt/stack/glance/glance/api/middleware/version_negotiation.py:57}}
May 22 12:43:53.084725 np0000001265 devstack@g-api.service[98958]: DEBUG glance.api.middleware.version_negotiation [None req-1a9763e0-4408-4334-a440-e8631cbb9337 tempest-VolumesActionsTest-148648947 tempest-VolumesActionsTest-148648947-project-member] Matched version: v2 {{(pid=98958) process_request /opt/stack/glance/glance/api/middleware/version_negotiation.py:69}}
May 22 12:43:53.084875 np0000001265 devstack@g-api.service[98958]: DEBUG glance.api.middleware.version_negotiation [None req-1a9763e0-4408-4334-a440-e8631cbb9337 tempest-VolumesActionsTest-148648947 tempest-VolumesActionsTest-148648947-project-member] new path /v2/schemas/image {{(pid=98958) process_request /opt/stack/glance/glance/api/middleware/version_negotiation.py:70}}
May 22 12:43:53.089118 np0000001265 devstack@g-api.service[98958]: [pid: 98958|app: 0|req: 146/300] 127.0.0.1 () {44 vars in 1055 bytes} [Fri May 22 12:43:53 2026] GET /v2/schemas/image => generated 6083 bytes in 5 msecs (HTTP/1.1 200) 4 headers in 158 bytes (1 switches on core 0)
May 22 12:43:53.100334 np0000001265 devstack@g-api.service[98959]: DEBUG glance.api.middleware.version_negotiation [None req-9aa8a858-b904-4a62-b266-6544e3d16cc6 tempest-VolumesActionsTest-148648947 tempest-VolumesActionsTest-148648947-project-member] Determining version of request: GET /v2/schemas/image Accept: */* {{(pid=98959) process_request /opt/stack/glance/glance/api/middleware/version_negotiation.py:44}}
May 22 12:43:53.100598 np0000001265 devstack@g-api.service[98959]: DEBUG glance.api.middleware.version_negotiation [None req-9aa8a858-b904-4a62-b266-6544e3d16cc6 tempest-VolumesActionsTest-148648947 tempest-VolumesActionsTest-148648947-project-member] Using url versioning {{(pid=98959) process_request /opt/stack/glance/glance/api/middleware/version_negotiation.py:57}}
May 22 12:43:53.100829 np0000001265 devstack@g-api.service[98959]: DEBUG glance.api.middleware.version_negotiation [None req-9aa8a858-b904-4a62-b266-6544e3d16cc6 tempest-VolumesActionsTest-148648947 tempest-VolumesActionsTest-148648947-project-member] Matched version: v2 {{(pid=98959) process_request /opt/stack/glance/glance/api/middleware/version_negotiation.py:69}}
May 22 12:43:53.100979 np0000001265 devstack@g-api.service[98959]: DEBUG glance.api.middleware.version_negotiation [None req-9aa8a858-b904-4a62-b266-6544e3d16cc6 tempest-VolumesActionsTest-148648947 tempest-VolumesActionsTest-148648947-project-member] new path /v2/schemas/image {{(pid=98959) process_request /opt/stack/glance/glance/api/middleware/version_negotiation.py:70}}
May 22 12:43:53.104777 np0000001265 devstack@g-api.service[98959]: [pid: 98959|app: 0|req: 155/301] 127.0.0.1 () {44 vars in 1055 bytes} [Fri May 22 12:43:53 2026] GET /v2/schemas/image => generated 6083 bytes in 5 msecs (HTTP/1.1 200) 4 headers in 158 bytes (1 switches on core 0)
May 22 12:43:54.030943 np0000001265 devstack@g-api.service[98958]: DEBUG glance.api.middleware.version_negotiation [None req-9aa8a858-b904-4a62-b266-6544e3d16cc6 tempest-VolumesActionsTest-148648947 tempest-VolumesActionsTest-148648947-project-member] Determining version of request: GET /v2/images/94ce740c-6b10-49cc-bed6-69239bf69770 Accept: application/json {{(pid=98958) process_request /opt/stack/glance/glance/api/middleware/version_negotiation.py:44}}
May 22 12:43:54.031277 np0000001265 devstack@g-api.service[98958]: DEBUG glance.api.middleware.version_negotiation [None req-9aa8a858-b904-4a62-b266-6544e3d16cc6 tempest-VolumesActionsTest-148648947 tempest-VolumesActionsTest-148648947-project-member] Using url versioning {{(pid=98958) process_request /opt/stack/glance/glance/api/middleware/version_negotiation.py:57}}
May 22 12:43:54.031307 np0000001265 devstack@g-api.service[98958]: DEBUG glance.api.middleware.version_negotiation [None req-9aa8a858-b904-4a62-b266-6544e3d16cc6 tempest-VolumesActionsTest-148648947 tempest-VolumesActionsTest-148648947-project-member] Matched version: v2 {{(pid=98958) process_request /opt/stack/glance/glance/api/middleware/version_negotiation.py:69}}
May 22 12:43:54.031461 np0000001265 devstack@g-api.service[98958]: DEBUG glance.api.middleware.version_negotiation [None req-9aa8a858-b904-4a62-b266-6544e3d16cc6 tempest-VolumesActionsTest-148648947 tempest-VolumesActionsTest-148648947-project-member] new path /v2/images/94ce740c-6b10-49cc-bed6-69239bf69770 {{(pid=98958) process_request /opt/stack/glance/glance/api/middleware/version_negotiation.py:70}}
May 22 12:43:54.043528 np0000001265 devstack@g-api.service[98958]: [pid: 98958|app: 0|req: 147/302] 127.0.0.1 () {40 vars in 838 bytes} [Fri May 22 12:43:54 2026] GET /v2/images/94ce740c-6b10-49cc-bed6-69239bf69770 => generated 822 bytes in 13 msecs (HTTP/1.1 200) 4 headers in 157 bytes (1 switches on core 0)
May 22 12:43:54.100441 np0000001265 devstack@g-api.service[98959]: DEBUG glance.api.middleware.version_negotiation [None req-9aa8a858-b904-4a62-b266-6544e3d16cc6 tempest-VolumesActionsTest-148648947 tempest-VolumesActionsTest-148648947-project-member] Determining version of request: GET /v2/schemas/image Accept: */* {{(pid=98959) process_request /opt/stack/glance/glance/api/middleware/version_negotiation.py:44}}
May 22 12:43:54.100882 np0000001265 devstack@g-api.service[98959]: DEBUG glance.api.middleware.version_negotiation [None req-9aa8a858-b904-4a62-b266-6544e3d16cc6 tempest-VolumesActionsTest-148648947 tempest-VolumesActionsTest-148648947-project-member] Using url versioning {{(pid=98959) process_request /opt/stack/glance/glance/api/middleware/version_negotiation.py:57}}
May 22 12:43:54.100882 np0000001265 devstack@g-api.service[98959]: DEBUG glance.api.middleware.version_negotiation [None req-9aa8a858-b904-4a62-b266-6544e3d16cc6 tempest-VolumesActionsTest-148648947 tempest-VolumesActionsTest-148648947-project-member] Matched version: v2 {{(pid=98959) process_request /opt/stack/glance/glance/api/middleware/version_negotiation.py:69}}
May 22 12:43:54.100940 np0000001265 devstack@g-api.service[98959]: DEBUG glance.api.middleware.version_negotiation [None req-9aa8a858-b904-4a62-b266-6544e3d16cc6 tempest-VolumesActionsTest-148648947 tempest-VolumesActionsTest-148648947-project-member] new path /v2/schemas/image {{(pid=98959) process_request /opt/stack/glance/glance/api/middleware/version_negotiation.py:70}}
May 22 12:43:54.274248 np0000001265 devstack@g-api.service[98959]: [pid: 98959|app: 0|req: 156/303] 127.0.0.1 () {44 vars in 1055 bytes} [Fri May 22 12:43:54 2026] GET /v2/schemas/image => generated 6083 bytes in 174 msecs (HTTP/1.1 200) 4 headers in 158 bytes (1 switches on core 0)
May 22 12:43:54.292014 np0000001265 devstack@g-api.service[98958]: DEBUG glance.api.middleware.version_negotiation [None req-7e8d768c-214b-4de3-b7fe-10b87a6752bd tempest-VolumesActionsTest-148648947 tempest-VolumesActionsTest-148648947-project-member] Determining version of request: POST /v2/images Accept: */* {{(pid=98958) process_request /opt/stack/glance/glance/api/middleware/version_negotiation.py:44}}
