Jul 10 09:21:59.350955 np0000004982 systemd[1]: Starting devstack@n-api-meta.service - Devstack devstack@n-api-meta.service...
Jul 10 09:21:59.356141 np0000004982 devstack@n-api-meta.service[95858]: [uWSGI] getting INI configuration from /etc/nova/nova-metadata-uwsgi.ini
Jul 10 09:21:59.358381 np0000004982 devstack@n-api-meta.service[95858]: *** Starting uWSGI 2.0.24-debian (64bit) on [Fri Jul 10 09:21:59 2026] ***
Jul 10 09:21:59.358381 np0000004982 devstack@n-api-meta.service[95858]: compiled with version: 13.2.0 on 17 April 2024 16:23:48
Jul 10 09:21:59.358381 np0000004982 devstack@n-api-meta.service[95858]: os: Linux-6.8.0-100-generic #100-Ubuntu SMP PREEMPT_DYNAMIC Tue Jan 13 16:40:06 UTC 2026
Jul 10 09:21:59.358381 np0000004982 devstack@n-api-meta.service[95858]: nodename: np0000004982
Jul 10 09:21:59.358381 np0000004982 devstack@n-api-meta.service[95858]: machine: x86_64
Jul 10 09:21:59.358381 np0000004982 devstack@n-api-meta.service[95858]: clock source: unix
Jul 10 09:21:59.358381 np0000004982 devstack@n-api-meta.service[95858]: pcre jit disabled
Jul 10 09:21:59.358381 np0000004982 devstack@n-api-meta.service[95858]: detected number of CPU cores: 16
Jul 10 09:21:59.358381 np0000004982 devstack@n-api-meta.service[95858]: current working directory: /
Jul 10 09:21:59.358381 np0000004982 devstack@n-api-meta.service[95858]: detected binary path: /usr/bin/uwsgi-core
Jul 10 09:21:59.358381 np0000004982 devstack@n-api-meta.service[95858]: your processes number limit is 257052
Jul 10 09:21:59.358381 np0000004982 devstack@n-api-meta.service[95858]: your memory page size is 4096 bytes
Jul 10 09:21:59.358381 np0000004982 devstack@n-api-meta.service[95858]: detected max file descriptor number: 2048
Jul 10 09:21:59.358381 np0000004982 devstack@n-api-meta.service[95858]: lock engine: pthread robust mutexes
Jul 10 09:21:59.358724 np0000004982 devstack@n-api-meta.service[95858]: thunder lock: enabled
Jul 10 09:21:59.358821 np0000004982 devstack@n-api-meta.service[95858]: uWSGI http bound on 0.0.0.0:8775 fd 5
Jul 10 09:21:59.358872 np0000004982 devstack@n-api-meta.service[95858]: uwsgi socket 0 bound to TCP address 127.0.0.1:46831 (port auto-assigned) fd 4
Jul 10 09:21:59.358912 np0000004982 devstack@n-api-meta.service[95858]: Python version: 3.12.3 (main, Jun 19 2026, 12:46:00) [GCC 13.3.0]
Jul 10 09:21:59.358912 np0000004982 devstack@n-api-meta.service[95858]: PEP 405 virtualenv detected: /opt/stack/data/venv
Jul 10 09:21:59.358912 np0000004982 devstack@n-api-meta.service[95858]: Set PythonHome to /opt/stack/data/venv
Jul 10 09:21:59.390961 np0000004982 devstack@n-api-meta.service[95858]: Python main interpreter initialized at 0x7e873fea4668
Jul 10 09:21:59.390961 np0000004982 devstack@n-api-meta.service[95858]: python threads support enabled
Jul 10 09:21:59.390961 np0000004982 devstack@n-api-meta.service[95858]: your server socket listen backlog is limited to 100 connections
Jul 10 09:21:59.390961 np0000004982 devstack@n-api-meta.service[95858]: your mercy for graceful operations on workers is 80 seconds
Jul 10 09:21:59.391445 np0000004982 devstack@n-api-meta.service[95858]: mapped 671795 bytes (656 KB) for 4 cores
Jul 10 09:21:59.391605 np0000004982 devstack@n-api-meta.service[95858]: *** Operational MODE: preforking ***
Jul 10 09:21:59.391768 np0000004982 devstack@n-api-meta.service[95858]: *** uWSGI is running in multiple interpreter mode ***
Jul 10 09:21:59.391768 np0000004982 devstack@n-api-meta.service[95858]: spawned uWSGI master process (pid: 95858)
Jul 10 09:21:59.391931 np0000004982 systemd[1]: Started devstack@n-api-meta.service - Devstack devstack@n-api-meta.service.
Jul 10 09:21:59.392450 np0000004982 devstack@n-api-meta.service[95858]: spawned uWSGI worker 1 (pid: 95861, cores: 1)
Jul 10 09:21:59.392977 np0000004982 devstack@n-api-meta.service[95858]: spawned uWSGI worker 2 (pid: 95862, cores: 1)
Jul 10 09:21:59.393538 np0000004982 devstack@n-api-meta.service[95858]: spawned uWSGI worker 3 (pid: 95863, cores: 1)
Jul 10 09:21:59.394096 np0000004982 devstack@n-api-meta.service[95858]: spawned uWSGI worker 4 (pid: 95864, cores: 1)
Jul 10 09:21:59.394681 np0000004982 devstack@n-api-meta.service[95858]: spawned uWSGI http 1 (pid: 95865)
Jul 10 09:21:59.394681 np0000004982 devstack@n-api-meta.service[95858]: running "unix_signal:15 gracefully_kill_them_all" (master-start)...
Jul 10 09:22:00.947640 np0000004982 devstack@n-api-meta.service[95861]: INFO dbcounter [None req-f94439e8-cf0d-422a-bc79-8ea7b5dd148d None None] Registered counter for database nova_api
Jul 10 09:22:00.951205 np0000004982 devstack@n-api-meta.service[95863]: INFO dbcounter [None req-4c458972-c142-41b4-b48a-9d3c147e5a52 None None] Registered counter for database nova_api
Jul 10 09:22:00.988840 np0000004982 devstack@n-api-meta.service[95862]: INFO dbcounter [None req-ed8f7e6b-a172-42e5-b12d-d7c8f23d09fe None None] Registered counter for database nova_api
Jul 10 09:22:00.990470 np0000004982 devstack@n-api-meta.service[95861]: DEBUG oslo_db.sqlalchemy.engines [None req-f94439e8-cf0d-422a-bc79-8ea7b5dd148d None None] MySQL server mode set to STRICT_TRANS_TABLES,STRICT_ALL_TABLES,NO_ZERO_IN_DATE,NO_ZERO_DATE,ERROR_FOR_DIVISION_BY_ZERO,TRADITIONAL,NO_ENGINE_SUBSTITUTION {{(pid=95861) _check_effective_sql_mode /opt/stack/data/venv/lib/python3.12/site-packages/oslo_db/sqlalchemy/engines.py:325}}
Jul 10 09:22:00.993383 np0000004982 devstack@n-api-meta.service[95863]: DEBUG oslo_db.sqlalchemy.engines [None req-4c458972-c142-41b4-b48a-9d3c147e5a52 None None] MySQL server mode set to STRICT_TRANS_TABLES,STRICT_ALL_TABLES,NO_ZERO_IN_DATE,NO_ZERO_DATE,ERROR_FOR_DIVISION_BY_ZERO,TRADITIONAL,NO_ENGINE_SUBSTITUTION {{(pid=95863) _check_effective_sql_mode /opt/stack/data/venv/lib/python3.12/site-packages/oslo_db/sqlalchemy/engines.py:325}}
Jul 10 09:22:01.018527 np0000004982 devstack@n-api-meta.service[95861]: DEBUG dbcounter [-] [95861] Writer thread running {{(pid=95861) stat_writer /opt/stack/data/venv/lib/python3.12/site-packages/dbcounter.py:102}}
Jul 10 09:22:01.020611 np0000004982 devstack@n-api-meta.service[95861]: DEBUG nova.context [None req-f94439e8-cf0d-422a-bc79-8ea7b5dd148d None None] Found 2 cells: 00000000-0000-0000-0000-000000000000(cell0),e78b45d1-a945-4ab1-92c6-77a65a271725(cell1) {{(pid=95861) load_cells /opt/stack/nova/nova/context.py:509}}
Jul 10 09:22:01.020828 np0000004982 devstack@n-api-meta.service[95861]: INFO nova.utils [None req-f94439e8-cf0d-422a-bc79-8ea7b5dd148d None None] The cell worker thread pool MainProcess.cell_worker is initialized
Jul 10 09:22:01.021770 np0000004982 devstack@n-api-meta.service[95863]: DEBUG dbcounter [-] [95863] Writer thread running {{(pid=95863) stat_writer /opt/stack/data/venv/lib/python3.12/site-packages/dbcounter.py:102}}
Jul 10 09:22:01.022620 np0000004982 devstack@n-api-meta.service[95861]: DEBUG oslo_concurrency.lockutils [None req-f94439e8-cf0d-422a-bc79-8ea7b5dd148d None None] Acquiring lock "00000000-0000-0000-0000-000000000000" by "nova.context.set_target_cell..get_or_set_cached_cell_and_set_connections" {{(pid=95861) inner /opt/stack/data/venv/lib/python3.12/site-packages/oslo_concurrency/lockutils.py:511}}
Jul 10 09:22:01.022775 np0000004982 devstack@n-api-meta.service[95861]: DEBUG oslo_concurrency.lockutils [None req-f94439e8-cf0d-422a-bc79-8ea7b5dd148d None None] Lock "00000000-0000-0000-0000-000000000000" acquired by "nova.context.set_target_cell..get_or_set_cached_cell_and_set_connections" :: waited 0.000s {{(pid=95861) inner /opt/stack/data/venv/lib/python3.12/site-packages/oslo_concurrency/lockutils.py:524}}
Jul 10 09:22:01.023116 np0000004982 devstack@n-api-meta.service[95861]: DEBUG oslo_concurrency.lockutils [None req-f94439e8-cf0d-422a-bc79-8ea7b5dd148d None None] Lock "00000000-0000-0000-0000-000000000000" "released" by "nova.context.set_target_cell..get_or_set_cached_cell_and_set_connections" :: held 0.000s {{(pid=95861) inner /opt/stack/data/venv/lib/python3.12/site-packages/oslo_concurrency/lockutils.py:543}}
Jul 10 09:22:01.023726 np0000004982 devstack@n-api-meta.service[95861]: DEBUG oslo_concurrency.lockutils [None req-f94439e8-cf0d-422a-bc79-8ea7b5dd148d None None] Acquiring lock "e78b45d1-a945-4ab1-92c6-77a65a271725" by "nova.context.set_target_cell..get_or_set_cached_cell_and_set_connections" {{(pid=95861) inner /opt/stack/data/venv/lib/python3.12/site-packages/oslo_concurrency/lockutils.py:511}}
Jul 10 09:22:01.023854 np0000004982 devstack@n-api-meta.service[95861]: DEBUG oslo_concurrency.lockutils [None req-f94439e8-cf0d-422a-bc79-8ea7b5dd148d None None] Lock "e78b45d1-a945-4ab1-92c6-77a65a271725" acquired by "nova.context.set_target_cell..get_or_set_cached_cell_and_set_connections" :: waited 0.000s {{(pid=95861) inner /opt/stack/data/venv/lib/python3.12/site-packages/oslo_concurrency/lockutils.py:524}}
Jul 10 09:22:01.023914 np0000004982 devstack@n-api-meta.service[95863]: DEBUG nova.context [None req-4c458972-c142-41b4-b48a-9d3c147e5a52 None None] Found 2 cells: 00000000-0000-0000-0000-000000000000(cell0),e78b45d1-a945-4ab1-92c6-77a65a271725(cell1) {{(pid=95863) load_cells /opt/stack/nova/nova/context.py:509}}
Jul 10 09:22:01.024184 np0000004982 devstack@n-api-meta.service[95863]: INFO nova.utils [None req-4c458972-c142-41b4-b48a-9d3c147e5a52 None None] The cell worker thread pool MainProcess.cell_worker is initialized
Jul 10 09:22:01.024605 np0000004982 devstack@n-api-meta.service[95861]: DEBUG oslo_concurrency.lockutils [None req-f94439e8-cf0d-422a-bc79-8ea7b5dd148d None None] Lock "e78b45d1-a945-4ab1-92c6-77a65a271725" "released" by "nova.context.set_target_cell..get_or_set_cached_cell_and_set_connections" :: held 0.001s {{(pid=95861) inner /opt/stack/data/venv/lib/python3.12/site-packages/oslo_concurrency/lockutils.py:543}}
Jul 10 09:22:01.025943 np0000004982 devstack@n-api-meta.service[95863]: DEBUG oslo_concurrency.lockutils [None req-4c458972-c142-41b4-b48a-9d3c147e5a52 None None] Acquiring lock "00000000-0000-0000-0000-000000000000" by "nova.context.set_target_cell..get_or_set_cached_cell_and_set_connections" {{(pid=95863) inner /opt/stack/data/venv/lib/python3.12/site-packages/oslo_concurrency/lockutils.py:511}}
Jul 10 09:22:01.026000 np0000004982 devstack@n-api-meta.service[95861]: INFO dbcounter [None req-f94439e8-cf0d-422a-bc79-8ea7b5dd148d None None] Registered counter for database nova_cell0
Jul 10 09:22:01.026100 np0000004982 devstack@n-api-meta.service[95863]: DEBUG oslo_concurrency.lockutils [None req-4c458972-c142-41b4-b48a-9d3c147e5a52 None None] Lock "00000000-0000-0000-0000-000000000000" acquired by "nova.context.set_target_cell..get_or_set_cached_cell_and_set_connections" :: waited 0.000s {{(pid=95863) inner /opt/stack/data/venv/lib/python3.12/site-packages/oslo_concurrency/lockutils.py:524}}
Jul 10 09:22:01.026393 np0000004982 devstack@n-api-meta.service[95864]: INFO dbcounter [None req-27a8a586-2d07-48e9-a0a7-31680a8ef18a None None] Registered counter for database nova_api
Jul 10 09:22:01.026780 np0000004982 devstack@n-api-meta.service[95863]: DEBUG oslo_concurrency.lockutils [None req-4c458972-c142-41b4-b48a-9d3c147e5a52 None None] Lock "00000000-0000-0000-0000-000000000000" "released" by "nova.context.set_target_cell..get_or_set_cached_cell_and_set_connections" :: held 0.000s {{(pid=95863) inner /opt/stack/data/venv/lib/python3.12/site-packages/oslo_concurrency/lockutils.py:543}}
Jul 10 09:22:01.027855 np0000004982 devstack@n-api-meta.service[95863]: DEBUG oslo_concurrency.lockutils [None req-4c458972-c142-41b4-b48a-9d3c147e5a52 None None] Acquiring lock "e78b45d1-a945-4ab1-92c6-77a65a271725" by "nova.context.set_target_cell..get_or_set_cached_cell_and_set_connections" {{(pid=95863) inner /opt/stack/data/venv/lib/python3.12/site-packages/oslo_concurrency/lockutils.py:511}}
Jul 10 09:22:01.029213 np0000004982 devstack@n-api-meta.service[95861]: INFO dbcounter [None req-f94439e8-cf0d-422a-bc79-8ea7b5dd148d None None] Registered counter for database nova_cell1
Jul 10 09:22:01.029710 np0000004982 devstack@n-api-meta.service[95863]: INFO dbcounter [None req-4c458972-c142-41b4-b48a-9d3c147e5a52 None None] Registered counter for database nova_cell0
Jul 10 09:22:01.031159 np0000004982 devstack@n-api-meta.service[95863]: DEBUG oslo_concurrency.lockutils [None req-4c458972-c142-41b4-b48a-9d3c147e5a52 None None] Lock "e78b45d1-a945-4ab1-92c6-77a65a271725" acquired by "nova.context.set_target_cell..get_or_set_cached_cell_and_set_connections" :: waited 0.002s {{(pid=95863) inner /opt/stack/data/venv/lib/python3.12/site-packages/oslo_concurrency/lockutils.py:524}}
Jul 10 09:22:01.032257 np0000004982 devstack@n-api-meta.service[95863]: DEBUG oslo_concurrency.lockutils [None req-4c458972-c142-41b4-b48a-9d3c147e5a52 None None] Lock "e78b45d1-a945-4ab1-92c6-77a65a271725" "released" by "nova.context.set_target_cell..get_or_set_cached_cell_and_set_connections" :: held 0.003s {{(pid=95863) inner /opt/stack/data/venv/lib/python3.12/site-packages/oslo_concurrency/lockutils.py:543}}
Jul 10 09:22:01.032360 np0000004982 devstack@n-api-meta.service[95862]: DEBUG oslo_db.sqlalchemy.engines [None req-ed8f7e6b-a172-42e5-b12d-d7c8f23d09fe None None] MySQL server mode set to STRICT_TRANS_TABLES,STRICT_ALL_TABLES,NO_ZERO_IN_DATE,NO_ZERO_DATE,ERROR_FOR_DIVISION_BY_ZERO,TRADITIONAL,NO_ENGINE_SUBSTITUTION {{(pid=95862) _check_effective_sql_mode /opt/stack/data/venv/lib/python3.12/site-packages/oslo_db/sqlalchemy/engines.py:325}}
Jul 10 09:22:01.034425 np0000004982 devstack@n-api-meta.service[95863]: INFO dbcounter [None req-4c458972-c142-41b4-b48a-9d3c147e5a52 None None] Registered counter for database nova_cell1
Jul 10 09:22:01.067358 np0000004982 devstack@n-api-meta.service[95864]: DEBUG oslo_db.sqlalchemy.engines [None req-27a8a586-2d07-48e9-a0a7-31680a8ef18a None None] MySQL server mode set to STRICT_TRANS_TABLES,STRICT_ALL_TABLES,NO_ZERO_IN_DATE,NO_ZERO_DATE,ERROR_FOR_DIVISION_BY_ZERO,TRADITIONAL,NO_ENGINE_SUBSTITUTION {{(pid=95864) _check_effective_sql_mode /opt/stack/data/venv/lib/python3.12/site-packages/oslo_db/sqlalchemy/engines.py:325}}
Jul 10 09:22:01.071999 np0000004982 devstack@n-api-meta.service[95862]: DEBUG dbcounter [-] [95862] Writer thread running {{(pid=95862) stat_writer /opt/stack/data/venv/lib/python3.12/site-packages/dbcounter.py:102}}
Jul 10 09:22:01.074186 np0000004982 devstack@n-api-meta.service[95862]: DEBUG nova.context [None req-ed8f7e6b-a172-42e5-b12d-d7c8f23d09fe None None] Found 2 cells: 00000000-0000-0000-0000-000000000000(cell0),e78b45d1-a945-4ab1-92c6-77a65a271725(cell1) {{(pid=95862) load_cells /opt/stack/nova/nova/context.py:509}}
Jul 10 09:22:01.074467 np0000004982 devstack@n-api-meta.service[95862]: INFO nova.utils [None req-ed8f7e6b-a172-42e5-b12d-d7c8f23d09fe None None] The cell worker thread pool MainProcess.cell_worker is initialized
Jul 10 09:22:01.076157 np0000004982 devstack@n-api-meta.service[95862]: DEBUG oslo_concurrency.lockutils [None req-ed8f7e6b-a172-42e5-b12d-d7c8f23d09fe None None] Acquiring lock "00000000-0000-0000-0000-000000000000" by "nova.context.set_target_cell..get_or_set_cached_cell_and_set_connections" {{(pid=95862) inner /opt/stack/data/venv/lib/python3.12/site-packages/oslo_concurrency/lockutils.py:511}}
Jul 10 09:22:01.076342 np0000004982 devstack@n-api-meta.service[95862]: DEBUG oslo_concurrency.lockutils [None req-ed8f7e6b-a172-42e5-b12d-d7c8f23d09fe None None] Lock "00000000-0000-0000-0000-000000000000" acquired by "nova.context.set_target_cell..get_or_set_cached_cell_and_set_connections" :: waited 0.000s {{(pid=95862) inner /opt/stack/data/venv/lib/python3.12/site-packages/oslo_concurrency/lockutils.py:524}}
Jul 10 09:22:01.076725 np0000004982 devstack@n-api-meta.service[95862]: DEBUG oslo_concurrency.lockutils [None req-ed8f7e6b-a172-42e5-b12d-d7c8f23d09fe None None] Lock "00000000-0000-0000-0000-000000000000" "released" by "nova.context.set_target_cell..get_or_set_cached_cell_and_set_connections" :: held 0.000s {{(pid=95862) inner /opt/stack/data/venv/lib/python3.12/site-packages/oslo_concurrency/lockutils.py:543}}
Jul 10 09:22:01.077381 np0000004982 devstack@n-api-meta.service[95862]: DEBUG oslo_concurrency.lockutils [None req-ed8f7e6b-a172-42e5-b12d-d7c8f23d09fe None None] Acquiring lock "e78b45d1-a945-4ab1-92c6-77a65a271725" by "nova.context.set_target_cell..get_or_set_cached_cell_and_set_connections" {{(pid=95862) inner /opt/stack/data/venv/lib/python3.12/site-packages/oslo_concurrency/lockutils.py:511}}
Jul 10 09:22:01.079392 np0000004982 devstack@n-api-meta.service[95862]: INFO dbcounter [None req-ed8f7e6b-a172-42e5-b12d-d7c8f23d09fe None None] Registered counter for database nova_cell0
Jul 10 09:22:01.079826 np0000004982 devstack@n-api-meta.service[95863]: DEBUG oslo_db.sqlalchemy.engines [None req-4c458972-c142-41b4-b48a-9d3c147e5a52 None None] MySQL server mode set to STRICT_TRANS_TABLES,STRICT_ALL_TABLES,NO_ZERO_IN_DATE,NO_ZERO_DATE,ERROR_FOR_DIVISION_BY_ZERO,TRADITIONAL,NO_ENGINE_SUBSTITUTION {{(pid=95863) _check_effective_sql_mode /opt/stack/data/venv/lib/python3.12/site-packages/oslo_db/sqlalchemy/engines.py:325}}
Jul 10 09:22:01.080633 np0000004982 devstack@n-api-meta.service[95862]: DEBUG oslo_concurrency.lockutils [None req-ed8f7e6b-a172-42e5-b12d-d7c8f23d09fe None None] Lock "e78b45d1-a945-4ab1-92c6-77a65a271725" acquired by "nova.context.set_target_cell..get_or_set_cached_cell_and_set_connections" :: waited 0.002s {{(pid=95862) inner /opt/stack/data/venv/lib/python3.12/site-packages/oslo_concurrency/lockutils.py:524}}
Jul 10 09:22:01.081895 np0000004982 devstack@n-api-meta.service[95862]: DEBUG oslo_concurrency.lockutils [None req-ed8f7e6b-a172-42e5-b12d-d7c8f23d09fe None None] Lock "e78b45d1-a945-4ab1-92c6-77a65a271725" "released" by "nova.context.set_target_cell..get_or_set_cached_cell_and_set_connections" :: held 0.003s {{(pid=95862) inner /opt/stack/data/venv/lib/python3.12/site-packages/oslo_concurrency/lockutils.py:543}}
Jul 10 09:22:01.084053 np0000004982 devstack@n-api-meta.service[95862]: INFO dbcounter [None req-ed8f7e6b-a172-42e5-b12d-d7c8f23d09fe None None] Registered counter for database nova_cell1
Jul 10 09:22:01.088279 np0000004982 devstack@n-api-meta.service[95861]: DEBUG oslo_db.sqlalchemy.engines [None req-f94439e8-cf0d-422a-bc79-8ea7b5dd148d None None] MySQL server mode set to STRICT_TRANS_TABLES,STRICT_ALL_TABLES,NO_ZERO_IN_DATE,NO_ZERO_DATE,ERROR_FOR_DIVISION_BY_ZERO,TRADITIONAL,NO_ENGINE_SUBSTITUTION {{(pid=95861) _check_effective_sql_mode /opt/stack/data/venv/lib/python3.12/site-packages/oslo_db/sqlalchemy/engines.py:325}}
Jul 10 09:22:01.097790 np0000004982 devstack@n-api-meta.service[95864]: DEBUG dbcounter [-] [95864] Writer thread running {{(pid=95864) stat_writer /opt/stack/data/venv/lib/python3.12/site-packages/dbcounter.py:102}}
Jul 10 09:22:01.100139 np0000004982 devstack@n-api-meta.service[95864]: DEBUG nova.context [None req-27a8a586-2d07-48e9-a0a7-31680a8ef18a None None] Found 2 cells: 00000000-0000-0000-0000-000000000000(cell0),e78b45d1-a945-4ab1-92c6-77a65a271725(cell1) {{(pid=95864) load_cells /opt/stack/nova/nova/context.py:509}}
Jul 10 09:22:01.100355 np0000004982 devstack@n-api-meta.service[95864]: INFO nova.utils [None req-27a8a586-2d07-48e9-a0a7-31680a8ef18a None None] The cell worker thread pool MainProcess.cell_worker is initialized
Jul 10 09:22:01.102034 np0000004982 devstack@n-api-meta.service[95864]: DEBUG oslo_concurrency.lockutils [None req-27a8a586-2d07-48e9-a0a7-31680a8ef18a None None] Acquiring lock "00000000-0000-0000-0000-000000000000" by "nova.context.set_target_cell..get_or_set_cached_cell_and_set_connections" {{(pid=95864) inner /opt/stack/data/venv/lib/python3.12/site-packages/oslo_concurrency/lockutils.py:511}}
Jul 10 09:22:01.102199 np0000004982 devstack@n-api-meta.service[95864]: DEBUG oslo_concurrency.lockutils [None req-27a8a586-2d07-48e9-a0a7-31680a8ef18a None None] Lock "00000000-0000-0000-0000-000000000000" acquired by "nova.context.set_target_cell..get_or_set_cached_cell_and_set_connections" :: waited 0.000s {{(pid=95864) inner /opt/stack/data/venv/lib/python3.12/site-packages/oslo_concurrency/lockutils.py:524}}
Jul 10 09:22:01.102505 np0000004982 devstack@n-api-meta.service[95864]: DEBUG oslo_concurrency.lockutils [None req-27a8a586-2d07-48e9-a0a7-31680a8ef18a None None] Lock "00000000-0000-0000-0000-000000000000" "released" by "nova.context.set_target_cell..get_or_set_cached_cell_and_set_connections" :: held 0.000s {{(pid=95864) inner /opt/stack/data/venv/lib/python3.12/site-packages/oslo_concurrency/lockutils.py:543}}
Jul 10 09:22:01.103069 np0000004982 devstack@n-api-meta.service[95864]: DEBUG oslo_concurrency.lockutils [None req-27a8a586-2d07-48e9-a0a7-31680a8ef18a None None] Acquiring lock "e78b45d1-a945-4ab1-92c6-77a65a271725" by "nova.context.set_target_cell..get_or_set_cached_cell_and_set_connections" {{(pid=95864) inner /opt/stack/data/venv/lib/python3.12/site-packages/oslo_concurrency/lockutils.py:511}}
Jul 10 09:22:01.103206 np0000004982 devstack@n-api-meta.service[95864]: DEBUG oslo_concurrency.lockutils [None req-27a8a586-2d07-48e9-a0a7-31680a8ef18a None None] Lock "e78b45d1-a945-4ab1-92c6-77a65a271725" acquired by "nova.context.set_target_cell..get_or_set_cached_cell_and_set_connections" :: waited 0.000s {{(pid=95864) inner /opt/stack/data/venv/lib/python3.12/site-packages/oslo_concurrency/lockutils.py:524}}
Jul 10 09:22:01.104042 np0000004982 devstack@n-api-meta.service[95864]: DEBUG oslo_concurrency.lockutils [None req-27a8a586-2d07-48e9-a0a7-31680a8ef18a None None] Lock "e78b45d1-a945-4ab1-92c6-77a65a271725" "released" by "nova.context.set_target_cell..get_or_set_cached_cell_and_set_connections" :: held 0.001s {{(pid=95864) inner /opt/stack/data/venv/lib/python3.12/site-packages/oslo_concurrency/lockutils.py:543}}
Jul 10 09:22:01.104214 np0000004982 devstack@n-api-meta.service[95861]: DEBUG oslo_db.sqlalchemy.engines [None req-f94439e8-cf0d-422a-bc79-8ea7b5dd148d None None] MySQL server mode set to STRICT_TRANS_TABLES,STRICT_ALL_TABLES,NO_ZERO_IN_DATE,NO_ZERO_DATE,ERROR_FOR_DIVISION_BY_ZERO,TRADITIONAL,NO_ENGINE_SUBSTITUTION {{(pid=95861) _check_effective_sql_mode /opt/stack/data/venv/lib/python3.12/site-packages/oslo_db/sqlalchemy/engines.py:325}}
Jul 10 09:22:01.105711 np0000004982 devstack@n-api-meta.service[95864]: INFO dbcounter [None req-27a8a586-2d07-48e9-a0a7-31680a8ef18a None None] Registered counter for database nova_cell0
Jul 10 09:22:01.108015 np0000004982 devstack@n-api-meta.service[95864]: INFO dbcounter [None req-27a8a586-2d07-48e9-a0a7-31680a8ef18a None None] Registered counter for database nova_cell1
Jul 10 09:22:01.141348 np0000004982 devstack@n-api-meta.service[95862]: DEBUG oslo_db.sqlalchemy.engines [None req-ed8f7e6b-a172-42e5-b12d-d7c8f23d09fe None None] MySQL server mode set to STRICT_TRANS_TABLES,STRICT_ALL_TABLES,NO_ZERO_IN_DATE,NO_ZERO_DATE,ERROR_FOR_DIVISION_BY_ZERO,TRADITIONAL,NO_ENGINE_SUBSTITUTION {{(pid=95862) _check_effective_sql_mode /opt/stack/data/venv/lib/python3.12/site-packages/oslo_db/sqlalchemy/engines.py:325}}
Jul 10 09:22:01.150951 np0000004982 devstack@n-api-meta.service[95862]: DEBUG oslo_db.sqlalchemy.engines [None req-ed8f7e6b-a172-42e5-b12d-d7c8f23d09fe None None] MySQL server mode set to STRICT_TRANS_TABLES,STRICT_ALL_TABLES,NO_ZERO_IN_DATE,NO_ZERO_DATE,ERROR_FOR_DIVISION_BY_ZERO,TRADITIONAL,NO_ENGINE_SUBSTITUTION {{(pid=95862) _check_effective_sql_mode /opt/stack/data/venv/lib/python3.12/site-packages/oslo_db/sqlalchemy/engines.py:325}}
Jul 10 09:22:01.152229 np0000004982 devstack@n-api-meta.service[95864]: DEBUG oslo_db.sqlalchemy.engines [None req-27a8a586-2d07-48e9-a0a7-31680a8ef18a None None] MySQL server mode set to STRICT_TRANS_TABLES,STRICT_ALL_TABLES,NO_ZERO_IN_DATE,NO_ZERO_DATE,ERROR_FOR_DIVISION_BY_ZERO,TRADITIONAL,NO_ENGINE_SUBSTITUTION {{(pid=95864) _check_effective_sql_mode /opt/stack/data/venv/lib/python3.12/site-packages/oslo_db/sqlalchemy/engines.py:325}}
Jul 10 09:22:01.162841 np0000004982 devstack@n-api-meta.service[95863]: DEBUG dbcounter [-] [95863] Writer thread running {{(pid=95863) stat_writer /opt/stack/data/venv/lib/python3.12/site-packages/dbcounter.py:102}}
Jul 10 09:22:01.167819 np0000004982 devstack@n-api-meta.service[95864]: DEBUG oslo_db.sqlalchemy.engines [None req-27a8a586-2d07-48e9-a0a7-31680a8ef18a None None] MySQL server mode set to STRICT_TRANS_TABLES,STRICT_ALL_TABLES,NO_ZERO_IN_DATE,NO_ZERO_DATE,ERROR_FOR_DIVISION_BY_ZERO,TRADITIONAL,NO_ENGINE_SUBSTITUTION {{(pid=95864) _check_effective_sql_mode /opt/stack/data/venv/lib/python3.12/site-packages/oslo_db/sqlalchemy/engines.py:325}}
Jul 10 09:22:01.168312 np0000004982 devstack@n-api-meta.service[95863]: DEBUG oslo_db.sqlalchemy.engines [None req-4c458972-c142-41b4-b48a-9d3c147e5a52 None None] MySQL server mode set to STRICT_TRANS_TABLES,STRICT_ALL_TABLES,NO_ZERO_IN_DATE,NO_ZERO_DATE,ERROR_FOR_DIVISION_BY_ZERO,TRADITIONAL,NO_ENGINE_SUBSTITUTION {{(pid=95863) _check_effective_sql_mode /opt/stack/data/venv/lib/python3.12/site-packages/oslo_db/sqlalchemy/engines.py:325}}
Jul 10 09:22:01.173663 np0000004982 devstack@n-api-meta.service[95863]: DEBUG dbcounter [-] [95863] Writer thread running {{(pid=95863) stat_writer /opt/stack/data/venv/lib/python3.12/site-packages/dbcounter.py:102}}
Jul 10 09:22:01.179289 np0000004982 devstack@n-api-meta.service[95863]: INFO dbcounter [None req-4c458972-c142-41b4-b48a-9d3c147e5a52 None None] Registered counter for database nova_cell0
Jul 10 09:22:01.216117 np0000004982 devstack@n-api-meta.service[95863]: DEBUG oslo_db.sqlalchemy.engines [None req-4c458972-c142-41b4-b48a-9d3c147e5a52 None None] MySQL server mode set to STRICT_TRANS_TABLES,STRICT_ALL_TABLES,NO_ZERO_IN_DATE,NO_ZERO_DATE,ERROR_FOR_DIVISION_BY_ZERO,TRADITIONAL,NO_ENGINE_SUBSTITUTION {{(pid=95863) _check_effective_sql_mode /opt/stack/data/venv/lib/python3.12/site-packages/oslo_db/sqlalchemy/engines.py:325}}
Jul 10 09:22:01.222656 np0000004982 devstack@n-api-meta.service[95863]: DEBUG dbcounter [-] [95863] Writer thread running {{(pid=95863) stat_writer /opt/stack/data/venv/lib/python3.12/site-packages/dbcounter.py:102}}
Jul 10 09:22:01.222889 np0000004982 devstack@n-api-meta.service[95861]: DEBUG dbcounter [-] [95861] Writer thread running {{(pid=95861) stat_writer /opt/stack/data/venv/lib/python3.12/site-packages/dbcounter.py:102}}
Jul 10 09:22:01.227116 np0000004982 devstack@n-api-meta.service[95861]: DEBUG dbcounter [-] [95861] Writer thread running {{(pid=95861) stat_writer /opt/stack/data/venv/lib/python3.12/site-packages/dbcounter.py:102}}
Jul 10 09:22:01.232106 np0000004982 devstack@n-api-meta.service[95861]: INFO dbcounter [None req-f94439e8-cf0d-422a-bc79-8ea7b5dd148d None None] Registered counter for database nova_cell0
Jul 10 09:22:01.239691 np0000004982 devstack@n-api-meta.service[95862]: DEBUG dbcounter [-] [95862] Writer thread running {{(pid=95862) stat_writer /opt/stack/data/venv/lib/python3.12/site-packages/dbcounter.py:102}}
Jul 10 09:22:01.241953 np0000004982 devstack@n-api-meta.service[95862]: DEBUG dbcounter [-] [95862] Writer thread running {{(pid=95862) stat_writer /opt/stack/data/venv/lib/python3.12/site-packages/dbcounter.py:102}}
Jul 10 09:22:01.247085 np0000004982 devstack@n-api-meta.service[95864]: DEBUG dbcounter [-] [95864] Writer thread running {{(pid=95864) stat_writer /opt/stack/data/venv/lib/python3.12/site-packages/dbcounter.py:102}}
Jul 10 09:22:01.248022 np0000004982 devstack@n-api-meta.service[95862]: INFO dbcounter [None req-ed8f7e6b-a172-42e5-b12d-d7c8f23d09fe None None] Registered counter for database nova_cell0
Jul 10 09:22:01.253428 np0000004982 devstack@n-api-meta.service[95864]: DEBUG dbcounter [-] [95864] Writer thread running {{(pid=95864) stat_writer /opt/stack/data/venv/lib/python3.12/site-packages/dbcounter.py:102}}
Jul 10 09:22:01.256659 np0000004982 devstack@n-api-meta.service[95864]: INFO dbcounter [None req-27a8a586-2d07-48e9-a0a7-31680a8ef18a None None] Registered counter for database nova_cell0
Jul 10 09:22:01.261149 np0000004982 devstack@n-api-meta.service[95863]: WARNING nova.api.metadata.handler [None req-4c458972-c142-41b4-b48a-9d3c147e5a52 None None] metadata_proxy_shared_secret is not configured, the metadata information returned by the proxy cannot be trusted
Jul 10 09:22:01.263138 np0000004982 devstack@n-api-meta.service[95863]: DEBUG nova.api.openstack.wsgi_app [None req-4c458972-c142-41b4-b48a-9d3c147e5a52 None None] ******************************************************************************** {{(pid=95863) log_opt_values /opt/stack/data/venv/lib/python3.12/site-packages/oslo_config/cfg.py:3226}}
Jul 10 09:22:01.263245 np0000004982 devstack@n-api-meta.service[95863]: DEBUG nova.api.openstack.wsgi_app [None req-4c458972-c142-41b4-b48a-9d3c147e5a52 None None] Configuration options gathered from: {{(pid=95863) log_opt_values /opt/stack/data/venv/lib/python3.12/site-packages/oslo_config/cfg.py:3227}}
Jul 10 09:22:01.263344 np0000004982 devstack@n-api-meta.service[95863]: DEBUG nova.api.openstack.wsgi_app [None req-4c458972-c142-41b4-b48a-9d3c147e5a52 None None] command line args: [] {{(pid=95863) log_opt_values /opt/stack/data/venv/lib/python3.12/site-packages/oslo_config/cfg.py:3228}}
Jul 10 09:22:01.263484 np0000004982 devstack@n-api-meta.service[95863]: DEBUG nova.api.openstack.wsgi_app [None req-4c458972-c142-41b4-b48a-9d3c147e5a52 None None] config files: ['/etc/nova/api-paste.ini', '/etc/nova/nova.conf'] {{(pid=95863) log_opt_values /opt/stack/data/venv/lib/python3.12/site-packages/oslo_config/cfg.py:3229}}
Jul 10 09:22:01.263586 np0000004982 devstack@n-api-meta.service[95863]: DEBUG nova.api.openstack.wsgi_app [None req-4c458972-c142-41b4-b48a-9d3c147e5a52 None None] ================================================================================ {{(pid=95863) log_opt_values /opt/stack/data/venv/lib/python3.12/site-packages/oslo_config/cfg.py:3234}}
Jul 10 09:22:01.263755 np0000004982 devstack@n-api-meta.service[95863]: DEBUG nova.api.openstack.wsgi_app [None req-4c458972-c142-41b4-b48a-9d3c147e5a52 None None] allow_resize_to_same_host = True {{(pid=95863) log_opt_values /opt/stack/data/venv/lib/python3.12/site-packages/oslo_config/cfg.py:3242}}
Jul 10 09:22:01.263883 np0000004982 devstack@n-api-meta.service[95863]: DEBUG nova.api.openstack.wsgi_app [None req-4c458972-c142-41b4-b48a-9d3c147e5a52 None None] arq_binding_timeout = 300 {{(pid=95863) log_opt_values /opt/stack/data/venv/lib/python3.12/site-packages/oslo_config/cfg.py:3242}}
Jul 10 09:22:01.264056 np0000004982 devstack@n-api-meta.service[95863]: DEBUG nova.api.openstack.wsgi_app [None req-4c458972-c142-41b4-b48a-9d3c147e5a52 None None] block_device_allocate_retries = 60 {{(pid=95863) log_opt_values /opt/stack/data/venv/lib/python3.12/site-packages/oslo_config/cfg.py:3242}}
Jul 10 09:22:01.264234 np0000004982 devstack@n-api-meta.service[95863]: DEBUG nova.api.openstack.wsgi_app [None req-4c458972-c142-41b4-b48a-9d3c147e5a52 None None] block_device_allocate_retries_interval = 3 {{(pid=95863) log_opt_values /opt/stack/data/venv/lib/python3.12/site-packages/oslo_config/cfg.py:3242}}
Jul 10 09:22:01.264419 np0000004982 devstack@n-api-meta.service[95863]: DEBUG nova.api.openstack.wsgi_app [None req-4c458972-c142-41b4-b48a-9d3c147e5a52 None None] cell_worker_thread_pool_size = 5 {{(pid=95863) log_opt_values /opt/stack/data/venv/lib/python3.12/site-packages/oslo_config/cfg.py:3242}}
Jul 10 09:22:01.264555 np0000004982 devstack@n-api-meta.service[95863]: DEBUG nova.api.openstack.wsgi_app [None req-4c458972-c142-41b4-b48a-9d3c147e5a52 None None] cert = self.pem {{(pid=95863) log_opt_values /opt/stack/data/venv/lib/python3.12/site-packages/oslo_config/cfg.py:3242}}
Jul 10 09:22:01.265213 np0000004982 devstack@n-api-meta.service[95863]: DEBUG nova.api.openstack.wsgi_app [None req-4c458972-c142-41b4-b48a-9d3c147e5a52 None None] compute_driver = libvirt.LibvirtDriver {{(pid=95863) log_opt_values /opt/stack/data/venv/lib/python3.12/site-packages/oslo_config/cfg.py:3242}}
Jul 10 09:22:01.265213 np0000004982 devstack@n-api-meta.service[95863]: DEBUG nova.api.openstack.wsgi_app [None req-4c458972-c142-41b4-b48a-9d3c147e5a52 None None] compute_monitors = [] {{(pid=95863) log_opt_values /opt/stack/data/venv/lib/python3.12/site-packages/oslo_config/cfg.py:3242}}
Jul 10 09:22:01.265213 np0000004982 devstack@n-api-meta.service[95863]: DEBUG nova.api.openstack.wsgi_app [None req-4c458972-c142-41b4-b48a-9d3c147e5a52 None None] concurrency_backend = auto {{(pid=95863) log_opt_values /opt/stack/data/venv/lib/python3.12/site-packages/oslo_config/cfg.py:3242}}
Jul 10 09:22:01.265213 np0000004982 devstack@n-api-meta.service[95863]: DEBUG nova.api.openstack.wsgi_app [None req-4c458972-c142-41b4-b48a-9d3c147e5a52 None None] config_dir = [] {{(pid=95863) log_opt_values /opt/stack/data/venv/lib/python3.12/site-packages/oslo_config/cfg.py:3242}}
Jul 10 09:22:01.265213 np0000004982 devstack@n-api-meta.service[95863]: DEBUG nova.api.openstack.wsgi_app [None req-4c458972-c142-41b4-b48a-9d3c147e5a52 None None] config_drive_format = iso9660 {{(pid=95863) log_opt_values /opt/stack/data/venv/lib/python3.12/site-packages/oslo_config/cfg.py:3242}}
Jul 10 09:22:01.265329 np0000004982 devstack@n-api-meta.service[95863]: DEBUG nova.api.openstack.wsgi_app [None req-4c458972-c142-41b4-b48a-9d3c147e5a52 None None] config_file = ['/etc/nova/api-paste.ini', '/etc/nova/nova.conf'] {{(pid=95863) log_opt_values /opt/stack/data/venv/lib/python3.12/site-packages/oslo_config/cfg.py:3242}}
Jul 10 09:22:01.265447 np0000004982 devstack@n-api-meta.service[95863]: DEBUG nova.api.openstack.wsgi_app [None req-4c458972-c142-41b4-b48a-9d3c147e5a52 None None] config_source = [] {{(pid=95863) log_opt_values /opt/stack/data/venv/lib/python3.12/site-packages/oslo_config/cfg.py:3242}}
Jul 10 09:22:01.265562 np0000004982 devstack@n-api-meta.service[95863]: DEBUG nova.api.openstack.wsgi_app [None req-4c458972-c142-41b4-b48a-9d3c147e5a52 None None] console_host = np0000004982 {{(pid=95863) log_opt_values /opt/stack/data/venv/lib/python3.12/site-packages/oslo_config/cfg.py:3242}}
Jul 10 09:22:01.265704 np0000004982 devstack@n-api-meta.service[95863]: DEBUG nova.api.openstack.wsgi_app [None req-4c458972-c142-41b4-b48a-9d3c147e5a52 None None] control_exchange = nova {{(pid=95863) log_opt_values /opt/stack/data/venv/lib/python3.12/site-packages/oslo_config/cfg.py:3242}}
Jul 10 09:22:01.265815 np0000004982 devstack@n-api-meta.service[95863]: DEBUG nova.api.openstack.wsgi_app [None req-4c458972-c142-41b4-b48a-9d3c147e5a52 None None] cpu_allocation_ratio = None {{(pid=95863) log_opt_values /opt/stack/data/venv/lib/python3.12/site-packages/oslo_config/cfg.py:3242}}
Jul 10 09:22:01.265937 np0000004982 devstack@n-api-meta.service[95863]: DEBUG nova.api.openstack.wsgi_app [None req-4c458972-c142-41b4-b48a-9d3c147e5a52 None None] daemon = False {{(pid=95863) log_opt_values /opt/stack/data/venv/lib/python3.12/site-packages/oslo_config/cfg.py:3242}}
Jul 10 09:22:01.266056 np0000004982 devstack@n-api-meta.service[95863]: DEBUG nova.api.openstack.wsgi_app [None req-4c458972-c142-41b4-b48a-9d3c147e5a52 None None] debug = True {{(pid=95863) log_opt_values /opt/stack/data/venv/lib/python3.12/site-packages/oslo_config/cfg.py:3242}}
Jul 10 09:22:01.266174 np0000004982 devstack@n-api-meta.service[95863]: DEBUG nova.api.openstack.wsgi_app [None req-4c458972-c142-41b4-b48a-9d3c147e5a52 None None] default_access_ip_network_name = None {{(pid=95863) log_opt_values /opt/stack/data/venv/lib/python3.12/site-packages/oslo_config/cfg.py:3242}}
Jul 10 09:22:01.266291 np0000004982 devstack@n-api-meta.service[95863]: DEBUG nova.api.openstack.wsgi_app [None req-4c458972-c142-41b4-b48a-9d3c147e5a52 None None] default_availability_zone = nova {{(pid=95863) log_opt_values /opt/stack/data/venv/lib/python3.12/site-packages/oslo_config/cfg.py:3242}}
Jul 10 09:22:01.266408 np0000004982 devstack@n-api-meta.service[95863]: DEBUG nova.api.openstack.wsgi_app [None req-4c458972-c142-41b4-b48a-9d3c147e5a52 None None] default_ephemeral_format = ext4 {{(pid=95863) log_opt_values /opt/stack/data/venv/lib/python3.12/site-packages/oslo_config/cfg.py:3242}}
Jul 10 09:22:01.266536 np0000004982 devstack@n-api-meta.service[95863]: DEBUG nova.api.openstack.wsgi_app [None req-4c458972-c142-41b4-b48a-9d3c147e5a52 None None] default_green_pool_size = 1000 {{(pid=95863) log_opt_values /opt/stack/data/venv/lib/python3.12/site-packages/oslo_config/cfg.py:3242}}
Jul 10 09:22:01.266717 np0000004982 devstack@n-api-meta.service[95863]: DEBUG nova.api.openstack.wsgi_app [None req-4c458972-c142-41b4-b48a-9d3c147e5a52 None None] default_log_levels = ['amqp=WARN', 'boto=WARN', 'sqlalchemy=WARN', 'suds=INFO', 'oslo.messaging=INFO', 'oslo_messaging=INFO', 'iso8601=WARN', 'requests.packages.urllib3.connectionpool=WARN', 'urllib3.connectionpool=WARN', 'websocket=WARN', 'requests.packages.urllib3.util.retry=WARN', 'urllib3.util.retry=WARN', 'keystonemiddleware=WARN', 'routes.middleware=WARN', 'stevedore=WARN', 'taskflow=WARN', 'keystoneauth=WARN', 'oslo.cache=INFO', 'oslo_policy=INFO', 'dogpile.core.dogpile=INFO', 'glanceclient=WARN', 'oslo.privsep.daemon=INFO'] {{(pid=95863) log_opt_values /opt/stack/data/venv/lib/python3.12/site-packages/oslo_config/cfg.py:3242}}
Jul 10 09:22:01.266828 np0000004982 devstack@n-api-meta.service[95863]: DEBUG nova.api.openstack.wsgi_app [None req-4c458972-c142-41b4-b48a-9d3c147e5a52 None None] default_schedule_zone = None {{(pid=95863) log_opt_values /opt/stack/data/venv/lib/python3.12/site-packages/oslo_config/cfg.py:3242}}
Jul 10 09:22:01.266957 np0000004982 devstack@n-api-meta.service[95863]: DEBUG nova.api.openstack.wsgi_app [None req-4c458972-c142-41b4-b48a-9d3c147e5a52 None None] default_thread_pool_size = 10 {{(pid=95863) log_opt_values /opt/stack/data/venv/lib/python3.12/site-packages/oslo_config/cfg.py:3242}}
Jul 10 09:22:01.267081 np0000004982 devstack@n-api-meta.service[95863]: DEBUG nova.api.openstack.wsgi_app [None req-4c458972-c142-41b4-b48a-9d3c147e5a52 None None] disk_allocation_ratio = None {{(pid=95863) log_opt_values /opt/stack/data/venv/lib/python3.12/site-packages/oslo_config/cfg.py:3242}}
Jul 10 09:22:01.267174 np0000004982 devstack@n-api-meta.service[95863]: DEBUG nova.api.openstack.wsgi_app [None req-4c458972-c142-41b4-b48a-9d3c147e5a52 None None] enable_new_services = True {{(pid=95863) log_opt_values /opt/stack/data/venv/lib/python3.12/site-packages/oslo_config/cfg.py:3242}}
Jul 10 09:22:01.267285 np0000004982 devstack@n-api-meta.service[95863]: DEBUG nova.api.openstack.wsgi_app [None req-4c458972-c142-41b4-b48a-9d3c147e5a52 None None] flat_injected = False {{(pid=95863) log_opt_values /opt/stack/data/venv/lib/python3.12/site-packages/oslo_config/cfg.py:3242}}
Jul 10 09:22:01.267404 np0000004982 devstack@n-api-meta.service[95863]: DEBUG nova.api.openstack.wsgi_app [None req-4c458972-c142-41b4-b48a-9d3c147e5a52 None None] force_config_drive = True {{(pid=95863) log_opt_values /opt/stack/data/venv/lib/python3.12/site-packages/oslo_config/cfg.py:3242}}
Jul 10 09:22:01.267984 np0000004982 devstack@n-api-meta.service[95863]: DEBUG nova.api.openstack.wsgi_app [None req-4c458972-c142-41b4-b48a-9d3c147e5a52 None None] force_raw_images = True {{(pid=95863) log_opt_values /opt/stack/data/venv/lib/python3.12/site-packages/oslo_config/cfg.py:3242}}
Jul 10 09:22:01.267984 np0000004982 devstack@n-api-meta.service[95863]: DEBUG nova.api.openstack.wsgi_app [None req-4c458972-c142-41b4-b48a-9d3c147e5a52 None None] graceful_shutdown_timeout = 5 {{(pid=95863) log_opt_values /opt/stack/data/venv/lib/python3.12/site-packages/oslo_config/cfg.py:3242}}
Jul 10 09:22:01.267984 np0000004982 devstack@n-api-meta.service[95863]: DEBUG nova.api.openstack.wsgi_app [None req-4c458972-c142-41b4-b48a-9d3c147e5a52 None None] heal_instance_info_cache_interval = -1 {{(pid=95863) log_opt_values /opt/stack/data/venv/lib/python3.12/site-packages/oslo_config/cfg.py:3242}}
Jul 10 09:22:01.267984 np0000004982 devstack@n-api-meta.service[95863]: DEBUG nova.api.openstack.wsgi_app [None req-4c458972-c142-41b4-b48a-9d3c147e5a52 None None] host = np0000004982 {{(pid=95863) log_opt_values /opt/stack/data/venv/lib/python3.12/site-packages/oslo_config/cfg.py:3242}}
Jul 10 09:22:01.268104 np0000004982 devstack@n-api-meta.service[95863]: DEBUG nova.api.openstack.wsgi_app [None req-4c458972-c142-41b4-b48a-9d3c147e5a52 None None] initial_cpu_allocation_ratio = 4.0 {{(pid=95863) log_opt_values /opt/stack/data/venv/lib/python3.12/site-packages/oslo_config/cfg.py:3242}}
Jul 10 09:22:01.268161 np0000004982 devstack@n-api-meta.service[95863]: DEBUG nova.api.openstack.wsgi_app [None req-4c458972-c142-41b4-b48a-9d3c147e5a52 None None] initial_disk_allocation_ratio = 1.0 {{(pid=95863) log_opt_values /opt/stack/data/venv/lib/python3.12/site-packages/oslo_config/cfg.py:3242}}
Jul 10 09:22:01.268270 np0000004982 devstack@n-api-meta.service[95863]: DEBUG nova.api.openstack.wsgi_app [None req-4c458972-c142-41b4-b48a-9d3c147e5a52 None None] initial_ram_allocation_ratio = 1.0 {{(pid=95863) log_opt_values /opt/stack/data/venv/lib/python3.12/site-packages/oslo_config/cfg.py:3242}}
Jul 10 09:22:01.268422 np0000004982 devstack@n-api-meta.service[95863]: DEBUG nova.api.openstack.wsgi_app [None req-4c458972-c142-41b4-b48a-9d3c147e5a52 None None] injected_network_template = /opt/stack/nova/nova/virt/interfaces.template {{(pid=95863) log_opt_values /opt/stack/data/venv/lib/python3.12/site-packages/oslo_config/cfg.py:3242}}
Jul 10 09:22:01.268536 np0000004982 devstack@n-api-meta.service[95863]: DEBUG nova.api.openstack.wsgi_app [None req-4c458972-c142-41b4-b48a-9d3c147e5a52 None None] instance_build_timeout = 0 {{(pid=95863) log_opt_values /opt/stack/data/venv/lib/python3.12/site-packages/oslo_config/cfg.py:3242}}
Jul 10 09:22:01.268704 np0000004982 devstack@n-api-meta.service[95863]: DEBUG nova.api.openstack.wsgi_app [None req-4c458972-c142-41b4-b48a-9d3c147e5a52 None None] instance_delete_interval = 300 {{(pid=95863) log_opt_values /opt/stack/data/venv/lib/python3.12/site-packages/oslo_config/cfg.py:3242}}
Jul 10 09:22:01.268851 np0000004982 devstack@n-api-meta.service[95863]: DEBUG nova.api.openstack.wsgi_app [None req-4c458972-c142-41b4-b48a-9d3c147e5a52 None None] instance_format = [instance: %(uuid)s] {{(pid=95863) log_opt_values /opt/stack/data/venv/lib/python3.12/site-packages/oslo_config/cfg.py:3242}}
Jul 10 09:22:01.269000 np0000004982 devstack@n-api-meta.service[95863]: DEBUG nova.api.openstack.wsgi_app [None req-4c458972-c142-41b4-b48a-9d3c147e5a52 None None] instance_name_template = instance-%08x {{(pid=95863) log_opt_values /opt/stack/data/venv/lib/python3.12/site-packages/oslo_config/cfg.py:3242}}
Jul 10 09:22:01.269108 np0000004982 devstack@n-api-meta.service[95863]: DEBUG nova.api.openstack.wsgi_app [None req-4c458972-c142-41b4-b48a-9d3c147e5a52 None None] instance_usage_audit = False {{(pid=95863) log_opt_values /opt/stack/data/venv/lib/python3.12/site-packages/oslo_config/cfg.py:3242}}
Jul 10 09:22:01.269227 np0000004982 devstack@n-api-meta.service[95863]: DEBUG nova.api.openstack.wsgi_app [None req-4c458972-c142-41b4-b48a-9d3c147e5a52 None None] instance_usage_audit_period = month {{(pid=95863) log_opt_values /opt/stack/data/venv/lib/python3.12/site-packages/oslo_config/cfg.py:3242}}
Jul 10 09:22:01.269342 np0000004982 devstack@n-api-meta.service[95863]: DEBUG nova.api.openstack.wsgi_app [None req-4c458972-c142-41b4-b48a-9d3c147e5a52 None None] instance_uuid_format = [instance: %(uuid)s] {{(pid=95863) log_opt_values /opt/stack/data/venv/lib/python3.12/site-packages/oslo_config/cfg.py:3242}}
Jul 10 09:22:01.269456 np0000004982 devstack@n-api-meta.service[95863]: DEBUG nova.api.openstack.wsgi_app [None req-4c458972-c142-41b4-b48a-9d3c147e5a52 None None] instances_path = /opt/stack/data/nova/instances {{(pid=95863) log_opt_values /opt/stack/data/venv/lib/python3.12/site-packages/oslo_config/cfg.py:3242}}
Jul 10 09:22:01.269585 np0000004982 devstack@n-api-meta.service[95863]: DEBUG nova.api.openstack.wsgi_app [None req-4c458972-c142-41b4-b48a-9d3c147e5a52 None None] internal_service_availability_zone = internal {{(pid=95863) log_opt_values /opt/stack/data/venv/lib/python3.12/site-packages/oslo_config/cfg.py:3242}}
Jul 10 09:22:01.269699 np0000004982 devstack@n-api-meta.service[95863]: DEBUG nova.api.openstack.wsgi_app [None req-4c458972-c142-41b4-b48a-9d3c147e5a52 None None] key = None {{(pid=95863) log_opt_values /opt/stack/data/venv/lib/python3.12/site-packages/oslo_config/cfg.py:3242}}
Jul 10 09:22:01.269810 np0000004982 devstack@n-api-meta.service[95863]: DEBUG nova.api.openstack.wsgi_app [None req-4c458972-c142-41b4-b48a-9d3c147e5a52 None None] live_migration_retry_count = 30 {{(pid=95863) log_opt_values /opt/stack/data/venv/lib/python3.12/site-packages/oslo_config/cfg.py:3242}}
Jul 10 09:22:01.269938 np0000004982 devstack@n-api-meta.service[95863]: DEBUG nova.api.openstack.wsgi_app [None req-4c458972-c142-41b4-b48a-9d3c147e5a52 None None] log_color = False {{(pid=95863) log_opt_values /opt/stack/data/venv/lib/python3.12/site-packages/oslo_config/cfg.py:3242}}
Jul 10 09:22:01.270054 np0000004982 devstack@n-api-meta.service[95863]: DEBUG nova.api.openstack.wsgi_app [None req-4c458972-c142-41b4-b48a-9d3c147e5a52 None None] log_config_append = None {{(pid=95863) log_opt_values /opt/stack/data/venv/lib/python3.12/site-packages/oslo_config/cfg.py:3242}}
Jul 10 09:22:01.270168 np0000004982 devstack@n-api-meta.service[95863]: DEBUG nova.api.openstack.wsgi_app [None req-4c458972-c142-41b4-b48a-9d3c147e5a52 None None] log_date_format = %Y-%m-%d %H:%M:%S {{(pid=95863) log_opt_values /opt/stack/data/venv/lib/python3.12/site-packages/oslo_config/cfg.py:3242}}
Jul 10 09:22:01.270286 np0000004982 devstack@n-api-meta.service[95863]: DEBUG nova.api.openstack.wsgi_app [None req-4c458972-c142-41b4-b48a-9d3c147e5a52 None None] log_dir = None {{(pid=95863) log_opt_values /opt/stack/data/venv/lib/python3.12/site-packages/oslo_config/cfg.py:3242}}
Jul 10 09:22:01.270396 np0000004982 devstack@n-api-meta.service[95863]: DEBUG nova.api.openstack.wsgi_app [None req-4c458972-c142-41b4-b48a-9d3c147e5a52 None None] log_file = None {{(pid=95863) log_opt_values /opt/stack/data/venv/lib/python3.12/site-packages/oslo_config/cfg.py:3242}}
Jul 10 09:22:01.270505 np0000004982 devstack@n-api-meta.service[95863]: DEBUG nova.api.openstack.wsgi_app [None req-4c458972-c142-41b4-b48a-9d3c147e5a52 None None] log_options = True {{(pid=95863) log_opt_values /opt/stack/data/venv/lib/python3.12/site-packages/oslo_config/cfg.py:3242}}
Jul 10 09:22:01.270616 np0000004982 devstack@n-api-meta.service[95863]: DEBUG nova.api.openstack.wsgi_app [None req-4c458972-c142-41b4-b48a-9d3c147e5a52 None None] log_rotate_interval = 1 {{(pid=95863) log_opt_values /opt/stack/data/venv/lib/python3.12/site-packages/oslo_config/cfg.py:3242}}
Jul 10 09:22:01.270733 np0000004982 devstack@n-api-meta.service[95863]: DEBUG nova.api.openstack.wsgi_app [None req-4c458972-c142-41b4-b48a-9d3c147e5a52 None None] log_rotate_interval_type = days {{(pid=95863) log_opt_values /opt/stack/data/venv/lib/python3.12/site-packages/oslo_config/cfg.py:3242}}
Jul 10 09:22:01.270850 np0000004982 devstack@n-api-meta.service[95863]: DEBUG nova.api.openstack.wsgi_app [None req-4c458972-c142-41b4-b48a-9d3c147e5a52 None None] log_rotation_type = none {{(pid=95863) log_opt_values /opt/stack/data/venv/lib/python3.12/site-packages/oslo_config/cfg.py:3242}}
Jul 10 09:22:01.270959 np0000004982 devstack@n-api-meta.service[95863]: DEBUG nova.api.openstack.wsgi_app [None req-4c458972-c142-41b4-b48a-9d3c147e5a52 None None] logging_context_format_string = %(color)s%(levelname)s %(name)s [%(global_request_id)s %(request_id)s %(project_name)s %(user_name)s%(color)s] %(instance)s%(color)s%(message)s {{(pid=95863) log_opt_values /opt/stack/data/venv/lib/python3.12/site-packages/oslo_config/cfg.py:3242}}
Jul 10 09:22:01.271049 np0000004982 devstack@n-api-meta.service[95863]: DEBUG nova.api.openstack.wsgi_app [None req-4c458972-c142-41b4-b48a-9d3c147e5a52 None None] logging_debug_format_suffix = {{(pid=%(process)d) %(funcName)s %(pathname)s:%(lineno)d}} {{(pid=95863) log_opt_values /opt/stack/data/venv/lib/python3.12/site-packages/oslo_config/cfg.py:3242}}
Jul 10 09:22:01.271824 np0000004982 devstack@n-api-meta.service[95863]: DEBUG nova.api.openstack.wsgi_app [None req-4c458972-c142-41b4-b48a-9d3c147e5a52 None None] logging_default_format_string = %(color)s%(levelname)s %(name)s [-%(color)s] %(instance)s%(color)s%(message)s {{(pid=95863) log_opt_values /opt/stack/data/venv/lib/python3.12/site-packages/oslo_config/cfg.py:3242}}
Jul 10 09:22:01.271824 np0000004982 devstack@n-api-meta.service[95863]: DEBUG nova.api.openstack.wsgi_app [None req-4c458972-c142-41b4-b48a-9d3c147e5a52 None None] logging_exception_prefix = ERROR %(name)s %(instance)s {{(pid=95863) log_opt_values /opt/stack/data/venv/lib/python3.12/site-packages/oslo_config/cfg.py:3242}}
Jul 10 09:22:01.271824 np0000004982 devstack@n-api-meta.service[95863]: DEBUG nova.api.openstack.wsgi_app [None req-4c458972-c142-41b4-b48a-9d3c147e5a52 None None] logging_user_identity_format = %(user)s %(project)s %(domain)s %(system_scope)s %(user_domain)s %(project_domain)s {{(pid=95863) log_opt_values /opt/stack/data/venv/lib/python3.12/site-packages/oslo_config/cfg.py:3242}}
Jul 10 09:22:01.271824 np0000004982 devstack@n-api-meta.service[95863]: DEBUG nova.api.openstack.wsgi_app [None req-4c458972-c142-41b4-b48a-9d3c147e5a52 None None] long_rpc_timeout = 1800 {{(pid=95863) log_opt_values /opt/stack/data/venv/lib/python3.12/site-packages/oslo_config/cfg.py:3242}}
Jul 10 09:22:01.271824 np0000004982 devstack@n-api-meta.service[95863]: DEBUG nova.api.openstack.wsgi_app [None req-4c458972-c142-41b4-b48a-9d3c147e5a52 None None] manager_shutdown_timeout = 160 {{(pid=95863) log_opt_values /opt/stack/data/venv/lib/python3.12/site-packages/oslo_config/cfg.py:3242}}
