Jul 10 09:22:05.877529 np0000004982 nova-conductor[98893]: DEBUG cotyledon.oslo_config_glue [-] workarounds.skip_cpu_compare_on_dest = False {{(pid=98893) log_opt_values /opt/stack/data/venv/lib/python3.12/site-packages/oslo_config/cfg.py:3253}}
Jul 10 09:22:05.877767 np0000004982 nova-conductor[98893]: DEBUG cotyledon.oslo_config_glue [-] workarounds.skip_hypervisor_version_check_on_lm = False {{(pid=98893) log_opt_values /opt/stack/data/venv/lib/python3.12/site-packages/oslo_config/cfg.py:3253}}
Jul 10 09:22:05.877767 np0000004982 nova-conductor[98893]: DEBUG cotyledon.oslo_config_glue [-] workarounds.skip_reserve_in_use_ironic_nodes = False {{(pid=98893) log_opt_values /opt/stack/data/venv/lib/python3.12/site-packages/oslo_config/cfg.py:3253}}
Jul 10 09:22:05.877767 np0000004982 nova-conductor[98893]: DEBUG cotyledon.oslo_config_glue [-] workarounds.unified_limits_count_pcpu_as_vcpu = False {{(pid=98893) log_opt_values /opt/stack/data/venv/lib/python3.12/site-packages/oslo_config/cfg.py:3253}}
Jul 10 09:22:05.877767 np0000004982 nova-conductor[98893]: DEBUG cotyledon.oslo_config_glue [-] workarounds.wait_for_vif_plugged_event_during_hard_reboot = [] {{(pid=98893) log_opt_values /opt/stack/data/venv/lib/python3.12/site-packages/oslo_config/cfg.py:3253}}
Jul 10 09:22:05.877767 np0000004982 nova-conductor[98893]: DEBUG cotyledon.oslo_config_glue [-] wsgi.api_paste_config = /etc/nova/api-paste.ini {{(pid=98893) log_opt_values /opt/stack/data/venv/lib/python3.12/site-packages/oslo_config/cfg.py:3253}}
Jul 10 09:22:05.877767 np0000004982 nova-conductor[98893]: DEBUG cotyledon.oslo_config_glue [-] wsgi.secure_proxy_ssl_header = None {{(pid=98893) log_opt_values /opt/stack/data/venv/lib/python3.12/site-packages/oslo_config/cfg.py:3253}}
Jul 10 09:22:05.877767 np0000004982 nova-conductor[98893]: DEBUG cotyledon.oslo_config_glue [-] zvm.ca_file = None {{(pid=98893) log_opt_values /opt/stack/data/venv/lib/python3.12/site-packages/oslo_config/cfg.py:3253}}
Jul 10 09:22:05.877767 np0000004982 nova-conductor[98893]: DEBUG cotyledon.oslo_config_glue [-] zvm.cloud_connector_url = None {{(pid=98893) log_opt_values /opt/stack/data/venv/lib/python3.12/site-packages/oslo_config/cfg.py:3253}}
Jul 10 09:22:05.877767 np0000004982 nova-conductor[98893]: DEBUG cotyledon.oslo_config_glue [-] zvm.image_tmp_path = /opt/stack/data/nova/images {{(pid=98893) log_opt_values /opt/stack/data/venv/lib/python3.12/site-packages/oslo_config/cfg.py:3253}}
Jul 10 09:22:05.877976 np0000004982 nova-conductor[98893]: DEBUG cotyledon.oslo_config_glue [-] zvm.reachable_timeout = 300 {{(pid=98893) log_opt_values /opt/stack/data/venv/lib/python3.12/site-packages/oslo_config/cfg.py:3253}}
Jul 10 09:22:05.877976 np0000004982 nova-conductor[98893]: DEBUG cotyledon.oslo_config_glue [-] oslo_versionedobjects.fatal_exception_format_errors = False {{(pid=98893) log_opt_values /opt/stack/data/venv/lib/python3.12/site-packages/oslo_config/cfg.py:3253}}
Jul 10 09:22:05.877976 np0000004982 nova-conductor[98893]: DEBUG cotyledon.oslo_config_glue [-] oslo_middleware.http_basic_auth_user_file = /etc/htpasswd {{(pid=98893) log_opt_values /opt/stack/data/venv/lib/python3.12/site-packages/oslo_config/cfg.py:3253}}
Jul 10 09:22:05.877976 np0000004982 nova-conductor[98893]: DEBUG cotyledon.oslo_config_glue [-] profiler.connection_string = messaging:// {{(pid=98893) log_opt_values /opt/stack/data/venv/lib/python3.12/site-packages/oslo_config/cfg.py:3253}}
Jul 10 09:22:05.877976 np0000004982 nova-conductor[98893]: DEBUG cotyledon.oslo_config_glue [-] profiler.enabled = False {{(pid=98893) log_opt_values /opt/stack/data/venv/lib/python3.12/site-packages/oslo_config/cfg.py:3253}}
Jul 10 09:22:05.877976 np0000004982 nova-conductor[98893]: DEBUG cotyledon.oslo_config_glue [-] profiler.es_doc_type = notification {{(pid=98893) log_opt_values /opt/stack/data/venv/lib/python3.12/site-packages/oslo_config/cfg.py:3253}}
Jul 10 09:22:05.877976 np0000004982 nova-conductor[98893]: DEBUG cotyledon.oslo_config_glue [-] profiler.es_scroll_size = 10000 {{(pid=98893) log_opt_values /opt/stack/data/venv/lib/python3.12/site-packages/oslo_config/cfg.py:3253}}
Jul 10 09:22:05.877976 np0000004982 nova-conductor[98893]: DEBUG cotyledon.oslo_config_glue [-] profiler.es_scroll_time = 2m {{(pid=98893) log_opt_values /opt/stack/data/venv/lib/python3.12/site-packages/oslo_config/cfg.py:3253}}
Jul 10 09:22:05.877976 np0000004982 nova-conductor[98893]: DEBUG cotyledon.oslo_config_glue [-] profiler.filter_error_trace = False {{(pid=98893) log_opt_values /opt/stack/data/venv/lib/python3.12/site-packages/oslo_config/cfg.py:3253}}
Jul 10 09:22:05.878207 np0000004982 nova-conductor[98893]: DEBUG cotyledon.oslo_config_glue [-] profiler.hmac_keys = **** {{(pid=98893) log_opt_values /opt/stack/data/venv/lib/python3.12/site-packages/oslo_config/cfg.py:3253}}
Jul 10 09:22:05.878207 np0000004982 nova-conductor[98893]: DEBUG cotyledon.oslo_config_glue [-] profiler.sentinel_service_name = mymaster {{(pid=98893) log_opt_values /opt/stack/data/venv/lib/python3.12/site-packages/oslo_config/cfg.py:3253}}
Jul 10 09:22:05.878207 np0000004982 nova-conductor[98893]: DEBUG cotyledon.oslo_config_glue [-] profiler.socket_timeout = 0.1 {{(pid=98893) log_opt_values /opt/stack/data/venv/lib/python3.12/site-packages/oslo_config/cfg.py:3253}}
Jul 10 09:22:05.878207 np0000004982 nova-conductor[98893]: DEBUG cotyledon.oslo_config_glue [-] profiler.trace_requests = False {{(pid=98893) log_opt_values /opt/stack/data/venv/lib/python3.12/site-packages/oslo_config/cfg.py:3253}}
Jul 10 09:22:05.878207 np0000004982 nova-conductor[98893]: DEBUG cotyledon.oslo_config_glue [-] profiler.trace_sqlalchemy = False {{(pid=98893) log_opt_values /opt/stack/data/venv/lib/python3.12/site-packages/oslo_config/cfg.py:3253}}
Jul 10 09:22:05.878207 np0000004982 nova-conductor[98893]: DEBUG cotyledon.oslo_config_glue [-] profiler_jaeger.process_tags = {} {{(pid=98893) log_opt_values /opt/stack/data/venv/lib/python3.12/site-packages/oslo_config/cfg.py:3253}}
Jul 10 09:22:05.878207 np0000004982 nova-conductor[98893]: DEBUG cotyledon.oslo_config_glue [-] profiler_jaeger.service_name_prefix = None {{(pid=98893) log_opt_values /opt/stack/data/venv/lib/python3.12/site-packages/oslo_config/cfg.py:3253}}
Jul 10 09:22:05.878207 np0000004982 nova-conductor[98893]: DEBUG cotyledon.oslo_config_glue [-] profiler_otlp.service_name_prefix = None {{(pid=98893) log_opt_values /opt/stack/data/venv/lib/python3.12/site-packages/oslo_config/cfg.py:3253}}
Jul 10 09:22:05.878207 np0000004982 nova-conductor[98893]: DEBUG cotyledon.oslo_config_glue [-] oslo_messaging_rabbit.amqp_auto_delete = False {{(pid=98893) log_opt_values /opt/stack/data/venv/lib/python3.12/site-packages/oslo_config/cfg.py:3253}}
Jul 10 09:22:05.878403 np0000004982 nova-conductor[98893]: DEBUG cotyledon.oslo_config_glue [-] oslo_messaging_rabbit.amqp_durable_queues = False {{(pid=98893) log_opt_values /opt/stack/data/venv/lib/python3.12/site-packages/oslo_config/cfg.py:3253}}
Jul 10 09:22:05.878403 np0000004982 nova-conductor[98893]: DEBUG cotyledon.oslo_config_glue [-] oslo_messaging_rabbit.conn_pool_min_size = 2 {{(pid=98893) log_opt_values /opt/stack/data/venv/lib/python3.12/site-packages/oslo_config/cfg.py:3253}}
Jul 10 09:22:05.878403 np0000004982 nova-conductor[98893]: DEBUG cotyledon.oslo_config_glue [-] oslo_messaging_rabbit.conn_pool_ttl = 1200 {{(pid=98893) log_opt_values /opt/stack/data/venv/lib/python3.12/site-packages/oslo_config/cfg.py:3253}}
Jul 10 09:22:05.878403 np0000004982 nova-conductor[98893]: DEBUG cotyledon.oslo_config_glue [-] oslo_messaging_rabbit.direct_mandatory_flag = True {{(pid=98893) log_opt_values /opt/stack/data/venv/lib/python3.12/site-packages/oslo_config/cfg.py:3253}}
Jul 10 09:22:05.878403 np0000004982 nova-conductor[98893]: DEBUG cotyledon.oslo_config_glue [-] oslo_messaging_rabbit.enable_cancel_on_failover = False {{(pid=98893) log_opt_values /opt/stack/data/venv/lib/python3.12/site-packages/oslo_config/cfg.py:3253}}
Jul 10 09:22:05.878403 np0000004982 nova-conductor[98893]: DEBUG cotyledon.oslo_config_glue [-] oslo_messaging_rabbit.heartbeat_rate = 3 {{(pid=98893) log_opt_values /opt/stack/data/venv/lib/python3.12/site-packages/oslo_config/cfg.py:3253}}
Jul 10 09:22:05.878403 np0000004982 nova-conductor[98893]: DEBUG cotyledon.oslo_config_glue [-] oslo_messaging_rabbit.heartbeat_timeout_threshold = 60 {{(pid=98893) log_opt_values /opt/stack/data/venv/lib/python3.12/site-packages/oslo_config/cfg.py:3253}}
Jul 10 09:22:05.878403 np0000004982 nova-conductor[98893]: DEBUG cotyledon.oslo_config_glue [-] oslo_messaging_rabbit.hostname = np0000004982 {{(pid=98893) log_opt_values /opt/stack/data/venv/lib/python3.12/site-packages/oslo_config/cfg.py:3253}}
Jul 10 09:22:05.878403 np0000004982 nova-conductor[98893]: DEBUG cotyledon.oslo_config_glue [-] oslo_messaging_rabbit.kombu_compression = None {{(pid=98893) log_opt_values /opt/stack/data/venv/lib/python3.12/site-packages/oslo_config/cfg.py:3253}}
Jul 10 09:22:05.878701 np0000004982 nova-conductor[98893]: DEBUG cotyledon.oslo_config_glue [-] oslo_messaging_rabbit.kombu_failover_strategy = round-robin {{(pid=98893) log_opt_values /opt/stack/data/venv/lib/python3.12/site-packages/oslo_config/cfg.py:3253}}
Jul 10 09:22:05.878701 np0000004982 nova-conductor[98893]: DEBUG cotyledon.oslo_config_glue [-] oslo_messaging_rabbit.kombu_missing_consumer_retry_timeout = 60 {{(pid=98893) log_opt_values /opt/stack/data/venv/lib/python3.12/site-packages/oslo_config/cfg.py:3253}}
Jul 10 09:22:05.878701 np0000004982 nova-conductor[98893]: DEBUG cotyledon.oslo_config_glue [-] oslo_messaging_rabbit.kombu_reconnect_delay = 1.0 {{(pid=98893) log_opt_values /opt/stack/data/venv/lib/python3.12/site-packages/oslo_config/cfg.py:3253}}
Jul 10 09:22:05.878701 np0000004982 nova-conductor[98893]: DEBUG cotyledon.oslo_config_glue [-] oslo_messaging_rabbit.kombu_reconnect_splay = 0.0 {{(pid=98893) log_opt_values /opt/stack/data/venv/lib/python3.12/site-packages/oslo_config/cfg.py:3253}}
Jul 10 09:22:05.878701 np0000004982 nova-conductor[98893]: DEBUG cotyledon.oslo_config_glue [-] oslo_messaging_rabbit.processname = nova-conductor {{(pid=98893) log_opt_values /opt/stack/data/venv/lib/python3.12/site-packages/oslo_config/cfg.py:3253}}
Jul 10 09:22:05.878701 np0000004982 nova-conductor[98893]: DEBUG cotyledon.oslo_config_glue [-] oslo_messaging_rabbit.rabbit_ha_queues = False {{(pid=98893) log_opt_values /opt/stack/data/venv/lib/python3.12/site-packages/oslo_config/cfg.py:3253}}
Jul 10 09:22:05.878701 np0000004982 nova-conductor[98893]: DEBUG cotyledon.oslo_config_glue [-] oslo_messaging_rabbit.rabbit_interval_max = 30 {{(pid=98893) log_opt_values /opt/stack/data/venv/lib/python3.12/site-packages/oslo_config/cfg.py:3253}}
Jul 10 09:22:05.878701 np0000004982 nova-conductor[98893]: DEBUG cotyledon.oslo_config_glue [-] oslo_messaging_rabbit.rabbit_login_method = AMQPLAIN {{(pid=98893) log_opt_values /opt/stack/data/venv/lib/python3.12/site-packages/oslo_config/cfg.py:3253}}
Jul 10 09:22:05.878968 np0000004982 nova-conductor[98893]: DEBUG cotyledon.oslo_config_glue [-] oslo_messaging_rabbit.rabbit_qos_prefetch_count = 0 {{(pid=98893) log_opt_values /opt/stack/data/venv/lib/python3.12/site-packages/oslo_config/cfg.py:3253}}
Jul 10 09:22:05.878968 np0000004982 nova-conductor[98893]: DEBUG cotyledon.oslo_config_glue [-] oslo_messaging_rabbit.rabbit_quorum_delivery_limit = 0 {{(pid=98893) log_opt_values /opt/stack/data/venv/lib/python3.12/site-packages/oslo_config/cfg.py:3253}}
Jul 10 09:22:05.878968 np0000004982 nova-conductor[98893]: DEBUG cotyledon.oslo_config_glue [-] oslo_messaging_rabbit.rabbit_quorum_max_memory_bytes = 0 {{(pid=98893) log_opt_values /opt/stack/data/venv/lib/python3.12/site-packages/oslo_config/cfg.py:3253}}
Jul 10 09:22:05.878968 np0000004982 nova-conductor[98893]: DEBUG cotyledon.oslo_config_glue [-] oslo_messaging_rabbit.rabbit_quorum_max_memory_length = 0 {{(pid=98893) log_opt_values /opt/stack/data/venv/lib/python3.12/site-packages/oslo_config/cfg.py:3253}}
Jul 10 09:22:05.878968 np0000004982 nova-conductor[98893]: DEBUG cotyledon.oslo_config_glue [-] oslo_messaging_rabbit.rabbit_quorum_queue = False {{(pid=98893) log_opt_values /opt/stack/data/venv/lib/python3.12/site-packages/oslo_config/cfg.py:3253}}
Jul 10 09:22:05.878968 np0000004982 nova-conductor[98893]: DEBUG cotyledon.oslo_config_glue [-] oslo_messaging_rabbit.rabbit_retry_backoff = 2 {{(pid=98893) log_opt_values /opt/stack/data/venv/lib/python3.12/site-packages/oslo_config/cfg.py:3253}}
Jul 10 09:22:05.878968 np0000004982 nova-conductor[98893]: DEBUG cotyledon.oslo_config_glue [-] oslo_messaging_rabbit.rabbit_retry_interval = 1 {{(pid=98893) log_opt_values /opt/stack/data/venv/lib/python3.12/site-packages/oslo_config/cfg.py:3253}}
Jul 10 09:22:05.878968 np0000004982 nova-conductor[98893]: DEBUG cotyledon.oslo_config_glue [-] oslo_messaging_rabbit.rabbit_stream_fanout = False {{(pid=98893) log_opt_values /opt/stack/data/venv/lib/python3.12/site-packages/oslo_config/cfg.py:3253}}
Jul 10 09:22:05.879506 np0000004982 nova-conductor[98893]: DEBUG cotyledon.oslo_config_glue [-] oslo_messaging_rabbit.rabbit_transient_queues_ttl = 1800 {{(pid=98893) log_opt_values /opt/stack/data/venv/lib/python3.12/site-packages/oslo_config/cfg.py:3253}}
Jul 10 09:22:05.879506 np0000004982 nova-conductor[98893]: DEBUG cotyledon.oslo_config_glue [-] oslo_messaging_rabbit.rabbit_transient_quorum_queue = False {{(pid=98893) log_opt_values /opt/stack/data/venv/lib/python3.12/site-packages/oslo_config/cfg.py:3253}}
Jul 10 09:22:05.879506 np0000004982 nova-conductor[98893]: DEBUG cotyledon.oslo_config_glue [-] oslo_messaging_rabbit.rpc_conn_pool_size = 30 {{(pid=98893) log_opt_values /opt/stack/data/venv/lib/python3.12/site-packages/oslo_config/cfg.py:3253}}
Jul 10 09:22:05.879506 np0000004982 nova-conductor[98893]: DEBUG cotyledon.oslo_config_glue [-] oslo_messaging_rabbit.ssl = False {{(pid=98893) log_opt_values /opt/stack/data/venv/lib/python3.12/site-packages/oslo_config/cfg.py:3253}}
Jul 10 09:22:05.879506 np0000004982 nova-conductor[98893]: DEBUG cotyledon.oslo_config_glue [-] oslo_messaging_rabbit.ssl_ca_file = {{(pid=98893) log_opt_values /opt/stack/data/venv/lib/python3.12/site-packages/oslo_config/cfg.py:3253}}
Jul 10 09:22:05.879506 np0000004982 nova-conductor[98893]: DEBUG cotyledon.oslo_config_glue [-] oslo_messaging_rabbit.ssl_cert_file = {{(pid=98893) log_opt_values /opt/stack/data/venv/lib/python3.12/site-packages/oslo_config/cfg.py:3253}}
Jul 10 09:22:05.879506 np0000004982 nova-conductor[98893]: DEBUG cotyledon.oslo_config_glue [-] oslo_messaging_rabbit.ssl_enforce_fips_mode = False {{(pid=98893) log_opt_values /opt/stack/data/venv/lib/python3.12/site-packages/oslo_config/cfg.py:3253}}
Jul 10 09:22:05.879506 np0000004982 nova-conductor[98893]: DEBUG cotyledon.oslo_config_glue [-] oslo_messaging_rabbit.ssl_enforce_hostname_verification = True {{(pid=98893) log_opt_values /opt/stack/data/venv/lib/python3.12/site-packages/oslo_config/cfg.py:3253}}
Jul 10 09:22:05.879506 np0000004982 nova-conductor[98893]: DEBUG cotyledon.oslo_config_glue [-] oslo_messaging_rabbit.ssl_key_file = {{(pid=98893) log_opt_values /opt/stack/data/venv/lib/python3.12/site-packages/oslo_config/cfg.py:3253}}
Jul 10 09:22:05.879737 np0000004982 nova-conductor[98893]: DEBUG cotyledon.oslo_config_glue [-] oslo_messaging_rabbit.ssl_version = {{(pid=98893) log_opt_values /opt/stack/data/venv/lib/python3.12/site-packages/oslo_config/cfg.py:3253}}
Jul 10 09:22:05.879737 np0000004982 nova-conductor[98893]: DEBUG cotyledon.oslo_config_glue [-] oslo_messaging_rabbit.use_queue_manager = False {{(pid=98893) log_opt_values /opt/stack/data/venv/lib/python3.12/site-packages/oslo_config/cfg.py:3253}}
Jul 10 09:22:05.879737 np0000004982 nova-conductor[98893]: DEBUG cotyledon.oslo_config_glue [-] oslo_messaging_notifications.driver = ['messagingv2'] {{(pid=98893) log_opt_values /opt/stack/data/venv/lib/python3.12/site-packages/oslo_config/cfg.py:3253}}
Jul 10 09:22:05.879737 np0000004982 nova-conductor[98893]: DEBUG cotyledon.oslo_config_glue [-] oslo_messaging_notifications.retry = -1 {{(pid=98893) log_opt_values /opt/stack/data/venv/lib/python3.12/site-packages/oslo_config/cfg.py:3253}}
Jul 10 09:22:05.879737 np0000004982 nova-conductor[98893]: DEBUG cotyledon.oslo_config_glue [-] oslo_messaging_notifications.topics = ['notifications'] {{(pid=98893) log_opt_values /opt/stack/data/venv/lib/python3.12/site-packages/oslo_config/cfg.py:3253}}
Jul 10 09:22:05.879737 np0000004982 nova-conductor[98893]: DEBUG cotyledon.oslo_config_glue [-] oslo_messaging_notifications.transport_url = **** {{(pid=98893) log_opt_values /opt/stack/data/venv/lib/python3.12/site-packages/oslo_config/cfg.py:3253}}
Jul 10 09:22:05.879737 np0000004982 nova-conductor[98893]: DEBUG cotyledon.oslo_config_glue [-] oslo_limit.auth_section = None {{(pid=98893) log_opt_values /opt/stack/data/venv/lib/python3.12/site-packages/oslo_config/cfg.py:3253}}
Jul 10 09:22:05.879737 np0000004982 nova-conductor[98893]: DEBUG cotyledon.oslo_config_glue [-] oslo_limit.auth_type = None {{(pid=98893) log_opt_values /opt/stack/data/venv/lib/python3.12/site-packages/oslo_config/cfg.py:3253}}
Jul 10 09:22:05.879737 np0000004982 nova-conductor[98893]: DEBUG cotyledon.oslo_config_glue [-] oslo_limit.cafile = None {{(pid=98893) log_opt_values /opt/stack/data/venv/lib/python3.12/site-packages/oslo_config/cfg.py:3253}}
Jul 10 09:22:05.879941 np0000004982 nova-conductor[98893]: DEBUG cotyledon.oslo_config_glue [-] oslo_limit.certfile = None {{(pid=98893) log_opt_values /opt/stack/data/venv/lib/python3.12/site-packages/oslo_config/cfg.py:3253}}
Jul 10 09:22:05.879941 np0000004982 nova-conductor[98893]: DEBUG cotyledon.oslo_config_glue [-] oslo_limit.collect_timing = False {{(pid=98893) log_opt_values /opt/stack/data/venv/lib/python3.12/site-packages/oslo_config/cfg.py:3253}}
Jul 10 09:22:05.879941 np0000004982 nova-conductor[98893]: DEBUG cotyledon.oslo_config_glue [-] oslo_limit.connect_retries = None {{(pid=98893) log_opt_values /opt/stack/data/venv/lib/python3.12/site-packages/oslo_config/cfg.py:3253}}
Jul 10 09:22:05.879941 np0000004982 nova-conductor[98893]: DEBUG cotyledon.oslo_config_glue [-] oslo_limit.connect_retry_delay = None {{(pid=98893) log_opt_values /opt/stack/data/venv/lib/python3.12/site-packages/oslo_config/cfg.py:3253}}
Jul 10 09:22:05.879941 np0000004982 nova-conductor[98893]: DEBUG cotyledon.oslo_config_glue [-] oslo_limit.endpoint_id = None {{(pid=98893) log_opt_values /opt/stack/data/venv/lib/python3.12/site-packages/oslo_config/cfg.py:3253}}
Jul 10 09:22:05.879941 np0000004982 nova-conductor[98893]: DEBUG cotyledon.oslo_config_glue [-] oslo_limit.endpoint_interface = public {{(pid=98893) log_opt_values /opt/stack/data/venv/lib/python3.12/site-packages/oslo_config/cfg.py:3253}}
Jul 10 09:22:05.879941 np0000004982 nova-conductor[98893]: DEBUG cotyledon.oslo_config_glue [-] oslo_limit.endpoint_override = None {{(pid=98893) log_opt_values /opt/stack/data/venv/lib/python3.12/site-packages/oslo_config/cfg.py:3253}}
Jul 10 09:22:05.879941 np0000004982 nova-conductor[98893]: DEBUG cotyledon.oslo_config_glue [-] oslo_limit.endpoint_region_name = None {{(pid=98893) log_opt_values /opt/stack/data/venv/lib/python3.12/site-packages/oslo_config/cfg.py:3253}}
Jul 10 09:22:05.879941 np0000004982 nova-conductor[98893]: DEBUG cotyledon.oslo_config_glue [-] oslo_limit.endpoint_service_name = None {{(pid=98893) log_opt_values /opt/stack/data/venv/lib/python3.12/site-packages/oslo_config/cfg.py:3253}}
Jul 10 09:22:05.880168 np0000004982 nova-conductor[98893]: DEBUG cotyledon.oslo_config_glue [-] oslo_limit.endpoint_service_type = None {{(pid=98893) log_opt_values /opt/stack/data/venv/lib/python3.12/site-packages/oslo_config/cfg.py:3253}}
Jul 10 09:22:05.880168 np0000004982 nova-conductor[98893]: DEBUG cotyledon.oslo_config_glue [-] oslo_limit.insecure = False {{(pid=98893) log_opt_values /opt/stack/data/venv/lib/python3.12/site-packages/oslo_config/cfg.py:3253}}
Jul 10 09:22:05.880168 np0000004982 nova-conductor[98893]: DEBUG cotyledon.oslo_config_glue [-] oslo_limit.keyfile = None {{(pid=98893) log_opt_values /opt/stack/data/venv/lib/python3.12/site-packages/oslo_config/cfg.py:3253}}
Jul 10 09:22:05.880168 np0000004982 nova-conductor[98893]: DEBUG cotyledon.oslo_config_glue [-] oslo_limit.max_version = None {{(pid=98893) log_opt_values /opt/stack/data/venv/lib/python3.12/site-packages/oslo_config/cfg.py:3253}}
Jul 10 09:22:05.880168 np0000004982 nova-conductor[98893]: DEBUG cotyledon.oslo_config_glue [-] oslo_limit.min_version = None {{(pid=98893) log_opt_values /opt/stack/data/venv/lib/python3.12/site-packages/oslo_config/cfg.py:3253}}
Jul 10 09:22:05.880168 np0000004982 nova-conductor[98893]: DEBUG cotyledon.oslo_config_glue [-] oslo_limit.region_name = None {{(pid=98893) log_opt_values /opt/stack/data/venv/lib/python3.12/site-packages/oslo_config/cfg.py:3253}}
Jul 10 09:22:05.880168 np0000004982 nova-conductor[98893]: DEBUG cotyledon.oslo_config_glue [-] oslo_limit.retriable_status_codes = None {{(pid=98893) log_opt_values /opt/stack/data/venv/lib/python3.12/site-packages/oslo_config/cfg.py:3253}}
Jul 10 09:22:05.880168 np0000004982 nova-conductor[98893]: DEBUG cotyledon.oslo_config_glue [-] oslo_limit.service_name = None {{(pid=98893) log_opt_values /opt/stack/data/venv/lib/python3.12/site-packages/oslo_config/cfg.py:3253}}
Jul 10 09:22:05.880168 np0000004982 nova-conductor[98893]: DEBUG cotyledon.oslo_config_glue [-] oslo_limit.service_type = None {{(pid=98893) log_opt_values /opt/stack/data/venv/lib/python3.12/site-packages/oslo_config/cfg.py:3253}}
Jul 10 09:22:05.880351 np0000004982 nova-conductor[98893]: DEBUG cotyledon.oslo_config_glue [-] oslo_limit.split_loggers = False {{(pid=98893) log_opt_values /opt/stack/data/venv/lib/python3.12/site-packages/oslo_config/cfg.py:3253}}
Jul 10 09:22:05.880351 np0000004982 nova-conductor[98893]: DEBUG cotyledon.oslo_config_glue [-] oslo_limit.status_code_retries = None {{(pid=98893) log_opt_values /opt/stack/data/venv/lib/python3.12/site-packages/oslo_config/cfg.py:3253}}
Jul 10 09:22:05.880351 np0000004982 nova-conductor[98893]: DEBUG cotyledon.oslo_config_glue [-] oslo_limit.status_code_retry_delay = None {{(pid=98893) log_opt_values /opt/stack/data/venv/lib/python3.12/site-packages/oslo_config/cfg.py:3253}}
Jul 10 09:22:05.880351 np0000004982 nova-conductor[98893]: DEBUG cotyledon.oslo_config_glue [-] oslo_limit.timeout = None {{(pid=98893) log_opt_values /opt/stack/data/venv/lib/python3.12/site-packages/oslo_config/cfg.py:3253}}
Jul 10 09:22:05.880351 np0000004982 nova-conductor[98893]: DEBUG cotyledon.oslo_config_glue [-] oslo_limit.valid_interfaces = None {{(pid=98893) log_opt_values /opt/stack/data/venv/lib/python3.12/site-packages/oslo_config/cfg.py:3253}}
Jul 10 09:22:05.880351 np0000004982 nova-conductor[98893]: DEBUG cotyledon.oslo_config_glue [-] oslo_limit.version = None {{(pid=98893) log_opt_values /opt/stack/data/venv/lib/python3.12/site-packages/oslo_config/cfg.py:3253}}
Jul 10 09:22:05.880351 np0000004982 nova-conductor[98893]: DEBUG cotyledon.oslo_config_glue [-] oslo_reports.file_event_handler = None {{(pid=98893) log_opt_values /opt/stack/data/venv/lib/python3.12/site-packages/oslo_config/cfg.py:3253}}
Jul 10 09:22:05.880351 np0000004982 nova-conductor[98893]: DEBUG cotyledon.oslo_config_glue [-] oslo_reports.file_event_handler_interval = 1 {{(pid=98893) log_opt_values /opt/stack/data/venv/lib/python3.12/site-packages/oslo_config/cfg.py:3253}}
Jul 10 09:22:05.880351 np0000004982 nova-conductor[98893]: DEBUG cotyledon.oslo_config_glue [-] oslo_reports.log_dir = None {{(pid=98893) log_opt_values /opt/stack/data/venv/lib/python3.12/site-packages/oslo_config/cfg.py:3253}}
Jul 10 09:22:05.880645 np0000004982 nova-conductor[98893]: DEBUG cotyledon.oslo_config_glue [-] ******************************************************************************** {{(pid=98893) log_opt_values /opt/stack/data/venv/lib/python3.12/site-packages/oslo_config/cfg.py:3260}}
Jul 10 09:22:05.880645 np0000004982 nova-conductor[98893]: DEBUG cotyledon._service_worker [-] Run service ServiceWrapper(3) [98893] {{(pid=98893) wait_forever /opt/stack/data/venv/lib/python3.12/site-packages/cotyledon/_service_worker.py:218}}
Jul 10 09:22:05.880645 np0000004982 nova-conductor[98893]: INFO nova.service [-] Starting conductor node (version 33.1.0)
Jul 10 09:22:05.880645 np0000004982 nova-conductor[98893]: INFO dbcounter [None req-698ffd5d-351a-4871-b3ef-2f14f048f065 None None] Registered counter for database nova_cell0
Jul 10 09:22:05.880774 np0000004982 nova-conductor[98869]: DEBUG oslo_db.sqlalchemy.engines [None req-f7343326-8176-47e0-a6ec-128d1bba0a13 None None] MySQL server mode set to STRICT_TRANS_TABLES,STRICT_ALL_TABLES,NO_ZERO_IN_DATE,NO_ZERO_DATE,ERROR_FOR_DIVISION_BY_ZERO,TRADITIONAL,NO_ENGINE_SUBSTITUTION {{(pid=98869) _check_effective_sql_mode /opt/stack/data/venv/lib/python3.12/site-packages/oslo_db/sqlalchemy/engines.py:325}}
Jul 10 09:22:05.880823 np0000004982 nova-conductor[98881]: DEBUG oslo_db.sqlalchemy.engines [None req-bc6cc428-3eb4-4590-9f2e-47c3ed90323d None None] MySQL server mode set to STRICT_TRANS_TABLES,STRICT_ALL_TABLES,NO_ZERO_IN_DATE,NO_ZERO_DATE,ERROR_FOR_DIVISION_BY_ZERO,TRADITIONAL,NO_ENGINE_SUBSTITUTION {{(pid=98881) _check_effective_sql_mode /opt/stack/data/venv/lib/python3.12/site-packages/oslo_db/sqlalchemy/engines.py:325}}
Jul 10 09:22:05.880867 np0000004982 nova-conductor[98869]: DEBUG dbcounter [-] [98869] Writer thread running {{(pid=98869) stat_writer /opt/stack/data/venv/lib/python3.12/site-packages/dbcounter.py:102}}
Jul 10 09:22:05.881518 np0000004982 nova-conductor[98885]: DEBUG oslo_db.sqlalchemy.engines [None req-ccb4bd07-11a9-4404-bd6b-70e6e6ca5da3 None None] MySQL server mode set to STRICT_TRANS_TABLES,STRICT_ALL_TABLES,NO_ZERO_IN_DATE,NO_ZERO_DATE,ERROR_FOR_DIVISION_BY_ZERO,TRADITIONAL,NO_ENGINE_SUBSTITUTION {{(pid=98885) _check_effective_sql_mode /opt/stack/data/venv/lib/python3.12/site-packages/oslo_db/sqlalchemy/engines.py:325}}
Jul 10 09:22:05.884641 np0000004982 nova-conductor[98881]: DEBUG dbcounter [-] [98881] Writer thread running {{(pid=98881) stat_writer /opt/stack/data/venv/lib/python3.12/site-packages/dbcounter.py:102}}
Jul 10 09:22:05.889924 np0000004982 nova-conductor[98869]: DEBUG nova.service [None req-f7343326-8176-47e0-a6ec-128d1bba0a13 None None] Creating RPC server for service: nova-conductor on topic: conductor {{(pid=98869) start /opt/stack/nova/nova/service.py:196}}
Jul 10 09:22:05.890995 np0000004982 nova-conductor[98885]: DEBUG dbcounter [-] [98885] Writer thread running {{(pid=98885) stat_writer /opt/stack/data/venv/lib/python3.12/site-packages/dbcounter.py:102}}
Jul 10 09:22:05.894020 np0000004982 nova-conductor[98885]: DEBUG nova.service [None req-ccb4bd07-11a9-4404-bd6b-70e6e6ca5da3 None None] Creating RPC server for service: nova-conductor on topic: conductor {{(pid=98885) start /opt/stack/nova/nova/service.py:196}}
Jul 10 09:22:05.900101 np0000004982 nova-conductor[98881]: DEBUG nova.service [None req-bc6cc428-3eb4-4590-9f2e-47c3ed90323d None None] Creating RPC server for service: nova-conductor on topic: conductor {{(pid=98881) start /opt/stack/nova/nova/service.py:196}}
Jul 10 09:22:05.906959 np0000004982 nova-conductor[98893]: DEBUG oslo_db.sqlalchemy.engines [None req-698ffd5d-351a-4871-b3ef-2f14f048f065 None None] MySQL server mode set to STRICT_TRANS_TABLES,STRICT_ALL_TABLES,NO_ZERO_IN_DATE,NO_ZERO_DATE,ERROR_FOR_DIVISION_BY_ZERO,TRADITIONAL,NO_ENGINE_SUBSTITUTION {{(pid=98893) _check_effective_sql_mode /opt/stack/data/venv/lib/python3.12/site-packages/oslo_db/sqlalchemy/engines.py:325}}
Jul 10 09:22:05.911362 np0000004982 nova-conductor[98869]: DEBUG nova.service [None req-f7343326-8176-47e0-a6ec-128d1bba0a13 None None] Join ServiceGroup membership for this service conductor {{(pid=98869) start /opt/stack/nova/nova/service.py:222}}
Jul 10 09:22:05.911525 np0000004982 nova-conductor[98869]: DEBUG nova.servicegroup.drivers.db [None req-f7343326-8176-47e0-a6ec-128d1bba0a13 None None] DB_Driver: join new ServiceGroup member np0000004982 to the conductor group, service = {{(pid=98869) join /opt/stack/nova/nova/servicegroup/drivers/db.py:44}}
Jul 10 09:22:05.912988 np0000004982 nova-conductor[98885]: DEBUG nova.service [None req-ccb4bd07-11a9-4404-bd6b-70e6e6ca5da3 None None] Join ServiceGroup membership for this service conductor {{(pid=98885) start /opt/stack/nova/nova/service.py:222}}
Jul 10 09:22:05.913180 np0000004982 nova-conductor[98885]: DEBUG nova.servicegroup.drivers.db [None req-ccb4bd07-11a9-4404-bd6b-70e6e6ca5da3 None None] DB_Driver: join new ServiceGroup member np0000004982 to the conductor group, service = {{(pid=98885) join /opt/stack/nova/nova/servicegroup/drivers/db.py:44}}
Jul 10 09:22:05.917578 np0000004982 nova-conductor[98893]: DEBUG dbcounter [-] [98893] Writer thread running {{(pid=98893) stat_writer /opt/stack/data/venv/lib/python3.12/site-packages/dbcounter.py:102}}
Jul 10 09:22:05.924391 np0000004982 nova-conductor[98881]: DEBUG nova.service [None req-bc6cc428-3eb4-4590-9f2e-47c3ed90323d None None] Join ServiceGroup membership for this service conductor {{(pid=98881) start /opt/stack/nova/nova/service.py:222}}
Jul 10 09:22:05.924819 np0000004982 nova-conductor[98881]: DEBUG nova.servicegroup.drivers.db [None req-bc6cc428-3eb4-4590-9f2e-47c3ed90323d None None] DB_Driver: join new ServiceGroup member np0000004982 to the conductor group, service = {{(pid=98881) join /opt/stack/nova/nova/servicegroup/drivers/db.py:44}}
Jul 10 09:22:05.924866 np0000004982 nova-conductor[98893]: DEBUG nova.service [None req-698ffd5d-351a-4871-b3ef-2f14f048f065 None None] Creating RPC server for service: nova-conductor on topic: conductor {{(pid=98893) start /opt/stack/nova/nova/service.py:196}}
Jul 10 09:22:05.944749 np0000004982 nova-conductor[98893]: DEBUG nova.service [None req-698ffd5d-351a-4871-b3ef-2f14f048f065 None None] Join ServiceGroup membership for this service conductor {{(pid=98893) start /opt/stack/nova/nova/service.py:222}}
Jul 10 09:22:05.945015 np0000004982 nova-conductor[98893]: DEBUG nova.servicegroup.drivers.db [None req-698ffd5d-351a-4871-b3ef-2f14f048f065 None None] DB_Driver: join new ServiceGroup member np0000004982 to the conductor group, service = {{(pid=98893) join /opt/stack/nova/nova/servicegroup/drivers/db.py:44}}
Jul 10 09:22:06.913903 np0000004982 nova-conductor[98869]: DEBUG oslo.service.backend._threading.loopingcall [None req-d9193b5f-a6ef-477c-a268-2bccf5b4d5cf None None] Dynamic interval looping call 'nova.service.Service.periodic_tasks' sleeping for 60.00 seconds {{(pid=98869) _run_loop /opt/stack/data/venv/lib/python3.12/site-packages/oslo_service/backend/_threading/loopingcall.py:125}}
Jul 10 09:22:10.925971 np0000004982 nova-conductor[98869]: DEBUG oslo.service.backend._threading.loopingcall [-] Fixed interval looping call 'nova.servicegroup.drivers.db.DbDriver._report_state' sleeping for 119.99 seconds {{(pid=98869) _run_loop /opt/stack/data/venv/lib/python3.12/site-packages/oslo_service/backend/_threading/loopingcall.py:125}}
Jul 10 09:22:10.929029 np0000004982 nova-conductor[98885]: DEBUG oslo.service.backend._threading.loopingcall [-] Fixed interval looping call 'nova.servicegroup.drivers.db.DbDriver._report_state' sleeping for 119.99 seconds {{(pid=98885) _run_loop /opt/stack/data/venv/lib/python3.12/site-packages/oslo_service/backend/_threading/loopingcall.py:125}}
Jul 10 09:22:10.931970 np0000004982 nova-conductor[98881]: DEBUG oslo.service.backend._threading.loopingcall [-] Fixed interval looping call 'nova.servicegroup.drivers.db.DbDriver._report_state' sleeping for 120.00 seconds {{(pid=98881) _run_loop /opt/stack/data/venv/lib/python3.12/site-packages/oslo_service/backend/_threading/loopingcall.py:125}}
Jul 10 09:22:10.955084 np0000004982 nova-conductor[98893]: DEBUG oslo.service.backend._threading.loopingcall [-] Fixed interval looping call 'nova.servicegroup.drivers.db.DbDriver._report_state' sleeping for 119.99 seconds {{(pid=98893) _run_loop /opt/stack/data/venv/lib/python3.12/site-packages/oslo_service/backend/_threading/loopingcall.py:125}}
Jul 10 09:22:14.518738 np0000004982 nova-conductor[97379]: DEBUG dbcounter [-] [97379] Writing DB stats nova_api:SELECT=1 {{(pid=97379) stat_writer /opt/stack/data/venv/lib/python3.12/site-packages/dbcounter.py:115}}
Jul 10 09:22:14.634409 np0000004982 nova-conductor[97379]: DEBUG dbcounter [-] [97379] Writing DB stats nova_cell0:SELECT=1 {{(pid=97379) stat_writer /opt/stack/data/venv/lib/python3.12/site-packages/dbcounter.py:115}}
Jul 10 09:22:14.637666 np0000004982 nova-conductor[97379]: DEBUG dbcounter [-] [97379] Writing DB stats nova_cell1:SELECT=1 {{(pid=97379) stat_writer /opt/stack/data/venv/lib/python3.12/site-packages/dbcounter.py:115}}
Jul 10 09:22:20.921871 np0000004982 nova-conductor[98869]: DEBUG dbcounter [-] [98869] Writing DB stats nova_cell0:SELECT=4,nova_cell0:INSERT=1,nova_cell0:UPDATE=1 {{(pid=98869) stat_writer /opt/stack/data/venv/lib/python3.12/site-packages/dbcounter.py:115}}
Jul 10 09:22:20.926515 np0000004982 nova-conductor[98885]: DEBUG dbcounter [-] [98885] Writing DB stats nova_cell0:SELECT=3 {{(pid=98885) stat_writer /opt/stack/data/venv/lib/python3.12/site-packages/dbcounter.py:115}}
Jul 10 09:22:20.932591 np0000004982 nova-conductor[98881]: DEBUG dbcounter [-] [98881] Writing DB stats nova_cell0:SELECT=4,nova_cell0:INSERT=1 {{(pid=98881) stat_writer /opt/stack/data/venv/lib/python3.12/site-packages/dbcounter.py:115}}
Jul 10 09:22:20.952411 np0000004982 nova-conductor[98893]: DEBUG dbcounter [-] [98893] Writing DB stats nova_cell0:SELECT=3 {{(pid=98893) stat_writer /opt/stack/data/venv/lib/python3.12/site-packages/dbcounter.py:115}}
Jul 10 09:22:44.927245 np0000004982 nova-conductor[98881]: DEBUG oslo.service.backend._threading.loopingcall [None req-2520e65e-64ef-41ee-9621-649639a16f1c None None] Dynamic interval looping call 'nova.service.Service.periodic_tasks' sleeping for 60.00 seconds {{(pid=98881) _run_loop /opt/stack/data/venv/lib/python3.12/site-packages/oslo_service/backend/_threading/loopingcall.py:125}}
Jul 10 09:22:46.946797 np0000004982 nova-conductor[98893]: DEBUG oslo.service.backend._threading.loopingcall [None req-4a15ad04-b231-4e7f-b1fb-be04eab7a50b None None] Dynamic interval looping call 'nova.service.Service.periodic_tasks' sleeping for 60.00 seconds {{(pid=98893) _run_loop /opt/stack/data/venv/lib/python3.12/site-packages/oslo_service/backend/_threading/loopingcall.py:125}}
Jul 10 09:22:52.915271 np0000004982 nova-conductor[98885]: DEBUG oslo.service.backend._threading.loopingcall [None req-1af100fd-851d-4fdb-8899-484ab47dc66a None None] Dynamic interval looping call 'nova.service.Service.periodic_tasks' sleeping for 60.00 seconds {{(pid=98885) _run_loop /opt/stack/data/venv/lib/python3.12/site-packages/oslo_service/backend/_threading/loopingcall.py:125}}
Jul 10 09:23:06.914830 np0000004982 nova-conductor[98869]: DEBUG oslo.service.backend._threading.loopingcall [None req-d9193b5f-a6ef-477c-a268-2bccf5b4d5cf None None] Dynamic interval looping call 'nova.service.Service.periodic_tasks' sleeping for 60.00 seconds {{(pid=98869) _run_loop /opt/stack/data/venv/lib/python3.12/site-packages/oslo_service/backend/_threading/loopingcall.py:125}}
Jul 10 09:23:44.927693 np0000004982 nova-conductor[98881]: DEBUG oslo.service.backend._threading.loopingcall [None req-2520e65e-64ef-41ee-9621-649639a16f1c None None] Dynamic interval looping call 'nova.service.Service.periodic_tasks' sleeping for 60.00 seconds {{(pid=98881) _run_loop /opt/stack/data/venv/lib/python3.12/site-packages/oslo_service/backend/_threading/loopingcall.py:125}}
Jul 10 09:23:46.947228 np0000004982 nova-conductor[98893]: DEBUG oslo.service.backend._threading.loopingcall [None req-4a15ad04-b231-4e7f-b1fb-be04eab7a50b None None] Dynamic interval looping call 'nova.service.Service.periodic_tasks' sleeping for 60.00 seconds {{(pid=98893) _run_loop /opt/stack/data/venv/lib/python3.12/site-packages/oslo_service/backend/_threading/loopingcall.py:125}}
Jul 10 09:23:52.915691 np0000004982 nova-conductor[98885]: DEBUG oslo.service.backend._threading.loopingcall [None req-1af100fd-851d-4fdb-8899-484ab47dc66a None None] Dynamic interval looping call 'nova.service.Service.periodic_tasks' sleeping for 60.00 seconds {{(pid=98885) _run_loop /opt/stack/data/venv/lib/python3.12/site-packages/oslo_service/backend/_threading/loopingcall.py:125}}
Jul 10 09:24:06.915254 np0000004982 nova-conductor[98869]: DEBUG oslo.service.backend._threading.loopingcall [None req-d9193b5f-a6ef-477c-a268-2bccf5b4d5cf None None] Dynamic interval looping call 'nova.service.Service.periodic_tasks' sleeping for 60.00 seconds {{(pid=98869) _run_loop /opt/stack/data/venv/lib/python3.12/site-packages/oslo_service/backend/_threading/loopingcall.py:125}}
Jul 10 09:24:11.312985 np0000004982 nova-conductor[98869]: DEBUG oslo.service.backend._threading.loopingcall [-] Fixed interval looping call 'nova.servicegroup.drivers.db.DbDriver._report_state' sleeping for 119.99 seconds {{(pid=98869) _run_loop /opt/stack/data/venv/lib/python3.12/site-packages/oslo_service/backend/_threading/loopingcall.py:125}}
Jul 10 09:24:11.313955 np0000004982 nova-conductor[98885]: DEBUG oslo.service.backend._threading.loopingcall [-] Fixed interval looping call 'nova.servicegroup.drivers.db.DbDriver._report_state' sleeping for 119.99 seconds {{(pid=98885) _run_loop /opt/stack/data/venv/lib/python3.12/site-packages/oslo_service/backend/_threading/loopingcall.py:125}}
Jul 10 09:24:11.314468 np0000004982 nova-conductor[98881]: DEBUG oslo.service.backend._threading.loopingcall [-] Fixed interval looping call 'nova.servicegroup.drivers.db.DbDriver._report_state' sleeping for 120.00 seconds {{(pid=98881) _run_loop /opt/stack/data/venv/lib/python3.12/site-packages/oslo_service/backend/_threading/loopingcall.py:125}}
Jul 10 09:24:11.315798 np0000004982 nova-conductor[98893]: DEBUG oslo.service.backend._threading.loopingcall [-] Fixed interval looping call 'nova.servicegroup.drivers.db.DbDriver._report_state' sleeping for 120.00 seconds {{(pid=98893) _run_loop /opt/stack/data/venv/lib/python3.12/site-packages/oslo_service/backend/_threading/loopingcall.py:125}}
Jul 10 09:24:16.780089 np0000004982 nova-conductor[98869]: DEBUG oslo_db.sqlalchemy.engines [None req-aa15bc10-c2dd-4fd5-8920-8fbeed850762 tempest-ServerRescueNegativeTestJSON-318510632 tempest-ServerRescueNegativeTestJSON-318510632-project-member] Parent process 97379 forked (98869) with an open database connection, which is being discarded and recreated. {{(pid=98869) checkout /opt/stack/data/venv/lib/python3.12/site-packages/oslo_db/sqlalchemy/engines.py:402}}
Jul 10 09:24:16.837560 np0000004982 nova-conductor[98869]: DEBUG dbcounter [-] [98869] Writer thread running {{(pid=98869) stat_writer /opt/stack/data/venv/lib/python3.12/site-packages/dbcounter.py:102}}
Jul 10 09:24:17.863230 np0000004982 nova-conductor[98869]: DEBUG nova.conductor.manager [None req-aa15bc10-c2dd-4fd5-8920-8fbeed850762 tempest-ServerRescueNegativeTestJSON-318510632 tempest-ServerRescueNegativeTestJSON-318510632-project-member] Took 1.02 seconds to select destinations for 1 instance(s). {{(pid=98869) _schedule_instances /opt/stack/nova/nova/conductor/manager.py:968}}
Jul 10 09:24:17.883057 np0000004982 nova-conductor[98869]: DEBUG oslo_concurrency.lockutils [None req-aa15bc10-c2dd-4fd5-8920-8fbeed850762 tempest-ServerRescueNegativeTestJSON-318510632 tempest-ServerRescueNegativeTestJSON-318510632-project-member] Acquiring lock "e78b45d1-a945-4ab1-92c6-77a65a271725" by "nova.context.set_target_cell..get_or_set_cached_cell_and_set_connections" {{(pid=98869) inner /opt/stack/data/venv/lib/python3.12/site-packages/oslo_concurrency/lockutils.py:511}}
Jul 10 09:24:17.883057 np0000004982 nova-conductor[98869]: DEBUG oslo_concurrency.lockutils [None req-aa15bc10-c2dd-4fd5-8920-8fbeed850762 tempest-ServerRescueNegativeTestJSON-318510632 tempest-ServerRescueNegativeTestJSON-318510632-project-member] Lock "e78b45d1-a945-4ab1-92c6-77a65a271725" acquired by "nova.context.set_target_cell..get_or_set_cached_cell_and_set_connections" :: waited 0.000s {{(pid=98869) inner /opt/stack/data/venv/lib/python3.12/site-packages/oslo_concurrency/lockutils.py:524}}
Jul 10 09:24:17.884753 np0000004982 nova-conductor[98869]: DEBUG oslo_concurrency.lockutils [None req-aa15bc10-c2dd-4fd5-8920-8fbeed850762 tempest-ServerRescueNegativeTestJSON-318510632 tempest-ServerRescueNegativeTestJSON-318510632-project-member] Lock "e78b45d1-a945-4ab1-92c6-77a65a271725" "released" by "nova.context.set_target_cell..get_or_set_cached_cell_and_set_connections" :: held 0.001s {{(pid=98869) inner /opt/stack/data/venv/lib/python3.12/site-packages/oslo_concurrency/lockutils.py:543}}
Jul 10 09:24:17.885883 np0000004982 nova-conductor[98869]: INFO dbcounter [None req-aa15bc10-c2dd-4fd5-8920-8fbeed850762 tempest-ServerRescueNegativeTestJSON-318510632 tempest-ServerRescueNegativeTestJSON-318510632-project-member] Registered counter for database nova_cell1
Jul 10 09:24:17.928308 np0000004982 nova-conductor[98869]: DEBUG oslo_db.sqlalchemy.engines [None req-aa15bc10-c2dd-4fd5-8920-8fbeed850762 tempest-ServerRescueNegativeTestJSON-318510632 tempest-ServerRescueNegativeTestJSON-318510632-project-member] MySQL server mode set to STRICT_TRANS_TABLES,STRICT_ALL_TABLES,NO_ZERO_IN_DATE,NO_ZERO_DATE,ERROR_FOR_DIVISION_BY_ZERO,TRADITIONAL,NO_ENGINE_SUBSTITUTION {{(pid=98869) _check_effective_sql_mode /opt/stack/data/venv/lib/python3.12/site-packages/oslo_db/sqlalchemy/engines.py:325}}
Jul 10 09:24:17.934084 np0000004982 nova-conductor[98869]: DEBUG dbcounter [-] [98869] Writer thread running {{(pid=98869) stat_writer /opt/stack/data/venv/lib/python3.12/site-packages/dbcounter.py:102}}
Jul 10 09:24:18.009025 np0000004982 nova-conductor[98869]: INFO nova.utils [None req-aa15bc10-c2dd-4fd5-8920-8fbeed850762 tempest-ServerRescueNegativeTestJSON-318510632 tempest-ServerRescueNegativeTestJSON-318510632-project-member] The cell worker thread pool ForkProcess-1.cell_worker is initialized
Jul 10 09:24:18.009343 np0000004982 nova-conductor[98869]: DEBUG oslo_concurrency.lockutils [None req-aa15bc10-c2dd-4fd5-8920-8fbeed850762 tempest-ServerRescueNegativeTestJSON-318510632 tempest-ServerRescueNegativeTestJSON-318510632-project-member] Acquiring lock "00000000-0000-0000-0000-000000000000" by "nova.context.set_target_cell..get_or_set_cached_cell_and_set_connections" {{(pid=98869) inner /opt/stack/data/venv/lib/python3.12/site-packages/oslo_concurrency/lockutils.py:511}}
Jul 10 09:24:18.009524 np0000004982 nova-conductor[98869]: DEBUG oslo_concurrency.lockutils [None req-aa15bc10-c2dd-4fd5-8920-8fbeed850762 tempest-ServerRescueNegativeTestJSON-318510632 tempest-ServerRescueNegativeTestJSON-318510632-project-member] Lock "00000000-0000-0000-0000-000000000000" acquired by "nova.context.set_target_cell..get_or_set_cached_cell_and_set_connections" :: waited 0.000s {{(pid=98869) inner /opt/stack/data/venv/lib/python3.12/site-packages/oslo_concurrency/lockutils.py:524}}
Jul 10 09:24:18.009918 np0000004982 nova-conductor[98869]: DEBUG oslo_concurrency.lockutils [None req-aa15bc10-c2dd-4fd5-8920-8fbeed850762 tempest-ServerRescueNegativeTestJSON-318510632 tempest-ServerRescueNegativeTestJSON-318510632-project-member] Lock "00000000-0000-0000-0000-000000000000" "released" by "nova.context.set_target_cell..get_or_set_cached_cell_and_set_connections" :: held 0.000s {{(pid=98869) inner /opt/stack/data/venv/lib/python3.12/site-packages/oslo_concurrency/lockutils.py:543}}
Jul 10 09:24:18.010506 np0000004982 nova-conductor[98869]: DEBUG oslo_concurrency.lockutils [None req-aa15bc10-c2dd-4fd5-8920-8fbeed850762 tempest-ServerRescueNegativeTestJSON-318510632 tempest-ServerRescueNegativeTestJSON-318510632-project-member] Acquiring lock "e78b45d1-a945-4ab1-92c6-77a65a271725" by "nova.context.set_target_cell..get_or_set_cached_cell_and_set_connections" {{(pid=98869) inner /opt/stack/data/venv/lib/python3.12/site-packages/oslo_concurrency/lockutils.py:511}}
Jul 10 09:24:18.011932 np0000004982 nova-conductor[98869]: INFO dbcounter [None req-aa15bc10-c2dd-4fd5-8920-8fbeed850762 tempest-ServerRescueNegativeTestJSON-318510632 tempest-ServerRescueNegativeTestJSON-318510632-project-member] Registered counter for database nova_cell0
Jul 10 09:24:18.013835 np0000004982 nova-conductor[98869]: DEBUG oslo_concurrency.lockutils [None req-aa15bc10-c2dd-4fd5-8920-8fbeed850762 tempest-ServerRescueNegativeTestJSON-318510632 tempest-ServerRescueNegativeTestJSON-318510632-project-member] Lock "e78b45d1-a945-4ab1-92c6-77a65a271725" acquired by "nova.context.set_target_cell..get_or_set_cached_cell_and_set_connections" :: waited 0.001s {{(pid=98869) inner /opt/stack/data/venv/lib/python3.12/site-packages/oslo_concurrency/lockutils.py:524}}
Jul 10 09:24:18.013835 np0000004982 nova-conductor[98869]: DEBUG oslo_concurrency.lockutils [None req-aa15bc10-c2dd-4fd5-8920-8fbeed850762 tempest-ServerRescueNegativeTestJSON-318510632 tempest-ServerRescueNegativeTestJSON-318510632-project-member] Lock "e78b45d1-a945-4ab1-92c6-77a65a271725" "released" by "nova.context.set_target_cell..get_or_set_cached_cell_and_set_connections" :: held 0.002s {{(pid=98869) inner /opt/stack/data/venv/lib/python3.12/site-packages/oslo_concurrency/lockutils.py:543}}
Jul 10 09:24:18.060672 np0000004982 nova-conductor[98869]: DEBUG oslo_db.sqlalchemy.engines [None req-aa15bc10-c2dd-4fd5-8920-8fbeed850762 tempest-ServerRescueNegativeTestJSON-318510632 tempest-ServerRescueNegativeTestJSON-318510632-project-member] MySQL server mode set to STRICT_TRANS_TABLES,STRICT_ALL_TABLES,NO_ZERO_IN_DATE,NO_ZERO_DATE,ERROR_FOR_DIVISION_BY_ZERO,TRADITIONAL,NO_ENGINE_SUBSTITUTION {{(pid=98869) _check_effective_sql_mode /opt/stack/data/venv/lib/python3.12/site-packages/oslo_db/sqlalchemy/engines.py:325}}
Jul 10 09:24:18.067255 np0000004982 nova-conductor[98869]: DEBUG dbcounter [-] [98869] Writer thread running {{(pid=98869) stat_writer /opt/stack/data/venv/lib/python3.12/site-packages/dbcounter.py:102}}
Jul 10 09:24:18.079164 np0000004982 nova-conductor[98869]: DEBUG nova.quota [None req-aa15bc10-c2dd-4fd5-8920-8fbeed850762 tempest-ServerRescueNegativeTestJSON-318510632 tempest-ServerRescueNegativeTestJSON-318510632-project-member] Getting quotas for project 8826f730c29e49de911d0058db624143. Resources: {'instances', 'cores', 'ram'} {{(pid=98869) _get_quotas /opt/stack/nova/nova/quota.py:389}}
Jul 10 09:24:18.081376 np0000004982 nova-conductor[98869]: DEBUG nova.quota [None req-aa15bc10-c2dd-4fd5-8920-8fbeed850762 tempest-ServerRescueNegativeTestJSON-318510632 tempest-ServerRescueNegativeTestJSON-318510632-project-member] Getting quotas for user b11f28b13dab4068a8a28d79d6c6eb74 and project 8826f730c29e49de911d0058db624143. Resources: {'instances', 'cores', 'ram'} {{(pid=98869) _get_quotas /opt/stack/nova/nova/quota.py:379}}
Jul 10 09:24:18.086598 np0000004982 nova-conductor[98869]: DEBUG nova.conductor.manager [None req-aa15bc10-c2dd-4fd5-8920-8fbeed850762 tempest-ServerRescueNegativeTestJSON-318510632 tempest-ServerRescueNegativeTestJSON-318510632-project-member] [instance: 514da035-ee5a-42e0-8091-893e2d164ad8] Selected host: np0000004982; Selected node: np0000004982; Alternates: [] {{(pid=98869) schedule_and_build_instances /opt/stack/nova/nova/conductor/manager.py:1784}}
Jul 10 09:24:18.086943 np0000004982 nova-conductor[98869]: DEBUG oslo_concurrency.lockutils [None req-aa15bc10-c2dd-4fd5-8920-8fbeed850762 tempest-ServerRescueNegativeTestJSON-318510632 tempest-ServerRescueNegativeTestJSON-318510632-project-member] Acquiring lock "e78b45d1-a945-4ab1-92c6-77a65a271725" by "nova.context.set_target_cell..get_or_set_cached_cell_and_set_connections" {{(pid=98869) inner /opt/stack/data/venv/lib/python3.12/site-packages/oslo_concurrency/lockutils.py:511}}
Jul 10 09:24:18.087066 np0000004982 nova-conductor[98869]: DEBUG oslo_concurrency.lockutils [None req-aa15bc10-c2dd-4fd5-8920-8fbeed850762 tempest-ServerRescueNegativeTestJSON-318510632 tempest-ServerRescueNegativeTestJSON-318510632-project-member] Lock "e78b45d1-a945-4ab1-92c6-77a65a271725" acquired by "nova.context.set_target_cell..get_or_set_cached_cell_and_set_connections" :: waited 0.000s {{(pid=98869) inner /opt/stack/data/venv/lib/python3.12/site-packages/oslo_concurrency/lockutils.py:524}}
Jul 10 09:24:18.087163 np0000004982 nova-conductor[98869]: DEBUG oslo_concurrency.lockutils [None req-aa15bc10-c2dd-4fd5-8920-8fbeed850762 tempest-ServerRescueNegativeTestJSON-318510632 tempest-ServerRescueNegativeTestJSON-318510632-project-member] Lock "e78b45d1-a945-4ab1-92c6-77a65a271725" "released" by "nova.context.set_target_cell..get_or_set_cached_cell_and_set_connections" :: held 0.000s {{(pid=98869) inner /opt/stack/data/venv/lib/python3.12/site-packages/oslo_concurrency/lockutils.py:543}}
Jul 10 09:24:18.096032 np0000004982 nova-conductor[98869]: DEBUG nova.conductor.manager [None req-aa15bc10-c2dd-4fd5-8920-8fbeed850762 tempest-ServerRescueNegativeTestJSON-318510632 tempest-ServerRescueNegativeTestJSON-318510632-project-member] [instance: 514da035-ee5a-42e0-8091-893e2d164ad8] block_device_mapping [BlockDeviceMapping(attachment_id=,boot_index=0,connection_info=None,created_at=,delete_on_termination=True,deleted=,deleted_at=,destination_type='local',device_name=None,device_type='disk',disk_bus=None,encrypted=False,encryption_format=None,encryption_options=None,encryption_secret_uuid=None,guest_format=None,id=,image_id='5c810398-8479-441c-be4f-d9af5aa19ace',instance=,instance_uuid=,no_device=False,snapshot_id=None,source_type='image',tag=None,updated_at=,uuid=,volume_id=None,volume_size=None,volume_type=None)] {{(pid=98869) _create_block_device_mapping /opt/stack/nova/nova/conductor/manager.py:1529}}
