Jul 28 09:25:41.854868 np0000005975 devstack@g-api.service[99789]: DEBUG glance.api.middleware.version_negotiation [None req-b06e3322-166b-4022-be70-bd26da75c745 tempest-VolumesActionsTest-908682583 tempest-VolumesActionsTest-908682583-project-member] new path /v2/images/36329798-cf95-40f0-b447-352624bdd222 {{(pid=99789) process_request /opt/stack/glance/glance/api/middleware/version_negotiation.py:70}}
Jul 28 09:25:41.873409 np0000005975 devstack@g-api.service[99789]: [pid: 99789|app: 0|req: 92/288] 127.0.0.1 () {40 vars in 838 bytes} [Tue Jul 28 09:25:41 2026] GET /v2/images/36329798-cf95-40f0-b447-352624bdd222 => generated 648 bytes in 19 msecs (HTTP/1.1 200) 4 headers in 157 bytes (1 switches on core 0)
Jul 28 09:25:42.889755 np0000005975 devstack@g-api.service[99790]: DEBUG glance.api.middleware.version_negotiation [None req-460e5623-3692-4fb3-8418-0bc8fc1221ad tempest-VolumesActionsTest-908682583 tempest-VolumesActionsTest-908682583-project-member] Determining version of request: GET /v2/images/36329798-cf95-40f0-b447-352624bdd222 Accept: application/json {{(pid=99790) process_request /opt/stack/glance/glance/api/middleware/version_negotiation.py:44}}
Jul 28 09:25:42.890268 np0000005975 devstack@g-api.service[99790]: DEBUG glance.api.middleware.version_negotiation [None req-460e5623-3692-4fb3-8418-0bc8fc1221ad tempest-VolumesActionsTest-908682583 tempest-VolumesActionsTest-908682583-project-member] Using url versioning {{(pid=99790) process_request /opt/stack/glance/glance/api/middleware/version_negotiation.py:57}}
Jul 28 09:25:42.890268 np0000005975 devstack@g-api.service[99790]: DEBUG glance.api.middleware.version_negotiation [None req-460e5623-3692-4fb3-8418-0bc8fc1221ad tempest-VolumesActionsTest-908682583 tempest-VolumesActionsTest-908682583-project-member] Matched version: v2 {{(pid=99790) process_request /opt/stack/glance/glance/api/middleware/version_negotiation.py:69}}
Jul 28 09:25:42.890268 np0000005975 devstack@g-api.service[99790]: DEBUG glance.api.middleware.version_negotiation [None req-460e5623-3692-4fb3-8418-0bc8fc1221ad tempest-VolumesActionsTest-908682583 tempest-VolumesActionsTest-908682583-project-member] new path /v2/images/36329798-cf95-40f0-b447-352624bdd222 {{(pid=99790) process_request /opt/stack/glance/glance/api/middleware/version_negotiation.py:70}}
Jul 28 09:25:42.901984 np0000005975 devstack@g-api.service[99790]: [pid: 99790|app: 0|req: 94/289] 127.0.0.1 () {40 vars in 838 bytes} [Tue Jul 28 09:25:42 2026] GET /v2/images/36329798-cf95-40f0-b447-352624bdd222 => generated 648 bytes in 12 msecs (HTTP/1.1 200) 4 headers in 157 bytes (1 switches on core 0)
Jul 28 09:25:43.734939 np0000005975 devstack@g-api.service[99788]: DEBUG swiftclient [None req-4c345c9e-b7de-44f6-b438-97846cb40d09 tempest-VolumesActionsTest-908682583 tempest-VolumesActionsTest-908682583-project-member] REQ: curl -i https://10.4.3.229:8080/v1/AUTH_b662c301811f4efa9bfc83e607dceff4/glance/36329798-cf95-40f0-b447-352624bdd222-00002 -X PUT -H "X-Auth-Token: gAAAAABqaHWSaCC1..." {{(pid=99788) http_log /opt/stack/data/venv/lib/python3.12/site-packages/swiftclient/client.py:160}}
Jul 28 09:25:43.735189 np0000005975 devstack@g-api.service[99788]: DEBUG swiftclient [None req-4c345c9e-b7de-44f6-b438-97846cb40d09 tempest-VolumesActionsTest-908682583 tempest-VolumesActionsTest-908682583-project-member] RESP STATUS: 201 Created {{(pid=99788) http_log /opt/stack/data/venv/lib/python3.12/site-packages/swiftclient/client.py:161}}
Jul 28 09:25:43.735189 np0000005975 devstack@g-api.service[99788]: DEBUG swiftclient [None req-4c345c9e-b7de-44f6-b438-97846cb40d09 tempest-VolumesActionsTest-908682583 tempest-VolumesActionsTest-908682583-project-member] RESP HEADERS: {'Date': 'Tue, 28 Jul 2026 09:25:43 GMT', 'Server': 'Apache/2.4.58 (Ubuntu)', 'Content-Type': 'text/html; charset=UTF-8', 'Content-Length': '0', 'Etag': 'eda9a9889837ac4bc81d6387d92c1bec', 'Last-Modified': 'Tue, 28 Jul 2026 09:25:42 GMT', 'X-Trans-Id': 'tx4d1c8a6386064435ab687-006a687595', 'X-Openstack-Request-Id': 'tx4d1c8a6386064435ab687-006a687595', 'Connection': 'close'} {{(pid=99788) http_log /opt/stack/data/venv/lib/python3.12/site-packages/swiftclient/client.py:162}}
Jul 28 09:25:43.735284 np0000005975 devstack@g-api.service[99788]: DEBUG glance_store._drivers.swift.store [None req-4c345c9e-b7de-44f6-b438-97846cb40d09 tempest-VolumesActionsTest-908682583 tempest-VolumesActionsTest-908682583-project-member] Wrote chunk 36329798-cf95-40f0-b447-352624bdd222-00002 (2/?) of length 204800000 to Swift returning MD5 of content: eda9a9889837ac4bc81d6387d92c1bec {{(pid=99788) add /opt/stack/data/venv/lib/python3.12/site-packages/glance_store/_drivers/swift/store.py:1059}}
Jul 28 09:25:43.911369 np0000005975 devstack@g-api.service[99789]: DEBUG glance.api.middleware.version_negotiation [None req-1b2ed6b7-1267-4e12-8de1-695d3ad21036 tempest-VolumesActionsTest-908682583 tempest-VolumesActionsTest-908682583-project-member] Determining version of request: GET /v2/images/36329798-cf95-40f0-b447-352624bdd222 Accept: application/json {{(pid=99789) process_request /opt/stack/glance/glance/api/middleware/version_negotiation.py:44}}
Jul 28 09:25:43.911801 np0000005975 devstack@g-api.service[99789]: DEBUG glance.api.middleware.version_negotiation [None req-1b2ed6b7-1267-4e12-8de1-695d3ad21036 tempest-VolumesActionsTest-908682583 tempest-VolumesActionsTest-908682583-project-member] Using url versioning {{(pid=99789) process_request /opt/stack/glance/glance/api/middleware/version_negotiation.py:57}}
Jul 28 09:25:43.911801 np0000005975 devstack@g-api.service[99789]: DEBUG glance.api.middleware.version_negotiation [None req-1b2ed6b7-1267-4e12-8de1-695d3ad21036 tempest-VolumesActionsTest-908682583 tempest-VolumesActionsTest-908682583-project-member] Matched version: v2 {{(pid=99789) process_request /opt/stack/glance/glance/api/middleware/version_negotiation.py:69}}
Jul 28 09:25:43.911894 np0000005975 devstack@g-api.service[99789]: DEBUG glance.api.middleware.version_negotiation [None req-1b2ed6b7-1267-4e12-8de1-695d3ad21036 tempest-VolumesActionsTest-908682583 tempest-VolumesActionsTest-908682583-project-member] new path /v2/images/36329798-cf95-40f0-b447-352624bdd222 {{(pid=99789) process_request /opt/stack/glance/glance/api/middleware/version_negotiation.py:70}}
Jul 28 09:25:43.940777 np0000005975 devstack@g-api.service[99789]: [pid: 99789|app: 0|req: 93/290] 127.0.0.1 () {40 vars in 838 bytes} [Tue Jul 28 09:25:43 2026] GET /v2/images/36329798-cf95-40f0-b447-352624bdd222 => generated 648 bytes in 30 msecs (HTTP/1.1 200) 4 headers in 157 bytes (1 switches on core 0)
Jul 28 09:25:44.952190 np0000005975 devstack@g-api.service[99790]: DEBUG glance.api.middleware.version_negotiation [None req-8c0595aa-2015-48b2-a080-2253ebee6836 tempest-VolumesActionsTest-908682583 tempest-VolumesActionsTest-908682583-project-member] Determining version of request: GET /v2/images/36329798-cf95-40f0-b447-352624bdd222 Accept: application/json {{(pid=99790) process_request /opt/stack/glance/glance/api/middleware/version_negotiation.py:44}}
Jul 28 09:25:44.952582 np0000005975 devstack@g-api.service[99790]: DEBUG glance.api.middleware.version_negotiation [None req-8c0595aa-2015-48b2-a080-2253ebee6836 tempest-VolumesActionsTest-908682583 tempest-VolumesActionsTest-908682583-project-member] Using url versioning {{(pid=99790) process_request /opt/stack/glance/glance/api/middleware/version_negotiation.py:57}}
Jul 28 09:25:44.952582 np0000005975 devstack@g-api.service[99790]: DEBUG glance.api.middleware.version_negotiation [None req-8c0595aa-2015-48b2-a080-2253ebee6836 tempest-VolumesActionsTest-908682583 tempest-VolumesActionsTest-908682583-project-member] Matched version: v2 {{(pid=99790) process_request /opt/stack/glance/glance/api/middleware/version_negotiation.py:69}}
Jul 28 09:25:44.952582 np0000005975 devstack@g-api.service[99790]: DEBUG glance.api.middleware.version_negotiation [None req-8c0595aa-2015-48b2-a080-2253ebee6836 tempest-VolumesActionsTest-908682583 tempest-VolumesActionsTest-908682583-project-member] new path /v2/images/36329798-cf95-40f0-b447-352624bdd222 {{(pid=99790) process_request /opt/stack/glance/glance/api/middleware/version_negotiation.py:70}}
Jul 28 09:25:44.967684 np0000005975 devstack@g-api.service[99790]: [pid: 99790|app: 0|req: 95/291] 127.0.0.1 () {40 vars in 838 bytes} [Tue Jul 28 09:25:44 2026] GET /v2/images/36329798-cf95-40f0-b447-352624bdd222 => generated 648 bytes in 15 msecs (HTTP/1.1 200) 4 headers in 157 bytes (1 switches on core 0)
Jul 28 09:25:45.575970 np0000005975 devstack@g-api.service[99788]: DEBUG swiftclient [None req-4c345c9e-b7de-44f6-b438-97846cb40d09 tempest-VolumesActionsTest-908682583 tempest-VolumesActionsTest-908682583-project-member] REQ: curl -i https://10.4.3.229:8080/v1/AUTH_b662c301811f4efa9bfc83e607dceff4/glance/36329798-cf95-40f0-b447-352624bdd222-00003 -X PUT -H "X-Auth-Token: gAAAAABqaHWSaCC1..." {{(pid=99788) http_log /opt/stack/data/venv/lib/python3.12/site-packages/swiftclient/client.py:160}}
Jul 28 09:25:45.576278 np0000005975 devstack@g-api.service[99788]: DEBUG swiftclient [None req-4c345c9e-b7de-44f6-b438-97846cb40d09 tempest-VolumesActionsTest-908682583 tempest-VolumesActionsTest-908682583-project-member] RESP STATUS: 201 Created {{(pid=99788) http_log /opt/stack/data/venv/lib/python3.12/site-packages/swiftclient/client.py:161}}
Jul 28 09:25:45.576278 np0000005975 devstack@g-api.service[99788]: DEBUG swiftclient [None req-4c345c9e-b7de-44f6-b438-97846cb40d09 tempest-VolumesActionsTest-908682583 tempest-VolumesActionsTest-908682583-project-member] RESP HEADERS: {'Date': 'Tue, 28 Jul 2026 09:25:45 GMT', 'Server': 'Apache/2.4.58 (Ubuntu)', 'Content-Type': 'text/html; charset=UTF-8', 'Content-Length': '0', 'Etag': 'eda9a9889837ac4bc81d6387d92c1bec', 'Last-Modified': 'Tue, 28 Jul 2026 09:25:44 GMT', 'X-Trans-Id': 'tx8f6a17dac71c4cd7937be-006a687597', 'X-Openstack-Request-Id': 'tx8f6a17dac71c4cd7937be-006a687597', 'Connection': 'close'} {{(pid=99788) http_log /opt/stack/data/venv/lib/python3.12/site-packages/swiftclient/client.py:162}}
Jul 28 09:25:45.576559 np0000005975 devstack@g-api.service[99788]: DEBUG glance_store._drivers.swift.store [None req-4c345c9e-b7de-44f6-b438-97846cb40d09 tempest-VolumesActionsTest-908682583 tempest-VolumesActionsTest-908682583-project-member] Wrote chunk 36329798-cf95-40f0-b447-352624bdd222-00003 (3/?) of length 204800000 to Swift returning MD5 of content: eda9a9889837ac4bc81d6387d92c1bec {{(pid=99788) add /opt/stack/data/venv/lib/python3.12/site-packages/glance_store/_drivers/swift/store.py:1059}}
Jul 28 09:25:45.729920 np0000005975 devstack@g-api.service[99789]: DEBUG glance.api.middleware.version_negotiation [None req-fda93d6b-9136-4d82-acbf-7e1b21ad509d tempest-VolumesActionsTest-908682583 tempest-VolumesActionsTest-908682583-project-member] Determining version of request: GET /v2/images/c7569b7b-e5b3-43fd-ba56-99328fd9ad26 Accept: */* {{(pid=99789) process_request /opt/stack/glance/glance/api/middleware/version_negotiation.py:44}}
Jul 28 09:25:45.730447 np0000005975 devstack@g-api.service[99789]: DEBUG glance.api.middleware.version_negotiation [None req-fda93d6b-9136-4d82-acbf-7e1b21ad509d tempest-VolumesActionsTest-908682583 tempest-VolumesActionsTest-908682583-project-member] Using url versioning {{(pid=99789) process_request /opt/stack/glance/glance/api/middleware/version_negotiation.py:57}}
Jul 28 09:25:45.730447 np0000005975 devstack@g-api.service[99789]: DEBUG glance.api.middleware.version_negotiation [None req-fda93d6b-9136-4d82-acbf-7e1b21ad509d tempest-VolumesActionsTest-908682583 tempest-VolumesActionsTest-908682583-project-member] Matched version: v2 {{(pid=99789) process_request /opt/stack/glance/glance/api/middleware/version_negotiation.py:69}}
Jul 28 09:25:45.730626 np0000005975 devstack@g-api.service[99789]: DEBUG glance.api.middleware.version_negotiation [None req-fda93d6b-9136-4d82-acbf-7e1b21ad509d tempest-VolumesActionsTest-908682583 tempest-VolumesActionsTest-908682583-project-member] new path /v2/images/c7569b7b-e5b3-43fd-ba56-99328fd9ad26 {{(pid=99789) process_request /opt/stack/glance/glance/api/middleware/version_negotiation.py:70}}
Jul 28 09:25:45.739966 np0000005975 devstack@g-api.service[99789]: [pid: 99789|app: 0|req: 94/292] 127.0.0.1 () {44 vars in 1115 bytes} [Tue Jul 28 09:25:45 2026] GET /v2/images/c7569b7b-e5b3-43fd-ba56-99328fd9ad26 => generated 1044 bytes in 10 msecs (HTTP/1.1 200) 4 headers in 158 bytes (1 switches on core 0)
Jul 28 09:25:45.769168 np0000005975 devstack@g-api.service[99790]: DEBUG glance.api.middleware.version_negotiation [None req-9d0d016b-b3f8-4ecd-a7d5-14cefbd28bbb tempest-VolumesActionsTest-908682583 tempest-VolumesActionsTest-908682583-project-member] Determining version of request: GET /v2/schemas/image Accept: */* {{(pid=99790) process_request /opt/stack/glance/glance/api/middleware/version_negotiation.py:44}}
Jul 28 09:25:45.769454 np0000005975 devstack@g-api.service[99790]: DEBUG glance.api.middleware.version_negotiation [None req-9d0d016b-b3f8-4ecd-a7d5-14cefbd28bbb tempest-VolumesActionsTest-908682583 tempest-VolumesActionsTest-908682583-project-member] Using url versioning {{(pid=99790) process_request /opt/stack/glance/glance/api/middleware/version_negotiation.py:57}}
Jul 28 09:25:45.769654 np0000005975 devstack@g-api.service[99790]: DEBUG glance.api.middleware.version_negotiation [None req-9d0d016b-b3f8-4ecd-a7d5-14cefbd28bbb tempest-VolumesActionsTest-908682583 tempest-VolumesActionsTest-908682583-project-member] Matched version: v2 {{(pid=99790) process_request /opt/stack/glance/glance/api/middleware/version_negotiation.py:69}}
Jul 28 09:25:45.769799 np0000005975 devstack@g-api.service[99790]: DEBUG glance.api.middleware.version_negotiation [None req-9d0d016b-b3f8-4ecd-a7d5-14cefbd28bbb tempest-VolumesActionsTest-908682583 tempest-VolumesActionsTest-908682583-project-member] new path /v2/schemas/image {{(pid=99790) process_request /opt/stack/glance/glance/api/middleware/version_negotiation.py:70}}
Jul 28 09:25:45.775728 np0000005975 devstack@g-api.service[99790]: [pid: 99790|app: 0|req: 96/293] 127.0.0.1 () {44 vars in 1055 bytes} [Tue Jul 28 09:25:45 2026] GET /v2/schemas/image => generated 6083 bytes in 7 msecs (HTTP/1.1 200) 4 headers in 158 bytes (1 switches on core 0)
Jul 28 09:25:45.974675 np0000005975 devstack@g-api.service[99789]: DEBUG glance.api.middleware.version_negotiation [None req-c65d7cdd-17ed-4bf4-aa6e-555e72b062ce tempest-VolumesBackupsTest-552871629 tempest-VolumesBackupsTest-552871629-project-member] Determining version of request: GET /v2/images/36329798-cf95-40f0-b447-352624bdd222 Accept: application/json {{(pid=99789) process_request /opt/stack/glance/glance/api/middleware/version_negotiation.py:44}}
Jul 28 09:25:45.974903 np0000005975 devstack@g-api.service[99789]: DEBUG glance.api.middleware.version_negotiation [None req-c65d7cdd-17ed-4bf4-aa6e-555e72b062ce tempest-VolumesBackupsTest-552871629 tempest-VolumesBackupsTest-552871629-project-member] Using url versioning {{(pid=99789) process_request /opt/stack/glance/glance/api/middleware/version_negotiation.py:57}}
Jul 28 09:25:45.975006 np0000005975 devstack@g-api.service[99789]: DEBUG glance.api.middleware.version_negotiation [None req-c65d7cdd-17ed-4bf4-aa6e-555e72b062ce tempest-VolumesBackupsTest-552871629 tempest-VolumesBackupsTest-552871629-project-member] Matched version: v2 {{(pid=99789) process_request /opt/stack/glance/glance/api/middleware/version_negotiation.py:69}}
Jul 28 09:25:45.975080 np0000005975 devstack@g-api.service[99789]: DEBUG glance.api.middleware.version_negotiation [None req-c65d7cdd-17ed-4bf4-aa6e-555e72b062ce tempest-VolumesBackupsTest-552871629 tempest-VolumesBackupsTest-552871629-project-member] new path /v2/images/36329798-cf95-40f0-b447-352624bdd222 {{(pid=99789) process_request /opt/stack/glance/glance/api/middleware/version_negotiation.py:70}}
Jul 28 09:25:45.983797 np0000005975 devstack@g-api.service[99789]: [pid: 99789|app: 0|req: 95/294] 127.0.0.1 () {40 vars in 838 bytes} [Tue Jul 28 09:25:45 2026] GET /v2/images/36329798-cf95-40f0-b447-352624bdd222 => generated 648 bytes in 9 msecs (HTTP/1.1 200) 4 headers in 157 bytes (1 switches on core 0)
Jul 28 09:25:46.996797 np0000005975 devstack@g-api.service[99790]: DEBUG glance.api.middleware.version_negotiation [None req-c65d7cdd-17ed-4bf4-aa6e-555e72b062ce tempest-VolumesBackupsTest-552871629 tempest-VolumesBackupsTest-552871629-project-member] Determining version of request: GET /v2/images/36329798-cf95-40f0-b447-352624bdd222 Accept: application/json {{(pid=99790) process_request /opt/stack/glance/glance/api/middleware/version_negotiation.py:44}}
Jul 28 09:25:46.997475 np0000005975 devstack@g-api.service[99790]: DEBUG glance.api.middleware.version_negotiation [None req-c65d7cdd-17ed-4bf4-aa6e-555e72b062ce tempest-VolumesBackupsTest-552871629 tempest-VolumesBackupsTest-552871629-project-member] Using url versioning {{(pid=99790) process_request /opt/stack/glance/glance/api/middleware/version_negotiation.py:57}}
Jul 28 09:25:46.997475 np0000005975 devstack@g-api.service[99790]: DEBUG glance.api.middleware.version_negotiation [None req-c65d7cdd-17ed-4bf4-aa6e-555e72b062ce tempest-VolumesBackupsTest-552871629 tempest-VolumesBackupsTest-552871629-project-member] Matched version: v2 {{(pid=99790) process_request /opt/stack/glance/glance/api/middleware/version_negotiation.py:69}}
Jul 28 09:25:46.997475 np0000005975 devstack@g-api.service[99790]: DEBUG glance.api.middleware.version_negotiation [None req-c65d7cdd-17ed-4bf4-aa6e-555e72b062ce tempest-VolumesBackupsTest-552871629 tempest-VolumesBackupsTest-552871629-project-member] new path /v2/images/36329798-cf95-40f0-b447-352624bdd222 {{(pid=99790) process_request /opt/stack/glance/glance/api/middleware/version_negotiation.py:70}}
Jul 28 09:25:47.007475 np0000005975 devstack@g-api.service[99790]: [pid: 99790|app: 0|req: 97/295] 127.0.0.1 () {40 vars in 838 bytes} [Tue Jul 28 09:25:46 2026] GET /v2/images/36329798-cf95-40f0-b447-352624bdd222 => generated 648 bytes in 11 msecs (HTTP/1.1 200) 4 headers in 157 bytes (1 switches on core 0)
Jul 28 09:25:47.365409 np0000005975 devstack@g-api.service[99788]: DEBUG swiftclient [None req-4c345c9e-b7de-44f6-b438-97846cb40d09 tempest-VolumesActionsTest-908682583 tempest-VolumesActionsTest-908682583-project-member] REQ: curl -i https://10.4.3.229:8080/v1/AUTH_b662c301811f4efa9bfc83e607dceff4/glance/36329798-cf95-40f0-b447-352624bdd222-00004 -X PUT -H "X-Auth-Token: gAAAAABqaHWSaCC1..." {{(pid=99788) http_log /opt/stack/data/venv/lib/python3.12/site-packages/swiftclient/client.py:160}}
Jul 28 09:25:47.365794 np0000005975 devstack@g-api.service[99788]: DEBUG swiftclient [None req-4c345c9e-b7de-44f6-b438-97846cb40d09 tempest-VolumesActionsTest-908682583 tempest-VolumesActionsTest-908682583-project-member] RESP STATUS: 201 Created {{(pid=99788) http_log /opt/stack/data/venv/lib/python3.12/site-packages/swiftclient/client.py:161}}
Jul 28 09:25:47.365794 np0000005975 devstack@g-api.service[99788]: DEBUG swiftclient [None req-4c345c9e-b7de-44f6-b438-97846cb40d09 tempest-VolumesActionsTest-908682583 tempest-VolumesActionsTest-908682583-project-member] RESP HEADERS: {'Date': 'Tue, 28 Jul 2026 09:25:47 GMT', 'Server': 'Apache/2.4.58 (Ubuntu)', 'Content-Type': 'text/html; charset=UTF-8', 'Content-Length': '0', 'Etag': 'eda9a9889837ac4bc81d6387d92c1bec', 'Last-Modified': 'Tue, 28 Jul 2026 09:25:46 GMT', 'X-Trans-Id': 'tx6b5c6c22dec94e108d960-006a687599', 'X-Openstack-Request-Id': 'tx6b5c6c22dec94e108d960-006a687599', 'Connection': 'close'} {{(pid=99788) http_log /opt/stack/data/venv/lib/python3.12/site-packages/swiftclient/client.py:162}}
Jul 28 09:25:47.365975 np0000005975 devstack@g-api.service[99788]: DEBUG glance_store._drivers.swift.store [None req-4c345c9e-b7de-44f6-b438-97846cb40d09 tempest-VolumesActionsTest-908682583 tempest-VolumesActionsTest-908682583-project-member] Wrote chunk 36329798-cf95-40f0-b447-352624bdd222-00004 (4/?) of length 204800000 to Swift returning MD5 of content: eda9a9889837ac4bc81d6387d92c1bec {{(pid=99788) add /opt/stack/data/venv/lib/python3.12/site-packages/glance_store/_drivers/swift/store.py:1059}}
Jul 28 09:25:48.022052 np0000005975 devstack@g-api.service[99789]: DEBUG glance.api.middleware.version_negotiation [None req-6ca645bc-1557-4f4d-b983-891b883135d4 tempest-VolumesActionsTest-908682583 tempest-VolumesActionsTest-908682583-project-member] Determining version of request: GET /v2/images/36329798-cf95-40f0-b447-352624bdd222 Accept: application/json {{(pid=99789) process_request /opt/stack/glance/glance/api/middleware/version_negotiation.py:44}}
Jul 28 09:25:48.022832 np0000005975 devstack@g-api.service[99789]: DEBUG glance.api.middleware.version_negotiation [None req-6ca645bc-1557-4f4d-b983-891b883135d4 tempest-VolumesActionsTest-908682583 tempest-VolumesActionsTest-908682583-project-member] Using url versioning {{(pid=99789) process_request /opt/stack/glance/glance/api/middleware/version_negotiation.py:57}}
Jul 28 09:25:48.022832 np0000005975 devstack@g-api.service[99789]: DEBUG glance.api.middleware.version_negotiation [None req-6ca645bc-1557-4f4d-b983-891b883135d4 tempest-VolumesActionsTest-908682583 tempest-VolumesActionsTest-908682583-project-member] Matched version: v2 {{(pid=99789) process_request /opt/stack/glance/glance/api/middleware/version_negotiation.py:69}}
Jul 28 09:25:48.022832 np0000005975 devstack@g-api.service[99789]: DEBUG glance.api.middleware.version_negotiation [None req-6ca645bc-1557-4f4d-b983-891b883135d4 tempest-VolumesActionsTest-908682583 tempest-VolumesActionsTest-908682583-project-member] new path /v2/images/36329798-cf95-40f0-b447-352624bdd222 {{(pid=99789) process_request /opt/stack/glance/glance/api/middleware/version_negotiation.py:70}}
Jul 28 09:25:48.036969 np0000005975 devstack@g-api.service[99789]: [pid: 99789|app: 0|req: 96/296] 127.0.0.1 () {40 vars in 838 bytes} [Tue Jul 28 09:25:48 2026] GET /v2/images/36329798-cf95-40f0-b447-352624bdd222 => generated 648 bytes in 15 msecs (HTTP/1.1 200) 4 headers in 157 bytes (1 switches on core 0)
Jul 28 09:25:48.463515 np0000005975 devstack@g-api.service[99790]: DEBUG glance.api.middleware.version_negotiation [None req-2862f585-2754-495e-8040-dded597cd3ae tempest-VolumesActionsTest-908682583 tempest-VolumesActionsTest-908682583-project-member] Determining version of request: GET /v2/images/c7569b7b-e5b3-43fd-ba56-99328fd9ad26 Accept: */* {{(pid=99790) process_request /opt/stack/glance/glance/api/middleware/version_negotiation.py:44}}
Jul 28 09:25:48.465655 np0000005975 devstack@g-api.service[99790]: DEBUG glance.api.middleware.version_negotiation [None req-2862f585-2754-495e-8040-dded597cd3ae tempest-VolumesActionsTest-908682583 tempest-VolumesActionsTest-908682583-project-member] Using url versioning {{(pid=99790) process_request /opt/stack/glance/glance/api/middleware/version_negotiation.py:57}}
Jul 28 09:25:48.468173 np0000005975 devstack@g-api.service[99790]: DEBUG glance.api.middleware.version_negotiation [None req-2862f585-2754-495e-8040-dded597cd3ae tempest-VolumesActionsTest-908682583 tempest-VolumesActionsTest-908682583-project-member] Matched version: v2 {{(pid=99790) process_request /opt/stack/glance/glance/api/middleware/version_negotiation.py:69}}
Jul 28 09:25:48.468173 np0000005975 devstack@g-api.service[99790]: DEBUG glance.api.middleware.version_negotiation [None req-2862f585-2754-495e-8040-dded597cd3ae tempest-VolumesActionsTest-908682583 tempest-VolumesActionsTest-908682583-project-member] new path /v2/images/c7569b7b-e5b3-43fd-ba56-99328fd9ad26 {{(pid=99790) process_request /opt/stack/glance/glance/api/middleware/version_negotiation.py:70}}
Jul 28 09:25:48.482622 np0000005975 devstack@g-api.service[99790]: [pid: 99790|app: 0|req: 98/297] 127.0.0.1 () {44 vars in 1115 bytes} [Tue Jul 28 09:25:48 2026] GET /v2/images/c7569b7b-e5b3-43fd-ba56-99328fd9ad26 => generated 1044 bytes in 21 msecs (HTTP/1.1 200) 4 headers in 158 bytes (1 switches on core 0)
Jul 28 09:25:48.512748 np0000005975 devstack@g-api.service[99789]: DEBUG glance.api.middleware.version_negotiation [None req-da120c97-6ab6-4bd0-9707-b7b514727178 tempest-VolumesActionsTest-908682583 tempest-VolumesActionsTest-908682583-project-member] Determining version of request: GET /v2/schemas/image Accept: */* {{(pid=99789) process_request /opt/stack/glance/glance/api/middleware/version_negotiation.py:44}}
Jul 28 09:25:48.512995 np0000005975 devstack@g-api.service[99789]: DEBUG glance.api.middleware.version_negotiation [None req-da120c97-6ab6-4bd0-9707-b7b514727178 tempest-VolumesActionsTest-908682583 tempest-VolumesActionsTest-908682583-project-member] Using url versioning {{(pid=99789) process_request /opt/stack/glance/glance/api/middleware/version_negotiation.py:57}}
Jul 28 09:25:48.513235 np0000005975 devstack@g-api.service[99789]: DEBUG glance.api.middleware.version_negotiation [None req-da120c97-6ab6-4bd0-9707-b7b514727178 tempest-VolumesActionsTest-908682583 tempest-VolumesActionsTest-908682583-project-member] Matched version: v2 {{(pid=99789) process_request /opt/stack/glance/glance/api/middleware/version_negotiation.py:69}}
Jul 28 09:25:48.515402 np0000005975 devstack@g-api.service[99789]: DEBUG glance.api.middleware.version_negotiation [None req-da120c97-6ab6-4bd0-9707-b7b514727178 tempest-VolumesActionsTest-908682583 tempest-VolumesActionsTest-908682583-project-member] new path /v2/schemas/image {{(pid=99789) process_request /opt/stack/glance/glance/api/middleware/version_negotiation.py:70}}
Jul 28 09:25:48.516086 np0000005975 devstack@g-api.service[99789]: [pid: 99789|app: 0|req: 97/298] 127.0.0.1 () {44 vars in 1055 bytes} [Tue Jul 28 09:25:48 2026] GET /v2/schemas/image => generated 6083 bytes in 3 msecs (HTTP/1.1 200) 4 headers in 158 bytes (1 switches on core 0)
Jul 28 09:25:48.940301 np0000005975 devstack@g-api.service[99788]: DEBUG dbcounter [-] [99788] Writing DB stats glance:SELECT=16,glance:INSERT=1,glance:UPDATE=1 {{(pid=99788) stat_writer /opt/stack/data/venv/lib/python3.12/site-packages/dbcounter.py:115}}
Jul 28 09:25:49.042830 np0000005975 devstack@g-api.service[99790]: DEBUG glance.api.middleware.version_negotiation [None req-f815fdbc-a157-4351-ae84-46023c88bf6e tempest-ServerActionsTestOtherA-2125964613 tempest-ServerActionsTestOtherA-2125964613-project-member] Determining version of request: GET /v2/images/36329798-cf95-40f0-b447-352624bdd222 Accept: application/json {{(pid=99790) process_request /opt/stack/glance/glance/api/middleware/version_negotiation.py:44}}
Jul 28 09:25:49.043071 np0000005975 devstack@g-api.service[99790]: DEBUG glance.api.middleware.version_negotiation [None req-f815fdbc-a157-4351-ae84-46023c88bf6e tempest-ServerActionsTestOtherA-2125964613 tempest-ServerActionsTestOtherA-2125964613-project-member] Using url versioning {{(pid=99790) process_request /opt/stack/glance/glance/api/middleware/version_negotiation.py:57}}
Jul 28 09:25:49.043233 np0000005975 devstack@g-api.service[99790]: DEBUG glance.api.middleware.version_negotiation [None req-f815fdbc-a157-4351-ae84-46023c88bf6e tempest-ServerActionsTestOtherA-2125964613 tempest-ServerActionsTestOtherA-2125964613-project-member] Matched version: v2 {{(pid=99790) process_request /opt/stack/glance/glance/api/middleware/version_negotiation.py:69}}
Jul 28 09:25:49.043359 np0000005975 devstack@g-api.service[99790]: DEBUG glance.api.middleware.version_negotiation [None req-f815fdbc-a157-4351-ae84-46023c88bf6e tempest-ServerActionsTestOtherA-2125964613 tempest-ServerActionsTestOtherA-2125964613-project-member] new path /v2/images/36329798-cf95-40f0-b447-352624bdd222 {{(pid=99790) process_request /opt/stack/glance/glance/api/middleware/version_negotiation.py:70}}
Jul 28 09:25:49.053831 np0000005975 devstack@g-api.service[99790]: [pid: 99790|app: 0|req: 99/299] 127.0.0.1 () {40 vars in 838 bytes} [Tue Jul 28 09:25:49 2026] GET /v2/images/36329798-cf95-40f0-b447-352624bdd222 => generated 648 bytes in 11 msecs (HTTP/1.1 200) 4 headers in 157 bytes (1 switches on core 0)
Jul 28 09:25:49.296255 np0000005975 devstack@g-api.service[99788]: DEBUG swiftclient [None req-4c345c9e-b7de-44f6-b438-97846cb40d09 tempest-VolumesActionsTest-908682583 tempest-VolumesActionsTest-908682583-project-member] REQ: curl -i https://10.4.3.229:8080/v1/AUTH_b662c301811f4efa9bfc83e607dceff4/glance/36329798-cf95-40f0-b447-352624bdd222-00005 -X PUT -H "X-Auth-Token: gAAAAABqaHWSaCC1..." {{(pid=99788) http_log /opt/stack/data/venv/lib/python3.12/site-packages/swiftclient/client.py:160}}
Jul 28 09:25:49.296353 np0000005975 devstack@g-api.service[99788]: DEBUG swiftclient [None req-4c345c9e-b7de-44f6-b438-97846cb40d09 tempest-VolumesActionsTest-908682583 tempest-VolumesActionsTest-908682583-project-member] RESP STATUS: 201 Created {{(pid=99788) http_log /opt/stack/data/venv/lib/python3.12/site-packages/swiftclient/client.py:161}}
Jul 28 09:25:49.296536 np0000005975 devstack@g-api.service[99788]: DEBUG swiftclient [None req-4c345c9e-b7de-44f6-b438-97846cb40d09 tempest-VolumesActionsTest-908682583 tempest-VolumesActionsTest-908682583-project-member] RESP HEADERS: {'Date': 'Tue, 28 Jul 2026 09:25:49 GMT', 'Server': 'Apache/2.4.58 (Ubuntu)', 'Content-Type': 'text/html; charset=UTF-8', 'Content-Length': '0', 'Etag': 'eda9a9889837ac4bc81d6387d92c1bec', 'Last-Modified': 'Tue, 28 Jul 2026 09:25:48 GMT', 'X-Trans-Id': 'tx0ead6be379944ed49229f-006a68759b', 'X-Openstack-Request-Id': 'tx0ead6be379944ed49229f-006a68759b', 'Connection': 'close'} {{(pid=99788) http_log /opt/stack/data/venv/lib/python3.12/site-packages/swiftclient/client.py:162}}
Jul 28 09:25:49.296628 np0000005975 devstack@g-api.service[99788]: DEBUG glance_store._drivers.swift.store [None req-4c345c9e-b7de-44f6-b438-97846cb40d09 tempest-VolumesActionsTest-908682583 tempest-VolumesActionsTest-908682583-project-member] Wrote chunk 36329798-cf95-40f0-b447-352624bdd222-00005 (5/?) of length 204800000 to Swift returning MD5 of content: eda9a9889837ac4bc81d6387d92c1bec {{(pid=99788) add /opt/stack/data/venv/lib/python3.12/site-packages/glance_store/_drivers/swift/store.py:1059}}
Jul 28 09:25:49.850620 np0000005975 devstack@g-api.service[99789]: DEBUG glance.api.middleware.version_negotiation [None req-f815fdbc-a157-4351-ae84-46023c88bf6e tempest-ServerActionsTestOtherA-2125964613 tempest-ServerActionsTestOtherA-2125964613-project-member] Determining version of request: GET /v2/images/c7569b7b-e5b3-43fd-ba56-99328fd9ad26 Accept: application/json {{(pid=99789) process_request /opt/stack/glance/glance/api/middleware/version_negotiation.py:44}}
Jul 28 09:25:49.850620 np0000005975 devstack@g-api.service[99789]: DEBUG glance.api.middleware.version_negotiation [None req-f815fdbc-a157-4351-ae84-46023c88bf6e tempest-ServerActionsTestOtherA-2125964613 tempest-ServerActionsTestOtherA-2125964613-project-member] Using url versioning {{(pid=99789) process_request /opt/stack/glance/glance/api/middleware/version_negotiation.py:57}}
Jul 28 09:25:49.851059 np0000005975 devstack@g-api.service[99789]: DEBUG glance.api.middleware.version_negotiation [None req-f815fdbc-a157-4351-ae84-46023c88bf6e tempest-ServerActionsTestOtherA-2125964613 tempest-ServerActionsTestOtherA-2125964613-project-member] Matched version: v2 {{(pid=99789) process_request /opt/stack/glance/glance/api/middleware/version_negotiation.py:69}}
Jul 28 09:25:49.851059 np0000005975 devstack@g-api.service[99789]: DEBUG glance.api.middleware.version_negotiation [None req-f815fdbc-a157-4351-ae84-46023c88bf6e tempest-ServerActionsTestOtherA-2125964613 tempest-ServerActionsTestOtherA-2125964613-project-member] new path /v2/images/c7569b7b-e5b3-43fd-ba56-99328fd9ad26 {{(pid=99789) process_request /opt/stack/glance/glance/api/middleware/version_negotiation.py:70}}
Jul 28 09:25:49.900789 np0000005975 devstack@g-api.service[99788]: DEBUG swiftclient [None req-4c345c9e-b7de-44f6-b438-97846cb40d09 tempest-VolumesActionsTest-908682583 tempest-VolumesActionsTest-908682583-project-member] REQ: curl -i https://10.4.3.229:8080/v1/AUTH_b662c301811f4efa9bfc83e607dceff4/glance/36329798-cf95-40f0-b447-352624bdd222-00006 -X PUT -H "X-Auth-Token: gAAAAABqaHWSaCC1..." {{(pid=99788) http_log /opt/stack/data/venv/lib/python3.12/site-packages/swiftclient/client.py:160}}
Jul 28 09:25:49.900889 np0000005975 devstack@g-api.service[99788]: DEBUG swiftclient [None req-4c345c9e-b7de-44f6-b438-97846cb40d09 tempest-VolumesActionsTest-908682583 tempest-VolumesActionsTest-908682583-project-member] RESP STATUS: 201 Created {{(pid=99788) http_log /opt/stack/data/venv/lib/python3.12/site-packages/swiftclient/client.py:161}}
Jul 28 09:25:49.901049 np0000005975 devstack@g-api.service[99788]: DEBUG swiftclient [None req-4c345c9e-b7de-44f6-b438-97846cb40d09 tempest-VolumesActionsTest-908682583 tempest-VolumesActionsTest-908682583-project-member] RESP HEADERS: {'Date': 'Tue, 28 Jul 2026 09:25:49 GMT', 'Server': 'Apache/2.4.58 (Ubuntu)', 'Content-Type': 'text/html; charset=UTF-8', 'Content-Length': '0', 'Etag': '708761f3b8777ec77058e63da08eeeb6', 'Last-Modified': 'Tue, 28 Jul 2026 09:25:50 GMT', 'X-Trans-Id': 'txb3b2faeed8ee4f10878be-006a68759d', 'X-Openstack-Request-Id': 'txb3b2faeed8ee4f10878be-006a68759d', 'Connection': 'close'} {{(pid=99788) http_log /opt/stack/data/venv/lib/python3.12/site-packages/swiftclient/client.py:162}}
Jul 28 09:25:49.901145 np0000005975 devstack@g-api.service[99788]: DEBUG glance_store._drivers.swift.store [None req-4c345c9e-b7de-44f6-b438-97846cb40d09 tempest-VolumesActionsTest-908682583 tempest-VolumesActionsTest-908682583-project-member] Wrote chunk 36329798-cf95-40f0-b447-352624bdd222-00006 (6/?) of length 49741824 to Swift returning MD5 of content: 708761f3b8777ec77058e63da08eeeb6 {{(pid=99788) add /opt/stack/data/venv/lib/python3.12/site-packages/glance_store/_drivers/swift/store.py:1059}}
Jul 28 09:25:49.903163 np0000005975 devstack@g-api.service[99788]: DEBUG glance_store._drivers.swift.store [None req-4c345c9e-b7de-44f6-b438-97846cb40d09 tempest-VolumesActionsTest-908682583 tempest-VolumesActionsTest-908682583-project-member] Not writing zero-length chunk. {{(pid=99788) add /opt/stack/data/venv/lib/python3.12/site-packages/glance_store/_drivers/swift/store.py:1028}}
Jul 28 09:25:49.924305 np0000005975 devstack@g-api.service[99788]: DEBUG swiftclient [None req-4c345c9e-b7de-44f6-b438-97846cb40d09 tempest-VolumesActionsTest-908682583 tempest-VolumesActionsTest-908682583-project-member] REQ: curl -i https://10.4.3.229:8080/v1/AUTH_b662c301811f4efa9bfc83e607dceff4/glance/36329798-cf95-40f0-b447-352624bdd222 -X PUT -H "X-Object-Manifest: glance/36329798-cf95-40f0-b447-352624bdd222-" -H "X-Auth-Token: gAAAAABqaHWSaCC1..." -H "Content-Length: 0" {{(pid=99788) http_log /opt/stack/data/venv/lib/python3.12/site-packages/swiftclient/client.py:160}}
Jul 28 09:25:49.924512 np0000005975 devstack@g-api.service[99788]: DEBUG swiftclient [None req-4c345c9e-b7de-44f6-b438-97846cb40d09 tempest-VolumesActionsTest-908682583 tempest-VolumesActionsTest-908682583-project-member] RESP STATUS: 201 Created {{(pid=99788) http_log /opt/stack/data/venv/lib/python3.12/site-packages/swiftclient/client.py:161}}
Jul 28 09:25:49.924668 np0000005975 devstack@g-api.service[99788]: DEBUG swiftclient [None req-4c345c9e-b7de-44f6-b438-97846cb40d09 tempest-VolumesActionsTest-908682583 tempest-VolumesActionsTest-908682583-project-member] RESP HEADERS: {'Date': 'Tue, 28 Jul 2026 09:25:49 GMT', 'Server': 'Apache/2.4.58 (Ubuntu)', 'Content-Type': 'text/html; charset=UTF-8', 'Content-Length': '0', 'Etag': 'd41d8cd98f00b204e9800998ecf8427e', 'Last-Modified': 'Tue, 28 Jul 2026 09:25:50 GMT', 'X-Trans-Id': 'tx50fe470b67e54d0283696-006a68759d', 'X-Openstack-Request-Id': 'tx50fe470b67e54d0283696-006a68759d', 'Connection': 'close'} {{(pid=99788) http_log /opt/stack/data/venv/lib/python3.12/site-packages/swiftclient/client.py:162}}
Jul 28 09:25:49.925234 np0000005975 devstack@g-api.service[99788]: INFO glance.location [None req-4c345c9e-b7de-44f6-b438-97846cb40d09 tempest-VolumesActionsTest-908682583 tempest-VolumesActionsTest-908682583-project-member] Image format matched and virtual size computed: 1073741824
Jul 28 09:25:49.948072 np0000005975 devstack@g-api.service[99788]: DEBUG glance_store.backend [None req-4c345c9e-b7de-44f6-b438-97846cb40d09 tempest-VolumesActionsTest-908682583 tempest-VolumesActionsTest-908682583-project-member] Attempting to import store swift {{(pid=99788) _load_store /opt/stack/data/venv/lib/python3.12/site-packages/glance_store/backend.py:215}}
Jul 28 09:25:49.949415 np0000005975 devstack@g-api.service[99788]: DEBUG glance_store.capabilities [None req-4c345c9e-b7de-44f6-b438-97846cb40d09 tempest-VolumesActionsTest-908682583 tempest-VolumesActionsTest-908682583-project-member] Store glance_store._drivers.swift.store.SingleTenantStore doesn't support updating dynamic storage capabilities. Please overwrite 'update_capabilities' method of the store to implement updating logics if needed. {{(pid=99788) update_capabilities /opt/stack/data/venv/lib/python3.12/site-packages/glance_store/capabilities.py:91}}
Jul 28 09:25:49.949615 np0000005975 devstack@g-api.service[99788]: DEBUG glance_store.driver [None req-4c345c9e-b7de-44f6-b438-97846cb40d09 tempest-VolumesActionsTest-908682583 tempest-VolumesActionsTest-908682583-project-member] Late loading location class glance_store._drivers.swift.store.StoreLocation {{(pid=99788) get_store_location_class /opt/stack/data/venv/lib/python3.12/site-packages/glance_store/driver.py:134}}
Jul 28 09:25:49.949776 np0000005975 devstack@g-api.service[99788]: DEBUG glance_store.location [None req-4c345c9e-b7de-44f6-b438-97846cb40d09 tempest-VolumesActionsTest-908682583 tempest-VolumesActionsTest-908682583-project-member] Registering scheme swift+https with {'store': , 'location_class': , 'store_entry': 'swift'} {{(pid=99788) register_scheme_map /opt/stack/data/venv/lib/python3.12/site-packages/glance_store/location.py:146}}
Jul 28 09:25:49.949989 np0000005975 devstack@g-api.service[99788]: DEBUG glance_store.location [None req-4c345c9e-b7de-44f6-b438-97846cb40d09 tempest-VolumesActionsTest-908682583 tempest-VolumesActionsTest-908682583-project-member] Registering scheme swift+https with {'store': , 'location_class': , 'store_entry': 'swift'} {{(pid=99788) register_scheme_map /opt/stack/data/venv/lib/python3.12/site-packages/glance_store/location.py:146}}
Jul 28 09:25:49.950071 np0000005975 devstack@g-api.service[99788]: DEBUG glance_store.location [None req-4c345c9e-b7de-44f6-b438-97846cb40d09 tempest-VolumesActionsTest-908682583 tempest-VolumesActionsTest-908682583-project-member] Registering scheme swift with {'store': , 'location_class': , 'store_entry': 'swift'} {{(pid=99788) register_scheme_map /opt/stack/data/venv/lib/python3.12/site-packages/glance_store/location.py:146}}
Jul 28 09:25:49.950205 np0000005975 devstack@g-api.service[99788]: DEBUG glance_store.location [None req-4c345c9e-b7de-44f6-b438-97846cb40d09 tempest-VolumesActionsTest-908682583 tempest-VolumesActionsTest-908682583-project-member] Registering scheme swift+https with {'store': , 'location_class': , 'store_entry': 'swift'} {{(pid=99788) register_scheme_map /opt/stack/data/venv/lib/python3.12/site-packages/glance_store/location.py:146}}
Jul 28 09:25:49.950320 np0000005975 devstack@g-api.service[99788]: DEBUG glance_store.location [None req-4c345c9e-b7de-44f6-b438-97846cb40d09 tempest-VolumesActionsTest-908682583 tempest-VolumesActionsTest-908682583-project-member] Registering scheme swift with {'store': , 'location_class': , 'store_entry': 'swift'} {{(pid=99788) register_scheme_map /opt/stack/data/venv/lib/python3.12/site-packages/glance_store/location.py:146}}
Jul 28 09:25:49.950488 np0000005975 devstack@g-api.service[99788]: DEBUG glance_store.location [None req-4c345c9e-b7de-44f6-b438-97846cb40d09 tempest-VolumesActionsTest-908682583 tempest-VolumesActionsTest-908682583-project-member] Registering scheme swift+http with {'store': , 'location_class': , 'store_entry': 'swift'} {{(pid=99788) register_scheme_map /opt/stack/data/venv/lib/python3.12/site-packages/glance_store/location.py:146}}
Jul 28 09:25:49.950581 np0000005975 devstack@g-api.service[99788]: DEBUG glance_store.location [None req-4c345c9e-b7de-44f6-b438-97846cb40d09 tempest-VolumesActionsTest-908682583 tempest-VolumesActionsTest-908682583-project-member] Registering scheme swift+https with {'store': , 'location_class': , 'store_entry': 'swift'} {{(pid=99788) register_scheme_map /opt/stack/data/venv/lib/python3.12/site-packages/glance_store/location.py:146}}
Jul 28 09:25:49.950723 np0000005975 devstack@g-api.service[99788]: DEBUG glance_store.location [None req-4c345c9e-b7de-44f6-b438-97846cb40d09 tempest-VolumesActionsTest-908682583 tempest-VolumesActionsTest-908682583-project-member] Registering scheme swift with {'store': , 'location_class': , 'store_entry': 'swift'} {{(pid=99788) register_scheme_map /opt/stack/data/venv/lib/python3.12/site-packages/glance_store/location.py:146}}
Jul 28 09:25:49.950854 np0000005975 devstack@g-api.service[99788]: DEBUG glance_store.location [None req-4c345c9e-b7de-44f6-b438-97846cb40d09 tempest-VolumesActionsTest-908682583 tempest-VolumesActionsTest-908682583-project-member] Registering scheme swift+http with {'store': , 'location_class': , 'store_entry': 'swift'} {{(pid=99788) register_scheme_map /opt/stack/data/venv/lib/python3.12/site-packages/glance_store/location.py:146}}
Jul 28 09:25:49.951029 np0000005975 devstack@g-api.service[99788]: DEBUG glance_store.location [None req-4c345c9e-b7de-44f6-b438-97846cb40d09 tempest-VolumesActionsTest-908682583 tempest-VolumesActionsTest-908682583-project-member] Registering scheme swift+config with {'store': , 'location_class': , 'store_entry': 'swift'} {{(pid=99788) register_scheme_map /opt/stack/data/venv/lib/python3.12/site-packages/glance_store/location.py:146}}
Jul 28 09:25:49.951194 np0000005975 devstack@g-api.service[99788]: DEBUG glance_store.backend [None req-4c345c9e-b7de-44f6-b438-97846cb40d09 tempest-VolumesActionsTest-908682583 tempest-VolumesActionsTest-908682583-project-member] Skipping store.set_acls... not implemented. {{(pid=99788) set_acls /opt/stack/data/venv/lib/python3.12/site-packages/glance_store/backend.py:507}}
Jul 28 09:25:49.953072 np0000005975 devstack@g-api.service[99788]: [pid: 99788|app: 0|req: 104/300] 127.0.0.1 () {46 vars in 1158 bytes} [Tue Jul 28 09:25:38 2026] PUT /v2/images/36329798-cf95-40f0-b447-352624bdd222/file => generated 0 bytes in 11924 msecs (HTTP/1.1 204) 4 headers in 171 bytes (1 switches on core 0)
Jul 28 09:25:49.962059 np0000005975 devstack@g-api.service[99790]: DEBUG glance.api.middleware.version_negotiation [None req-50bc13cf-ce2d-48a2-9e30-e35f09f44b81 tempest-VolumesActionsTest-908682583 tempest-VolumesActionsTest-908682583-project-member] Determining version of request: GET /v2/images/36329798-cf95-40f0-b447-352624bdd222 Accept: */* {{(pid=99790) process_request /opt/stack/glance/glance/api/middleware/version_negotiation.py:44}}
Jul 28 09:25:49.962353 np0000005975 devstack@g-api.service[99790]: DEBUG glance.api.middleware.version_negotiation [None req-50bc13cf-ce2d-48a2-9e30-e35f09f44b81 tempest-VolumesActionsTest-908682583 tempest-VolumesActionsTest-908682583-project-member] Using url versioning {{(pid=99790) process_request /opt/stack/glance/glance/api/middleware/version_negotiation.py:57}}
Jul 28 09:25:49.962353 np0000005975 devstack@g-api.service[99790]: DEBUG glance.api.middleware.version_negotiation [None req-50bc13cf-ce2d-48a2-9e30-e35f09f44b81 tempest-VolumesActionsTest-908682583 tempest-VolumesActionsTest-908682583-project-member] Matched version: v2 {{(pid=99790) process_request /opt/stack/glance/glance/api/middleware/version_negotiation.py:69}}
Jul 28 09:25:49.962353 np0000005975 devstack@g-api.service[99790]: DEBUG glance.api.middleware.version_negotiation [None req-50bc13cf-ce2d-48a2-9e30-e35f09f44b81 tempest-VolumesActionsTest-908682583 tempest-VolumesActionsTest-908682583-project-member] new path /v2/images/36329798-cf95-40f0-b447-352624bdd222 {{(pid=99790) process_request /opt/stack/glance/glance/api/middleware/version_negotiation.py:70}}
Jul 28 09:25:49.970701 np0000005975 devstack@g-api.service[99790]: [pid: 99790|app: 0|req: 100/302] 127.0.0.1 () {44 vars in 1115 bytes} [Tue Jul 28 09:25:49 2026] GET /v2/images/36329798-cf95-40f0-b447-352624bdd222 => generated 820 bytes in 8 msecs (HTTP/1.1 200) 4 headers in 157 bytes (1 switches on core 0)
Jul 28 09:25:49.970803 np0000005975 devstack@g-api.service[99789]: [pid: 99789|app: 0|req: 98/302] 127.0.0.1 () {40 vars in 838 bytes} [Tue Jul 28 09:25:49 2026] GET /v2/images/c7569b7b-e5b3-43fd-ba56-99328fd9ad26 => generated 1044 bytes in 120 msecs (HTTP/1.1 200) 4 headers in 158 bytes (1 switches on core 0)
Jul 28 09:25:49.976607 np0000005975 devstack@g-api.service[99788]: DEBUG glance.api.middleware.version_negotiation [None req-4c345c9e-b7de-44f6-b438-97846cb40d09 tempest-VolumesActionsTest-908682583 tempest-VolumesActionsTest-908682583-project-member] Determining version of request: GET /v2/schemas/image Accept: */* {{(pid=99788) process_request /opt/stack/glance/glance/api/middleware/version_negotiation.py:44}}
Jul 28 09:25:49.976756 np0000005975 devstack@g-api.service[99788]: DEBUG glance.api.middleware.version_negotiation [None req-4c345c9e-b7de-44f6-b438-97846cb40d09 tempest-VolumesActionsTest-908682583 tempest-VolumesActionsTest-908682583-project-member] Using url versioning {{(pid=99788) process_request /opt/stack/glance/glance/api/middleware/version_negotiation.py:57}}
Jul 28 09:25:49.976882 np0000005975 devstack@g-api.service[99788]: DEBUG glance.api.middleware.version_negotiation [None req-4c345c9e-b7de-44f6-b438-97846cb40d09 tempest-VolumesActionsTest-908682583 tempest-VolumesActionsTest-908682583-project-member] Matched version: v2 {{(pid=99788) process_request /opt/stack/glance/glance/api/middleware/version_negotiation.py:69}}
Jul 28 09:25:49.977006 np0000005975 devstack@g-api.service[99788]: DEBUG glance.api.middleware.version_negotiation [None req-4c345c9e-b7de-44f6-b438-97846cb40d09 tempest-VolumesActionsTest-908682583 tempest-VolumesActionsTest-908682583-project-member] new path /v2/schemas/image {{(pid=99788) process_request /opt/stack/glance/glance/api/middleware/version_negotiation.py:70}}
Jul 28 09:25:49.980218 np0000005975 devstack@g-api.service[99788]: [pid: 99788|app: 0|req: 105/303] 127.0.0.1 () {44 vars in 1055 bytes} [Tue Jul 28 09:25:49 2026] GET /v2/schemas/image => generated 6083 bytes in 4 msecs (HTTP/1.1 200) 4 headers in 158 bytes (1 switches on core 0)
Jul 28 09:25:49.987523 np0000005975 devstack@g-api.service[99790]: DEBUG glance.api.middleware.version_negotiation [None req-4c345c9e-b7de-44f6-b438-97846cb40d09 tempest-VolumesActionsTest-908682583 tempest-VolumesActionsTest-908682583-project-member] Determining version of request: GET /v2/schemas/image Accept: */* {{(pid=99790) process_request /opt/stack/glance/glance/api/middleware/version_negotiation.py:44}}
Jul 28 09:25:49.987703 np0000005975 devstack@g-api.service[99789]: DEBUG glance.api.middleware.version_negotiation [None req-adef7d04-6e6c-44c4-bea7-9af3ba8f6b2a tempest-VolumesImageMetadata-125328087 tempest-VolumesImageMetadata-125328087-project-member] Determining version of request: GET /v2/images/c7569b7b-e5b3-43fd-ba56-99328fd9ad26 Accept: */* {{(pid=99789) process_request /opt/stack/glance/glance/api/middleware/version_negotiation.py:44}}
Jul 28 09:25:49.987778 np0000005975 devstack@g-api.service[99790]: DEBUG glance.api.middleware.version_negotiation [None req-4c345c9e-b7de-44f6-b438-97846cb40d09 tempest-VolumesActionsTest-908682583 tempest-VolumesActionsTest-908682583-project-member] Using url versioning {{(pid=99790) process_request /opt/stack/glance/glance/api/middleware/version_negotiation.py:57}}
Jul 28 09:25:49.987852 np0000005975 devstack@g-api.service[99789]: DEBUG glance.api.middleware.version_negotiation [None req-adef7d04-6e6c-44c4-bea7-9af3ba8f6b2a tempest-VolumesImageMetadata-125328087 tempest-VolumesImageMetadata-125328087-project-member] Using url versioning {{(pid=99789) process_request /opt/stack/glance/glance/api/middleware/version_negotiation.py:57}}
Jul 28 09:25:49.987912 np0000005975 devstack@g-api.service[99790]: DEBUG glance.api.middleware.version_negotiation [None req-4c345c9e-b7de-44f6-b438-97846cb40d09 tempest-VolumesActionsTest-908682583 tempest-VolumesActionsTest-908682583-project-member] Matched version: v2 {{(pid=99790) process_request /opt/stack/glance/glance/api/middleware/version_negotiation.py:69}}
Jul 28 09:25:49.987990 np0000005975 devstack@g-api.service[99789]: DEBUG glance.api.middleware.version_negotiation [None req-adef7d04-6e6c-44c4-bea7-9af3ba8f6b2a tempest-VolumesImageMetadata-125328087 tempest-VolumesImageMetadata-125328087-project-member] Matched version: v2 {{(pid=99789) process_request /opt/stack/glance/glance/api/middleware/version_negotiation.py:69}}
Jul 28 09:25:49.988053 np0000005975 devstack@g-api.service[99790]: DEBUG glance.api.middleware.version_negotiation [None req-4c345c9e-b7de-44f6-b438-97846cb40d09 tempest-VolumesActionsTest-908682583 tempest-VolumesActionsTest-908682583-project-member] new path /v2/schemas/image {{(pid=99790) process_request /opt/stack/glance/glance/api/middleware/version_negotiation.py:70}}
Jul 28 09:25:49.988107 np0000005975 devstack@g-api.service[99789]: DEBUG glance.api.middleware.version_negotiation [None req-adef7d04-6e6c-44c4-bea7-9af3ba8f6b2a tempest-VolumesImageMetadata-125328087 tempest-VolumesImageMetadata-125328087-project-member] new path /v2/images/c7569b7b-e5b3-43fd-ba56-99328fd9ad26 {{(pid=99789) process_request /opt/stack/glance/glance/api/middleware/version_negotiation.py:70}}
