Jul 28 09:26:49.972845 np0000005975 devstack@g-api.service[99789]: DEBUG glance.api.middleware.version_negotiation [None req-5c3e799a-3cc6-4166-a0f9-c61774ed4b67 tempest-VolumesBackupsTest-552871629 tempest-VolumesBackupsTest-552871629-project-member] Using url versioning {{(pid=99789) process_request /opt/stack/glance/glance/api/middleware/version_negotiation.py:57}}
Jul 28 09:26:49.972970 np0000005975 devstack@g-api.service[99789]: DEBUG glance.api.middleware.version_negotiation [None req-5c3e799a-3cc6-4166-a0f9-c61774ed4b67 tempest-VolumesBackupsTest-552871629 tempest-VolumesBackupsTest-552871629-project-member] Matched version: v2 {{(pid=99789) process_request /opt/stack/glance/glance/api/middleware/version_negotiation.py:69}}
Jul 28 09:26:49.973063 np0000005975 devstack@g-api.service[99789]: DEBUG glance.api.middleware.version_negotiation [None req-5c3e799a-3cc6-4166-a0f9-c61774ed4b67 tempest-VolumesBackupsTest-552871629 tempest-VolumesBackupsTest-552871629-project-member] new path /v2/schemas/image {{(pid=99789) process_request /opt/stack/glance/glance/api/middleware/version_negotiation.py:70}}
Jul 28 09:26:49.975154 np0000005975 devstack@g-api.service[99789]: [pid: 99789|app: 0|req: 134/413] 127.0.0.1 () {44 vars in 1055 bytes} [Tue Jul 28 09:26:49 2026] GET /v2/schemas/image => generated 6083 bytes in 3 msecs (HTTP/1.1 200) 4 headers in 158 bytes (1 switches on core 0)
Jul 28 09:26:49.986526 np0000005975 devstack@g-api.service[99790]: DEBUG glance.api.middleware.version_negotiation [None req-5c3e799a-3cc6-4166-a0f9-c61774ed4b67 tempest-VolumesBackupsTest-552871629 tempest-VolumesBackupsTest-552871629-project-member] Determining version of request: GET /v2/images/c7569b7b-e5b3-43fd-ba56-99328fd9ad26 Accept: */* {{(pid=99790) process_request /opt/stack/glance/glance/api/middleware/version_negotiation.py:44}}
Jul 28 09:26:49.986883 np0000005975 devstack@g-api.service[99790]: DEBUG glance.api.middleware.version_negotiation [None req-5c3e799a-3cc6-4166-a0f9-c61774ed4b67 tempest-VolumesBackupsTest-552871629 tempest-VolumesBackupsTest-552871629-project-member] Using url versioning {{(pid=99790) process_request /opt/stack/glance/glance/api/middleware/version_negotiation.py:57}}
Jul 28 09:26:49.986883 np0000005975 devstack@g-api.service[99790]: DEBUG glance.api.middleware.version_negotiation [None req-5c3e799a-3cc6-4166-a0f9-c61774ed4b67 tempest-VolumesBackupsTest-552871629 tempest-VolumesBackupsTest-552871629-project-member] Matched version: v2 {{(pid=99790) process_request /opt/stack/glance/glance/api/middleware/version_negotiation.py:69}}
Jul 28 09:26:49.987135 np0000005975 devstack@g-api.service[99790]: DEBUG glance.api.middleware.version_negotiation [None req-5c3e799a-3cc6-4166-a0f9-c61774ed4b67 tempest-VolumesBackupsTest-552871629 tempest-VolumesBackupsTest-552871629-project-member] new path /v2/images/c7569b7b-e5b3-43fd-ba56-99328fd9ad26 {{(pid=99790) process_request /opt/stack/glance/glance/api/middleware/version_negotiation.py:70}}
Jul 28 09:26:49.999822 np0000005975 devstack@g-api.service[99790]: [pid: 99790|app: 0|req: 141/414] 127.0.0.1 () {44 vars in 1115 bytes} [Tue Jul 28 09:26:49 2026] GET /v2/images/c7569b7b-e5b3-43fd-ba56-99328fd9ad26 => generated 1044 bytes in 13 msecs (HTTP/1.1 200) 4 headers in 158 bytes (1 switches on core 0)
Jul 28 09:26:50.010392 np0000005975 devstack@g-api.service[99789]: DEBUG glance.api.middleware.version_negotiation [None req-5c3e799a-3cc6-4166-a0f9-c61774ed4b67 tempest-VolumesBackupsTest-552871629 tempest-VolumesBackupsTest-552871629-project-member] Determining version of request: GET /v2/schemas/image Accept: */* {{(pid=99789) process_request /opt/stack/glance/glance/api/middleware/version_negotiation.py:44}}
Jul 28 09:26:50.010392 np0000005975 devstack@g-api.service[99789]: DEBUG glance.api.middleware.version_negotiation [None req-5c3e799a-3cc6-4166-a0f9-c61774ed4b67 tempest-VolumesBackupsTest-552871629 tempest-VolumesBackupsTest-552871629-project-member] Using url versioning {{(pid=99789) process_request /opt/stack/glance/glance/api/middleware/version_negotiation.py:57}}
Jul 28 09:26:50.010392 np0000005975 devstack@g-api.service[99789]: DEBUG glance.api.middleware.version_negotiation [None req-5c3e799a-3cc6-4166-a0f9-c61774ed4b67 tempest-VolumesBackupsTest-552871629 tempest-VolumesBackupsTest-552871629-project-member] Matched version: v2 {{(pid=99789) process_request /opt/stack/glance/glance/api/middleware/version_negotiation.py:69}}
Jul 28 09:26:50.010392 np0000005975 devstack@g-api.service[99789]: DEBUG glance.api.middleware.version_negotiation [None req-5c3e799a-3cc6-4166-a0f9-c61774ed4b67 tempest-VolumesBackupsTest-552871629 tempest-VolumesBackupsTest-552871629-project-member] new path /v2/schemas/image {{(pid=99789) process_request /opt/stack/glance/glance/api/middleware/version_negotiation.py:70}}
Jul 28 09:26:50.012463 np0000005975 devstack@g-api.service[99789]: [pid: 99789|app: 0|req: 135/415] 127.0.0.1 () {44 vars in 1055 bytes} [Tue Jul 28 09:26:50 2026] GET /v2/schemas/image => generated 6083 bytes in 3 msecs (HTTP/1.1 200) 4 headers in 158 bytes (1 switches on core 0)
Jul 28 09:26:50.031660 np0000005975 devstack@g-api.service[99790]: DEBUG glance.api.middleware.version_negotiation [None req-5c3e799a-3cc6-4166-a0f9-c61774ed4b67 tempest-VolumesBackupsTest-552871629 tempest-VolumesBackupsTest-552871629-project-member] Determining version of request: GET /v2/schemas/image Accept: */* {{(pid=99790) process_request /opt/stack/glance/glance/api/middleware/version_negotiation.py:44}}
Jul 28 09:26:50.031948 np0000005975 devstack@g-api.service[99790]: DEBUG glance.api.middleware.version_negotiation [None req-5c3e799a-3cc6-4166-a0f9-c61774ed4b67 tempest-VolumesBackupsTest-552871629 tempest-VolumesBackupsTest-552871629-project-member] Using url versioning {{(pid=99790) process_request /opt/stack/glance/glance/api/middleware/version_negotiation.py:57}}
Jul 28 09:26:50.032127 np0000005975 devstack@g-api.service[99790]: DEBUG glance.api.middleware.version_negotiation [None req-5c3e799a-3cc6-4166-a0f9-c61774ed4b67 tempest-VolumesBackupsTest-552871629 tempest-VolumesBackupsTest-552871629-project-member] Matched version: v2 {{(pid=99790) process_request /opt/stack/glance/glance/api/middleware/version_negotiation.py:69}}
Jul 28 09:26:50.032225 np0000005975 devstack@g-api.service[99790]: DEBUG glance.api.middleware.version_negotiation [None req-5c3e799a-3cc6-4166-a0f9-c61774ed4b67 tempest-VolumesBackupsTest-552871629 tempest-VolumesBackupsTest-552871629-project-member] new path /v2/schemas/image {{(pid=99790) process_request /opt/stack/glance/glance/api/middleware/version_negotiation.py:70}}
Jul 28 09:26:50.037196 np0000005975 devstack@g-api.service[99790]: [pid: 99790|app: 0|req: 142/416] 127.0.0.1 () {44 vars in 1055 bytes} [Tue Jul 28 09:26:50 2026] GET /v2/schemas/image => generated 6083 bytes in 7 msecs (HTTP/1.1 200) 4 headers in 158 bytes (1 switches on core 0)
Jul 28 09:26:50.063521 np0000005975 devstack@g-api.service[99789]: DEBUG glance.api.middleware.version_negotiation [None req-5c3e799a-3cc6-4166-a0f9-c61774ed4b67 tempest-VolumesBackupsTest-552871629 tempest-VolumesBackupsTest-552871629-project-member] Determining version of request: GET /v2/images/c7569b7b-e5b3-43fd-ba56-99328fd9ad26 Accept: */* {{(pid=99789) process_request /opt/stack/glance/glance/api/middleware/version_negotiation.py:44}}
Jul 28 09:26:50.064568 np0000005975 devstack@g-api.service[99789]: DEBUG glance.api.middleware.version_negotiation [None req-5c3e799a-3cc6-4166-a0f9-c61774ed4b67 tempest-VolumesBackupsTest-552871629 tempest-VolumesBackupsTest-552871629-project-member] Using url versioning {{(pid=99789) process_request /opt/stack/glance/glance/api/middleware/version_negotiation.py:57}}
Jul 28 09:26:50.064568 np0000005975 devstack@g-api.service[99789]: DEBUG glance.api.middleware.version_negotiation [None req-5c3e799a-3cc6-4166-a0f9-c61774ed4b67 tempest-VolumesBackupsTest-552871629 tempest-VolumesBackupsTest-552871629-project-member] Matched version: v2 {{(pid=99789) process_request /opt/stack/glance/glance/api/middleware/version_negotiation.py:69}}
Jul 28 09:26:50.064568 np0000005975 devstack@g-api.service[99789]: DEBUG glance.api.middleware.version_negotiation [None req-5c3e799a-3cc6-4166-a0f9-c61774ed4b67 tempest-VolumesBackupsTest-552871629 tempest-VolumesBackupsTest-552871629-project-member] new path /v2/images/c7569b7b-e5b3-43fd-ba56-99328fd9ad26 {{(pid=99789) process_request /opt/stack/glance/glance/api/middleware/version_negotiation.py:70}}
Jul 28 09:26:50.072225 np0000005975 devstack@g-api.service[99788]: DEBUG swiftclient [None req-ec2019c8-ca2a-4e8c-ab91-9d1424fec8a6 tempest-AttachVolumeShelveTestJSON-14516059 tempest-AttachVolumeShelveTestJSON-14516059-project-member] REQ: curl -i https://10.4.3.229:8080/v1/AUTH_b662c301811f4efa9bfc83e607dceff4/glance -I -H "X-Auth-Token: gAAAAABqaHXZdjzl..." {{(pid=99788) http_log /opt/stack/data/venv/lib/python3.12/site-packages/swiftclient/client.py:160}}
Jul 28 09:26:50.072387 np0000005975 devstack@g-api.service[99788]: DEBUG swiftclient [None req-ec2019c8-ca2a-4e8c-ab91-9d1424fec8a6 tempest-AttachVolumeShelveTestJSON-14516059 tempest-AttachVolumeShelveTestJSON-14516059-project-member] RESP STATUS: 204 No Content {{(pid=99788) http_log /opt/stack/data/venv/lib/python3.12/site-packages/swiftclient/client.py:161}}
Jul 28 09:26:50.072624 np0000005975 devstack@g-api.service[99788]: DEBUG swiftclient [None req-ec2019c8-ca2a-4e8c-ab91-9d1424fec8a6 tempest-AttachVolumeShelveTestJSON-14516059 tempest-AttachVolumeShelveTestJSON-14516059-project-member] RESP HEADERS: {'Date': 'Tue, 28 Jul 2026 09:26:50 GMT', 'Server': 'Apache/2.4.58 (Ubuntu)', 'Content-Type': 'text/plain; charset=utf-8', 'X-Container-Object-Count': '7', 'X-Container-Bytes-Used': '111411200', 'X-Timestamp': '1785230461.93075', 'Last-Modified': 'Tue, 28 Jul 2026 09:21:02 GMT', 'Accept-Ranges': 'bytes', 'X-Storage-Policy': 'Policy-0', 'X-Container-Sharding': 'False', 'Vary': 'Accept', 'X-Trans-Id': 'tx112df6c3d424479ab9230-006a6875da', 'X-Openstack-Request-Id': 'tx112df6c3d424479ab9230-006a6875da', 'Connection': 'close'} {{(pid=99788) http_log /opt/stack/data/venv/lib/python3.12/site-packages/swiftclient/client.py:162}}
Jul 28 09:26:50.072845 np0000005975 devstack@g-api.service[99788]: DEBUG glance_store._drivers.swift.store [None req-ec2019c8-ca2a-4e8c-ab91-9d1424fec8a6 tempest-AttachVolumeShelveTestJSON-14516059 tempest-AttachVolumeShelveTestJSON-14516059-project-member] Adding image object '731e2bee-58b8-4970-8e91-5accb533be13' to Swift {{(pid=99788) add /opt/stack/data/venv/lib/python3.12/site-packages/glance_store/_drivers/swift/store.py:970}}
Jul 28 09:26:50.072991 np0000005975 devstack@g-api.service[99788]: DEBUG glance_store._drivers.swift.store [None req-ec2019c8-ca2a-4e8c-ab91-9d1424fec8a6 tempest-AttachVolumeShelveTestJSON-14516059 tempest-AttachVolumeShelveTestJSON-14516059-project-member] Cannot determine image size because it is either not provided in the request or chunked-transfer encoding is used. Adding image as a segmented object to Swift. {{(pid=99788) add /opt/stack/data/venv/lib/python3.12/site-packages/glance_store/_drivers/swift/store.py:994}}
Jul 28 09:26:50.078799 np0000005975 devstack@g-api.service[99788]: DEBUG oslo_utils.imageutils.format_inspector [None req-ec2019c8-ca2a-4e8c-ab91-9d1424fec8a6 tempest-AttachVolumeShelveTestJSON-14516059 tempest-AttachVolumeShelveTestJSON-14516059-project-member] Format inspector for vmdk does not match, excluding from consideration (Signature KDMV not found: b'QFI\xfb') {{(pid=99788) _process_chunk /opt/stack/data/venv/lib/python3.12/site-packages/oslo_utils/imageutils/format_inspector.py:1758}}
Jul 28 09:26:50.079987 np0000005975 devstack@g-api.service[99789]: [pid: 99789|app: 0|req: 136/417] 127.0.0.1 () {44 vars in 1115 bytes} [Tue Jul 28 09:26:50 2026] GET /v2/images/c7569b7b-e5b3-43fd-ba56-99328fd9ad26 => generated 1044 bytes in 17 msecs (HTTP/1.1 200) 4 headers in 158 bytes (1 switches on core 0)
Jul 28 09:26:50.083268 np0000005975 devstack@g-api.service[99788]: DEBUG oslo_utils.imageutils.format_inspector [None req-ec2019c8-ca2a-4e8c-ab91-9d1424fec8a6 tempest-AttachVolumeShelveTestJSON-14516059 tempest-AttachVolumeShelveTestJSON-14516059-project-member] Format inspector for vhdx does not match, excluding from consideration (Region signature not found at 30000) {{(pid=99788) _process_chunk /opt/stack/data/venv/lib/python3.12/site-packages/oslo_utils/imageutils/format_inspector.py:1758}}
Jul 28 09:26:50.093592 np0000005975 devstack@g-api.service[99790]: DEBUG glance.api.middleware.version_negotiation [None req-5c3e799a-3cc6-4166-a0f9-c61774ed4b67 tempest-VolumesBackupsTest-552871629 tempest-VolumesBackupsTest-552871629-project-member] Determining version of request: GET /v2/schemas/image Accept: */* {{(pid=99790) process_request /opt/stack/glance/glance/api/middleware/version_negotiation.py:44}}
Jul 28 09:26:50.094036 np0000005975 devstack@g-api.service[99790]: DEBUG glance.api.middleware.version_negotiation [None req-5c3e799a-3cc6-4166-a0f9-c61774ed4b67 tempest-VolumesBackupsTest-552871629 tempest-VolumesBackupsTest-552871629-project-member] Using url versioning {{(pid=99790) process_request /opt/stack/glance/glance/api/middleware/version_negotiation.py:57}}
Jul 28 09:26:50.096295 np0000005975 devstack@g-api.service[99790]: DEBUG glance.api.middleware.version_negotiation [None req-5c3e799a-3cc6-4166-a0f9-c61774ed4b67 tempest-VolumesBackupsTest-552871629 tempest-VolumesBackupsTest-552871629-project-member] Matched version: v2 {{(pid=99790) process_request /opt/stack/glance/glance/api/middleware/version_negotiation.py:69}}
Jul 28 09:26:50.096531 np0000005975 devstack@g-api.service[99790]: DEBUG glance.api.middleware.version_negotiation [None req-5c3e799a-3cc6-4166-a0f9-c61774ed4b67 tempest-VolumesBackupsTest-552871629 tempest-VolumesBackupsTest-552871629-project-member] new path /v2/schemas/image {{(pid=99790) process_request /opt/stack/glance/glance/api/middleware/version_negotiation.py:70}}
Jul 28 09:26:50.101551 np0000005975 devstack@g-api.service[99790]: [pid: 99790|app: 0|req: 143/418] 127.0.0.1 () {44 vars in 1055 bytes} [Tue Jul 28 09:26:50 2026] GET /v2/schemas/image => generated 6083 bytes in 8 msecs (HTTP/1.1 200) 4 headers in 158 bytes (1 switches on core 0)
Jul 28 09:26:50.206531 np0000005975 devstack@g-api.service[99789]: DEBUG glance.api.middleware.version_negotiation [None req-5c3e799a-3cc6-4166-a0f9-c61774ed4b67 tempest-VolumesBackupsTest-552871629 tempest-VolumesBackupsTest-552871629-project-member] Determining version of request: GET /v2/images/78caad1f-5b01-4a11-9e25-516256863360 Accept: application/json {{(pid=99789) process_request /opt/stack/glance/glance/api/middleware/version_negotiation.py:44}}
Jul 28 09:26:50.206531 np0000005975 devstack@g-api.service[99789]: DEBUG glance.api.middleware.version_negotiation [None req-5c3e799a-3cc6-4166-a0f9-c61774ed4b67 tempest-VolumesBackupsTest-552871629 tempest-VolumesBackupsTest-552871629-project-member] Using url versioning {{(pid=99789) process_request /opt/stack/glance/glance/api/middleware/version_negotiation.py:57}}
Jul 28 09:26:50.206531 np0000005975 devstack@g-api.service[99789]: DEBUG glance.api.middleware.version_negotiation [None req-5c3e799a-3cc6-4166-a0f9-c61774ed4b67 tempest-VolumesBackupsTest-552871629 tempest-VolumesBackupsTest-552871629-project-member] Matched version: v2 {{(pid=99789) process_request /opt/stack/glance/glance/api/middleware/version_negotiation.py:69}}
Jul 28 09:26:50.206531 np0000005975 devstack@g-api.service[99789]: DEBUG glance.api.middleware.version_negotiation [None req-5c3e799a-3cc6-4166-a0f9-c61774ed4b67 tempest-VolumesBackupsTest-552871629 tempest-VolumesBackupsTest-552871629-project-member] new path /v2/images/78caad1f-5b01-4a11-9e25-516256863360 {{(pid=99789) process_request /opt/stack/glance/glance/api/middleware/version_negotiation.py:70}}
Jul 28 09:26:50.228323 np0000005975 devstack@g-api.service[99789]: [pid: 99789|app: 0|req: 137/419] 127.0.0.1 () {40 vars in 838 bytes} [Tue Jul 28 09:26:50 2026] GET /v2/images/78caad1f-5b01-4a11-9e25-516256863360 => generated 1641 bytes in 25 msecs (HTTP/1.1 200) 4 headers in 158 bytes (1 switches on core 0)
Jul 28 09:26:50.239661 np0000005975 devstack@g-api.service[99790]: DEBUG glance.api.middleware.version_negotiation [None req-5c3e799a-3cc6-4166-a0f9-c61774ed4b67 tempest-VolumesBackupsTest-552871629 tempest-VolumesBackupsTest-552871629-project-member] Determining version of request: GET /v2/images/78caad1f-5b01-4a11-9e25-516256863360 Accept: application/json {{(pid=99790) process_request /opt/stack/glance/glance/api/middleware/version_negotiation.py:44}}
Jul 28 09:26:50.239661 np0000005975 devstack@g-api.service[99790]: DEBUG glance.api.middleware.version_negotiation [None req-5c3e799a-3cc6-4166-a0f9-c61774ed4b67 tempest-VolumesBackupsTest-552871629 tempest-VolumesBackupsTest-552871629-project-member] Using url versioning {{(pid=99790) process_request /opt/stack/glance/glance/api/middleware/version_negotiation.py:57}}
Jul 28 09:26:50.239661 np0000005975 devstack@g-api.service[99790]: DEBUG glance.api.middleware.version_negotiation [None req-5c3e799a-3cc6-4166-a0f9-c61774ed4b67 tempest-VolumesBackupsTest-552871629 tempest-VolumesBackupsTest-552871629-project-member] Matched version: v2 {{(pid=99790) process_request /opt/stack/glance/glance/api/middleware/version_negotiation.py:69}}
Jul 28 09:26:50.239661 np0000005975 devstack@g-api.service[99790]: DEBUG glance.api.middleware.version_negotiation [None req-5c3e799a-3cc6-4166-a0f9-c61774ed4b67 tempest-VolumesBackupsTest-552871629 tempest-VolumesBackupsTest-552871629-project-member] new path /v2/images/78caad1f-5b01-4a11-9e25-516256863360 {{(pid=99790) process_request /opt/stack/glance/glance/api/middleware/version_negotiation.py:70}}
Jul 28 09:26:50.254921 np0000005975 devstack@g-api.service[99790]: [pid: 99790|app: 0|req: 144/420] 127.0.0.1 () {40 vars in 838 bytes} [Tue Jul 28 09:26:50 2026] GET /v2/images/78caad1f-5b01-4a11-9e25-516256863360 => generated 1641 bytes in 16 msecs (HTTP/1.1 200) 4 headers in 158 bytes (1 switches on core 0)
Jul 28 09:26:50.574983 np0000005975 devstack@g-api.service[99789]: DEBUG glance.api.middleware.version_negotiation [None req-796e5d60-6b6a-472a-ae0c-3d6007f8ead8 tempest-ServerBootFromVolumeStableRescueTest-2041924202 tempest-ServerBootFromVolumeStableRescueTest-2041924202-project-member] Determining version of request: GET /versions Accept: */* {{(pid=99789) process_request /opt/stack/glance/glance/api/middleware/version_negotiation.py:44}}
Jul 28 09:26:50.576729 np0000005975 devstack@g-api.service[99789]: [pid: 99789|app: 0|req: 138/421] 127.0.0.1 () {44 vars in 1039 bytes} [Tue Jul 28 09:26:50 2026] GET /versions => generated 1515 bytes in 3 msecs (HTTP/1.1 200) 3 headers in 92 bytes (1 switches on core 0)
Jul 28 09:26:50.584721 np0000005975 devstack@g-api.service[99790]: DEBUG glance.api.middleware.version_negotiation [None req-b465e17b-1169-494b-a2ea-a163c792d9a5 tempest-ServerBootFromVolumeStableRescueTest-2041924202 tempest-ServerBootFromVolumeStableRescueTest-2041924202-project-member] Determining version of request: GET /v2/images/c7569b7b-e5b3-43fd-ba56-99328fd9ad26/locations Accept: */* {{(pid=99790) process_request /opt/stack/glance/glance/api/middleware/version_negotiation.py:44}}
Jul 28 09:26:50.585221 np0000005975 devstack@g-api.service[99790]: DEBUG glance.api.middleware.version_negotiation [None req-b465e17b-1169-494b-a2ea-a163c792d9a5 tempest-ServerBootFromVolumeStableRescueTest-2041924202 tempest-ServerBootFromVolumeStableRescueTest-2041924202-project-member] Using url versioning {{(pid=99790) process_request /opt/stack/glance/glance/api/middleware/version_negotiation.py:57}}
Jul 28 09:26:50.585221 np0000005975 devstack@g-api.service[99790]: DEBUG glance.api.middleware.version_negotiation [None req-b465e17b-1169-494b-a2ea-a163c792d9a5 tempest-ServerBootFromVolumeStableRescueTest-2041924202 tempest-ServerBootFromVolumeStableRescueTest-2041924202-project-member] Matched version: v2 {{(pid=99790) process_request /opt/stack/glance/glance/api/middleware/version_negotiation.py:69}}
Jul 28 09:26:50.585221 np0000005975 devstack@g-api.service[99790]: DEBUG glance.api.middleware.version_negotiation [None req-b465e17b-1169-494b-a2ea-a163c792d9a5 tempest-ServerBootFromVolumeStableRescueTest-2041924202 tempest-ServerBootFromVolumeStableRescueTest-2041924202-project-member] new path /v2/images/c7569b7b-e5b3-43fd-ba56-99328fd9ad26/locations {{(pid=99790) process_request /opt/stack/glance/glance/api/middleware/version_negotiation.py:70}}
Jul 28 09:26:50.648114 np0000005975 devstack@g-api.service[99790]: [pid: 99790|app: 0|req: 145/422] 127.0.0.1 () {44 vars in 1135 bytes} [Tue Jul 28 09:26:50 2026] GET /v2/images/c7569b7b-e5b3-43fd-ba56-99328fd9ad26/locations => generated 92 bytes in 63 msecs (HTTP/1.1 200) 4 headers in 156 bytes (1 switches on core 0)
Jul 28 09:26:50.656650 np0000005975 devstack@g-api.service[99789]: DEBUG glance.api.middleware.version_negotiation [None req-796e5d60-6b6a-472a-ae0c-3d6007f8ead8 tempest-ServerBootFromVolumeStableRescueTest-2041924202 tempest-ServerBootFromVolumeStableRescueTest-2041924202-project-member] Determining version of request: GET /v2/images/c7569b7b-e5b3-43fd-ba56-99328fd9ad26 Accept: */* {{(pid=99789) process_request /opt/stack/glance/glance/api/middleware/version_negotiation.py:44}}
Jul 28 09:26:50.657185 np0000005975 devstack@g-api.service[99789]: DEBUG glance.api.middleware.version_negotiation [None req-796e5d60-6b6a-472a-ae0c-3d6007f8ead8 tempest-ServerBootFromVolumeStableRescueTest-2041924202 tempest-ServerBootFromVolumeStableRescueTest-2041924202-project-member] Using url versioning {{(pid=99789) process_request /opt/stack/glance/glance/api/middleware/version_negotiation.py:57}}
Jul 28 09:26:50.657721 np0000005975 devstack@g-api.service[99789]: DEBUG glance.api.middleware.version_negotiation [None req-796e5d60-6b6a-472a-ae0c-3d6007f8ead8 tempest-ServerBootFromVolumeStableRescueTest-2041924202 tempest-ServerBootFromVolumeStableRescueTest-2041924202-project-member] Matched version: v2 {{(pid=99789) process_request /opt/stack/glance/glance/api/middleware/version_negotiation.py:69}}
Jul 28 09:26:50.657916 np0000005975 devstack@g-api.service[99789]: DEBUG glance.api.middleware.version_negotiation [None req-796e5d60-6b6a-472a-ae0c-3d6007f8ead8 tempest-ServerBootFromVolumeStableRescueTest-2041924202 tempest-ServerBootFromVolumeStableRescueTest-2041924202-project-member] new path /v2/images/c7569b7b-e5b3-43fd-ba56-99328fd9ad26 {{(pid=99789) process_request /opt/stack/glance/glance/api/middleware/version_negotiation.py:70}}
Jul 28 09:26:50.681040 np0000005975 devstack@g-api.service[99789]: [pid: 99789|app: 0|req: 139/423] 127.0.0.1 () {44 vars in 1115 bytes} [Tue Jul 28 09:26:50 2026] GET /v2/images/c7569b7b-e5b3-43fd-ba56-99328fd9ad26 => generated 1044 bytes in 24 msecs (HTTP/1.1 200) 4 headers in 158 bytes (1 switches on core 0)
Jul 28 09:26:50.686533 np0000005975 devstack@g-api.service[99788]: DEBUG swiftclient [None req-ec2019c8-ca2a-4e8c-ab91-9d1424fec8a6 tempest-AttachVolumeShelveTestJSON-14516059 tempest-AttachVolumeShelveTestJSON-14516059-project-member] REQ: curl -i https://10.4.3.229:8080/v1/AUTH_b662c301811f4efa9bfc83e607dceff4/glance/731e2bee-58b8-4970-8e91-5accb533be13-00001 -X PUT -H "X-Auth-Token: gAAAAABqaHXZdjzl..." {{(pid=99788) http_log /opt/stack/data/venv/lib/python3.12/site-packages/swiftclient/client.py:160}}
Jul 28 09:26:50.686944 np0000005975 devstack@g-api.service[99788]: DEBUG swiftclient [None req-ec2019c8-ca2a-4e8c-ab91-9d1424fec8a6 tempest-AttachVolumeShelveTestJSON-14516059 tempest-AttachVolumeShelveTestJSON-14516059-project-member] RESP STATUS: 201 Created {{(pid=99788) http_log /opt/stack/data/venv/lib/python3.12/site-packages/swiftclient/client.py:161}}
Jul 28 09:26:50.687231 np0000005975 devstack@g-api.service[99788]: DEBUG swiftclient [None req-ec2019c8-ca2a-4e8c-ab91-9d1424fec8a6 tempest-AttachVolumeShelveTestJSON-14516059 tempest-AttachVolumeShelveTestJSON-14516059-project-member] RESP HEADERS: {'Date': 'Tue, 28 Jul 2026 09:26:50 GMT', 'Server': 'Apache/2.4.58 (Ubuntu)', 'Content-Type': 'text/html; charset=UTF-8', 'Content-Length': '0', 'Etag': '44f3a5012710004f5fdfc5a4a62d9de4', 'Last-Modified': 'Tue, 28 Jul 2026 09:26:51 GMT', 'X-Trans-Id': 'tx2750e533714c4dc7905ee-006a6875da', 'X-Openstack-Request-Id': 'tx2750e533714c4dc7905ee-006a6875da', 'Connection': 'close'} {{(pid=99788) http_log /opt/stack/data/venv/lib/python3.12/site-packages/swiftclient/client.py:162}}
Jul 28 09:26:50.687531 np0000005975 devstack@g-api.service[99788]: DEBUG glance_store._drivers.swift.store [None req-ec2019c8-ca2a-4e8c-ab91-9d1424fec8a6 tempest-AttachVolumeShelveTestJSON-14516059 tempest-AttachVolumeShelveTestJSON-14516059-project-member] Wrote chunk 731e2bee-58b8-4970-8e91-5accb533be13-00001 (1/?) of length 53608448 to Swift returning MD5 of content: 44f3a5012710004f5fdfc5a4a62d9de4 {{(pid=99788) add /opt/stack/data/venv/lib/python3.12/site-packages/glance_store/_drivers/swift/store.py:1059}}
Jul 28 09:26:50.687877 np0000005975 devstack@g-api.service[99788]: DEBUG glance_store._drivers.swift.store [None req-ec2019c8-ca2a-4e8c-ab91-9d1424fec8a6 tempest-AttachVolumeShelveTestJSON-14516059 tempest-AttachVolumeShelveTestJSON-14516059-project-member] Not writing zero-length chunk. {{(pid=99788) add /opt/stack/data/venv/lib/python3.12/site-packages/glance_store/_drivers/swift/store.py:1028}}
Jul 28 09:26:50.689539 np0000005975 devstack@g-api.service[99790]: DEBUG glance.api.middleware.version_negotiation [None req-5c3e799a-3cc6-4166-a0f9-c61774ed4b67 service glance] Determining version of request: GET /v2/schemas/image Accept: */* {{(pid=99790) process_request /opt/stack/glance/glance/api/middleware/version_negotiation.py:44}}
Jul 28 09:26:50.689896 np0000005975 devstack@g-api.service[99790]: DEBUG glance.api.middleware.version_negotiation [None req-5c3e799a-3cc6-4166-a0f9-c61774ed4b67 service glance] Using url versioning {{(pid=99790) process_request /opt/stack/glance/glance/api/middleware/version_negotiation.py:57}}
Jul 28 09:26:50.689896 np0000005975 devstack@g-api.service[99790]: DEBUG glance.api.middleware.version_negotiation [None req-5c3e799a-3cc6-4166-a0f9-c61774ed4b67 service glance] Matched version: v2 {{(pid=99790) process_request /opt/stack/glance/glance/api/middleware/version_negotiation.py:69}}
Jul 28 09:26:50.690063 np0000005975 devstack@g-api.service[99790]: DEBUG glance.api.middleware.version_negotiation [None req-5c3e799a-3cc6-4166-a0f9-c61774ed4b67 service glance] new path /v2/schemas/image {{(pid=99790) process_request /opt/stack/glance/glance/api/middleware/version_negotiation.py:70}}
Jul 28 09:26:50.692818 np0000005975 devstack@g-api.service[99790]: [pid: 99790|app: 0|req: 146/424] 127.0.0.1 () {44 vars in 1055 bytes} [Tue Jul 28 09:26:50 2026] GET /v2/schemas/image => generated 6083 bytes in 3 msecs (HTTP/1.1 200) 4 headers in 158 bytes (1 switches on core 0)
Jul 28 09:26:50.702556 np0000005975 devstack@g-api.service[99789]: DEBUG glance.api.middleware.version_negotiation [None req-5c3e799a-3cc6-4166-a0f9-c61774ed4b67 tempest-VolumesBackupsTest-552871629 tempest-VolumesBackupsTest-552871629-project-member] Determining version of request: GET /v2/schemas/image Accept: */* {{(pid=99789) process_request /opt/stack/glance/glance/api/middleware/version_negotiation.py:44}}
Jul 28 09:26:50.702556 np0000005975 devstack@g-api.service[99789]: DEBUG glance.api.middleware.version_negotiation [None req-5c3e799a-3cc6-4166-a0f9-c61774ed4b67 tempest-VolumesBackupsTest-552871629 tempest-VolumesBackupsTest-552871629-project-member] Using url versioning {{(pid=99789) process_request /opt/stack/glance/glance/api/middleware/version_negotiation.py:57}}
Jul 28 09:26:50.702556 np0000005975 devstack@g-api.service[99789]: DEBUG glance.api.middleware.version_negotiation [None req-5c3e799a-3cc6-4166-a0f9-c61774ed4b67 tempest-VolumesBackupsTest-552871629 tempest-VolumesBackupsTest-552871629-project-member] Matched version: v2 {{(pid=99789) process_request /opt/stack/glance/glance/api/middleware/version_negotiation.py:69}}
Jul 28 09:26:50.702556 np0000005975 devstack@g-api.service[99789]: DEBUG glance.api.middleware.version_negotiation [None req-5c3e799a-3cc6-4166-a0f9-c61774ed4b67 tempest-VolumesBackupsTest-552871629 tempest-VolumesBackupsTest-552871629-project-member] new path /v2/schemas/image {{(pid=99789) process_request /opt/stack/glance/glance/api/middleware/version_negotiation.py:70}}
Jul 28 09:26:50.704967 np0000005975 devstack@g-api.service[99789]: [pid: 99789|app: 0|req: 140/425] 127.0.0.1 () {44 vars in 1055 bytes} [Tue Jul 28 09:26:50 2026] GET /v2/schemas/image => generated 6083 bytes in 4 msecs (HTTP/1.1 200) 4 headers in 158 bytes (1 switches on core 0)
Jul 28 09:26:50.713968 np0000005975 devstack@g-api.service[99788]: DEBUG swiftclient [None req-ec2019c8-ca2a-4e8c-ab91-9d1424fec8a6 tempest-AttachVolumeShelveTestJSON-14516059 tempest-AttachVolumeShelveTestJSON-14516059-project-member] REQ: curl -i https://10.4.3.229:8080/v1/AUTH_b662c301811f4efa9bfc83e607dceff4/glance/731e2bee-58b8-4970-8e91-5accb533be13 -X PUT -H "X-Object-Manifest: glance/731e2bee-58b8-4970-8e91-5accb533be13-" -H "X-Auth-Token: gAAAAABqaHXZdjzl..." -H "Content-Length: 0" {{(pid=99788) http_log /opt/stack/data/venv/lib/python3.12/site-packages/swiftclient/client.py:160}}
Jul 28 09:26:50.713968 np0000005975 devstack@g-api.service[99788]: DEBUG swiftclient [None req-ec2019c8-ca2a-4e8c-ab91-9d1424fec8a6 tempest-AttachVolumeShelveTestJSON-14516059 tempest-AttachVolumeShelveTestJSON-14516059-project-member] RESP STATUS: 201 Created {{(pid=99788) http_log /opt/stack/data/venv/lib/python3.12/site-packages/swiftclient/client.py:161}}
Jul 28 09:26:50.714177 np0000005975 devstack@g-api.service[99788]: DEBUG swiftclient [None req-ec2019c8-ca2a-4e8c-ab91-9d1424fec8a6 tempest-AttachVolumeShelveTestJSON-14516059 tempest-AttachVolumeShelveTestJSON-14516059-project-member] RESP HEADERS: {'Date': 'Tue, 28 Jul 2026 09:26:50 GMT', 'Server': 'Apache/2.4.58 (Ubuntu)', 'Content-Type': 'text/html; charset=UTF-8', 'Content-Length': '0', 'Etag': 'd41d8cd98f00b204e9800998ecf8427e', 'Last-Modified': 'Tue, 28 Jul 2026 09:26:51 GMT', 'X-Trans-Id': 'tx24af98a0c8794de4b7ed9-006a6875da', 'X-Openstack-Request-Id': 'tx24af98a0c8794de4b7ed9-006a6875da', 'Connection': 'close'} {{(pid=99788) http_log /opt/stack/data/venv/lib/python3.12/site-packages/swiftclient/client.py:162}}
Jul 28 09:26:50.714580 np0000005975 devstack@g-api.service[99788]: INFO glance.location [None req-ec2019c8-ca2a-4e8c-ab91-9d1424fec8a6 tempest-AttachVolumeShelveTestJSON-14516059 tempest-AttachVolumeShelveTestJSON-14516059-project-member] Image format matched and virtual size computed: 1073741824
Jul 28 09:26:50.753592 np0000005975 devstack@g-api.service[99788]: DEBUG glance_store.backend [None req-ec2019c8-ca2a-4e8c-ab91-9d1424fec8a6 tempest-AttachVolumeShelveTestJSON-14516059 tempest-AttachVolumeShelveTestJSON-14516059-project-member] Attempting to import store swift {{(pid=99788) _load_store /opt/stack/data/venv/lib/python3.12/site-packages/glance_store/backend.py:215}}
Jul 28 09:26:50.755086 np0000005975 devstack@g-api.service[99788]: DEBUG glance_store.capabilities [None req-ec2019c8-ca2a-4e8c-ab91-9d1424fec8a6 tempest-AttachVolumeShelveTestJSON-14516059 tempest-AttachVolumeShelveTestJSON-14516059-project-member] Store glance_store._drivers.swift.store.SingleTenantStore doesn't support updating dynamic storage capabilities. Please overwrite 'update_capabilities' method of the store to implement updating logics if needed. {{(pid=99788) update_capabilities /opt/stack/data/venv/lib/python3.12/site-packages/glance_store/capabilities.py:91}}
Jul 28 09:26:50.755185 np0000005975 devstack@g-api.service[99788]: DEBUG glance_store.driver [None req-ec2019c8-ca2a-4e8c-ab91-9d1424fec8a6 tempest-AttachVolumeShelveTestJSON-14516059 tempest-AttachVolumeShelveTestJSON-14516059-project-member] Late loading location class glance_store._drivers.swift.store.StoreLocation {{(pid=99788) get_store_location_class /opt/stack/data/venv/lib/python3.12/site-packages/glance_store/driver.py:134}}
Jul 28 09:26:50.755288 np0000005975 devstack@g-api.service[99788]: DEBUG glance_store.location [None req-ec2019c8-ca2a-4e8c-ab91-9d1424fec8a6 tempest-AttachVolumeShelveTestJSON-14516059 tempest-AttachVolumeShelveTestJSON-14516059-project-member] Registering scheme swift+https with {'store': , 'location_class': , 'store_entry': 'swift'} {{(pid=99788) register_scheme_map /opt/stack/data/venv/lib/python3.12/site-packages/glance_store/location.py:146}}
Jul 28 09:26:50.755371 np0000005975 devstack@g-api.service[99788]: DEBUG glance_store.location [None req-ec2019c8-ca2a-4e8c-ab91-9d1424fec8a6 tempest-AttachVolumeShelveTestJSON-14516059 tempest-AttachVolumeShelveTestJSON-14516059-project-member] Registering scheme swift+https with {'store': , 'location_class': , 'store_entry': 'swift'} {{(pid=99788) register_scheme_map /opt/stack/data/venv/lib/python3.12/site-packages/glance_store/location.py:146}}
Jul 28 09:26:50.755424 np0000005975 devstack@g-api.service[99788]: DEBUG glance_store.location [None req-ec2019c8-ca2a-4e8c-ab91-9d1424fec8a6 tempest-AttachVolumeShelveTestJSON-14516059 tempest-AttachVolumeShelveTestJSON-14516059-project-member] Registering scheme swift with {'store': , 'location_class': , 'store_entry': 'swift'} {{(pid=99788) register_scheme_map /opt/stack/data/venv/lib/python3.12/site-packages/glance_store/location.py:146}}
Jul 28 09:26:50.755510 np0000005975 devstack@g-api.service[99788]: DEBUG glance_store.location [None req-ec2019c8-ca2a-4e8c-ab91-9d1424fec8a6 tempest-AttachVolumeShelveTestJSON-14516059 tempest-AttachVolumeShelveTestJSON-14516059-project-member] Registering scheme swift+https with {'store': , 'location_class': , 'store_entry': 'swift'} {{(pid=99788) register_scheme_map /opt/stack/data/venv/lib/python3.12/site-packages/glance_store/location.py:146}}
Jul 28 09:26:50.755565 np0000005975 devstack@g-api.service[99788]: DEBUG glance_store.location [None req-ec2019c8-ca2a-4e8c-ab91-9d1424fec8a6 tempest-AttachVolumeShelveTestJSON-14516059 tempest-AttachVolumeShelveTestJSON-14516059-project-member] Registering scheme swift with {'store': , 'location_class': , 'store_entry': 'swift'} {{(pid=99788) register_scheme_map /opt/stack/data/venv/lib/python3.12/site-packages/glance_store/location.py:146}}
Jul 28 09:26:50.755629 np0000005975 devstack@g-api.service[99788]: DEBUG glance_store.location [None req-ec2019c8-ca2a-4e8c-ab91-9d1424fec8a6 tempest-AttachVolumeShelveTestJSON-14516059 tempest-AttachVolumeShelveTestJSON-14516059-project-member] Registering scheme swift+http with {'store': , 'location_class': , 'store_entry': 'swift'} {{(pid=99788) register_scheme_map /opt/stack/data/venv/lib/python3.12/site-packages/glance_store/location.py:146}}
Jul 28 09:26:50.755696 np0000005975 devstack@g-api.service[99788]: DEBUG glance_store.location [None req-ec2019c8-ca2a-4e8c-ab91-9d1424fec8a6 tempest-AttachVolumeShelveTestJSON-14516059 tempest-AttachVolumeShelveTestJSON-14516059-project-member] Registering scheme swift+https with {'store': , 'location_class': , 'store_entry': 'swift'} {{(pid=99788) register_scheme_map /opt/stack/data/venv/lib/python3.12/site-packages/glance_store/location.py:146}}
Jul 28 09:26:50.755777 np0000005975 devstack@g-api.service[99788]: DEBUG glance_store.location [None req-ec2019c8-ca2a-4e8c-ab91-9d1424fec8a6 tempest-AttachVolumeShelveTestJSON-14516059 tempest-AttachVolumeShelveTestJSON-14516059-project-member] Registering scheme swift with {'store': , 'location_class': , 'store_entry': 'swift'} {{(pid=99788) register_scheme_map /opt/stack/data/venv/lib/python3.12/site-packages/glance_store/location.py:146}}
Jul 28 09:26:50.755846 np0000005975 devstack@g-api.service[99788]: DEBUG glance_store.location [None req-ec2019c8-ca2a-4e8c-ab91-9d1424fec8a6 tempest-AttachVolumeShelveTestJSON-14516059 tempest-AttachVolumeShelveTestJSON-14516059-project-member] Registering scheme swift+http with {'store': , 'location_class': , 'store_entry': 'swift'} {{(pid=99788) register_scheme_map /opt/stack/data/venv/lib/python3.12/site-packages/glance_store/location.py:146}}
Jul 28 09:26:50.755912 np0000005975 devstack@g-api.service[99788]: DEBUG glance_store.location [None req-ec2019c8-ca2a-4e8c-ab91-9d1424fec8a6 tempest-AttachVolumeShelveTestJSON-14516059 tempest-AttachVolumeShelveTestJSON-14516059-project-member] Registering scheme swift+config with {'store': , 'location_class': , 'store_entry': 'swift'} {{(pid=99788) register_scheme_map /opt/stack/data/venv/lib/python3.12/site-packages/glance_store/location.py:146}}
Jul 28 09:26:50.756035 np0000005975 devstack@g-api.service[99788]: DEBUG glance_store.backend [None req-ec2019c8-ca2a-4e8c-ab91-9d1424fec8a6 tempest-AttachVolumeShelveTestJSON-14516059 tempest-AttachVolumeShelveTestJSON-14516059-project-member] Skipping store.set_acls... not implemented. {{(pid=99788) set_acls /opt/stack/data/venv/lib/python3.12/site-packages/glance_store/backend.py:507}}
Jul 28 09:26:50.756112 np0000005975 devstack@g-api.service[99790]: DEBUG glance.api.middleware.version_negotiation [None req-5c3e799a-3cc6-4166-a0f9-c61774ed4b67 tempest-VolumesBackupsTest-552871629 tempest-VolumesBackupsTest-552871629-project-member] Determining version of request: GET /v2/images/c7569b7b-e5b3-43fd-ba56-99328fd9ad26 Accept: */* {{(pid=99790) process_request /opt/stack/glance/glance/api/middleware/version_negotiation.py:44}}
Jul 28 09:26:50.756473 np0000005975 devstack@g-api.service[99790]: DEBUG glance.api.middleware.version_negotiation [None req-5c3e799a-3cc6-4166-a0f9-c61774ed4b67 tempest-VolumesBackupsTest-552871629 tempest-VolumesBackupsTest-552871629-project-member] Using url versioning {{(pid=99790) process_request /opt/stack/glance/glance/api/middleware/version_negotiation.py:57}}
Jul 28 09:26:50.757135 np0000005975 devstack@g-api.service[99790]: DEBUG glance.api.middleware.version_negotiation [None req-5c3e799a-3cc6-4166-a0f9-c61774ed4b67 tempest-VolumesBackupsTest-552871629 tempest-VolumesBackupsTest-552871629-project-member] Matched version: v2 {{(pid=99790) process_request /opt/stack/glance/glance/api/middleware/version_negotiation.py:69}}
Jul 28 09:26:50.757310 np0000005975 devstack@g-api.service[99790]: DEBUG glance.api.middleware.version_negotiation [None req-5c3e799a-3cc6-4166-a0f9-c61774ed4b67 tempest-VolumesBackupsTest-552871629 tempest-VolumesBackupsTest-552871629-project-member] new path /v2/images/c7569b7b-e5b3-43fd-ba56-99328fd9ad26 {{(pid=99790) process_request /opt/stack/glance/glance/api/middleware/version_negotiation.py:70}}
Jul 28 09:26:50.757998 np0000005975 devstack@g-api.service[99788]: [pid: 99788|app: 0|req: 140/426] 127.0.0.1 () {46 vars in 1158 bytes} [Tue Jul 28 09:26:49 2026] PUT /v2/images/731e2bee-58b8-4970-8e91-5accb533be13/file => generated 0 bytes in 1719 msecs (HTTP/1.1 204) 4 headers in 171 bytes (1 switches on core 0)
Jul 28 09:26:50.770449 np0000005975 devstack@g-api.service[99790]: [pid: 99790|app: 0|req: 147/427] 127.0.0.1 () {44 vars in 1115 bytes} [Tue Jul 28 09:26:50 2026] GET /v2/images/c7569b7b-e5b3-43fd-ba56-99328fd9ad26 => generated 1044 bytes in 14 msecs (HTTP/1.1 200) 4 headers in 158 bytes (1 switches on core 0)
Jul 28 09:26:50.787948 np0000005975 devstack@g-api.service[99789]: DEBUG glance.api.middleware.version_negotiation [None req-5c3e799a-3cc6-4166-a0f9-c61774ed4b67 tempest-VolumesBackupsTest-552871629 tempest-VolumesBackupsTest-552871629-project-member] Determining version of request: GET /v2/images/731e2bee-58b8-4970-8e91-5accb533be13 Accept: */* {{(pid=99789) process_request /opt/stack/glance/glance/api/middleware/version_negotiation.py:44}}
Jul 28 09:26:50.788358 np0000005975 devstack@g-api.service[99789]: DEBUG glance.api.middleware.version_negotiation [None req-5c3e799a-3cc6-4166-a0f9-c61774ed4b67 tempest-VolumesBackupsTest-552871629 tempest-VolumesBackupsTest-552871629-project-member] Using url versioning {{(pid=99789) process_request /opt/stack/glance/glance/api/middleware/version_negotiation.py:57}}
Jul 28 09:26:50.788555 np0000005975 devstack@g-api.service[99789]: DEBUG glance.api.middleware.version_negotiation [None req-5c3e799a-3cc6-4166-a0f9-c61774ed4b67 tempest-VolumesBackupsTest-552871629 tempest-VolumesBackupsTest-552871629-project-member] Matched version: v2 {{(pid=99789) process_request /opt/stack/glance/glance/api/middleware/version_negotiation.py:69}}
Jul 28 09:26:50.788698 np0000005975 devstack@g-api.service[99789]: DEBUG glance.api.middleware.version_negotiation [None req-5c3e799a-3cc6-4166-a0f9-c61774ed4b67 tempest-VolumesBackupsTest-552871629 tempest-VolumesBackupsTest-552871629-project-member] new path /v2/images/731e2bee-58b8-4970-8e91-5accb533be13 {{(pid=99789) process_request /opt/stack/glance/glance/api/middleware/version_negotiation.py:70}}
Jul 28 09:26:50.799625 np0000005975 devstack@g-api.service[99788]: DEBUG glance.api.middleware.version_negotiation [None req-ec2019c8-ca2a-4e8c-ab91-9d1424fec8a6 tempest-AttachVolumeShelveTestJSON-14516059 tempest-AttachVolumeShelveTestJSON-14516059-project-member] Determining version of request: GET /v2/schemas/image Accept: */* {{(pid=99788) process_request /opt/stack/glance/glance/api/middleware/version_negotiation.py:44}}
Jul 28 09:26:50.799807 np0000005975 devstack@g-api.service[99788]: DEBUG glance.api.middleware.version_negotiation [None req-ec2019c8-ca2a-4e8c-ab91-9d1424fec8a6 tempest-AttachVolumeShelveTestJSON-14516059 tempest-AttachVolumeShelveTestJSON-14516059-project-member] Using url versioning {{(pid=99788) process_request /opt/stack/glance/glance/api/middleware/version_negotiation.py:57}}
Jul 28 09:26:50.799999 np0000005975 devstack@g-api.service[99788]: DEBUG glance.api.middleware.version_negotiation [None req-ec2019c8-ca2a-4e8c-ab91-9d1424fec8a6 tempest-AttachVolumeShelveTestJSON-14516059 tempest-AttachVolumeShelveTestJSON-14516059-project-member] Matched version: v2 {{(pid=99788) process_request /opt/stack/glance/glance/api/middleware/version_negotiation.py:69}}
Jul 28 09:26:50.800148 np0000005975 devstack@g-api.service[99788]: DEBUG glance.api.middleware.version_negotiation [None req-ec2019c8-ca2a-4e8c-ab91-9d1424fec8a6 tempest-AttachVolumeShelveTestJSON-14516059 tempest-AttachVolumeShelveTestJSON-14516059-project-member] new path /v2/schemas/image {{(pid=99788) process_request /opt/stack/glance/glance/api/middleware/version_negotiation.py:70}}
Jul 28 09:26:50.804165 np0000005975 devstack@g-api.service[99788]: [pid: 99788|app: 0|req: 141/428] 127.0.0.1 () {44 vars in 1055 bytes} [Tue Jul 28 09:26:50 2026] GET /v2/schemas/image => generated 6083 bytes in 5 msecs (HTTP/1.1 200) 4 headers in 158 bytes (1 switches on core 0)
Jul 28 09:26:50.807099 np0000005975 devstack@g-api.service[99789]: [pid: 99789|app: 0|req: 141/429] 127.0.0.1 () {44 vars in 1115 bytes} [Tue Jul 28 09:26:50 2026] GET /v2/images/731e2bee-58b8-4970-8e91-5accb533be13 => generated 1616 bytes in 19 msecs (HTTP/1.1 200) 4 headers in 158 bytes (1 switches on core 0)
Jul 28 09:26:50.836685 np0000005975 devstack@g-api.service[99790]: DEBUG glance.api.middleware.version_negotiation [None req-eca0c129-b65f-4ec8-8edd-9b3e90334871 tempest-ServerBootFromVolumeStableRescueTest-2041924202 tempest-ServerBootFromVolumeStableRescueTest-2041924202-project-member] Determining version of request: GET /v2/schemas/image Accept: */* {{(pid=99790) process_request /opt/stack/glance/glance/api/middleware/version_negotiation.py:44}}
Jul 28 09:26:50.836685 np0000005975 devstack@g-api.service[99790]: DEBUG glance.api.middleware.version_negotiation [None req-eca0c129-b65f-4ec8-8edd-9b3e90334871 tempest-ServerBootFromVolumeStableRescueTest-2041924202 tempest-ServerBootFromVolumeStableRescueTest-2041924202-project-member] Using url versioning {{(pid=99790) process_request /opt/stack/glance/glance/api/middleware/version_negotiation.py:57}}
Jul 28 09:26:50.836685 np0000005975 devstack@g-api.service[99790]: DEBUG glance.api.middleware.version_negotiation [None req-eca0c129-b65f-4ec8-8edd-9b3e90334871 tempest-ServerBootFromVolumeStableRescueTest-2041924202 tempest-ServerBootFromVolumeStableRescueTest-2041924202-project-member] Matched version: v2 {{(pid=99790) process_request /opt/stack/glance/glance/api/middleware/version_negotiation.py:69}}
Jul 28 09:26:50.836685 np0000005975 devstack@g-api.service[99790]: DEBUG glance.api.middleware.version_negotiation [None req-eca0c129-b65f-4ec8-8edd-9b3e90334871 tempest-ServerBootFromVolumeStableRescueTest-2041924202 tempest-ServerBootFromVolumeStableRescueTest-2041924202-project-member] new path /v2/schemas/image {{(pid=99790) process_request /opt/stack/glance/glance/api/middleware/version_negotiation.py:70}}
Jul 28 09:26:50.838137 np0000005975 devstack@g-api.service[99790]: [pid: 99790|app: 0|req: 148/430] 127.0.0.1 () {44 vars in 1055 bytes} [Tue Jul 28 09:26:50 2026] GET /v2/schemas/image => generated 6083 bytes in 2 msecs (HTTP/1.1 200) 4 headers in 158 bytes (1 switches on core 0)
Jul 28 09:26:52.623623 np0000005975 devstack@g-api.service[99788]: DEBUG glance.api.middleware.version_negotiation [None req-eca0c129-b65f-4ec8-8edd-9b3e90334871 tempest-ServerBootFromVolumeStableRescueTest-2041924202 tempest-ServerBootFromVolumeStableRescueTest-2041924202-project-member] Determining version of request: GET /v2/images/c7569b7b-e5b3-43fd-ba56-99328fd9ad26 Accept: */* {{(pid=99788) process_request /opt/stack/glance/glance/api/middleware/version_negotiation.py:44}}
Jul 28 09:26:52.624145 np0000005975 devstack@g-api.service[99788]: DEBUG glance.api.middleware.version_negotiation [None req-eca0c129-b65f-4ec8-8edd-9b3e90334871 tempest-ServerBootFromVolumeStableRescueTest-2041924202 tempest-ServerBootFromVolumeStableRescueTest-2041924202-project-member] Using url versioning {{(pid=99788) process_request /opt/stack/glance/glance/api/middleware/version_negotiation.py:57}}
Jul 28 09:26:52.625791 np0000005975 devstack@g-api.service[99788]: DEBUG glance.api.middleware.version_negotiation [None req-eca0c129-b65f-4ec8-8edd-9b3e90334871 tempest-ServerBootFromVolumeStableRescueTest-2041924202 tempest-ServerBootFromVolumeStableRescueTest-2041924202-project-member] Matched version: v2 {{(pid=99788) process_request /opt/stack/glance/glance/api/middleware/version_negotiation.py:69}}
Jul 28 09:26:52.626005 np0000005975 devstack@g-api.service[99788]: DEBUG glance.api.middleware.version_negotiation [None req-eca0c129-b65f-4ec8-8edd-9b3e90334871 tempest-ServerBootFromVolumeStableRescueTest-2041924202 tempest-ServerBootFromVolumeStableRescueTest-2041924202-project-member] new path /v2/images/c7569b7b-e5b3-43fd-ba56-99328fd9ad26 {{(pid=99788) process_request /opt/stack/glance/glance/api/middleware/version_negotiation.py:70}}
Jul 28 09:26:52.644869 np0000005975 devstack@g-api.service[99788]: [pid: 99788|app: 0|req: 142/431] 127.0.0.1 () {44 vars in 1115 bytes} [Tue Jul 28 09:26:52 2026] GET /v2/images/c7569b7b-e5b3-43fd-ba56-99328fd9ad26 => generated 1044 bytes in 21 msecs (HTTP/1.1 200) 4 headers in 158 bytes (1 switches on core 0)
Jul 28 09:26:52.653978 np0000005975 devstack@g-api.service[99789]: DEBUG glance.api.middleware.version_negotiation [None req-ec2019c8-ca2a-4e8c-ab91-9d1424fec8a6 tempest-AttachVolumeShelveTestJSON-14516059 tempest-AttachVolumeShelveTestJSON-14516059-project-member] Determining version of request: GET /v2/schemas/image Accept: */* {{(pid=99789) process_request /opt/stack/glance/glance/api/middleware/version_negotiation.py:44}}
Jul 28 09:26:52.654368 np0000005975 devstack@g-api.service[99789]: DEBUG glance.api.middleware.version_negotiation [None req-ec2019c8-ca2a-4e8c-ab91-9d1424fec8a6 tempest-AttachVolumeShelveTestJSON-14516059 tempest-AttachVolumeShelveTestJSON-14516059-project-member] Using url versioning {{(pid=99789) process_request /opt/stack/glance/glance/api/middleware/version_negotiation.py:57}}
Jul 28 09:26:52.654452 np0000005975 devstack@g-api.service[99789]: DEBUG glance.api.middleware.version_negotiation [None req-ec2019c8-ca2a-4e8c-ab91-9d1424fec8a6 tempest-AttachVolumeShelveTestJSON-14516059 tempest-AttachVolumeShelveTestJSON-14516059-project-member] Matched version: v2 {{(pid=99789) process_request /opt/stack/glance/glance/api/middleware/version_negotiation.py:69}}
Jul 28 09:26:52.654582 np0000005975 devstack@g-api.service[99789]: DEBUG glance.api.middleware.version_negotiation [None req-ec2019c8-ca2a-4e8c-ab91-9d1424fec8a6 tempest-AttachVolumeShelveTestJSON-14516059 tempest-AttachVolumeShelveTestJSON-14516059-project-member] new path /v2/schemas/image {{(pid=99789) process_request /opt/stack/glance/glance/api/middleware/version_negotiation.py:70}}
Jul 28 09:26:52.658159 np0000005975 devstack@g-api.service[99789]: [pid: 99789|app: 0|req: 142/432] 127.0.0.1 () {44 vars in 1055 bytes} [Tue Jul 28 09:26:52 2026] GET /v2/schemas/image => generated 6083 bytes in 4 msecs (HTTP/1.1 200) 4 headers in 158 bytes (1 switches on core 0)
Jul 28 09:26:52.668192 np0000005975 devstack@g-api.service[99790]: DEBUG glance.api.middleware.version_negotiation [None req-ec2019c8-ca2a-4e8c-ab91-9d1424fec8a6 tempest-AttachVolumeShelveTestJSON-14516059 tempest-AttachVolumeShelveTestJSON-14516059-project-member] Determining version of request: GET /v2/schemas/image Accept: */* {{(pid=99790) process_request /opt/stack/glance/glance/api/middleware/version_negotiation.py:44}}
Jul 28 09:26:52.668628 np0000005975 devstack@g-api.service[99790]: DEBUG glance.api.middleware.version_negotiation [None req-ec2019c8-ca2a-4e8c-ab91-9d1424fec8a6 tempest-AttachVolumeShelveTestJSON-14516059 tempest-AttachVolumeShelveTestJSON-14516059-project-member] Using url versioning {{(pid=99790) process_request /opt/stack/glance/glance/api/middleware/version_negotiation.py:57}}
