May 18 08:52:17.449836 np0000000915 devstack@g-api.service[101592]: DEBUG glance.api.middleware.version_negotiation [None req-f8ad7a99-f6e8-4b1a-b8c9-494ca9e91937 tempest-ServerBootFromVolumeStableRescueTest-132481736 tempest-ServerBootFromVolumeStableRescueTest-132481736-project-member] Using url versioning {{(pid=101592) process_request /opt/stack/glance/glance/api/middleware/version_negotiation.py:57}}
May 18 08:52:17.450023 np0000000915 devstack@g-api.service[101592]: DEBUG glance.api.middleware.version_negotiation [None req-f8ad7a99-f6e8-4b1a-b8c9-494ca9e91937 tempest-ServerBootFromVolumeStableRescueTest-132481736 tempest-ServerBootFromVolumeStableRescueTest-132481736-project-member] Matched version: v2 {{(pid=101592) process_request /opt/stack/glance/glance/api/middleware/version_negotiation.py:69}}
May 18 08:52:17.450099 np0000000915 devstack@g-api.service[101592]: DEBUG glance.api.middleware.version_negotiation [None req-f8ad7a99-f6e8-4b1a-b8c9-494ca9e91937 tempest-ServerBootFromVolumeStableRescueTest-132481736 tempest-ServerBootFromVolumeStableRescueTest-132481736-project-member] new path /v2/images/545ac4fa-2832-4eda-8636-98d08d697a4c {{(pid=101592) process_request /opt/stack/glance/glance/api/middleware/version_negotiation.py:70}}
May 18 08:52:17.461518 np0000000915 devstack@g-api.service[101592]: [pid: 101592|app: 0|req: 61/193] 127.0.0.1 () {40 vars in 834 bytes} [Mon May 18 08:52:17 2026] GET /v2/images/545ac4fa-2832-4eda-8636-98d08d697a4c => generated 1639 bytes in 12 msecs (HTTP/1.1 200) 4 headers in 158 bytes (1 switches on core 0)
May 18 08:52:17.470655 np0000000915 devstack@g-api.service[101594]: DEBUG glance.api.middleware.version_negotiation [None req-f8ad7a99-f6e8-4b1a-b8c9-494ca9e91937 tempest-ServerBootFromVolumeStableRescueTest-132481736 tempest-ServerBootFromVolumeStableRescueTest-132481736-project-member] Determining version of request: GET /v2/images/545ac4fa-2832-4eda-8636-98d08d697a4c Accept: application/json {{(pid=101594) process_request /opt/stack/glance/glance/api/middleware/version_negotiation.py:44}}
May 18 08:52:17.471165 np0000000915 devstack@g-api.service[101594]: DEBUG glance.api.middleware.version_negotiation [None req-f8ad7a99-f6e8-4b1a-b8c9-494ca9e91937 tempest-ServerBootFromVolumeStableRescueTest-132481736 tempest-ServerBootFromVolumeStableRescueTest-132481736-project-member] Using url versioning {{(pid=101594) process_request /opt/stack/glance/glance/api/middleware/version_negotiation.py:57}}
May 18 08:52:17.471165 np0000000915 devstack@g-api.service[101594]: DEBUG glance.api.middleware.version_negotiation [None req-f8ad7a99-f6e8-4b1a-b8c9-494ca9e91937 tempest-ServerBootFromVolumeStableRescueTest-132481736 tempest-ServerBootFromVolumeStableRescueTest-132481736-project-member] Matched version: v2 {{(pid=101594) process_request /opt/stack/glance/glance/api/middleware/version_negotiation.py:69}}
May 18 08:52:17.471332 np0000000915 devstack@g-api.service[101594]: DEBUG glance.api.middleware.version_negotiation [None req-f8ad7a99-f6e8-4b1a-b8c9-494ca9e91937 tempest-ServerBootFromVolumeStableRescueTest-132481736 tempest-ServerBootFromVolumeStableRescueTest-132481736-project-member] new path /v2/images/545ac4fa-2832-4eda-8636-98d08d697a4c {{(pid=101594) process_request /opt/stack/glance/glance/api/middleware/version_negotiation.py:70}}
May 18 08:52:17.480946 np0000000915 devstack@g-api.service[101594]: [pid: 101594|app: 0|req: 71/194] 127.0.0.1 () {40 vars in 834 bytes} [Mon May 18 08:52:17 2026] GET /v2/images/545ac4fa-2832-4eda-8636-98d08d697a4c => generated 1639 bytes in 10 msecs (HTTP/1.1 200) 4 headers in 158 bytes (1 switches on core 0)
May 18 08:52:17.905868 np0000000915 devstack@g-api.service[101593]: DEBUG glance.api.middleware.version_negotiation [None req-f8ad7a99-f6e8-4b1a-b8c9-494ca9e91937 tempest-ServerBootFromVolumeStableRescueTest-132481736 tempest-ServerBootFromVolumeStableRescueTest-132481736-project-member] Determining version of request: GET /v2/images/e77014e9-90e6-45dc-94f5-31f617e3708e Accept: */* {{(pid=101593) process_request /opt/stack/glance/glance/api/middleware/version_negotiation.py:44}}
May 18 08:52:17.906122 np0000000915 devstack@g-api.service[101593]: DEBUG glance.api.middleware.version_negotiation [None req-f8ad7a99-f6e8-4b1a-b8c9-494ca9e91937 tempest-ServerBootFromVolumeStableRescueTest-132481736 tempest-ServerBootFromVolumeStableRescueTest-132481736-project-member] Using url versioning {{(pid=101593) process_request /opt/stack/glance/glance/api/middleware/version_negotiation.py:57}}
May 18 08:52:17.906178 np0000000915 devstack@g-api.service[101593]: DEBUG glance.api.middleware.version_negotiation [None req-f8ad7a99-f6e8-4b1a-b8c9-494ca9e91937 tempest-ServerBootFromVolumeStableRescueTest-132481736 tempest-ServerBootFromVolumeStableRescueTest-132481736-project-member] Matched version: v2 {{(pid=101593) process_request /opt/stack/glance/glance/api/middleware/version_negotiation.py:69}}
May 18 08:52:17.906457 np0000000915 devstack@g-api.service[101593]: DEBUG glance.api.middleware.version_negotiation [None req-f8ad7a99-f6e8-4b1a-b8c9-494ca9e91937 tempest-ServerBootFromVolumeStableRescueTest-132481736 tempest-ServerBootFromVolumeStableRescueTest-132481736-project-member] new path /v2/images/e77014e9-90e6-45dc-94f5-31f617e3708e {{(pid=101593) process_request /opt/stack/glance/glance/api/middleware/version_negotiation.py:70}}
May 18 08:52:17.919019 np0000000915 devstack@g-api.service[101593]: [pid: 101593|app: 0|req: 63/195] 127.0.0.1 () {44 vars in 1111 bytes} [Mon May 18 08:52:17 2026] GET /v2/images/e77014e9-90e6-45dc-94f5-31f617e3708e => generated 1335 bytes in 13 msecs (HTTP/1.1 200) 4 headers in 158 bytes (1 switches on core 0)
May 18 08:52:17.949383 np0000000915 devstack@g-api.service[101592]: DEBUG glance.api.middleware.version_negotiation [None req-b57fe5c8-4fca-46fd-a56a-d3946a896c55 tempest-ServerBootFromVolumeStableRescueTest-132481736 tempest-ServerBootFromVolumeStableRescueTest-132481736-project-member] Determining version of request: GET /v2/images/36e882d0-aadf-4395-a88c-d415d721db8f Accept: */* {{(pid=101592) process_request /opt/stack/glance/glance/api/middleware/version_negotiation.py:44}}
May 18 08:52:17.949633 np0000000915 devstack@g-api.service[101592]: DEBUG glance.api.middleware.version_negotiation [None req-b57fe5c8-4fca-46fd-a56a-d3946a896c55 tempest-ServerBootFromVolumeStableRescueTest-132481736 tempest-ServerBootFromVolumeStableRescueTest-132481736-project-member] Using url versioning {{(pid=101592) process_request /opt/stack/glance/glance/api/middleware/version_negotiation.py:57}}
May 18 08:52:17.949633 np0000000915 devstack@g-api.service[101592]: DEBUG glance.api.middleware.version_negotiation [None req-b57fe5c8-4fca-46fd-a56a-d3946a896c55 tempest-ServerBootFromVolumeStableRescueTest-132481736 tempest-ServerBootFromVolumeStableRescueTest-132481736-project-member] Matched version: v2 {{(pid=101592) process_request /opt/stack/glance/glance/api/middleware/version_negotiation.py:69}}
May 18 08:52:17.949744 np0000000915 devstack@g-api.service[101592]: DEBUG glance.api.middleware.version_negotiation [None req-b57fe5c8-4fca-46fd-a56a-d3946a896c55 tempest-ServerBootFromVolumeStableRescueTest-132481736 tempest-ServerBootFromVolumeStableRescueTest-132481736-project-member] new path /v2/images/36e882d0-aadf-4395-a88c-d415d721db8f {{(pid=101592) process_request /opt/stack/glance/glance/api/middleware/version_negotiation.py:70}}
May 18 08:52:17.960656 np0000000915 devstack@g-api.service[101594]: DEBUG glance.api.middleware.version_negotiation [None req-81220c7f-8408-46fe-b446-51bc658fca4e tempest-ServerBootFromVolumeStableRescueTest-132481736 tempest-ServerBootFromVolumeStableRescueTest-132481736-project-member] Determining version of request: GET /v2/schemas/image Accept: */* {{(pid=101594) process_request /opt/stack/glance/glance/api/middleware/version_negotiation.py:44}}
May 18 08:52:17.962695 np0000000915 devstack@g-api.service[101594]: DEBUG glance.api.middleware.version_negotiation [None req-81220c7f-8408-46fe-b446-51bc658fca4e tempest-ServerBootFromVolumeStableRescueTest-132481736 tempest-ServerBootFromVolumeStableRescueTest-132481736-project-member] Using url versioning {{(pid=101594) process_request /opt/stack/glance/glance/api/middleware/version_negotiation.py:57}}
May 18 08:52:17.962695 np0000000915 devstack@g-api.service[101594]: DEBUG glance.api.middleware.version_negotiation [None req-81220c7f-8408-46fe-b446-51bc658fca4e tempest-ServerBootFromVolumeStableRescueTest-132481736 tempest-ServerBootFromVolumeStableRescueTest-132481736-project-member] Matched version: v2 {{(pid=101594) process_request /opt/stack/glance/glance/api/middleware/version_negotiation.py:69}}
May 18 08:52:17.962695 np0000000915 devstack@g-api.service[101594]: DEBUG glance.api.middleware.version_negotiation [None req-81220c7f-8408-46fe-b446-51bc658fca4e tempest-ServerBootFromVolumeStableRescueTest-132481736 tempest-ServerBootFromVolumeStableRescueTest-132481736-project-member] new path /v2/schemas/image {{(pid=101594) process_request /opt/stack/glance/glance/api/middleware/version_negotiation.py:70}}
May 18 08:52:17.963736 np0000000915 devstack@g-api.service[101594]: [pid: 101594|app: 0|req: 72/196] 127.0.0.1 () {44 vars in 1051 bytes} [Mon May 18 08:52:17 2026] GET /v2/schemas/image => generated 6083 bytes in 3 msecs (HTTP/1.1 200) 4 headers in 158 bytes (1 switches on core 0)
May 18 08:52:17.967891 np0000000915 devstack@g-api.service[101592]: [pid: 101592|app: 0|req: 62/197] 127.0.0.1 () {44 vars in 1111 bytes} [Mon May 18 08:52:17 2026] GET /v2/images/36e882d0-aadf-4395-a88c-d415d721db8f => generated 1044 bytes in 18 msecs (HTTP/1.1 200) 4 headers in 158 bytes (1 switches on core 0)
May 18 08:52:17.990466 np0000000915 devstack@g-api.service[101593]: DEBUG glance.api.middleware.version_negotiation [None req-41ff5ac8-6d8f-42a0-9d93-f0d7533062ee tempest-ServerStableDeviceRescueTest-1472387053 tempest-ServerStableDeviceRescueTest-1472387053-project-member] Determining version of request: GET /v2/images/e77014e9-90e6-45dc-94f5-31f617e3708e Accept: */* {{(pid=101593) process_request /opt/stack/glance/glance/api/middleware/version_negotiation.py:44}}
May 18 08:52:17.990657 np0000000915 devstack@g-api.service[101593]: DEBUG glance.api.middleware.version_negotiation [None req-41ff5ac8-6d8f-42a0-9d93-f0d7533062ee tempest-ServerStableDeviceRescueTest-1472387053 tempest-ServerStableDeviceRescueTest-1472387053-project-member] Using url versioning {{(pid=101593) process_request /opt/stack/glance/glance/api/middleware/version_negotiation.py:57}}
May 18 08:52:17.990887 np0000000915 devstack@g-api.service[101593]: DEBUG glance.api.middleware.version_negotiation [None req-41ff5ac8-6d8f-42a0-9d93-f0d7533062ee tempest-ServerStableDeviceRescueTest-1472387053 tempest-ServerStableDeviceRescueTest-1472387053-project-member] Matched version: v2 {{(pid=101593) process_request /opt/stack/glance/glance/api/middleware/version_negotiation.py:69}}
May 18 08:52:17.990887 np0000000915 devstack@g-api.service[101593]: DEBUG glance.api.middleware.version_negotiation [None req-41ff5ac8-6d8f-42a0-9d93-f0d7533062ee tempest-ServerStableDeviceRescueTest-1472387053 tempest-ServerStableDeviceRescueTest-1472387053-project-member] new path /v2/images/e77014e9-90e6-45dc-94f5-31f617e3708e {{(pid=101593) process_request /opt/stack/glance/glance/api/middleware/version_negotiation.py:70}}
May 18 08:52:18.002828 np0000000915 devstack@g-api.service[101594]: DEBUG glance.api.middleware.version_negotiation [None req-41ff5ac8-6d8f-42a0-9d93-f0d7533062ee tempest-ServerStableDeviceRescueTest-1472387053 tempest-ServerStableDeviceRescueTest-1472387053-project-member] Determining version of request: GET /v2/schemas/image Accept: */* {{(pid=101594) process_request /opt/stack/glance/glance/api/middleware/version_negotiation.py:44}}
May 18 08:52:18.002828 np0000000915 devstack@g-api.service[101594]: DEBUG glance.api.middleware.version_negotiation [None req-41ff5ac8-6d8f-42a0-9d93-f0d7533062ee tempest-ServerStableDeviceRescueTest-1472387053 tempest-ServerStableDeviceRescueTest-1472387053-project-member] Using url versioning {{(pid=101594) process_request /opt/stack/glance/glance/api/middleware/version_negotiation.py:57}}
May 18 08:52:18.002828 np0000000915 devstack@g-api.service[101594]: DEBUG glance.api.middleware.version_negotiation [None req-41ff5ac8-6d8f-42a0-9d93-f0d7533062ee tempest-ServerStableDeviceRescueTest-1472387053 tempest-ServerStableDeviceRescueTest-1472387053-project-member] Matched version: v2 {{(pid=101594) process_request /opt/stack/glance/glance/api/middleware/version_negotiation.py:69}}
May 18 08:52:18.002828 np0000000915 devstack@g-api.service[101594]: DEBUG glance.api.middleware.version_negotiation [None req-41ff5ac8-6d8f-42a0-9d93-f0d7533062ee tempest-ServerStableDeviceRescueTest-1472387053 tempest-ServerStableDeviceRescueTest-1472387053-project-member] new path /v2/schemas/image {{(pid=101594) process_request /opt/stack/glance/glance/api/middleware/version_negotiation.py:70}}
May 18 08:52:18.003965 np0000000915 devstack@g-api.service[101592]: DEBUG glance.api.middleware.version_negotiation [None req-00ab26e8-bfd5-44be-9a27-24437e1d0482 tempest-ServerBootFromVolumeStableRescueTest-132481736 tempest-ServerBootFromVolumeStableRescueTest-132481736-project-member] Determining version of request: GET /v2/schemas/image Accept: */* {{(pid=101592) process_request /opt/stack/glance/glance/api/middleware/version_negotiation.py:44}}
May 18 08:52:18.004118 np0000000915 devstack@g-api.service[101592]: DEBUG glance.api.middleware.version_negotiation [None req-00ab26e8-bfd5-44be-9a27-24437e1d0482 tempest-ServerBootFromVolumeStableRescueTest-132481736 tempest-ServerBootFromVolumeStableRescueTest-132481736-project-member] Using url versioning {{(pid=101592) process_request /opt/stack/glance/glance/api/middleware/version_negotiation.py:57}}
May 18 08:52:18.004188 np0000000915 devstack@g-api.service[101592]: DEBUG glance.api.middleware.version_negotiation [None req-00ab26e8-bfd5-44be-9a27-24437e1d0482 tempest-ServerBootFromVolumeStableRescueTest-132481736 tempest-ServerBootFromVolumeStableRescueTest-132481736-project-member] Matched version: v2 {{(pid=101592) process_request /opt/stack/glance/glance/api/middleware/version_negotiation.py:69}}
May 18 08:52:18.004279 np0000000915 devstack@g-api.service[101592]: DEBUG glance.api.middleware.version_negotiation [None req-00ab26e8-bfd5-44be-9a27-24437e1d0482 tempest-ServerBootFromVolumeStableRescueTest-132481736 tempest-ServerBootFromVolumeStableRescueTest-132481736-project-member] new path /v2/schemas/image {{(pid=101592) process_request /opt/stack/glance/glance/api/middleware/version_negotiation.py:70}}
May 18 08:52:18.006069 np0000000915 devstack@g-api.service[101594]: [pid: 101594|app: 0|req: 73/198] 127.0.0.1 () {44 vars in 1051 bytes} [Mon May 18 08:52:18 2026] GET /v2/schemas/image => generated 6083 bytes in 4 msecs (HTTP/1.1 200) 4 headers in 158 bytes (1 switches on core 0)
May 18 08:52:18.006889 np0000000915 devstack@g-api.service[101592]: [pid: 101592|app: 0|req: 63/199] 127.0.0.1 () {44 vars in 1051 bytes} [Mon May 18 08:52:18 2026] GET /v2/schemas/image => generated 6083 bytes in 2 msecs (HTTP/1.1 200) 4 headers in 158 bytes (1 switches on core 0)
May 18 08:52:18.007075 np0000000915 devstack@g-api.service[101593]: [pid: 101593|app: 0|req: 64/200] 127.0.0.1 () {44 vars in 1111 bytes} [Mon May 18 08:52:17 2026] GET /v2/images/e77014e9-90e6-45dc-94f5-31f617e3708e => generated 1335 bytes in 16 msecs (HTTP/1.1 200) 4 headers in 158 bytes (1 switches on core 0)
May 18 08:52:18.038761 np0000000915 devstack@g-api.service[101592]: DEBUG glance.api.middleware.version_negotiation [None req-41ff5ac8-6d8f-42a0-9d93-f0d7533062ee tempest-ServerStableDeviceRescueTest-1472387053 tempest-ServerStableDeviceRescueTest-1472387053-project-member] Determining version of request: GET /v2/schemas/image Accept: */* {{(pid=101592) process_request /opt/stack/glance/glance/api/middleware/version_negotiation.py:44}}
May 18 08:52:18.038907 np0000000915 devstack@g-api.service[101592]: DEBUG glance.api.middleware.version_negotiation [None req-41ff5ac8-6d8f-42a0-9d93-f0d7533062ee tempest-ServerStableDeviceRescueTest-1472387053 tempest-ServerStableDeviceRescueTest-1472387053-project-member] Using url versioning {{(pid=101592) process_request /opt/stack/glance/glance/api/middleware/version_negotiation.py:57}}
May 18 08:52:18.038961 np0000000915 devstack@g-api.service[101592]: DEBUG glance.api.middleware.version_negotiation [None req-41ff5ac8-6d8f-42a0-9d93-f0d7533062ee tempest-ServerStableDeviceRescueTest-1472387053 tempest-ServerStableDeviceRescueTest-1472387053-project-member] Matched version: v2 {{(pid=101592) process_request /opt/stack/glance/glance/api/middleware/version_negotiation.py:69}}
May 18 08:52:18.039172 np0000000915 devstack@g-api.service[101592]: DEBUG glance.api.middleware.version_negotiation [None req-41ff5ac8-6d8f-42a0-9d93-f0d7533062ee tempest-ServerStableDeviceRescueTest-1472387053 tempest-ServerStableDeviceRescueTest-1472387053-project-member] new path /v2/schemas/image {{(pid=101592) process_request /opt/stack/glance/glance/api/middleware/version_negotiation.py:70}}
May 18 08:52:18.041142 np0000000915 devstack@g-api.service[101592]: [pid: 101592|app: 0|req: 64/201] 127.0.0.1 () {44 vars in 1051 bytes} [Mon May 18 08:52:18 2026] GET /v2/schemas/image => generated 6083 bytes in 2 msecs (HTTP/1.1 200) 4 headers in 158 bytes (1 switches on core 0)
May 18 08:52:18.053174 np0000000915 devstack@g-api.service[101593]: DEBUG glance.api.middleware.version_negotiation [None req-429c6f54-ad00-46fc-8070-6d293235ada2 tempest-ServerStableDeviceRescueTest-1472387053 tempest-ServerStableDeviceRescueTest-1472387053-project-member] Determining version of request: PATCH /v2/images/e77014e9-90e6-45dc-94f5-31f617e3708e Accept: */* {{(pid=101593) process_request /opt/stack/glance/glance/api/middleware/version_negotiation.py:44}}
May 18 08:52:18.053426 np0000000915 devstack@g-api.service[101593]: DEBUG glance.api.middleware.version_negotiation [None req-429c6f54-ad00-46fc-8070-6d293235ada2 tempest-ServerStableDeviceRescueTest-1472387053 tempest-ServerStableDeviceRescueTest-1472387053-project-member] Using url versioning {{(pid=101593) process_request /opt/stack/glance/glance/api/middleware/version_negotiation.py:57}}
May 18 08:52:18.053488 np0000000915 devstack@g-api.service[101593]: DEBUG glance.api.middleware.version_negotiation [None req-429c6f54-ad00-46fc-8070-6d293235ada2 tempest-ServerStableDeviceRescueTest-1472387053 tempest-ServerStableDeviceRescueTest-1472387053-project-member] Matched version: v2 {{(pid=101593) process_request /opt/stack/glance/glance/api/middleware/version_negotiation.py:69}}
May 18 08:52:18.053713 np0000000915 devstack@g-api.service[101593]: DEBUG glance.api.middleware.version_negotiation [None req-429c6f54-ad00-46fc-8070-6d293235ada2 tempest-ServerStableDeviceRescueTest-1472387053 tempest-ServerStableDeviceRescueTest-1472387053-project-member] new path /v2/images/e77014e9-90e6-45dc-94f5-31f617e3708e {{(pid=101593) process_request /opt/stack/glance/glance/api/middleware/version_negotiation.py:70}}
May 18 08:52:18.228762 np0000000915 devstack@g-api.service[101593]: [pid: 101593|app: 0|req: 65/202] 127.0.0.1 () {46 vars in 1154 bytes} [Mon May 18 08:52:18 2026] PATCH /v2/images/e77014e9-90e6-45dc-94f5-31f617e3708e => generated 1446 bytes in 176 msecs (HTTP/1.1 200) 4 headers in 158 bytes (1 switches on core 0)
May 18 08:52:18.272369 np0000000915 devstack@g-api.service[101594]: DEBUG glance.api.middleware.version_negotiation [None req-00ab26e8-bfd5-44be-9a27-24437e1d0482 tempest-ServerBootFromVolumeStableRescueTest-132481736 tempest-ServerBootFromVolumeStableRescueTest-132481736-project-member] Determining version of request: GET /v2/images/e77014e9-90e6-45dc-94f5-31f617e3708e Accept: */* {{(pid=101594) process_request /opt/stack/glance/glance/api/middleware/version_negotiation.py:44}}
May 18 08:52:18.272369 np0000000915 devstack@g-api.service[101594]: DEBUG glance.api.middleware.version_negotiation [None req-00ab26e8-bfd5-44be-9a27-24437e1d0482 tempest-ServerBootFromVolumeStableRescueTest-132481736 tempest-ServerBootFromVolumeStableRescueTest-132481736-project-member] Using url versioning {{(pid=101594) process_request /opt/stack/glance/glance/api/middleware/version_negotiation.py:57}}
May 18 08:52:18.272369 np0000000915 devstack@g-api.service[101594]: DEBUG glance.api.middleware.version_negotiation [None req-00ab26e8-bfd5-44be-9a27-24437e1d0482 tempest-ServerBootFromVolumeStableRescueTest-132481736 tempest-ServerBootFromVolumeStableRescueTest-132481736-project-member] Matched version: v2 {{(pid=101594) process_request /opt/stack/glance/glance/api/middleware/version_negotiation.py:69}}
May 18 08:52:18.272369 np0000000915 devstack@g-api.service[101594]: DEBUG glance.api.middleware.version_negotiation [None req-00ab26e8-bfd5-44be-9a27-24437e1d0482 tempest-ServerBootFromVolumeStableRescueTest-132481736 tempest-ServerBootFromVolumeStableRescueTest-132481736-project-member] new path /v2/images/e77014e9-90e6-45dc-94f5-31f617e3708e {{(pid=101594) process_request /opt/stack/glance/glance/api/middleware/version_negotiation.py:70}}
May 18 08:52:18.284070 np0000000915 devstack@g-api.service[101594]: [pid: 101594|app: 0|req: 74/203] 127.0.0.1 () {44 vars in 1111 bytes} [Mon May 18 08:52:18 2026] GET /v2/images/e77014e9-90e6-45dc-94f5-31f617e3708e => generated 1446 bytes in 13 msecs (HTTP/1.1 200) 4 headers in 158 bytes (1 switches on core 0)
May 18 08:52:18.337231 np0000000915 devstack@g-api.service[101592]: DEBUG glance.api.middleware.version_negotiation [None req-429c6f54-ad00-46fc-8070-6d293235ada2 tempest-ServerStableDeviceRescueTest-1472387053 tempest-ServerStableDeviceRescueTest-1472387053-project-member] Determining version of request: PUT /v2/images/e77014e9-90e6-45dc-94f5-31f617e3708e/file Accept: */* {{(pid=101592) process_request /opt/stack/glance/glance/api/middleware/version_negotiation.py:44}}
May 18 08:52:18.338815 np0000000915 devstack@g-api.service[101592]: DEBUG glance.api.middleware.version_negotiation [None req-429c6f54-ad00-46fc-8070-6d293235ada2 tempest-ServerStableDeviceRescueTest-1472387053 tempest-ServerStableDeviceRescueTest-1472387053-project-member] Using url versioning {{(pid=101592) process_request /opt/stack/glance/glance/api/middleware/version_negotiation.py:57}}
May 18 08:52:18.338815 np0000000915 devstack@g-api.service[101592]: DEBUG glance.api.middleware.version_negotiation [None req-429c6f54-ad00-46fc-8070-6d293235ada2 tempest-ServerStableDeviceRescueTest-1472387053 tempest-ServerStableDeviceRescueTest-1472387053-project-member] Matched version: v2 {{(pid=101592) process_request /opt/stack/glance/glance/api/middleware/version_negotiation.py:69}}
May 18 08:52:18.338815 np0000000915 devstack@g-api.service[101592]: DEBUG glance.api.middleware.version_negotiation [None req-429c6f54-ad00-46fc-8070-6d293235ada2 tempest-ServerStableDeviceRescueTest-1472387053 tempest-ServerStableDeviceRescueTest-1472387053-project-member] new path /v2/images/e77014e9-90e6-45dc-94f5-31f617e3708e/file {{(pid=101592) process_request /opt/stack/glance/glance/api/middleware/version_negotiation.py:70}}
May 18 08:52:18.955107 np0000000915 devstack@g-api.service[101592]: INFO glance.api.v2.image_data [None req-41ff5ac8-6d8f-42a0-9d93-f0d7533062ee tempest-ServerStableDeviceRescueTest-1472387053 tempest-ServerStableDeviceRescueTest-1472387053-project-member] Unable to create trust: no such option collect_timing in group [keystone_authtoken] Use the existing user token.
May 18 08:52:19.129189 np0000000915 devstack@g-api.service[101593]: DEBUG glance.api.middleware.version_negotiation [None req-41ff5ac8-6d8f-42a0-9d93-f0d7533062ee tempest-ServerStableDeviceRescueTest-1472387053 tempest-ServerStableDeviceRescueTest-1472387053-project-member] Determining version of request: GET /v2/images/e77014e9-90e6-45dc-94f5-31f617e3708e Accept: */* {{(pid=101593) process_request /opt/stack/glance/glance/api/middleware/version_negotiation.py:44}}
May 18 08:52:19.129593 np0000000915 devstack@g-api.service[101593]: DEBUG glance.api.middleware.version_negotiation [None req-41ff5ac8-6d8f-42a0-9d93-f0d7533062ee tempest-ServerStableDeviceRescueTest-1472387053 tempest-ServerStableDeviceRescueTest-1472387053-project-member] Using url versioning {{(pid=101593) process_request /opt/stack/glance/glance/api/middleware/version_negotiation.py:57}}
May 18 08:52:19.129593 np0000000915 devstack@g-api.service[101593]: DEBUG glance.api.middleware.version_negotiation [None req-41ff5ac8-6d8f-42a0-9d93-f0d7533062ee tempest-ServerStableDeviceRescueTest-1472387053 tempest-ServerStableDeviceRescueTest-1472387053-project-member] Matched version: v2 {{(pid=101593) process_request /opt/stack/glance/glance/api/middleware/version_negotiation.py:69}}
May 18 08:52:19.129867 np0000000915 devstack@g-api.service[101593]: DEBUG glance.api.middleware.version_negotiation [None req-41ff5ac8-6d8f-42a0-9d93-f0d7533062ee tempest-ServerStableDeviceRescueTest-1472387053 tempest-ServerStableDeviceRescueTest-1472387053-project-member] new path /v2/images/e77014e9-90e6-45dc-94f5-31f617e3708e {{(pid=101593) process_request /opt/stack/glance/glance/api/middleware/version_negotiation.py:70}}
May 18 08:52:19.151380 np0000000915 devstack@g-api.service[101593]: [pid: 101593|app: 0|req: 66/204] 127.0.0.1 () {44 vars in 1111 bytes} [Mon May 18 08:52:19 2026] GET /v2/images/e77014e9-90e6-45dc-94f5-31f617e3708e => generated 1446 bytes in 22 msecs (HTTP/1.1 200) 4 headers in 158 bytes (1 switches on core 0)
May 18 08:52:19.219221 np0000000915 devstack@g-api.service[101594]: DEBUG glance.api.middleware.version_negotiation [None req-41ff5ac8-6d8f-42a0-9d93-f0d7533062ee tempest-ServerStableDeviceRescueTest-1472387053 tempest-ServerStableDeviceRescueTest-1472387053-project-member] Determining version of request: GET /v2/schemas/image Accept: */* {{(pid=101594) process_request /opt/stack/glance/glance/api/middleware/version_negotiation.py:44}}
May 18 08:52:19.219221 np0000000915 devstack@g-api.service[101594]: DEBUG glance.api.middleware.version_negotiation [None req-41ff5ac8-6d8f-42a0-9d93-f0d7533062ee tempest-ServerStableDeviceRescueTest-1472387053 tempest-ServerStableDeviceRescueTest-1472387053-project-member] Using url versioning {{(pid=101594) process_request /opt/stack/glance/glance/api/middleware/version_negotiation.py:57}}
May 18 08:52:19.219221 np0000000915 devstack@g-api.service[101594]: DEBUG glance.api.middleware.version_negotiation [None req-41ff5ac8-6d8f-42a0-9d93-f0d7533062ee tempest-ServerStableDeviceRescueTest-1472387053 tempest-ServerStableDeviceRescueTest-1472387053-project-member] Matched version: v2 {{(pid=101594) process_request /opt/stack/glance/glance/api/middleware/version_negotiation.py:69}}
May 18 08:52:19.219221 np0000000915 devstack@g-api.service[101594]: DEBUG glance.api.middleware.version_negotiation [None req-41ff5ac8-6d8f-42a0-9d93-f0d7533062ee tempest-ServerStableDeviceRescueTest-1472387053 tempest-ServerStableDeviceRescueTest-1472387053-project-member] new path /v2/schemas/image {{(pid=101594) process_request /opt/stack/glance/glance/api/middleware/version_negotiation.py:70}}
May 18 08:52:19.233755 np0000000915 devstack@g-api.service[101594]: [pid: 101594|app: 0|req: 75/205] 127.0.0.1 () {44 vars in 1051 bytes} [Mon May 18 08:52:19 2026] GET /v2/schemas/image => generated 6083 bytes in 12 msecs (HTTP/1.1 200) 4 headers in 158 bytes (1 switches on core 0)
May 18 08:52:19.619735 np0000000915 devstack@g-api.service[101592]: DEBUG glance.location [None req-41ff5ac8-6d8f-42a0-9d93-f0d7533062ee tempest-ServerStableDeviceRescueTest-1472387053 tempest-ServerStableDeviceRescueTest-1472387053-project-member] Enabling in-flight format inspection for qcow2 {{(pid=101592) set_data /opt/stack/glance/glance/location.py:616}}
May 18 08:52:19.620210 np0000000915 devstack@g-api.service[101592]: DEBUG glance_store.backend [None req-41ff5ac8-6d8f-42a0-9d93-f0d7533062ee tempest-ServerStableDeviceRescueTest-1472387053 tempest-ServerStableDeviceRescueTest-1472387053-project-member] Attempting to import store swift {{(pid=101592) _load_store /opt/stack/data/venv/lib/python3.12/site-packages/glance_store/backend.py:215}}
May 18 08:52:19.622136 np0000000915 devstack@g-api.service[101592]: DEBUG glance_store.capabilities [None req-41ff5ac8-6d8f-42a0-9d93-f0d7533062ee tempest-ServerStableDeviceRescueTest-1472387053 tempest-ServerStableDeviceRescueTest-1472387053-project-member] Store glance_store._drivers.swift.store.SingleTenantStore doesn't support updating dynamic storage capabilities. Please overwrite 'update_capabilities' method of the store to implement updating logics if needed. {{(pid=101592) update_capabilities /opt/stack/data/venv/lib/python3.12/site-packages/glance_store/capabilities.py:91}}
May 18 08:52:19.622392 np0000000915 devstack@g-api.service[101592]: DEBUG glance_store.driver [None req-41ff5ac8-6d8f-42a0-9d93-f0d7533062ee tempest-ServerStableDeviceRescueTest-1472387053 tempest-ServerStableDeviceRescueTest-1472387053-project-member] Late loading location class glance_store._drivers.swift.store.StoreLocation {{(pid=101592) get_store_location_class /opt/stack/data/venv/lib/python3.12/site-packages/glance_store/driver.py:134}}
May 18 08:52:19.622392 np0000000915 devstack@g-api.service[101592]: DEBUG glance_store.location [None req-41ff5ac8-6d8f-42a0-9d93-f0d7533062ee tempest-ServerStableDeviceRescueTest-1472387053 tempest-ServerStableDeviceRescueTest-1472387053-project-member] Registering scheme swift+https with {'store': , 'location_class': , 'store_entry': 'swift'} {{(pid=101592) register_scheme_map /opt/stack/data/venv/lib/python3.12/site-packages/glance_store/location.py:146}}
May 18 08:52:19.622720 np0000000915 devstack@g-api.service[101592]: DEBUG glance_store.location [None req-41ff5ac8-6d8f-42a0-9d93-f0d7533062ee tempest-ServerStableDeviceRescueTest-1472387053 tempest-ServerStableDeviceRescueTest-1472387053-project-member] Registering scheme swift+https with {'store': , 'location_class': , 'store_entry': 'swift'} {{(pid=101592) register_scheme_map /opt/stack/data/venv/lib/python3.12/site-packages/glance_store/location.py:146}}
May 18 08:52:19.623040 np0000000915 devstack@g-api.service[101592]: DEBUG glance_store.location [None req-41ff5ac8-6d8f-42a0-9d93-f0d7533062ee tempest-ServerStableDeviceRescueTest-1472387053 tempest-ServerStableDeviceRescueTest-1472387053-project-member] Registering scheme swift with {'store': , 'location_class': , 'store_entry': 'swift'} {{(pid=101592) register_scheme_map /opt/stack/data/venv/lib/python3.12/site-packages/glance_store/location.py:146}}
May 18 08:52:19.623164 np0000000915 devstack@g-api.service[101592]: DEBUG glance_store.location [None req-41ff5ac8-6d8f-42a0-9d93-f0d7533062ee tempest-ServerStableDeviceRescueTest-1472387053 tempest-ServerStableDeviceRescueTest-1472387053-project-member] Registering scheme swift+https with {'store': , 'location_class': , 'store_entry': 'swift'} {{(pid=101592) register_scheme_map /opt/stack/data/venv/lib/python3.12/site-packages/glance_store/location.py:146}}
May 18 08:52:19.623256 np0000000915 devstack@g-api.service[101592]: DEBUG glance_store.location [None req-41ff5ac8-6d8f-42a0-9d93-f0d7533062ee tempest-ServerStableDeviceRescueTest-1472387053 tempest-ServerStableDeviceRescueTest-1472387053-project-member] Registering scheme swift with {'store': , 'location_class': , 'store_entry': 'swift'} {{(pid=101592) register_scheme_map /opt/stack/data/venv/lib/python3.12/site-packages/glance_store/location.py:146}}
May 18 08:52:19.623429 np0000000915 devstack@g-api.service[101592]: DEBUG glance_store.location [None req-41ff5ac8-6d8f-42a0-9d93-f0d7533062ee tempest-ServerStableDeviceRescueTest-1472387053 tempest-ServerStableDeviceRescueTest-1472387053-project-member] Registering scheme swift+http with {'store': , 'location_class': , 'store_entry': 'swift'} {{(pid=101592) register_scheme_map /opt/stack/data/venv/lib/python3.12/site-packages/glance_store/location.py:146}}
May 18 08:52:19.623429 np0000000915 devstack@g-api.service[101592]: DEBUG glance_store.location [None req-41ff5ac8-6d8f-42a0-9d93-f0d7533062ee tempest-ServerStableDeviceRescueTest-1472387053 tempest-ServerStableDeviceRescueTest-1472387053-project-member] Registering scheme swift+https with {'store': , 'location_class': , 'store_entry': 'swift'} {{(pid=101592) register_scheme_map /opt/stack/data/venv/lib/python3.12/site-packages/glance_store/location.py:146}}
May 18 08:52:19.623652 np0000000915 devstack@g-api.service[101592]: DEBUG glance_store.location [None req-41ff5ac8-6d8f-42a0-9d93-f0d7533062ee tempest-ServerStableDeviceRescueTest-1472387053 tempest-ServerStableDeviceRescueTest-1472387053-project-member] Registering scheme swift with {'store': , 'location_class': , 'store_entry': 'swift'} {{(pid=101592) register_scheme_map /opt/stack/data/venv/lib/python3.12/site-packages/glance_store/location.py:146}}
May 18 08:52:19.623725 np0000000915 devstack@g-api.service[101592]: DEBUG glance_store.location [None req-41ff5ac8-6d8f-42a0-9d93-f0d7533062ee tempest-ServerStableDeviceRescueTest-1472387053 tempest-ServerStableDeviceRescueTest-1472387053-project-member] Registering scheme swift+http with {'store': , 'location_class': , 'store_entry': 'swift'} {{(pid=101592) register_scheme_map /opt/stack/data/venv/lib/python3.12/site-packages/glance_store/location.py:146}}
May 18 08:52:19.623795 np0000000915 devstack@g-api.service[101592]: DEBUG glance_store.location [None req-41ff5ac8-6d8f-42a0-9d93-f0d7533062ee tempest-ServerStableDeviceRescueTest-1472387053 tempest-ServerStableDeviceRescueTest-1472387053-project-member] Registering scheme swift+config with {'store': , 'location_class': , 'store_entry': 'swift'} {{(pid=101592) register_scheme_map /opt/stack/data/venv/lib/python3.12/site-packages/glance_store/location.py:146}}
May 18 08:52:19.742085 np0000000915 devstack@g-api.service[101592]: DEBUG swiftclient [None req-41ff5ac8-6d8f-42a0-9d93-f0d7533062ee tempest-ServerStableDeviceRescueTest-1472387053 tempest-ServerStableDeviceRescueTest-1472387053-project-member] REQ: curl -i https://10.4.3.81:8080/v1/AUTH_0caaa6c946de4a9283524cf616fdbdf6/glance -I -H "X-Auth-Token: gAAAAABqCtND5G2X..." {{(pid=101592) http_log /opt/stack/data/venv/lib/python3.12/site-packages/swiftclient/client.py:160}}
May 18 08:52:19.742085 np0000000915 devstack@g-api.service[101592]: DEBUG swiftclient [None req-41ff5ac8-6d8f-42a0-9d93-f0d7533062ee tempest-ServerStableDeviceRescueTest-1472387053 tempest-ServerStableDeviceRescueTest-1472387053-project-member] RESP STATUS: 204 No Content {{(pid=101592) http_log /opt/stack/data/venv/lib/python3.12/site-packages/swiftclient/client.py:161}}
May 18 08:52:19.742272 np0000000915 devstack@g-api.service[101592]: DEBUG swiftclient [None req-41ff5ac8-6d8f-42a0-9d93-f0d7533062ee tempest-ServerStableDeviceRescueTest-1472387053 tempest-ServerStableDeviceRescueTest-1472387053-project-member] RESP HEADERS: {'Date': 'Mon, 18 May 2026 08:52:19 GMT', 'Server': 'Apache/2.4.58 (Ubuntu)', 'Content-Type': 'text/plain; charset=utf-8', 'X-Container-Object-Count': '7', 'X-Container-Bytes-Used': '109576192', 'X-Timestamp': '1779093981.67768', 'Last-Modified': 'Mon, 18 May 2026 08:46:22 GMT', 'Accept-Ranges': 'bytes', 'X-Storage-Policy': 'Policy-0', 'X-Container-Sharding': 'False', 'Vary': 'Accept', 'X-Trans-Id': 'txcffc92d5ae244275af514-006a0ad343', 'X-Openstack-Request-Id': 'txcffc92d5ae244275af514-006a0ad343', 'Connection': 'close'} {{(pid=101592) http_log /opt/stack/data/venv/lib/python3.12/site-packages/swiftclient/client.py:162}}
May 18 08:52:19.742365 np0000000915 devstack@g-api.service[101592]: DEBUG glance_store._drivers.swift.store [None req-41ff5ac8-6d8f-42a0-9d93-f0d7533062ee tempest-ServerStableDeviceRescueTest-1472387053 tempest-ServerStableDeviceRescueTest-1472387053-project-member] Adding image object 'e77014e9-90e6-45dc-94f5-31f617e3708e' to Swift {{(pid=101592) add /opt/stack/data/venv/lib/python3.12/site-packages/glance_store/_drivers/swift/store.py:978}}
May 18 08:52:19.742427 np0000000915 devstack@g-api.service[101592]: DEBUG glance_store._drivers.swift.store [None req-41ff5ac8-6d8f-42a0-9d93-f0d7533062ee tempest-ServerStableDeviceRescueTest-1472387053 tempest-ServerStableDeviceRescueTest-1472387053-project-member] Cannot determine image size because it is either not provided in the request or chunked-transfer encoding is used. Adding image as a segmented object to Swift. {{(pid=101592) add /opt/stack/data/venv/lib/python3.12/site-packages/glance_store/_drivers/swift/store.py:1002}}
May 18 08:52:19.750030 np0000000915 devstack@g-api.service[101592]: DEBUG oslo_utils.imageutils.format_inspector [None req-41ff5ac8-6d8f-42a0-9d93-f0d7533062ee tempest-ServerStableDeviceRescueTest-1472387053 tempest-ServerStableDeviceRescueTest-1472387053-project-member] Format inspector for vmdk does not match, excluding from consideration (Signature KDMV not found: b'QFI\xfb') {{(pid=101592) _process_chunk /opt/stack/data/venv/lib/python3.12/site-packages/oslo_utils/imageutils/format_inspector.py:1538}}
May 18 08:52:19.754830 np0000000915 devstack@g-api.service[101592]: DEBUG oslo_utils.imageutils.format_inspector [None req-41ff5ac8-6d8f-42a0-9d93-f0d7533062ee tempest-ServerStableDeviceRescueTest-1472387053 tempest-ServerStableDeviceRescueTest-1472387053-project-member] Format inspector for vhdx does not match, excluding from consideration (Region signature not found at 30000) {{(pid=101592) _process_chunk /opt/stack/data/venv/lib/python3.12/site-packages/oslo_utils/imageutils/format_inspector.py:1538}}
May 18 08:52:20.327677 np0000000915 devstack@g-api.service[101593]: DEBUG glance.api.middleware.version_negotiation [None req-d88ba91e-b9aa-43c3-a3a7-05ee576dbb47 tempest-ServerStableDeviceRescueTest-1472387053 tempest-ServerStableDeviceRescueTest-1472387053-project-member] Determining version of request: GET /v2/images/e77014e9-90e6-45dc-94f5-31f617e3708e Accept: */* {{(pid=101593) process_request /opt/stack/glance/glance/api/middleware/version_negotiation.py:44}}
May 18 08:52:20.327996 np0000000915 devstack@g-api.service[101593]: DEBUG glance.api.middleware.version_negotiation [None req-d88ba91e-b9aa-43c3-a3a7-05ee576dbb47 tempest-ServerStableDeviceRescueTest-1472387053 tempest-ServerStableDeviceRescueTest-1472387053-project-member] Using url versioning {{(pid=101593) process_request /opt/stack/glance/glance/api/middleware/version_negotiation.py:57}}
May 18 08:52:20.327996 np0000000915 devstack@g-api.service[101593]: DEBUG glance.api.middleware.version_negotiation [None req-d88ba91e-b9aa-43c3-a3a7-05ee576dbb47 tempest-ServerStableDeviceRescueTest-1472387053 tempest-ServerStableDeviceRescueTest-1472387053-project-member] Matched version: v2 {{(pid=101593) process_request /opt/stack/glance/glance/api/middleware/version_negotiation.py:69}}
May 18 08:52:20.328332 np0000000915 devstack@g-api.service[101593]: DEBUG glance.api.middleware.version_negotiation [None req-d88ba91e-b9aa-43c3-a3a7-05ee576dbb47 tempest-ServerStableDeviceRescueTest-1472387053 tempest-ServerStableDeviceRescueTest-1472387053-project-member] new path /v2/images/e77014e9-90e6-45dc-94f5-31f617e3708e {{(pid=101593) process_request /opt/stack/glance/glance/api/middleware/version_negotiation.py:70}}
May 18 08:52:20.329890 np0000000915 devstack@g-api.service[101592]: DEBUG swiftclient [None req-41ff5ac8-6d8f-42a0-9d93-f0d7533062ee tempest-ServerStableDeviceRescueTest-1472387053 tempest-ServerStableDeviceRescueTest-1472387053-project-member] REQ: curl -i https://10.4.3.81:8080/v1/AUTH_0caaa6c946de4a9283524cf616fdbdf6/glance/e77014e9-90e6-45dc-94f5-31f617e3708e-00001 -X PUT -H "X-Auth-Token: gAAAAABqCtND5G2X..." {{(pid=101592) http_log /opt/stack/data/venv/lib/python3.12/site-packages/swiftclient/client.py:160}}
May 18 08:52:20.329890 np0000000915 devstack@g-api.service[101592]: DEBUG swiftclient [None req-41ff5ac8-6d8f-42a0-9d93-f0d7533062ee tempest-ServerStableDeviceRescueTest-1472387053 tempest-ServerStableDeviceRescueTest-1472387053-project-member] RESP STATUS: 201 Created {{(pid=101592) http_log /opt/stack/data/venv/lib/python3.12/site-packages/swiftclient/client.py:161}}
May 18 08:52:20.329990 np0000000915 devstack@g-api.service[101592]: DEBUG swiftclient [None req-41ff5ac8-6d8f-42a0-9d93-f0d7533062ee tempest-ServerStableDeviceRescueTest-1472387053 tempest-ServerStableDeviceRescueTest-1472387053-project-member] RESP HEADERS: {'Date': 'Mon, 18 May 2026 08:52:20 GMT', 'Server': 'Apache/2.4.58 (Ubuntu)', 'Content-Type': 'text/html; charset=UTF-8', 'Content-Length': '0', 'Etag': 'bfff3b8011ea254dcb66a3ff0981bb81', 'Last-Modified': 'Mon, 18 May 2026 08:52:20 GMT', 'X-Trans-Id': 'tx2dcdaaa2d8bc43f48ef09-006a0ad343', 'X-Openstack-Request-Id': 'tx2dcdaaa2d8bc43f48ef09-006a0ad343', 'Connection': 'close'} {{(pid=101592) http_log /opt/stack/data/venv/lib/python3.12/site-packages/swiftclient/client.py:162}}
May 18 08:52:20.330618 np0000000915 devstack@g-api.service[101592]: DEBUG glance_store._drivers.swift.store [None req-41ff5ac8-6d8f-42a0-9d93-f0d7533062ee tempest-ServerStableDeviceRescueTest-1472387053 tempest-ServerStableDeviceRescueTest-1472387053-project-member] Wrote chunk e77014e9-90e6-45dc-94f5-31f617e3708e-00001 (1/?) of length 53608448 to Swift returning MD5 of content: bfff3b8011ea254dcb66a3ff0981bb81 {{(pid=101592) add /opt/stack/data/venv/lib/python3.12/site-packages/glance_store/_drivers/swift/store.py:1067}}
May 18 08:52:20.330618 np0000000915 devstack@g-api.service[101592]: DEBUG glance_store._drivers.swift.store [None req-41ff5ac8-6d8f-42a0-9d93-f0d7533062ee tempest-ServerStableDeviceRescueTest-1472387053 tempest-ServerStableDeviceRescueTest-1472387053-project-member] Not writing zero-length chunk. {{(pid=101592) add /opt/stack/data/venv/lib/python3.12/site-packages/glance_store/_drivers/swift/store.py:1036}}
May 18 08:52:20.344381 np0000000915 devstack@g-api.service[101593]: [pid: 101593|app: 0|req: 67/206] 127.0.0.1 () {44 vars in 1111 bytes} [Mon May 18 08:52:20 2026] GET /v2/images/e77014e9-90e6-45dc-94f5-31f617e3708e => generated 1446 bytes in 17 msecs (HTTP/1.1 200) 4 headers in 158 bytes (1 switches on core 0)
May 18 08:52:20.364264 np0000000915 devstack@g-api.service[101592]: DEBUG swiftclient [None req-41ff5ac8-6d8f-42a0-9d93-f0d7533062ee tempest-ServerStableDeviceRescueTest-1472387053 tempest-ServerStableDeviceRescueTest-1472387053-project-member] REQ: curl -i https://10.4.3.81:8080/v1/AUTH_0caaa6c946de4a9283524cf616fdbdf6/glance/e77014e9-90e6-45dc-94f5-31f617e3708e -X PUT -H "X-Object-Manifest: glance/e77014e9-90e6-45dc-94f5-31f617e3708e-" -H "X-Auth-Token: gAAAAABqCtND5G2X..." -H "Content-Length: 0" {{(pid=101592) http_log /opt/stack/data/venv/lib/python3.12/site-packages/swiftclient/client.py:160}}
May 18 08:52:20.364424 np0000000915 devstack@g-api.service[101592]: DEBUG swiftclient [None req-41ff5ac8-6d8f-42a0-9d93-f0d7533062ee tempest-ServerStableDeviceRescueTest-1472387053 tempest-ServerStableDeviceRescueTest-1472387053-project-member] RESP STATUS: 201 Created {{(pid=101592) http_log /opt/stack/data/venv/lib/python3.12/site-packages/swiftclient/client.py:161}}
May 18 08:52:20.364669 np0000000915 devstack@g-api.service[101592]: DEBUG swiftclient [None req-41ff5ac8-6d8f-42a0-9d93-f0d7533062ee tempest-ServerStableDeviceRescueTest-1472387053 tempest-ServerStableDeviceRescueTest-1472387053-project-member] RESP HEADERS: {'Date': 'Mon, 18 May 2026 08:52:20 GMT', 'Server': 'Apache/2.4.58 (Ubuntu)', 'Content-Type': 'text/html; charset=UTF-8', 'Content-Length': '0', 'Etag': 'd41d8cd98f00b204e9800998ecf8427e', 'Last-Modified': 'Mon, 18 May 2026 08:52:21 GMT', 'X-Trans-Id': 'tx6f2cdbaa8c26428b9004a-006a0ad344', 'X-Openstack-Request-Id': 'tx6f2cdbaa8c26428b9004a-006a0ad344', 'Connection': 'close'} {{(pid=101592) http_log /opt/stack/data/venv/lib/python3.12/site-packages/swiftclient/client.py:162}}
May 18 08:52:20.365218 np0000000915 devstack@g-api.service[101592]: INFO glance.location [None req-41ff5ac8-6d8f-42a0-9d93-f0d7533062ee tempest-ServerStableDeviceRescueTest-1472387053 tempest-ServerStableDeviceRescueTest-1472387053-project-member] Image format matched and virtual size computed: 1073741824
May 18 08:52:20.399198 np0000000915 devstack@g-api.service[101594]: DEBUG glance.api.middleware.version_negotiation [None req-d88ba91e-b9aa-43c3-a3a7-05ee576dbb47 tempest-ServerStableDeviceRescueTest-1472387053 tempest-ServerStableDeviceRescueTest-1472387053-project-member] Determining version of request: GET /v2/schemas/image Accept: */* {{(pid=101594) process_request /opt/stack/glance/glance/api/middleware/version_negotiation.py:44}}
May 18 08:52:20.399691 np0000000915 devstack@g-api.service[101594]: DEBUG glance.api.middleware.version_negotiation [None req-d88ba91e-b9aa-43c3-a3a7-05ee576dbb47 tempest-ServerStableDeviceRescueTest-1472387053 tempest-ServerStableDeviceRescueTest-1472387053-project-member] Using url versioning {{(pid=101594) process_request /opt/stack/glance/glance/api/middleware/version_negotiation.py:57}}
May 18 08:52:20.399691 np0000000915 devstack@g-api.service[101594]: DEBUG glance.api.middleware.version_negotiation [None req-d88ba91e-b9aa-43c3-a3a7-05ee576dbb47 tempest-ServerStableDeviceRescueTest-1472387053 tempest-ServerStableDeviceRescueTest-1472387053-project-member] Matched version: v2 {{(pid=101594) process_request /opt/stack/glance/glance/api/middleware/version_negotiation.py:69}}
May 18 08:52:20.400724 np0000000915 devstack@g-api.service[101594]: DEBUG glance.api.middleware.version_negotiation [None req-d88ba91e-b9aa-43c3-a3a7-05ee576dbb47 tempest-ServerStableDeviceRescueTest-1472387053 tempest-ServerStableDeviceRescueTest-1472387053-project-member] new path /v2/schemas/image {{(pid=101594) process_request /opt/stack/glance/glance/api/middleware/version_negotiation.py:70}}
May 18 08:52:20.410609 np0000000915 devstack@g-api.service[101594]: [pid: 101594|app: 0|req: 76/207] 127.0.0.1 () {44 vars in 1051 bytes} [Mon May 18 08:52:20 2026] GET /v2/schemas/image => generated 6083 bytes in 12 msecs (HTTP/1.1 200) 4 headers in 158 bytes (1 switches on core 0)
May 18 08:52:20.438060 np0000000915 devstack@g-api.service[101592]: DEBUG glance_store.backend [None req-41ff5ac8-6d8f-42a0-9d93-f0d7533062ee tempest-ServerStableDeviceRescueTest-1472387053 tempest-ServerStableDeviceRescueTest-1472387053-project-member] Attempting to import store swift {{(pid=101592) _load_store /opt/stack/data/venv/lib/python3.12/site-packages/glance_store/backend.py:215}}
May 18 08:52:20.439220 np0000000915 devstack@g-api.service[101592]: DEBUG glance_store.capabilities [None req-41ff5ac8-6d8f-42a0-9d93-f0d7533062ee tempest-ServerStableDeviceRescueTest-1472387053 tempest-ServerStableDeviceRescueTest-1472387053-project-member] Store glance_store._drivers.swift.store.SingleTenantStore doesn't support updating dynamic storage capabilities. Please overwrite 'update_capabilities' method of the store to implement updating logics if needed. {{(pid=101592) update_capabilities /opt/stack/data/venv/lib/python3.12/site-packages/glance_store/capabilities.py:91}}
May 18 08:52:20.439220 np0000000915 devstack@g-api.service[101592]: DEBUG glance_store.driver [None req-41ff5ac8-6d8f-42a0-9d93-f0d7533062ee tempest-ServerStableDeviceRescueTest-1472387053 tempest-ServerStableDeviceRescueTest-1472387053-project-member] Late loading location class glance_store._drivers.swift.store.StoreLocation {{(pid=101592) get_store_location_class /opt/stack/data/venv/lib/python3.12/site-packages/glance_store/driver.py:134}}
May 18 08:52:20.439383 np0000000915 devstack@g-api.service[101592]: DEBUG glance_store.location [None req-41ff5ac8-6d8f-42a0-9d93-f0d7533062ee tempest-ServerStableDeviceRescueTest-1472387053 tempest-ServerStableDeviceRescueTest-1472387053-project-member] Registering scheme swift+https with {'store': , 'location_class': , 'store_entry': 'swift'} {{(pid=101592) register_scheme_map /opt/stack/data/venv/lib/python3.12/site-packages/glance_store/location.py:146}}
May 18 08:52:20.439511 np0000000915 devstack@g-api.service[101592]: DEBUG glance_store.location [None req-41ff5ac8-6d8f-42a0-9d93-f0d7533062ee tempest-ServerStableDeviceRescueTest-1472387053 tempest-ServerStableDeviceRescueTest-1472387053-project-member] Registering scheme swift+https with {'store': , 'location_class': , 'store_entry': 'swift'} {{(pid=101592) register_scheme_map /opt/stack/data/venv/lib/python3.12/site-packages/glance_store/location.py:146}}
May 18 08:52:20.439670 np0000000915 devstack@g-api.service[101592]: DEBUG glance_store.location [None req-41ff5ac8-6d8f-42a0-9d93-f0d7533062ee tempest-ServerStableDeviceRescueTest-1472387053 tempest-ServerStableDeviceRescueTest-1472387053-project-member] Registering scheme swift with {'store': , 'location_class': , 'store_entry': 'swift'} {{(pid=101592) register_scheme_map /opt/stack/data/venv/lib/python3.12/site-packages/glance_store/location.py:146}}
May 18 08:52:20.439789 np0000000915 devstack@g-api.service[101592]: DEBUG glance_store.location [None req-41ff5ac8-6d8f-42a0-9d93-f0d7533062ee tempest-ServerStableDeviceRescueTest-1472387053 tempest-ServerStableDeviceRescueTest-1472387053-project-member] Registering scheme swift+https with {'store': , 'location_class': , 'store_entry': 'swift'} {{(pid=101592) register_scheme_map /opt/stack/data/venv/lib/python3.12/site-packages/glance_store/location.py:146}}
May 18 08:52:20.440168 np0000000915 devstack@g-api.service[101592]: DEBUG glance_store.location [None req-41ff5ac8-6d8f-42a0-9d93-f0d7533062ee tempest-ServerStableDeviceRescueTest-1472387053 tempest-ServerStableDeviceRescueTest-1472387053-project-member] Registering scheme swift with {'store': , 'location_class': , 'store_entry': 'swift'} {{(pid=101592) register_scheme_map /opt/stack/data/venv/lib/python3.12/site-packages/glance_store/location.py:146}}
