May 18 08:45:53.664558 np0000000915 nova-scheduler[95267]: DEBUG cotyledon.oslo_config_glue [-] oslo_limit.auth_section = None {{(pid=95267) log_opt_values /opt/stack/data/venv/lib/python3.12/site-packages/oslo_config/cfg.py:3006}}
May 18 08:45:53.664558 np0000000915 nova-scheduler[95267]: DEBUG cotyledon.oslo_config_glue [-] oslo_limit.auth_type = None {{(pid=95267) log_opt_values /opt/stack/data/venv/lib/python3.12/site-packages/oslo_config/cfg.py:3006}}
May 18 08:45:53.664558 np0000000915 nova-scheduler[95267]: DEBUG cotyledon.oslo_config_glue [-] oslo_limit.cafile = None {{(pid=95267) log_opt_values /opt/stack/data/venv/lib/python3.12/site-packages/oslo_config/cfg.py:3006}}
May 18 08:45:53.664735 np0000000915 nova-scheduler[95267]: DEBUG cotyledon.oslo_config_glue [-] oslo_limit.certfile = None {{(pid=95267) log_opt_values /opt/stack/data/venv/lib/python3.12/site-packages/oslo_config/cfg.py:3006}}
May 18 08:45:53.664735 np0000000915 nova-scheduler[95267]: DEBUG cotyledon.oslo_config_glue [-] oslo_limit.collect_timing = False {{(pid=95267) log_opt_values /opt/stack/data/venv/lib/python3.12/site-packages/oslo_config/cfg.py:3006}}
May 18 08:45:53.664735 np0000000915 nova-scheduler[95267]: DEBUG cotyledon.oslo_config_glue [-] oslo_limit.connect_retries = None {{(pid=95267) log_opt_values /opt/stack/data/venv/lib/python3.12/site-packages/oslo_config/cfg.py:3006}}
May 18 08:45:53.664735 np0000000915 nova-scheduler[95267]: DEBUG cotyledon.oslo_config_glue [-] oslo_limit.connect_retry_delay = None {{(pid=95267) log_opt_values /opt/stack/data/venv/lib/python3.12/site-packages/oslo_config/cfg.py:3006}}
May 18 08:45:53.664735 np0000000915 nova-scheduler[95267]: DEBUG cotyledon.oslo_config_glue [-] oslo_limit.endpoint_id = None {{(pid=95267) log_opt_values /opt/stack/data/venv/lib/python3.12/site-packages/oslo_config/cfg.py:3006}}
May 18 08:45:53.664735 np0000000915 nova-scheduler[95267]: DEBUG cotyledon.oslo_config_glue [-] oslo_limit.endpoint_interface = public {{(pid=95267) log_opt_values /opt/stack/data/venv/lib/python3.12/site-packages/oslo_config/cfg.py:3006}}
May 18 08:45:53.664735 np0000000915 nova-scheduler[95267]: DEBUG cotyledon.oslo_config_glue [-] oslo_limit.endpoint_override = None {{(pid=95267) log_opt_values /opt/stack/data/venv/lib/python3.12/site-packages/oslo_config/cfg.py:3006}}
May 18 08:45:53.664735 np0000000915 nova-scheduler[95267]: DEBUG cotyledon.oslo_config_glue [-] oslo_limit.endpoint_region_name = None {{(pid=95267) log_opt_values /opt/stack/data/venv/lib/python3.12/site-packages/oslo_config/cfg.py:3006}}
May 18 08:45:53.664735 np0000000915 nova-scheduler[95267]: DEBUG cotyledon.oslo_config_glue [-] oslo_limit.endpoint_service_name = None {{(pid=95267) log_opt_values /opt/stack/data/venv/lib/python3.12/site-packages/oslo_config/cfg.py:3006}}
May 18 08:45:53.664987 np0000000915 nova-scheduler[95267]: DEBUG cotyledon.oslo_config_glue [-] oslo_limit.endpoint_service_type = None {{(pid=95267) log_opt_values /opt/stack/data/venv/lib/python3.12/site-packages/oslo_config/cfg.py:3006}}
May 18 08:45:53.664987 np0000000915 nova-scheduler[95267]: DEBUG cotyledon.oslo_config_glue [-] oslo_limit.insecure = False {{(pid=95267) log_opt_values /opt/stack/data/venv/lib/python3.12/site-packages/oslo_config/cfg.py:3006}}
May 18 08:45:53.664987 np0000000915 nova-scheduler[95267]: DEBUG cotyledon.oslo_config_glue [-] oslo_limit.keyfile = None {{(pid=95267) log_opt_values /opt/stack/data/venv/lib/python3.12/site-packages/oslo_config/cfg.py:3006}}
May 18 08:45:53.664987 np0000000915 nova-scheduler[95267]: DEBUG cotyledon.oslo_config_glue [-] oslo_limit.max_version = None {{(pid=95267) log_opt_values /opt/stack/data/venv/lib/python3.12/site-packages/oslo_config/cfg.py:3006}}
May 18 08:45:53.664987 np0000000915 nova-scheduler[95267]: DEBUG cotyledon.oslo_config_glue [-] oslo_limit.min_version = None {{(pid=95267) log_opt_values /opt/stack/data/venv/lib/python3.12/site-packages/oslo_config/cfg.py:3006}}
May 18 08:45:53.664987 np0000000915 nova-scheduler[95267]: DEBUG cotyledon.oslo_config_glue [-] oslo_limit.region_name = None {{(pid=95267) log_opt_values /opt/stack/data/venv/lib/python3.12/site-packages/oslo_config/cfg.py:3006}}
May 18 08:45:53.664987 np0000000915 nova-scheduler[95267]: DEBUG cotyledon.oslo_config_glue [-] oslo_limit.retriable_status_codes = None {{(pid=95267) log_opt_values /opt/stack/data/venv/lib/python3.12/site-packages/oslo_config/cfg.py:3006}}
May 18 08:45:53.664987 np0000000915 nova-scheduler[95267]: DEBUG cotyledon.oslo_config_glue [-] oslo_limit.service_name = None {{(pid=95267) log_opt_values /opt/stack/data/venv/lib/python3.12/site-packages/oslo_config/cfg.py:3006}}
May 18 08:45:53.664987 np0000000915 nova-scheduler[95267]: DEBUG cotyledon.oslo_config_glue [-] oslo_limit.service_type = None {{(pid=95267) log_opt_values /opt/stack/data/venv/lib/python3.12/site-packages/oslo_config/cfg.py:3006}}
May 18 08:45:53.665177 np0000000915 nova-scheduler[95267]: DEBUG cotyledon.oslo_config_glue [-] oslo_limit.split_loggers = False {{(pid=95267) log_opt_values /opt/stack/data/venv/lib/python3.12/site-packages/oslo_config/cfg.py:3006}}
May 18 08:45:53.665177 np0000000915 nova-scheduler[95267]: DEBUG cotyledon.oslo_config_glue [-] oslo_limit.status_code_retries = None {{(pid=95267) log_opt_values /opt/stack/data/venv/lib/python3.12/site-packages/oslo_config/cfg.py:3006}}
May 18 08:45:53.665177 np0000000915 nova-scheduler[95267]: DEBUG cotyledon.oslo_config_glue [-] oslo_limit.status_code_retry_delay = None {{(pid=95267) log_opt_values /opt/stack/data/venv/lib/python3.12/site-packages/oslo_config/cfg.py:3006}}
May 18 08:45:53.665177 np0000000915 nova-scheduler[95267]: DEBUG cotyledon.oslo_config_glue [-] oslo_limit.timeout = None {{(pid=95267) log_opt_values /opt/stack/data/venv/lib/python3.12/site-packages/oslo_config/cfg.py:3006}}
May 18 08:45:53.665177 np0000000915 nova-scheduler[95267]: DEBUG cotyledon.oslo_config_glue [-] oslo_limit.valid_interfaces = None {{(pid=95267) log_opt_values /opt/stack/data/venv/lib/python3.12/site-packages/oslo_config/cfg.py:3006}}
May 18 08:45:53.665177 np0000000915 nova-scheduler[95267]: DEBUG cotyledon.oslo_config_glue [-] oslo_limit.version = None {{(pid=95267) log_opt_values /opt/stack/data/venv/lib/python3.12/site-packages/oslo_config/cfg.py:3006}}
May 18 08:45:53.665177 np0000000915 nova-scheduler[95267]: DEBUG cotyledon.oslo_config_glue [-] oslo_reports.file_event_handler = None {{(pid=95267) log_opt_values /opt/stack/data/venv/lib/python3.12/site-packages/oslo_config/cfg.py:3006}}
May 18 08:45:53.665177 np0000000915 nova-scheduler[95267]: DEBUG cotyledon.oslo_config_glue [-] oslo_reports.file_event_handler_interval = 1 {{(pid=95267) log_opt_values /opt/stack/data/venv/lib/python3.12/site-packages/oslo_config/cfg.py:3006}}
May 18 08:45:53.665177 np0000000915 nova-scheduler[95267]: DEBUG cotyledon.oslo_config_glue [-] oslo_reports.log_dir = None {{(pid=95267) log_opt_values /opt/stack/data/venv/lib/python3.12/site-packages/oslo_config/cfg.py:3006}}
May 18 08:45:53.665345 np0000000915 nova-scheduler[95267]: DEBUG cotyledon.oslo_config_glue [-] ******************************************************************************** {{(pid=95267) log_opt_values /opt/stack/data/venv/lib/python3.12/site-packages/oslo_config/cfg.py:3013}}
May 18 08:45:53.665345 np0000000915 nova-scheduler[95267]: DEBUG cotyledon._service_worker [-] Run service ServiceWrapper(1) [95267] {{(pid=95267) wait_forever /opt/stack/data/venv/lib/python3.12/site-packages/cotyledon/_service_worker.py:218}}
May 18 08:45:53.665386 np0000000915 nova-scheduler[95269]: INFO dbcounter [None req-86d7545f-9b1f-486c-9fed-8f54ddeb828b None None] Registered counter for database nova_cell0
May 18 08:45:53.665412 np0000000915 nova-scheduler[95267]: INFO nova.service [-] Starting scheduler node (version 33.1.0)
May 18 08:45:53.665412 np0000000915 nova-scheduler[95267]: INFO dbcounter [None req-9d0cb708-46da-4471-b23c-e3cf8fc800b4 None None] Registered counter for database nova_cell0
May 18 08:45:53.665465 np0000000915 nova-scheduler[95263]: DEBUG oslo_db.sqlalchemy.engines [None req-8f8798d1-dead-4b7c-baa2-e4249571ef40 None None] MySQL server mode set to STRICT_TRANS_TABLES,STRICT_ALL_TABLES,NO_ZERO_IN_DATE,NO_ZERO_DATE,ERROR_FOR_DIVISION_BY_ZERO,TRADITIONAL,NO_ENGINE_SUBSTITUTION {{(pid=95263) _check_effective_sql_mode /opt/stack/data/venv/lib/python3.12/site-packages/oslo_db/sqlalchemy/engines.py:325}}
May 18 08:45:53.665493 np0000000915 nova-scheduler[95269]: DEBUG oslo_db.sqlalchemy.engines [None req-86d7545f-9b1f-486c-9fed-8f54ddeb828b None None] MySQL server mode set to STRICT_TRANS_TABLES,STRICT_ALL_TABLES,NO_ZERO_IN_DATE,NO_ZERO_DATE,ERROR_FOR_DIVISION_BY_ZERO,TRADITIONAL,NO_ENGINE_SUBSTITUTION {{(pid=95269) _check_effective_sql_mode /opt/stack/data/venv/lib/python3.12/site-packages/oslo_db/sqlalchemy/engines.py:325}}
May 18 08:45:53.665541 np0000000915 nova-scheduler[95267]: DEBUG oslo_db.sqlalchemy.engines [None req-9d0cb708-46da-4471-b23c-e3cf8fc800b4 None None] MySQL server mode set to STRICT_TRANS_TABLES,STRICT_ALL_TABLES,NO_ZERO_IN_DATE,NO_ZERO_DATE,ERROR_FOR_DIVISION_BY_ZERO,TRADITIONAL,NO_ENGINE_SUBSTITUTION {{(pid=95267) _check_effective_sql_mode /opt/stack/data/venv/lib/python3.12/site-packages/oslo_db/sqlalchemy/engines.py:325}}
May 18 08:45:53.670976 np0000000915 nova-scheduler[95263]: DEBUG dbcounter [-] [95263] Writer thread running {{(pid=95263) stat_writer /opt/stack/data/venv/lib/python3.12/site-packages/dbcounter.py:102}}
May 18 08:45:53.671424 np0000000915 nova-scheduler[95269]: DEBUG dbcounter [-] [95269] Writer thread running {{(pid=95269) stat_writer /opt/stack/data/venv/lib/python3.12/site-packages/dbcounter.py:102}}
May 18 08:45:53.674105 np0000000915 nova-scheduler[95267]: DEBUG dbcounter [-] [95267] Writer thread running {{(pid=95267) stat_writer /opt/stack/data/venv/lib/python3.12/site-packages/dbcounter.py:102}}
May 18 08:45:53.689217 np0000000915 nova-scheduler[95269]: DEBUG nova.service [None req-86d7545f-9b1f-486c-9fed-8f54ddeb828b None None] Creating RPC server for service: nova-scheduler on topic: scheduler {{(pid=95269) start /opt/stack/nova/nova/service.py:195}}
May 18 08:45:53.693710 np0000000915 nova-scheduler[95267]: DEBUG nova.service [None req-9d0cb708-46da-4471-b23c-e3cf8fc800b4 None None] Creating RPC server for service: nova-scheduler on topic: scheduler {{(pid=95267) start /opt/stack/nova/nova/service.py:195}}
May 18 08:45:53.693811 np0000000915 nova-scheduler[95263]: DEBUG nova.service [None req-8f8798d1-dead-4b7c-baa2-e4249571ef40 None None] Creating RPC server for service: nova-scheduler on topic: scheduler {{(pid=95263) start /opt/stack/nova/nova/service.py:195}}
May 18 08:45:53.716750 np0000000915 nova-scheduler[95263]: DEBUG nova.service [None req-8f8798d1-dead-4b7c-baa2-e4249571ef40 None None] Join ServiceGroup membership for this service scheduler {{(pid=95263) start /opt/stack/nova/nova/service.py:221}}
May 18 08:45:53.716843 np0000000915 nova-scheduler[95263]: DEBUG nova.servicegroup.drivers.db [None req-8f8798d1-dead-4b7c-baa2-e4249571ef40 None None] DB_Driver: join new ServiceGroup member np0000000915 to the scheduler group, service = {{(pid=95263) join /opt/stack/nova/nova/servicegroup/drivers/db.py:44}}
May 18 08:45:53.718130 np0000000915 nova-scheduler[95263]: DEBUG oslo.service.backend._threading.loopingcall [None req-663c145e-cda1-4320-927c-afb777b1e1e9 None None] Dynamic interval looping call 'nova.service.Service.periodic_tasks' sleeping for 60.00 seconds {{(pid=95263) _run_loop /opt/stack/data/venv/lib/python3.12/site-packages/oslo_service/backend/_threading/loopingcall.py:125}}
May 18 08:45:53.727030 np0000000915 nova-scheduler[95269]: DEBUG nova.service [None req-86d7545f-9b1f-486c-9fed-8f54ddeb828b None None] Join ServiceGroup membership for this service scheduler {{(pid=95269) start /opt/stack/nova/nova/service.py:221}}
May 18 08:45:53.727851 np0000000915 nova-scheduler[95267]: DEBUG nova.service [None req-9d0cb708-46da-4471-b23c-e3cf8fc800b4 None None] Join ServiceGroup membership for this service scheduler {{(pid=95267) start /opt/stack/nova/nova/service.py:221}}
May 18 08:45:53.727912 np0000000915 nova-scheduler[95269]: DEBUG nova.servicegroup.drivers.db [None req-86d7545f-9b1f-486c-9fed-8f54ddeb828b None None] DB_Driver: join new ServiceGroup member np0000000915 to the scheduler group, service = {{(pid=95269) join /opt/stack/nova/nova/servicegroup/drivers/db.py:44}}
May 18 08:45:53.727946 np0000000915 nova-scheduler[95267]: DEBUG nova.servicegroup.drivers.db [None req-9d0cb708-46da-4471-b23c-e3cf8fc800b4 None None] DB_Driver: join new ServiceGroup member np0000000915 to the scheduler group, service = {{(pid=95267) join /opt/stack/nova/nova/servicegroup/drivers/db.py:44}}
May 18 08:45:58.730355 np0000000915 nova-scheduler[95263]: DEBUG oslo.service.backend._threading.loopingcall [-] Fixed interval looping call 'nova.servicegroup.drivers.db.DbDriver._report_state' sleeping for 119.99 seconds {{(pid=95263) _run_loop /opt/stack/data/venv/lib/python3.12/site-packages/oslo_service/backend/_threading/loopingcall.py:125}}
May 18 08:45:58.734445 np0000000915 nova-scheduler[95269]: DEBUG oslo.service.backend._threading.loopingcall [-] Fixed interval looping call 'nova.servicegroup.drivers.db.DbDriver._report_state' sleeping for 119.99 seconds {{(pid=95269) _run_loop /opt/stack/data/venv/lib/python3.12/site-packages/oslo_service/backend/_threading/loopingcall.py:125}}
May 18 08:45:58.734829 np0000000915 nova-scheduler[95267]: DEBUG oslo.service.backend._threading.loopingcall [-] Fixed interval looping call 'nova.servicegroup.drivers.db.DbDriver._report_state' sleeping for 119.99 seconds {{(pid=95267) _run_loop /opt/stack/data/venv/lib/python3.12/site-packages/oslo_service/backend/_threading/loopingcall.py:125}}
May 18 08:46:02.331720 np0000000915 nova-scheduler[94055]: DEBUG dbcounter [-] [94055] Writing DB stats nova_api:SELECT=3 {{(pid=94055) stat_writer /opt/stack/data/venv/lib/python3.12/site-packages/dbcounter.py:115}}
May 18 08:46:02.447233 np0000000915 nova-scheduler[94055]: DEBUG dbcounter [-] [94055] Writing DB stats nova_cell0:SELECT=1 {{(pid=94055) stat_writer /opt/stack/data/venv/lib/python3.12/site-packages/dbcounter.py:115}}
May 18 08:46:02.451793 np0000000915 nova-scheduler[94055]: DEBUG dbcounter [-] [94055] Writing DB stats nova_cell1:SELECT=1 {{(pid=94055) stat_writer /opt/stack/data/venv/lib/python3.12/site-packages/dbcounter.py:115}}
May 18 08:46:08.725008 np0000000915 nova-scheduler[95263]: DEBUG dbcounter [-] [95263] Writing DB stats nova_cell0:SELECT=5,nova_cell0:INSERT=1,nova_cell0:UPDATE=1 {{(pid=95263) stat_writer /opt/stack/data/venv/lib/python3.12/site-packages/dbcounter.py:115}}
May 18 08:46:08.732960 np0000000915 nova-scheduler[95269]: DEBUG dbcounter [-] [95269] Writing DB stats nova_cell0:SELECT=4,nova_cell0:INSERT=1 {{(pid=95269) stat_writer /opt/stack/data/venv/lib/python3.12/site-packages/dbcounter.py:115}}
May 18 08:46:08.733336 np0000000915 nova-scheduler[95267]: DEBUG dbcounter [-] [95267] Writing DB stats nova_cell0:SELECT=5,nova_cell0:INSERT=1 {{(pid=95267) stat_writer /opt/stack/data/venv/lib/python3.12/site-packages/dbcounter.py:115}}
May 18 08:46:17.729425 np0000000915 nova-scheduler[95269]: DEBUG oslo.service.backend._threading.loopingcall [None req-846858c4-bd38-4733-9ae9-ad0c06c58d6d None None] Dynamic interval looping call 'nova.service.Service.periodic_tasks' sleeping for 60.00 seconds {{(pid=95269) _run_loop /opt/stack/data/venv/lib/python3.12/site-packages/oslo_service/backend/_threading/loopingcall.py:125}}
May 18 08:46:40.729004 np0000000915 nova-scheduler[95267]: DEBUG oslo.service.backend._threading.loopingcall [None req-373a3a1a-6b9f-4eb0-9c27-59a08fdb856e None None] Dynamic interval looping call 'nova.service.Service.periodic_tasks' sleeping for 60.00 seconds {{(pid=95267) _run_loop /opt/stack/data/venv/lib/python3.12/site-packages/oslo_service/backend/_threading/loopingcall.py:125}}
May 18 08:46:53.718739 np0000000915 nova-scheduler[95263]: DEBUG oslo.service.backend._threading.loopingcall [None req-663c145e-cda1-4320-927c-afb777b1e1e9 None None] Dynamic interval looping call 'nova.service.Service.periodic_tasks' sleeping for 60.00 seconds {{(pid=95263) _run_loop /opt/stack/data/venv/lib/python3.12/site-packages/oslo_service/backend/_threading/loopingcall.py:125}}
May 18 08:47:17.729926 np0000000915 nova-scheduler[95269]: DEBUG oslo.service.backend._threading.loopingcall [None req-846858c4-bd38-4733-9ae9-ad0c06c58d6d None None] Dynamic interval looping call 'nova.service.Service.periodic_tasks' sleeping for 60.00 seconds {{(pid=95269) _run_loop /opt/stack/data/venv/lib/python3.12/site-packages/oslo_service/backend/_threading/loopingcall.py:125}}
May 18 08:47:40.729433 np0000000915 nova-scheduler[95267]: DEBUG oslo.service.backend._threading.loopingcall [None req-373a3a1a-6b9f-4eb0-9c27-59a08fdb856e None None] Dynamic interval looping call 'nova.service.Service.periodic_tasks' sleeping for 60.00 seconds {{(pid=95267) _run_loop /opt/stack/data/venv/lib/python3.12/site-packages/oslo_service/backend/_threading/loopingcall.py:125}}
May 18 08:47:53.719159 np0000000915 nova-scheduler[95263]: DEBUG oslo.service.backend._threading.loopingcall [None req-663c145e-cda1-4320-927c-afb777b1e1e9 None None] Dynamic interval looping call 'nova.service.Service.periodic_tasks' sleeping for 60.00 seconds {{(pid=95263) _run_loop /opt/stack/data/venv/lib/python3.12/site-packages/oslo_service/backend/_threading/loopingcall.py:125}}
May 18 08:47:58.730419 np0000000915 nova-scheduler[95263]: DEBUG oslo.service.backend._threading.loopingcall [-] Fixed interval looping call 'nova.servicegroup.drivers.db.DbDriver._report_state' sleeping for 119.99 seconds {{(pid=95263) _run_loop /opt/stack/data/venv/lib/python3.12/site-packages/oslo_service/backend/_threading/loopingcall.py:125}}
May 18 08:47:58.730896 np0000000915 nova-scheduler[95267]: DEBUG oslo.service.backend._threading.loopingcall [-] Fixed interval looping call 'nova.servicegroup.drivers.db.DbDriver._report_state' sleeping for 119.99 seconds {{(pid=95267) _run_loop /opt/stack/data/venv/lib/python3.12/site-packages/oslo_service/backend/_threading/loopingcall.py:125}}
May 18 08:47:58.731188 np0000000915 nova-scheduler[95269]: DEBUG oslo.service.backend._threading.loopingcall [-] Fixed interval looping call 'nova.servicegroup.drivers.db.DbDriver._report_state' sleeping for 119.99 seconds {{(pid=95269) _run_loop /opt/stack/data/venv/lib/python3.12/site-packages/oslo_service/backend/_threading/loopingcall.py:125}}
May 18 08:48:08.723672 np0000000915 nova-scheduler[95263]: DEBUG dbcounter [-] [95263] Writing DB stats nova_cell0:SELECT=1,nova_cell0:UPDATE=1 {{(pid=95263) stat_writer /opt/stack/data/venv/lib/python3.12/site-packages/dbcounter.py:115}}
May 18 08:48:08.729061 np0000000915 nova-scheduler[95269]: DEBUG dbcounter [-] [95269] Writing DB stats nova_cell0:SELECT=1,nova_cell0:UPDATE=1 {{(pid=95269) stat_writer /opt/stack/data/venv/lib/python3.12/site-packages/dbcounter.py:115}}
May 18 08:48:08.729414 np0000000915 nova-scheduler[95267]: DEBUG dbcounter [-] [95267] Writing DB stats nova_cell0:SELECT=1,nova_cell0:UPDATE=1 {{(pid=95267) stat_writer /opt/stack/data/venv/lib/python3.12/site-packages/dbcounter.py:115}}
May 18 08:48:17.730379 np0000000915 nova-scheduler[95269]: DEBUG oslo.service.backend._threading.loopingcall [None req-846858c4-bd38-4733-9ae9-ad0c06c58d6d None None] Dynamic interval looping call 'nova.service.Service.periodic_tasks' sleeping for 60.00 seconds {{(pid=95269) _run_loop /opt/stack/data/venv/lib/python3.12/site-packages/oslo_service/backend/_threading/loopingcall.py:125}}
May 18 08:48:29.750377 np0000000915 nova-scheduler[95263]: DEBUG nova.scheduler.manager [None req-469691e5-8d3f-404a-bc28-3aefde0f5bcf tempest-DeleteServersTestJSON-312077459 tempest-DeleteServersTestJSON-312077459-project-member] Starting to schedule for instances: ['a5aab889-a28d-4fc6-a073-e2dcea5769ac'] {{(pid=95263) select_destinations /opt/stack/nova/nova/scheduler/manager.py:210}}
May 18 08:48:29.750825 np0000000915 nova-scheduler[95263]: DEBUG nova.scheduler.request_filter [None req-469691e5-8d3f-404a-bc28-3aefde0f5bcf tempest-DeleteServersTestJSON-312077459 tempest-DeleteServersTestJSON-312077459-project-member] compute_status_filter request filter added forbidden trait COMPUTE_STATUS_DISABLED {{(pid=95263) compute_status_filter /opt/stack/nova/nova/scheduler/request_filter.py:253}}
May 18 08:48:29.750825 np0000000915 nova-scheduler[95263]: DEBUG nova.scheduler.request_filter [None req-469691e5-8d3f-404a-bc28-3aefde0f5bcf tempest-DeleteServersTestJSON-312077459 tempest-DeleteServersTestJSON-312077459-project-member] Request filter 'compute_status_filter' took 0.0 seconds {{(pid=95263) wrapper /opt/stack/nova/nova/scheduler/request_filter.py:46}}
May 18 08:48:29.751127 np0000000915 nova-scheduler[95263]: DEBUG nova.scheduler.request_filter [None req-469691e5-8d3f-404a-bc28-3aefde0f5bcf tempest-DeleteServersTestJSON-312077459 tempest-DeleteServersTestJSON-312077459-project-member] Request filter 'accelerators_filter' took 0.0 seconds {{(pid=95263) wrapper /opt/stack/nova/nova/scheduler/request_filter.py:46}}
May 18 08:48:29.751296 np0000000915 nova-scheduler[95263]: DEBUG nova.scheduler.request_filter [None req-469691e5-8d3f-404a-bc28-3aefde0f5bcf tempest-DeleteServersTestJSON-312077459 tempest-DeleteServersTestJSON-312077459-project-member] Request filter 'packed_virtqueue_filter' took 0.0 seconds {{(pid=95263) wrapper /opt/stack/nova/nova/scheduler/request_filter.py:46}}
May 18 08:48:29.752595 np0000000915 nova-scheduler[95263]: DEBUG nova.scheduler.request_filter [None req-469691e5-8d3f-404a-bc28-3aefde0f5bcf tempest-DeleteServersTestJSON-312077459 tempest-DeleteServersTestJSON-312077459-project-member] Request filter 'remote_managed_ports_filter' took 0.0 seconds {{(pid=95263) wrapper /opt/stack/nova/nova/scheduler/request_filter.py:46}}
May 18 08:48:29.752595 np0000000915 nova-scheduler[95263]: DEBUG nova.scheduler.request_filter [None req-469691e5-8d3f-404a-bc28-3aefde0f5bcf tempest-DeleteServersTestJSON-312077459 tempest-DeleteServersTestJSON-312077459-project-member] ephemeral_encryption_filter skipped {{(pid=95263) ephemeral_encryption_filter /opt/stack/nova/nova/scheduler/request_filter.py:426}}
May 18 08:48:29.752595 np0000000915 nova-scheduler[95263]: DEBUG nova.scheduler.request_filter [None req-469691e5-8d3f-404a-bc28-3aefde0f5bcf tempest-DeleteServersTestJSON-312077459 tempest-DeleteServersTestJSON-312077459-project-member] virtio_sound_filter skipped {{(pid=95263) virtio_sound_filter /opt/stack/nova/nova/scheduler/request_filter.py:460}}
May 18 08:48:29.752595 np0000000915 nova-scheduler[95263]: DEBUG nova.scheduler.request_filter [None req-469691e5-8d3f-404a-bc28-3aefde0f5bcf tempest-DeleteServersTestJSON-312077459 tempest-DeleteServersTestJSON-312077459-project-member] tpm_secret_security_filter skipped {{(pid=95263) tpm_secret_security_filter /opt/stack/nova/nova/scheduler/request_filter.py:477}}
May 18 08:48:30.331651 np0000000915 nova-scheduler[95263]: INFO nova.utils [None req-469691e5-8d3f-404a-bc28-3aefde0f5bcf tempest-DeleteServersTestJSON-312077459 tempest-DeleteServersTestJSON-312077459-project-member] The cell worker thread pool ForkProcess-1.cell_worker is initialized
May 18 08:48:30.332070 np0000000915 nova-scheduler[95263]: DEBUG oslo_concurrency.lockutils [None req-469691e5-8d3f-404a-bc28-3aefde0f5bcf tempest-DeleteServersTestJSON-312077459 tempest-DeleteServersTestJSON-312077459-project-member] Acquiring lock "47e20f33-d2a5-456b-a2a1-dab1a29d0176" by "nova.context.set_target_cell..get_or_set_cached_cell_and_set_connections" {{(pid=95263) inner /opt/stack/data/venv/lib/python3.12/site-packages/oslo_concurrency/lockutils.py:506}}
May 18 08:48:30.332324 np0000000915 nova-scheduler[95263]: DEBUG oslo_concurrency.lockutils [None req-469691e5-8d3f-404a-bc28-3aefde0f5bcf tempest-DeleteServersTestJSON-312077459 tempest-DeleteServersTestJSON-312077459-project-member] Lock "47e20f33-d2a5-456b-a2a1-dab1a29d0176" acquired by "nova.context.set_target_cell..get_or_set_cached_cell_and_set_connections" :: waited 0.000s {{(pid=95263) inner /opt/stack/data/venv/lib/python3.12/site-packages/oslo_concurrency/lockutils.py:519}}
May 18 08:48:30.334024 np0000000915 nova-scheduler[95263]: DEBUG oslo_concurrency.lockutils [None req-469691e5-8d3f-404a-bc28-3aefde0f5bcf tempest-DeleteServersTestJSON-312077459 tempest-DeleteServersTestJSON-312077459-project-member] Lock "47e20f33-d2a5-456b-a2a1-dab1a29d0176" "released" by "nova.context.set_target_cell..get_or_set_cached_cell_and_set_connections" :: held 0.002s {{(pid=95263) inner /opt/stack/data/venv/lib/python3.12/site-packages/oslo_concurrency/lockutils.py:538}}
May 18 08:48:30.336559 np0000000915 nova-scheduler[95263]: INFO dbcounter [None req-469691e5-8d3f-404a-bc28-3aefde0f5bcf tempest-DeleteServersTestJSON-312077459 tempest-DeleteServersTestJSON-312077459-project-member] Registered counter for database nova_cell1
May 18 08:48:30.345362 np0000000915 nova-scheduler[95263]: DEBUG oslo_db.sqlalchemy.engines [None req-469691e5-8d3f-404a-bc28-3aefde0f5bcf tempest-DeleteServersTestJSON-312077459 tempest-DeleteServersTestJSON-312077459-project-member] MySQL server mode set to STRICT_TRANS_TABLES,STRICT_ALL_TABLES,NO_ZERO_IN_DATE,NO_ZERO_DATE,ERROR_FOR_DIVISION_BY_ZERO,TRADITIONAL,NO_ENGINE_SUBSTITUTION {{(pid=95263) _check_effective_sql_mode /opt/stack/data/venv/lib/python3.12/site-packages/oslo_db/sqlalchemy/engines.py:325}}
May 18 08:48:30.354263 np0000000915 nova-scheduler[95263]: DEBUG dbcounter [-] [95263] Writer thread running {{(pid=95263) stat_writer /opt/stack/data/venv/lib/python3.12/site-packages/dbcounter.py:102}}
May 18 08:48:30.379255 np0000000915 nova-scheduler[95263]: DEBUG oslo_db.sqlalchemy.engines [None req-469691e5-8d3f-404a-bc28-3aefde0f5bcf tempest-DeleteServersTestJSON-312077459 tempest-DeleteServersTestJSON-312077459-project-member] Parent process 94055 forked (95263) with an open database connection, which is being discarded and recreated. {{(pid=95263) checkout /opt/stack/data/venv/lib/python3.12/site-packages/oslo_db/sqlalchemy/engines.py:402}}
May 18 08:48:30.385208 np0000000915 nova-scheduler[95263]: DEBUG dbcounter [-] [95263] Writer thread running {{(pid=95263) stat_writer /opt/stack/data/venv/lib/python3.12/site-packages/dbcounter.py:102}}
May 18 08:48:30.391297 np0000000915 nova-scheduler[95263]: DEBUG oslo_concurrency.lockutils [None req-469691e5-8d3f-404a-bc28-3aefde0f5bcf tempest-DeleteServersTestJSON-312077459 tempest-DeleteServersTestJSON-312077459-project-member] Acquiring lock "47e20f33-d2a5-456b-a2a1-dab1a29d0176" by "nova.context.set_target_cell..get_or_set_cached_cell_and_set_connections" {{(pid=95263) inner /opt/stack/data/venv/lib/python3.12/site-packages/oslo_concurrency/lockutils.py:506}}
May 18 08:48:30.391474 np0000000915 nova-scheduler[95263]: DEBUG oslo_concurrency.lockutils [None req-469691e5-8d3f-404a-bc28-3aefde0f5bcf tempest-DeleteServersTestJSON-312077459 tempest-DeleteServersTestJSON-312077459-project-member] Lock "47e20f33-d2a5-456b-a2a1-dab1a29d0176" acquired by "nova.context.set_target_cell..get_or_set_cached_cell_and_set_connections" :: waited 0.000s {{(pid=95263) inner /opt/stack/data/venv/lib/python3.12/site-packages/oslo_concurrency/lockutils.py:519}}
May 18 08:48:30.391596 np0000000915 nova-scheduler[95263]: DEBUG oslo_concurrency.lockutils [None req-469691e5-8d3f-404a-bc28-3aefde0f5bcf tempest-DeleteServersTestJSON-312077459 tempest-DeleteServersTestJSON-312077459-project-member] Lock "47e20f33-d2a5-456b-a2a1-dab1a29d0176" "released" by "nova.context.set_target_cell..get_or_set_cached_cell_and_set_connections" :: held 0.000s {{(pid=95263) inner /opt/stack/data/venv/lib/python3.12/site-packages/oslo_concurrency/lockutils.py:538}}
May 18 08:48:30.399078 np0000000915 nova-scheduler[95263]: DEBUG oslo_concurrency.lockutils [None req-469691e5-8d3f-404a-bc28-3aefde0f5bcf tempest-DeleteServersTestJSON-312077459 tempest-DeleteServersTestJSON-312077459-project-member] Acquiring lock "('np0000000915', 'np0000000915')" by "nova.scheduler.host_manager.HostState.update.._locked_update" {{(pid=95263) inner /opt/stack/data/venv/lib/python3.12/site-packages/oslo_concurrency/lockutils.py:506}}
May 18 08:48:30.399304 np0000000915 nova-scheduler[95263]: DEBUG oslo_concurrency.lockutils [None req-469691e5-8d3f-404a-bc28-3aefde0f5bcf tempest-DeleteServersTestJSON-312077459 tempest-DeleteServersTestJSON-312077459-project-member] Lock "('np0000000915', 'np0000000915')" acquired by "nova.scheduler.host_manager.HostState.update.._locked_update" :: waited 0.000s {{(pid=95263) inner /opt/stack/data/venv/lib/python3.12/site-packages/oslo_concurrency/lockutils.py:519}}
May 18 08:48:30.400451 np0000000915 nova-scheduler[95263]: DEBUG nova.scheduler.host_manager [None req-469691e5-8d3f-404a-bc28-3aefde0f5bcf tempest-DeleteServersTestJSON-312077459 tempest-DeleteServersTestJSON-312077459-project-member] Update host state from compute node: ComputeNode(cpu_allocation_ratio=4.0,cpu_info='{"arch": "x86_64", "model": "EPYC-Milan", "vendor": "AMD", "topology": {"cells": 1, "sockets": 12, "cores": 1, "threads": 1}, "maxphysaddr": {"mode": "emulate", "bits": 40}, "features": ["clflush", "fsgsbase", "pause-filter", "vgif", "cr8legacy", "cx8", "mca", "rdseed", "sse4.2", "amd-psfd", "xsave", "svm", "lbrv", "pae", "clwb", "perfctr_core", "rdctl-no", "svme-addr-chk", "x2apic", "rdpid", "mds-no", "popcnt", "pni", "smep", "avx2", "nx", "abm", "stibp", "ssbd", "lfence-always-serializing", "smap", "topoext", "mmxext", "xsavec", "fxsr", "osvw", "f16c", "cmov", "sep", "sse4a", "mtrr", "hypervisor", "sha-ni", "misalignsse", "syscall", "fpu", "pse36", "vmcb-clean", "xsaveopt", "spec-ctrl", "nrip-save", "erms", "cmp_legacy", "adx", "clzero", "de", "ssse3", "pcid", "3dnowprefetch", "pat", "pfthreshold", "lm", "tsc", "gds-no", "pdpe1gb", "invpcid", "virt-ssbd", "pge", "sse", "tsc_adjust", "pse", "cx16", "fxsr_opt", "fma", "bmi1", "vaes", "rdtscp", "movbe", "aes", "ibrs", "avx", "null-sel-clr-base", "tsc-scale", "xsaveerptr", "xsaves", "stibp-always-on", "clflushopt", "no-nested-data-bp", "sse4.1", "arch-capabilities", "apic", "ibpb", "arat", "vme", "tsc-deadline", "umip", "mmx", "vpclmulqdq", "msr", "sse2", "skip-l1dfl-vmentry", "bmi2", "v-vmsave-vmload", "rdrand", "xgetbv1", "lahf_lm", "flushbyasid", "pku", "amd-stibp", "fsrm", "wbnoinvd", "pclmuldq", "pschange-mc-no", "mce", "npt", "amd-ssbd"]}',created_at=2026-05-18T08:46:19Z,current_workload=0,deleted=False,deleted_at=None,disk_allocation_ratio=1.0,disk_available_least=74,free_disk_gb=95,free_ram_mb=23518,host='np0000000915',host_ip=10.4.3.81,hypervisor_hostname='np0000000915',hypervisor_type='QEMU',hypervisor_version=8002002,id=1,local_gb=95,local_gb_used=0,mapped=1,memory_mb=24030,memory_mb_used=512,metrics='[]',numa_topology='{"nova_object.name": "NUMATopology", "nova_object.namespace": "nova", "nova_object.version": "1.2", "nova_object.data": {"cells": [{"nova_object.name": "NUMACell", "nova_object.namespace": "nova", "nova_object.version": "1.5", "nova_object.data": {"id": 0, "cpuset": [0, 1, 2, 3, 4, 5, 6, 7, 8, 9, 10, 11], "pcpuset": [0, 1, 2, 3, 4, 5, 6, 7, 8, 9, 10, 11], "memory": 24030, "cpu_usage": 0, "memory_usage": 0, "pinned_cpus": [], "siblings": [[6], [2], [5], [11], [8], [4], [1], [7], [10], [0], [3], [9]], "mempages": [{"nova_object.name": "NUMAPagesTopology", "nova_object.namespace": "nova", "nova_object.version": "1.1", "nova_object.data": {"size_kb": 4, "total": 6151798, "used": 0, "reserved": 0}, "nova_object.changes": ["used", "reserved", "size_kb", "total"]}, {"nova_object.name": "NUMAPagesTopology", "nova_object.namespace": "nova", "nova_object.version": "1.1", "nova_object.data": {"size_kb": 2048, "total": 0, "used": 0, "reserved": 0}, "nova_object.changes": ["used", "reserved", "size_kb", "total"]}, {"nova_object.name": "NUMAPagesTopology", "nova_object.namespace": "nova", "nova_object.version": "1.1", "nova_object.data": {"size_kb": 1048576, "total": 0, "used": 0, "reserved": 0}, "nova_object.changes": ["used", "reserved", "size_kb", "total"]}], "network_metadata": {"nova_object.name": "NetworkMetadata", "nova_object.namespace": "nova", "nova_object.version": "1.0", "nova_object.data": {"physnets": [], "tunneled": false}, "nova_object.changes": ["tunneled", "physnets"]}, "socket": null}, "nova_object.changes": ["cpu_usage", "pinned_cpus", "id", "pcpuset", "memory", "socket", "network_metadata", "siblings", "mempages", "memory_usage", "cpuset"]}]}, "nova_object.changes": ["cells"]}',pci_device_pools=PciDevicePoolList,ram_allocation_ratio=1.0,running_vms=0,service_id=4,stats={failed_builds='0',uptime=' 08:48:05 up 25 min, 2 users, load average: 1.69, 1.54, 0.90
May 18 08:48:30.400451 np0000000915 nova-scheduler[95263]: '},supported_hv_specs=[HVSpec,HVSpec,HVSpec,HVSpec,HVSpec,HVSpec,HVSpec,HVSpec,HVSpec,HVSpec,HVSpec,HVSpec,HVSpec,HVSpec,HVSpec,HVSpec,HVSpec,HVSpec,HVSpec,HVSpec,HVSpec,HVSpec,HVSpec,HVSpec,HVSpec],updated_at=2026-05-18T08:48:07Z,uuid=54b161b4-a1b9-4ab6-af01-e8e9a2c995f3,vcpus=12,vcpus_used=0) {{(pid=95263) _locked_update /opt/stack/nova/nova/scheduler/host_manager.py:168}}
May 18 08:48:30.401343 np0000000915 nova-scheduler[95263]: DEBUG nova.scheduler.host_manager [None req-469691e5-8d3f-404a-bc28-3aefde0f5bcf tempest-DeleteServersTestJSON-312077459 tempest-DeleteServersTestJSON-312077459-project-member] Update host state with aggregates: [] {{(pid=95263) _locked_update /opt/stack/nova/nova/scheduler/host_manager.py:171}}
May 18 08:48:30.401494 np0000000915 nova-scheduler[95263]: DEBUG nova.scheduler.host_manager [None req-469691e5-8d3f-404a-bc28-3aefde0f5bcf tempest-DeleteServersTestJSON-312077459 tempest-DeleteServersTestJSON-312077459-project-member] Update host state with service dict: {'id': 4, 'uuid': 'deda734f-2bd4-44a0-8343-ba657cecf682', 'host': 'np0000000915', 'binary': 'nova-compute', 'topic': 'compute', 'report_count': 2, 'disabled': False, 'disabled_reason': None, 'last_seen_up': datetime.datetime(2026, 5, 18, 8, 48, 27, tzinfo=datetime.timezone.utc), 'forced_down': False, 'version': 72, 'created_at': datetime.datetime(2026, 5, 18, 8, 46, 17, tzinfo=datetime.timezone.utc), 'updated_at': datetime.datetime(2026, 5, 18, 8, 48, 27, tzinfo=datetime.timezone.utc), 'deleted_at': None, 'deleted': False} {{(pid=95263) _locked_update /opt/stack/nova/nova/scheduler/host_manager.py:174}}
May 18 08:48:30.401644 np0000000915 nova-scheduler[95263]: DEBUG nova.scheduler.host_manager [None req-469691e5-8d3f-404a-bc28-3aefde0f5bcf tempest-DeleteServersTestJSON-312077459 tempest-DeleteServersTestJSON-312077459-project-member] Update host state with instances: [] {{(pid=95263) _locked_update /opt/stack/nova/nova/scheduler/host_manager.py:177}}
May 18 08:48:30.401718 np0000000915 nova-scheduler[95263]: DEBUG oslo_concurrency.lockutils [None req-469691e5-8d3f-404a-bc28-3aefde0f5bcf tempest-DeleteServersTestJSON-312077459 tempest-DeleteServersTestJSON-312077459-project-member] Lock "('np0000000915', 'np0000000915')" "released" by "nova.scheduler.host_manager.HostState.update.._locked_update" :: held 0.002s {{(pid=95263) inner /opt/stack/data/venv/lib/python3.12/site-packages/oslo_concurrency/lockutils.py:538}}
May 18 08:48:30.402428 np0000000915 nova-scheduler[95263]: DEBUG nova.filters [None req-469691e5-8d3f-404a-bc28-3aefde0f5bcf tempest-DeleteServersTestJSON-312077459 tempest-DeleteServersTestJSON-312077459-project-member] Starting with 1 host(s) {{(pid=95263) get_filtered_objects /opt/stack/nova/nova/filters.py:70}}
May 18 08:48:30.403554 np0000000915 nova-scheduler[95263]: DEBUG nova.filters [None req-469691e5-8d3f-404a-bc28-3aefde0f5bcf tempest-DeleteServersTestJSON-312077459 tempest-DeleteServersTestJSON-312077459-project-member] Filter ComputeFilter returned 1 host(s) {{(pid=95263) get_filtered_objects /opt/stack/nova/nova/filters.py:102}}
May 18 08:48:30.403732 np0000000915 nova-scheduler[95263]: DEBUG nova.filters [None req-469691e5-8d3f-404a-bc28-3aefde0f5bcf tempest-DeleteServersTestJSON-312077459 tempest-DeleteServersTestJSON-312077459-project-member] Filter ComputeCapabilitiesFilter returned 1 host(s) {{(pid=95263) get_filtered_objects /opt/stack/nova/nova/filters.py:102}}
May 18 08:48:30.403957 np0000000915 nova-scheduler[95263]: DEBUG nova.filters [None req-469691e5-8d3f-404a-bc28-3aefde0f5bcf tempest-DeleteServersTestJSON-312077459 tempest-DeleteServersTestJSON-312077459-project-member] Filter ImagePropertiesFilter returned 1 host(s) {{(pid=95263) get_filtered_objects /opt/stack/nova/nova/filters.py:102}}
May 18 08:48:30.404075 np0000000915 nova-scheduler[95263]: DEBUG nova.filters [None req-469691e5-8d3f-404a-bc28-3aefde0f5bcf tempest-DeleteServersTestJSON-312077459 tempest-DeleteServersTestJSON-312077459-project-member] Filter ServerGroupAntiAffinityFilter returned 1 host(s) {{(pid=95263) get_filtered_objects /opt/stack/nova/nova/filters.py:102}}
May 18 08:48:30.404176 np0000000915 nova-scheduler[95263]: DEBUG nova.filters [None req-469691e5-8d3f-404a-bc28-3aefde0f5bcf tempest-DeleteServersTestJSON-312077459 tempest-DeleteServersTestJSON-312077459-project-member] Filter ServerGroupAffinityFilter returned 1 host(s) {{(pid=95263) get_filtered_objects /opt/stack/nova/nova/filters.py:102}}
May 18 08:48:30.404288 np0000000915 nova-scheduler[95263]: DEBUG nova.filters [None req-469691e5-8d3f-404a-bc28-3aefde0f5bcf tempest-DeleteServersTestJSON-312077459 tempest-DeleteServersTestJSON-312077459-project-member] Filter SameHostFilter returned 1 host(s) {{(pid=95263) get_filtered_objects /opt/stack/nova/nova/filters.py:102}}
May 18 08:48:30.405549 np0000000915 nova-scheduler[95263]: DEBUG nova.filters [None req-469691e5-8d3f-404a-bc28-3aefde0f5bcf tempest-DeleteServersTestJSON-312077459 tempest-DeleteServersTestJSON-312077459-project-member] Filter DifferentHostFilter returned 1 host(s) {{(pid=95263) get_filtered_objects /opt/stack/nova/nova/filters.py:102}}
May 18 08:48:30.405549 np0000000915 nova-scheduler[95263]: DEBUG nova.scheduler.manager [None req-469691e5-8d3f-404a-bc28-3aefde0f5bcf tempest-DeleteServersTestJSON-312077459 tempest-DeleteServersTestJSON-312077459-project-member] Filtered [(np0000000915, np0000000915) ram: 23518MB disk: 75776MB io_ops: 0 instances: 0, allocation_candidates: 1] {{(pid=95263) _get_sorted_hosts /opt/stack/nova/nova/scheduler/manager.py:743}}
May 18 08:48:30.405549 np0000000915 nova-scheduler[95263]: DEBUG nova.scheduler.manager [None req-469691e5-8d3f-404a-bc28-3aefde0f5bcf tempest-DeleteServersTestJSON-312077459 tempest-DeleteServersTestJSON-312077459-project-member] Weighed [WeighedHost [host: (np0000000915, np0000000915) ram: 23518MB disk: 75776MB io_ops: 0 instances: 0, allocation_candidates: 1, weight: 0.0]] {{(pid=95263) _get_sorted_hosts /opt/stack/nova/nova/scheduler/manager.py:765}}
May 18 08:48:30.405549 np0000000915 nova-scheduler[95263]: DEBUG nova.scheduler.utils [None req-469691e5-8d3f-404a-bc28-3aefde0f5bcf tempest-DeleteServersTestJSON-312077459 tempest-DeleteServersTestJSON-312077459-project-member] Attempting to claim resources in the placement API for instance a5aab889-a28d-4fc6-a073-e2dcea5769ac {{(pid=95263) claim_resources /opt/stack/nova/nova/scheduler/utils.py:1304}}
May 18 08:48:30.704641 np0000000915 nova-scheduler[95263]: DEBUG nova.scheduler.manager [None req-469691e5-8d3f-404a-bc28-3aefde0f5bcf tempest-DeleteServersTestJSON-312077459 tempest-DeleteServersTestJSON-312077459-project-member] [instance: a5aab889-a28d-4fc6-a073-e2dcea5769ac] Selected host: (np0000000915, np0000000915) ram: 23518MB disk: 75776MB io_ops: 0 instances: 0, allocation_candidates: 1 {{(pid=95263) _consume_selected_host /opt/stack/nova/nova/scheduler/manager.py:625}}
May 18 08:48:30.704927 np0000000915 nova-scheduler[95263]: DEBUG oslo_concurrency.lockutils [None req-469691e5-8d3f-404a-bc28-3aefde0f5bcf tempest-DeleteServersTestJSON-312077459 tempest-DeleteServersTestJSON-312077459-project-member] Acquiring lock "('np0000000915', 'np0000000915')" by "nova.scheduler.host_manager.HostState.consume_from_request.._locked" {{(pid=95263) inner /opt/stack/data/venv/lib/python3.12/site-packages/oslo_concurrency/lockutils.py:506}}
May 18 08:48:30.705096 np0000000915 nova-scheduler[95263]: DEBUG oslo_concurrency.lockutils [None req-469691e5-8d3f-404a-bc28-3aefde0f5bcf tempest-DeleteServersTestJSON-312077459 tempest-DeleteServersTestJSON-312077459-project-member] Lock "('np0000000915', 'np0000000915')" acquired by "nova.scheduler.host_manager.HostState.consume_from_request.._locked" :: waited 0.000s {{(pid=95263) inner /opt/stack/data/venv/lib/python3.12/site-packages/oslo_concurrency/lockutils.py:519}}
May 18 08:48:30.705279 np0000000915 nova-scheduler[95263]: DEBUG oslo_concurrency.lockutils [None req-469691e5-8d3f-404a-bc28-3aefde0f5bcf tempest-DeleteServersTestJSON-312077459 tempest-DeleteServersTestJSON-312077459-project-member] Lock "('np0000000915', 'np0000000915')" "released" by "nova.scheduler.host_manager.HostState.consume_from_request.._locked" :: held 0.000s {{(pid=95263) inner /opt/stack/data/venv/lib/python3.12/site-packages/oslo_concurrency/lockutils.py:538}}
May 18 08:48:40.393909 np0000000915 nova-scheduler[95263]: DEBUG dbcounter [-] [95263] Writing DB stats nova_cell1:SELECT=3 {{(pid=95263) stat_writer /opt/stack/data/venv/lib/python3.12/site-packages/dbcounter.py:115}}
May 18 08:48:40.730050 np0000000915 nova-scheduler[95267]: DEBUG oslo.service.backend._threading.loopingcall [None req-373a3a1a-6b9f-4eb0-9c27-59a08fdb856e None None] Dynamic interval looping call 'nova.service.Service.periodic_tasks' sleeping for 60.00 seconds {{(pid=95267) _run_loop /opt/stack/data/venv/lib/python3.12/site-packages/oslo_service/backend/_threading/loopingcall.py:125}}
May 18 08:48:41.682920 np0000000915 nova-scheduler[95267]: DEBUG nova.scheduler.manager [None req-296e78c6-1ca7-4340-90d7-5fea2a524027 tempest-AttachSCSIVolumeTestJSON-1017605965 tempest-AttachSCSIVolumeTestJSON-1017605965-project-member] Starting to schedule for instances: ['74c6bec4-0139-4a1a-9452-87964ca2d4a8'] {{(pid=95267) select_destinations /opt/stack/nova/nova/scheduler/manager.py:210}}
May 18 08:48:41.683344 np0000000915 nova-scheduler[95267]: DEBUG nova.scheduler.request_filter [None req-296e78c6-1ca7-4340-90d7-5fea2a524027 tempest-AttachSCSIVolumeTestJSON-1017605965 tempest-AttachSCSIVolumeTestJSON-1017605965-project-member] compute_status_filter request filter added forbidden trait COMPUTE_STATUS_DISABLED {{(pid=95267) compute_status_filter /opt/stack/nova/nova/scheduler/request_filter.py:253}}
May 18 08:48:41.683458 np0000000915 nova-scheduler[95267]: DEBUG nova.scheduler.request_filter [None req-296e78c6-1ca7-4340-90d7-5fea2a524027 tempest-AttachSCSIVolumeTestJSON-1017605965 tempest-AttachSCSIVolumeTestJSON-1017605965-project-member] Request filter 'compute_status_filter' took 0.0 seconds {{(pid=95267) wrapper /opt/stack/nova/nova/scheduler/request_filter.py:46}}
May 18 08:48:41.683670 np0000000915 nova-scheduler[95267]: DEBUG nova.scheduler.request_filter [None req-296e78c6-1ca7-4340-90d7-5fea2a524027 tempest-AttachSCSIVolumeTestJSON-1017605965 tempest-AttachSCSIVolumeTestJSON-1017605965-project-member] Request filter 'accelerators_filter' took 0.0 seconds {{(pid=95267) wrapper /opt/stack/nova/nova/scheduler/request_filter.py:46}}
May 18 08:48:41.683856 np0000000915 nova-scheduler[95267]: DEBUG nova.scheduler.request_filter [None req-296e78c6-1ca7-4340-90d7-5fea2a524027 tempest-AttachSCSIVolumeTestJSON-1017605965 tempest-AttachSCSIVolumeTestJSON-1017605965-project-member] Request filter 'packed_virtqueue_filter' took 0.0 seconds {{(pid=95267) wrapper /opt/stack/nova/nova/scheduler/request_filter.py:46}}
May 18 08:48:41.684096 np0000000915 nova-scheduler[95267]: DEBUG nova.scheduler.request_filter [None req-296e78c6-1ca7-4340-90d7-5fea2a524027 tempest-AttachSCSIVolumeTestJSON-1017605965 tempest-AttachSCSIVolumeTestJSON-1017605965-project-member] Request filter 'remote_managed_ports_filter' took 0.0 seconds {{(pid=95267) wrapper /opt/stack/nova/nova/scheduler/request_filter.py:46}}
May 18 08:48:41.684216 np0000000915 nova-scheduler[95267]: DEBUG nova.scheduler.request_filter [None req-296e78c6-1ca7-4340-90d7-5fea2a524027 tempest-AttachSCSIVolumeTestJSON-1017605965 tempest-AttachSCSIVolumeTestJSON-1017605965-project-member] ephemeral_encryption_filter skipped {{(pid=95267) ephemeral_encryption_filter /opt/stack/nova/nova/scheduler/request_filter.py:426}}
May 18 08:48:41.684341 np0000000915 nova-scheduler[95267]: DEBUG nova.scheduler.request_filter [None req-296e78c6-1ca7-4340-90d7-5fea2a524027 tempest-AttachSCSIVolumeTestJSON-1017605965 tempest-AttachSCSIVolumeTestJSON-1017605965-project-member] virtio_sound_filter skipped {{(pid=95267) virtio_sound_filter /opt/stack/nova/nova/scheduler/request_filter.py:460}}
May 18 08:48:41.684561 np0000000915 nova-scheduler[95267]: DEBUG nova.scheduler.request_filter [None req-296e78c6-1ca7-4340-90d7-5fea2a524027 tempest-AttachSCSIVolumeTestJSON-1017605965 tempest-AttachSCSIVolumeTestJSON-1017605965-project-member] tpm_secret_security_filter skipped {{(pid=95267) tpm_secret_security_filter /opt/stack/nova/nova/scheduler/request_filter.py:477}}
May 18 08:48:41.811275 np0000000915 nova-scheduler[95267]: INFO nova.utils [None req-296e78c6-1ca7-4340-90d7-5fea2a524027 tempest-AttachSCSIVolumeTestJSON-1017605965 tempest-AttachSCSIVolumeTestJSON-1017605965-project-member] The cell worker thread pool ForkProcess-2.cell_worker is initialized
May 18 08:48:41.811942 np0000000915 nova-scheduler[95267]: DEBUG oslo_concurrency.lockutils [None req-296e78c6-1ca7-4340-90d7-5fea2a524027 tempest-AttachSCSIVolumeTestJSON-1017605965 tempest-AttachSCSIVolumeTestJSON-1017605965-project-member] Acquiring lock "47e20f33-d2a5-456b-a2a1-dab1a29d0176" by "nova.context.set_target_cell..get_or_set_cached_cell_and_set_connections" {{(pid=95267) inner /opt/stack/data/venv/lib/python3.12/site-packages/oslo_concurrency/lockutils.py:506}}
May 18 08:48:41.812120 np0000000915 nova-scheduler[95267]: DEBUG oslo_concurrency.lockutils [None req-296e78c6-1ca7-4340-90d7-5fea2a524027 tempest-AttachSCSIVolumeTestJSON-1017605965 tempest-AttachSCSIVolumeTestJSON-1017605965-project-member] Lock "47e20f33-d2a5-456b-a2a1-dab1a29d0176" acquired by "nova.context.set_target_cell..get_or_set_cached_cell_and_set_connections" :: waited 0.000s {{(pid=95267) inner /opt/stack/data/venv/lib/python3.12/site-packages/oslo_concurrency/lockutils.py:519}}
May 18 08:48:41.813859 np0000000915 nova-scheduler[95267]: DEBUG oslo_concurrency.lockutils [None req-296e78c6-1ca7-4340-90d7-5fea2a524027 tempest-AttachSCSIVolumeTestJSON-1017605965 tempest-AttachSCSIVolumeTestJSON-1017605965-project-member] Lock "47e20f33-d2a5-456b-a2a1-dab1a29d0176" "released" by "nova.context.set_target_cell..get_or_set_cached_cell_and_set_connections" :: held 0.002s {{(pid=95267) inner /opt/stack/data/venv/lib/python3.12/site-packages/oslo_concurrency/lockutils.py:538}}
May 18 08:48:41.816663 np0000000915 nova-scheduler[95267]: INFO dbcounter [None req-296e78c6-1ca7-4340-90d7-5fea2a524027 tempest-AttachSCSIVolumeTestJSON-1017605965 tempest-AttachSCSIVolumeTestJSON-1017605965-project-member] Registered counter for database nova_cell1
May 18 08:48:41.825963 np0000000915 nova-scheduler[95267]: DEBUG oslo_db.sqlalchemy.engines [None req-296e78c6-1ca7-4340-90d7-5fea2a524027 tempest-AttachSCSIVolumeTestJSON-1017605965 tempest-AttachSCSIVolumeTestJSON-1017605965-project-member] MySQL server mode set to STRICT_TRANS_TABLES,STRICT_ALL_TABLES,NO_ZERO_IN_DATE,NO_ZERO_DATE,ERROR_FOR_DIVISION_BY_ZERO,TRADITIONAL,NO_ENGINE_SUBSTITUTION {{(pid=95267) _check_effective_sql_mode /opt/stack/data/venv/lib/python3.12/site-packages/oslo_db/sqlalchemy/engines.py:325}}
May 18 08:48:41.833540 np0000000915 nova-scheduler[95267]: DEBUG dbcounter [-] [95267] Writer thread running {{(pid=95267) stat_writer /opt/stack/data/venv/lib/python3.12/site-packages/dbcounter.py:102}}
May 18 08:48:41.850594 np0000000915 nova-scheduler[95267]: DEBUG dbcounter [-] [95267] Writer thread running {{(pid=95267) stat_writer /opt/stack/data/venv/lib/python3.12/site-packages/dbcounter.py:102}}
May 18 08:48:41.853352 np0000000915 nova-scheduler[95267]: DEBUG oslo_concurrency.lockutils [None req-296e78c6-1ca7-4340-90d7-5fea2a524027 tempest-AttachSCSIVolumeTestJSON-1017605965 tempest-AttachSCSIVolumeTestJSON-1017605965-project-member] Acquiring lock "47e20f33-d2a5-456b-a2a1-dab1a29d0176" by "nova.context.set_target_cell..get_or_set_cached_cell_and_set_connections" {{(pid=95267) inner /opt/stack/data/venv/lib/python3.12/site-packages/oslo_concurrency/lockutils.py:506}}
May 18 08:48:41.853434 np0000000915 nova-scheduler[95267]: DEBUG oslo_concurrency.lockutils [None req-296e78c6-1ca7-4340-90d7-5fea2a524027 tempest-AttachSCSIVolumeTestJSON-1017605965 tempest-AttachSCSIVolumeTestJSON-1017605965-project-member] Lock "47e20f33-d2a5-456b-a2a1-dab1a29d0176" acquired by "nova.context.set_target_cell..get_or_set_cached_cell_and_set_connections" :: waited 0.000s {{(pid=95267) inner /opt/stack/data/venv/lib/python3.12/site-packages/oslo_concurrency/lockutils.py:519}}
May 18 08:48:41.853709 np0000000915 nova-scheduler[95267]: DEBUG oslo_concurrency.lockutils [None req-296e78c6-1ca7-4340-90d7-5fea2a524027 tempest-AttachSCSIVolumeTestJSON-1017605965 tempest-AttachSCSIVolumeTestJSON-1017605965-project-member] Lock "47e20f33-d2a5-456b-a2a1-dab1a29d0176" "released" by "nova.context.set_target_cell..get_or_set_cached_cell_and_set_connections" :: held 0.000s {{(pid=95267) inner /opt/stack/data/venv/lib/python3.12/site-packages/oslo_concurrency/lockutils.py:538}}
