May 14 17:43:36.657166 np0000000789 devstack@neutron-api.service[89690]: DEBUG neutron.plugins.ml2.drivers.ovn.mech_driver.ovsdb.ovsdb_monitor [-] Hash Ring: Node 3c2047a243b755a68db705f217acc353 (host: np0000000789) handling event "create" for row 0ce5b63a-6c0e-49a5-bec1-70e19eebab31 (table: ACL) {{(pid=89690) notify /opt/stack/neutron/neutron/plugins/ml2/drivers/ovn/mech_driver/ovsdb/ovsdb_monitor.py:942}}
May 14 17:43:36.657395 np0000000789 devstack@neutron-api.service[89690]: DEBUG neutron.plugins.ml2.drivers.ovn.mech_driver.ovsdb.ovsdb_monitor [-] Hash Ring: Node 3c2047a243b755a68db705f217acc353 (host: np0000000789) handling event "create" for row 299db92d-ddb4-4fb9-bb74-6ceab309b358 (table: ACL) {{(pid=89690) notify /opt/stack/neutron/neutron/plugins/ml2/drivers/ovn/mech_driver/ovsdb/ovsdb_monitor.py:942}}
May 14 17:43:36.657592 np0000000789 devstack@neutron-api.service[89690]: DEBUG neutron.plugins.ml2.drivers.ovn.mech_driver.ovsdb.ovsdb_monitor [-] Hash Ring: Node 3c2047a243b755a68db705f217acc353 (host: np0000000789) handling event "create" for row cd2a797d-5ac3-4926-bcfe-8eb6dbd679e4 (table: ACL) {{(pid=89690) notify /opt/stack/neutron/neutron/plugins/ml2/drivers/ovn/mech_driver/ovsdb/ovsdb_monitor.py:942}}
May 14 17:43:36.681112 np0000000789 devstack@neutron-api.service[89692]: INFO neutron.db.ovn_revision_numbers_db [None req-1096414d-3116-4e06-84b8-01be288daf76 admin admin] Successfully bumped revision number for resource 76910198-80ec-4b6f-8147-53866de047ba (type: security_groups) to 1
May 14 17:43:36.691994 np0000000789 devstack@neutron-api.service[89692]: INFO neutron.db.ovn_revision_numbers_db [None req-1096414d-3116-4e06-84b8-01be288daf76 admin admin] Successfully bumped revision number for resource 3da343a4-baba-442e-b7bd-6f2859640e8f (type: security_group_rules) to 0
May 14 17:43:36.700430 np0000000789 devstack@neutron-api.service[89692]: INFO neutron.db.ovn_revision_numbers_db [None req-1096414d-3116-4e06-84b8-01be288daf76 admin admin] Successfully bumped revision number for resource 5ebaba34-74a4-4f51-a3e6-99f81205a603 (type: security_group_rules) to 0
May 14 17:43:36.723700 np0000000789 devstack@neutron-api.service[89692]: INFO neutron.db.ovn_revision_numbers_db [None req-1096414d-3116-4e06-84b8-01be288daf76 admin admin] Successfully bumped revision number for resource 606fedd1-58c4-4f4d-b851-80815dff5805 (type: security_group_rules) to 0
May 14 17:43:36.732135 np0000000789 devstack@neutron-api.service[89692]: INFO neutron.db.ovn_revision_numbers_db [None req-1096414d-3116-4e06-84b8-01be288daf76 admin admin] Successfully bumped revision number for resource 9c19712b-5f56-41ec-9d80-52d2159f1573 (type: security_group_rules) to 0
May 14 17:43:36.751237 np0000000789 devstack@neutron-api.service[89692]: DEBUG neutron.api.rpc.handlers.resources_rpc [None req-1096414d-3116-4e06-84b8-01be288daf76 admin admin] Pushing event updated for resources: {'SecurityGroup': ['ID=76910198-80ec-4b6f-8147-53866de047ba,revision_number=1']} {{(pid=89692) push /opt/stack/neutron/neutron/api/rpc/handlers/resources_rpc.py:237}}
May 14 17:43:36.757735 np0000000789 devstack@neutron-api.service[89692]: DEBUG ovsdbapp.backend.ovs_idl.transaction [-] Running txn n=1 command(idx=0): CheckLivenessCommand(_result=None) {{(pid=89692) do_commit /opt/stack/data/venv/lib/python3.12/site-packages/ovsdbapp/backend/ovs_idl/transaction.py:89}}
May 14 17:43:36.759153 np0000000789 devstack@neutron-api.service[89692]: DEBUG neutron.plugins.ml2.drivers.ovn.mech_driver.ovsdb.ovsdb_monitor [-] Hash Ring: Node a3b6334a2c5f58be8b58a8432d0ecf05 (host: np0000000789) handling event "update" for row 864c6ac6-64bc-47f8-ac71-73112861c9b8 (table: NB_Global) {{(pid=89692) notify /opt/stack/neutron/neutron/plugins/ml2/drivers/ovn/mech_driver/ovsdb/ovsdb_monitor.py:942}}
May 14 17:43:36.760189 np0000000789 devstack@neutron-api.service[89692]: DEBUG neutron.plugins.ml2.drivers.ovn.mech_driver.ovsdb.ovsdb_monitor [-] Hash Ring: Node a3b6334a2c5f58be8b58a8432d0ecf05 (host: np0000000789) handling event "update" for row 864c6ac6-64bc-47f8-ac71-73112861c9b8 (table: NB_Global) {{(pid=89692) notify /opt/stack/neutron/neutron/plugins/ml2/drivers/ovn/mech_driver/ovsdb/ovsdb_monitor.py:942}}
May 14 17:43:36.760415 np0000000789 devstack@neutron-api.service[89690]: DEBUG neutron.plugins.ml2.drivers.ovn.mech_driver.ovsdb.ovsdb_monitor [-] Hash Ring: Node 3c2047a243b755a68db705f217acc353 (host: np0000000789) handling event "update" for row 864c6ac6-64bc-47f8-ac71-73112861c9b8 (table: NB_Global) {{(pid=89690) notify /opt/stack/neutron/neutron/plugins/ml2/drivers/ovn/mech_driver/ovsdb/ovsdb_monitor.py:942}}
May 14 17:43:36.761892 np0000000789 devstack@neutron-api.service[89690]: DEBUG neutron.plugins.ml2.drivers.ovn.mech_driver.ovsdb.ovsdb_monitor [-] Hash Ring: Node 3c2047a243b755a68db705f217acc353 (host: np0000000789) handling event "update" for row 864c6ac6-64bc-47f8-ac71-73112861c9b8 (table: NB_Global) {{(pid=89690) notify /opt/stack/neutron/neutron/plugins/ml2/drivers/ovn/mech_driver/ovsdb/ovsdb_monitor.py:942}}
May 14 17:43:36.762400 np0000000789 devstack@neutron-api.service[89691]: DEBUG neutron.plugins.ml2.drivers.ovn.mech_driver.ovsdb.ovsdb_monitor [-] ChassisAgentWriteEvent : Matched Chassis_Private, update, None None {{(pid=89691) matches /opt/stack/neutron/neutron/plugins/ml2/drivers/ovn/mech_driver/ovsdb/ovsdb_monitor.py:64}}
May 14 17:43:36.762400 np0000000789 devstack@neutron-api.service[89691]: DEBUG neutron.plugins.ml2.drivers.ovn.mech_driver.ovsdb.ovsdb_monitor [-] Hash Ring: Node 76280660da4659e4861d3ba55b8bb4c5 (host: np0000000789) handling event "update" for row 2a3f2723-4e41-42f1-b4e7-50968d4364c9 (table: Chassis_Private) {{(pid=89691) notify /opt/stack/neutron/neutron/plugins/ml2/drivers/ovn/mech_driver/ovsdb/ovsdb_monitor.py:942}}
May 14 17:43:36.762666 np0000000789 devstack@neutron-api.service[89690]: DEBUG neutron.plugins.ml2.drivers.ovn.mech_driver.ovsdb.ovsdb_monitor [-] ChassisAgentWriteEvent : Matched Chassis_Private, update, None None {{(pid=89690) matches /opt/stack/neutron/neutron/plugins/ml2/drivers/ovn/mech_driver/ovsdb/ovsdb_monitor.py:64}}
May 14 17:43:36.763262 np0000000789 devstack@neutron-api.service[89692]: DEBUG neutron.api.rpc.callbacks.version_manager [None req-1096414d-3116-4e06-84b8-01be288daf76 admin admin] Tracked resource versions report:
May 14 17:43:36.763262 np0000000789 devstack@neutron-api.service[89692]: pushed versions:
May 14 17:43:36.763262 np0000000789 devstack@neutron-api.service[89692]: { 'AddressGroup': {'1.2'},
May 14 17:43:36.763262 np0000000789 devstack@neutron-api.service[89692]: 'Agent': {'1.1'},
May 14 17:43:36.763262 np0000000789 devstack@neutron-api.service[89692]: 'ConntrackHelper': {'1.0'},
May 14 17:43:36.763262 np0000000789 devstack@neutron-api.service[89692]: 'LocalIPAssociation': {'1.0'},
May 14 17:43:36.763262 np0000000789 devstack@neutron-api.service[89692]: 'Log': {'1.0'},
May 14 17:43:36.763262 np0000000789 devstack@neutron-api.service[89692]: 'NDPProxy': {'1.0'},
May 14 17:43:36.763262 np0000000789 devstack@neutron-api.service[89692]: 'Network': {'1.2'},
May 14 17:43:36.763262 np0000000789 devstack@neutron-api.service[89692]: 'Port': {'1.10'},
May 14 17:43:36.763262 np0000000789 devstack@neutron-api.service[89692]: 'PortForwarding': {'1.3'},
May 14 17:43:36.763262 np0000000789 devstack@neutron-api.service[89692]: 'QosPolicy': {'1.10'},
May 14 17:43:36.763262 np0000000789 devstack@neutron-api.service[89692]: 'SecurityGroup': {'1.6'},
May 14 17:43:36.763262 np0000000789 devstack@neutron-api.service[89692]: 'SecurityGroupRule': {'1.3'},
May 14 17:43:36.763262 np0000000789 devstack@neutron-api.service[89692]: 'SubPort': {'1.0'},
May 14 17:43:36.763262 np0000000789 devstack@neutron-api.service[89692]: 'Subnet': {'1.2'},
May 14 17:43:36.763262 np0000000789 devstack@neutron-api.service[89692]: 'Trunk': {'1.1'}}
May 14 17:43:36.763262 np0000000789 devstack@neutron-api.service[89692]: consumer versions:
May 14 17:43:36.763262 np0000000789 devstack@neutron-api.service[89692]: {}
May 14 17:43:36.763262 np0000000789 devstack@neutron-api.service[89692]: {{(pid=89692) report /opt/stack/neutron/neutron/api/rpc/callbacks/version_manager.py:183}}
May 14 17:43:36.763926 np0000000789 devstack@neutron-api.service[89690]: DEBUG neutron.plugins.ml2.drivers.ovn.mech_driver.ovsdb.ovsdb_monitor [-] Hash Ring: Node 3c2047a243b755a68db705f217acc353 (host: np0000000789) handling event "update" for row 864c6ac6-64bc-47f8-ac71-73112861c9b8 (table: NB_Global) {{(pid=89690) notify /opt/stack/neutron/neutron/plugins/ml2/drivers/ovn/mech_driver/ovsdb/ovsdb_monitor.py:942}}
May 14 17:43:36.764264 np0000000789 devstack@neutron-api.service[89690]: DEBUG neutron.plugins.ml2.drivers.ovn.mech_driver.ovsdb.ovsdb_monitor [-] Hash Ring: Node 3c2047a243b755a68db705f217acc353 (host: np0000000789) handling event "update" for row 864c6ac6-64bc-47f8-ac71-73112861c9b8 (table: NB_Global) {{(pid=89690) notify /opt/stack/neutron/neutron/plugins/ml2/drivers/ovn/mech_driver/ovsdb/ovsdb_monitor.py:942}}
May 14 17:43:36.765547 np0000000789 devstack@neutron-api.service[89690]: DEBUG neutron.plugins.ml2.drivers.ovn.mech_driver.ovsdb.ovsdb_monitor [-] ChassisOVNAgentWriteEvent : Matched Chassis_Private, update, None None {{(pid=89690) matches /opt/stack/neutron/neutron/plugins/ml2/drivers/ovn/mech_driver/ovsdb/ovsdb_monitor.py:64}}
May 14 17:43:36.765993 np0000000789 devstack@neutron-api.service[89691]: DEBUG neutron.plugins.ml2.drivers.ovn.mech_driver.ovsdb.ovsdb_monitor [-] ChassisOVNAgentWriteEvent : Matched Chassis_Private, update, None None {{(pid=89691) matches /opt/stack/neutron/neutron/plugins/ml2/drivers/ovn/mech_driver/ovsdb/ovsdb_monitor.py:64}}
May 14 17:43:36.766351 np0000000789 devstack@neutron-api.service[89691]: DEBUG neutron.plugins.ml2.drivers.ovn.mech_driver.ovsdb.ovsdb_monitor [-] Hash Ring: Node 76280660da4659e4861d3ba55b8bb4c5 (host: np0000000789) handling event "update" for row 2a3f2723-4e41-42f1-b4e7-50968d4364c9 (table: Chassis_Private) {{(pid=89691) notify /opt/stack/neutron/neutron/plugins/ml2/drivers/ovn/mech_driver/ovsdb/ovsdb_monitor.py:942}}
May 14 17:43:36.766914 np0000000789 devstack@neutron-api.service[89692]: DEBUG neutron.plugins.ml2.drivers.ovn.mech_driver.ovsdb.ovsdb_monitor [-] ChassisAgentWriteEvent : Matched Chassis_Private, update, None None {{(pid=89692) matches /opt/stack/neutron/neutron/plugins/ml2/drivers/ovn/mech_driver/ovsdb/ovsdb_monitor.py:64}}
May 14 17:43:36.769440 np0000000789 devstack@neutron-api.service[89692]: DEBUG neutron.plugins.ml2.drivers.ovn.mech_driver.ovsdb.ovsdb_monitor [-] Hash Ring: Node a3b6334a2c5f58be8b58a8432d0ecf05 (host: np0000000789) handling event "update" for row 864c6ac6-64bc-47f8-ac71-73112861c9b8 (table: NB_Global) {{(pid=89692) notify /opt/stack/neutron/neutron/plugins/ml2/drivers/ovn/mech_driver/ovsdb/ovsdb_monitor.py:942}}
May 14 17:43:36.769952 np0000000789 devstack@neutron-api.service[89692]: DEBUG neutron.plugins.ml2.drivers.ovn.mech_driver.ovsdb.ovsdb_monitor [-] Hash Ring: Node a3b6334a2c5f58be8b58a8432d0ecf05 (host: np0000000789) handling event "update" for row 864c6ac6-64bc-47f8-ac71-73112861c9b8 (table: NB_Global) {{(pid=89692) notify /opt/stack/neutron/neutron/plugins/ml2/drivers/ovn/mech_driver/ovsdb/ovsdb_monitor.py:942}}
May 14 17:43:36.772388 np0000000789 devstack@neutron-api.service[89692]: DEBUG neutron.common.ovn.hash_ring_manager [-] Allow caching, nodes 3>=3 {{(pid=89692) _wait_startup_before_caching /opt/stack/neutron/neutron/common/ovn/hash_ring_manager.py:65}}
May 14 17:43:36.772569 np0000000789 devstack@neutron-api.service[89692]: DEBUG neutron.plugins.ml2.drivers.ovn.mech_driver.ovsdb.ovsdb_monitor [-] Hash Ring: Node a3b6334a2c5f58be8b58a8432d0ecf05 (host: np0000000789) handling event "update" for row 2a3f2723-4e41-42f1-b4e7-50968d4364c9 (table: Chassis_Private) {{(pid=89692) notify /opt/stack/neutron/neutron/plugins/ml2/drivers/ovn/mech_driver/ovsdb/ovsdb_monitor.py:942}}
May 14 17:43:36.773394 np0000000789 devstack@neutron-api.service[89692]: DEBUG neutron.plugins.ml2.drivers.ovn.mech_driver.ovsdb.ovsdb_monitor [-] ChassisOVNAgentWriteEvent : Matched Chassis_Private, update, None None {{(pid=89692) matches /opt/stack/neutron/neutron/plugins/ml2/drivers/ovn/mech_driver/ovsdb/ovsdb_monitor.py:64}}
May 14 17:43:36.773628 np0000000789 devstack@neutron-api.service[89692]: DEBUG neutron.plugins.ml2.drivers.ovn.mech_driver.ovsdb.ovsdb_monitor [-] Hash Ring: Node a3b6334a2c5f58be8b58a8432d0ecf05 (host: np0000000789) handling event "update" for row 2a3f2723-4e41-42f1-b4e7-50968d4364c9 (table: Chassis_Private) {{(pid=89692) notify /opt/stack/neutron/neutron/plugins/ml2/drivers/ovn/mech_driver/ovsdb/ovsdb_monitor.py:942}}
May 14 17:43:36.808717 np0000000789 devstack@neutron-api.service[89692]: DEBUG neutron.plugins.ml2.drivers.helpers [None req-1096414d-3116-4e06-84b8-01be288daf76 admin admin] geneve segment allocate from pool success with {'geneve_vni': 52525} {{(pid=89692) allocate_partially_specified_segment /opt/stack/neutron/neutron/plugins/ml2/drivers/helpers.py:142}}
May 14 17:43:36.818540 np0000000789 devstack@neutron-api.service[89692]: DEBUG neutron_lib.callbacks.manager [None req-1096414d-3116-4e06-84b8-01be288daf76 admin admin] Publish callbacks ['neutron.services.segments.db._add_segment_host_mapping_for_segment-8657247193232', 'neutron.plugins.ml2.plugin.Ml2Plugin._handle_segment_change-165426'] for segment (55b2de0f-80d9-46da-97d3-8eadaac43fc3), precommit_create {{(pid=89692) _notify_loop /opt/stack/data/venv/lib/python3.12/site-packages/neutron_lib/callbacks/manager.py:184}}
May 14 17:43:36.818720 np0000000789 devstack@neutron-api.service[89692]: INFO neutron.db.segments_db [None req-1096414d-3116-4e06-84b8-01be288daf76 admin admin] Added segment 55b2de0f-80d9-46da-97d3-8eadaac43fc3 of type geneve for network 89a4e504-70d2-4850-ac0f-38bd3d2d5715
May 14 17:43:36.857273 np0000000789 devstack@neutron-api.service[89692]: DEBUG neutron_lib.callbacks.manager [None req-1096414d-3116-4e06-84b8-01be288daf76 admin admin] Publish callbacks ['neutron.services.auto_allocate.db._ensure_external_network_default_value_callback-8657245480380'] for network (89a4e504-70d2-4850-ac0f-38bd3d2d5715), precommit_create {{(pid=89692) _notify_loop /opt/stack/data/venv/lib/python3.12/site-packages/neutron_lib/callbacks/manager.py:184}}
May 14 17:43:36.871937 np0000000789 devstack@neutron-api.service[89692]: DEBUG neutron.plugins.ml2.drivers.ovn.mech_driver.mech_driver [None req-1096414d-3116-4e06-84b8-01be288daf76 admin admin] Validating network segment with type geneve, segmentation ID 52525, physical network None {{(pid=89692) _validate_network_segments /opt/stack/neutron/neutron/plugins/ml2/drivers/ovn/mech_driver/mech_driver.py:641}}
May 14 17:43:36.872066 np0000000789 devstack@neutron-api.service[89692]: DEBUG neutron.db.ovn_revision_numbers_db [None req-1096414d-3116-4e06-84b8-01be288daf76 admin admin] create_initial_revision uuid=89a4e504-70d2-4850-ac0f-38bd3d2d5715, type=networks, rev=-1 {{(pid=89692) create_initial_revision /opt/stack/neutron/neutron/db/ovn_revision_numbers_db.py:98}}
May 14 17:43:36.883669 np0000000789 devstack@neutron-api.service[89692]: DEBUG neutron_lib.callbacks.manager [None req-1096414d-3116-4e06-84b8-01be288daf76 admin admin] Publish callbacks ['neutron.plugins.ml2.ovo_rpc._ObjectChangeHandler.handle_event-2654856'] for network (89a4e504-70d2-4850-ac0f-38bd3d2d5715), after_create {{(pid=89692) _notify_loop /opt/stack/data/venv/lib/python3.12/site-packages/neutron_lib/callbacks/manager.py:184}}
May 14 17:43:36.930305 np0000000789 devstack@neutron-api.service[89692]: DEBUG neutron.api.rpc.handlers.resources_rpc [None req-1096414d-3116-4e06-84b8-01be288daf76 admin admin] Pushing event updated for resources: {'Network': ['ID=89a4e504-70d2-4850-ac0f-38bd3d2d5715,revision_number=1']} {{(pid=89692) push /opt/stack/neutron/neutron/api/rpc/handlers/resources_rpc.py:237}}
May 14 17:43:36.937549 np0000000789 devstack@neutron-api.service[89692]: DEBUG ovsdbapp.backend.ovs_idl.transaction [-] Running txn n=1 command(idx=0): AddNetworkCommand(_result=None, network_uuid=89a4e504-70d2-4850-ac0f-38bd3d2d5715, may_exist=True, columns={'external_ids': {'neutron:network_name': 'private', 'neutron:mtu': '1372', 'neutron:revision_number': '1', 'neutron:availability_zone_hints': '', 'neutron:provnet-network-type': 'geneve'}, 'other_config': {'mcast_snoop': 'false', 'mcast_flood_unregistered': 'false', 'vlan-passthru': 'false'}}) {{(pid=89692) do_commit /opt/stack/data/venv/lib/python3.12/site-packages/ovsdbapp/backend/ovs_idl/transaction.py:89}}
May 14 17:43:36.937707 np0000000789 devstack@neutron-api.service[89692]: DEBUG neutron.common.ovn.utils [-] OVS persist_uuid supported=True {{(pid=89692) ovs_persist_uuid_supported /opt/stack/neutron/neutron/common/ovn/utils.py:1537}}
May 14 17:43:36.939819 np0000000789 devstack@neutron-api.service[89692]: DEBUG neutron.plugins.ml2.drivers.ovn.mech_driver.ovsdb.ovsdb_monitor [-] Hash Ring: Node a3b6334a2c5f58be8b58a8432d0ecf05 (host: np0000000789) handling event "create" for row 89a4e504-70d2-4850-ac0f-38bd3d2d5715 (table: Logical_Switch) {{(pid=89692) notify /opt/stack/neutron/neutron/plugins/ml2/drivers/ovn/mech_driver/ovsdb/ovsdb_monitor.py:942}}
May 14 17:43:36.944847 np0000000789 devstack@neutron-api.service[89690]: DEBUG neutron.plugins.ml2.drivers.ovn.mech_driver.ovsdb.ovsdb_monitor [-] Hash Ring: Node 3c2047a243b755a68db705f217acc353 (host: np0000000789) handling event "create" for row 3e5d99be-0d4f-4e07-952d-6827a472c0e7 (table: Datapath_Binding) {{(pid=89690) notify /opt/stack/neutron/neutron/plugins/ml2/drivers/ovn/mech_driver/ovsdb/ovsdb_monitor.py:942}}
May 14 17:43:36.949628 np0000000789 devstack@neutron-api.service[89692]: DEBUG neutron.plugins.ml2.drivers.ovn.mech_driver.ovsdb.ovsdb_monitor [-] Hash Ring: Node a3b6334a2c5f58be8b58a8432d0ecf05 (host: np0000000789) handling event "create" for row 3e5d99be-0d4f-4e07-952d-6827a472c0e7 (table: Datapath_Binding) {{(pid=89692) notify /opt/stack/neutron/neutron/plugins/ml2/drivers/ovn/mech_driver/ovsdb/ovsdb_monitor.py:942}}
May 14 17:43:36.964207 np0000000789 devstack@neutron-api.service[89692]: INFO neutron.db.ovn_revision_numbers_db [None req-1096414d-3116-4e06-84b8-01be288daf76 admin admin] Successfully bumped revision number for resource 89a4e504-70d2-4850-ac0f-38bd3d2d5715 (type: networks) to 1
May 14 17:43:37.015515 np0000000789 devstack@neutron-api.service[89692]: DEBUG neutron_lib.callbacks.manager [None req-1096414d-3116-4e06-84b8-01be288daf76 admin admin] Publish callbacks ['neutron.plugins.ml2.plugin.SecurityGroupDbMixin._ensure_default_security_group_handler-385878'] for port (None), before_create {{(pid=89692) _notify_loop /opt/stack/data/venv/lib/python3.12/site-packages/neutron_lib/callbacks/manager.py:184}}
May 14 17:43:37.101274 np0000000789 devstack@neutron-api.service[89692]: DEBUG neutron_lib.callbacks.manager [None req-1096414d-3116-4e06-84b8-01be288daf76 admin admin] Publish callbacks ['neutron.plugins.ml2.drivers.ovn.mech_driver.mech_driver.OVNMechanismDriver._validate_allowed_address_pairs-3968586'] for allowed_address_pair (24c1cc87-3753-43e4-8ebc-c98258f73d1e), before_create {{(pid=89692) _notify_loop /opt/stack/data/venv/lib/python3.12/site-packages/neutron_lib/callbacks/manager.py:184}}
May 14 17:43:37.101983 np0000000789 devstack@neutron-api.service[89692]: DEBUG neutron_lib.callbacks.manager [None req-1096414d-3116-4e06-84b8-01be288daf76 admin admin] Publish callbacks [] for port (24c1cc87-3753-43e4-8ebc-c98258f73d1e), precommit_create {{(pid=89692) _notify_loop /opt/stack/data/venv/lib/python3.12/site-packages/neutron_lib/callbacks/manager.py:184}}
May 14 17:43:37.102194 np0000000789 devstack@neutron-api.service[89692]: DEBUG neutron.plugins.ml2.drivers.ovn.mech_driver.mech_driver [None req-1096414d-3116-4e06-84b8-01be288daf76 admin admin] No provisioning block for port 24c1cc87-3753-43e4-8ebc-c98258f73d1e since it does not have a host {{(pid=89692) _is_port_provisioning_required /opt/stack/neutron/neutron/plugins/ml2/drivers/ovn/mech_driver/mech_driver.py:894}}
May 14 17:43:37.102358 np0000000789 devstack@neutron-api.service[89692]: DEBUG neutron.db.ovn_revision_numbers_db [None req-1096414d-3116-4e06-84b8-01be288daf76 admin admin] create_initial_revision uuid=24c1cc87-3753-43e4-8ebc-c98258f73d1e, type=ports, rev=-1 {{(pid=89692) create_initial_revision /opt/stack/neutron/neutron/db/ovn_revision_numbers_db.py:98}}
May 14 17:43:37.151163 np0000000789 devstack@neutron-api.service[89692]: DEBUG neutron_lib.callbacks.manager [None req-1096414d-3116-4e06-84b8-01be288daf76 admin admin] Publish callbacks ['neutron.plugins.ml2.ovo_rpc._ObjectChangeHandler.handle_event-2654873'] for port (24c1cc87-3753-43e4-8ebc-c98258f73d1e), after_create {{(pid=89692) _notify_loop /opt/stack/data/venv/lib/python3.12/site-packages/neutron_lib/callbacks/manager.py:184}}
May 14 17:43:37.198974 np0000000789 devstack@neutron-api.service[89692]: DEBUG neutron.api.rpc.handlers.resources_rpc [None req-1096414d-3116-4e06-84b8-01be288daf76 admin admin] Pushing event updated for resources: {'Port': ['ID=24c1cc87-3753-43e4-8ebc-c98258f73d1e,revision_number=1']} {{(pid=89692) push /opt/stack/neutron/neutron/api/rpc/handlers/resources_rpc.py:237}}
May 14 17:43:37.227255 np0000000789 devstack@neutron-api.service[89692]: DEBUG ovsdbapp.backend.ovs_idl.transaction [-] Running txn n=1 command(idx=0): AddLSwitchPortCommand(_result=None, lport=24c1cc87-3753-43e4-8ebc-c98258f73d1e, lswitch=neutron-89a4e504-70d2-4850-ac0f-38bd3d2d5715, may_exist=True, network_uuid=89a4e504-70d2-4850-ac0f-38bd3d2d5715, columns={'addresses': ['fa:16:3e:70:80:56'], 'external_ids': {'neutron:port_name': '', 'neutron:device_id': 'ovnmeta-89a4e504-70d2-4850-ac0f-38bd3d2d5715', 'neutron:project_id': 'f56529b6ee5a4628bf213622e153d8ae', 'neutron:cidrs': '', 'neutron:device_owner': 'network:distributed', 'neutron:subnet_pool_addr_scope4': '', 'neutron:subnet_pool_addr_scope6': '', 'neutron:network_name': 'neutron-89a4e504-70d2-4850-ac0f-38bd3d2d5715', 'neutron:security_group_ids': '', 'neutron:revision_number': '1', 'neutron:vnic_type': 'normal', 'neutron:port_capabilities': '', 'neutron:mtu': ''}, 'parent_name': [], 'tag': [], 'enabled': True, 'options': {}, 'type': 'localport', 'port_security': [], 'dhcpv4_options': [], 'dhcpv6_options': []}) {{(pid=89692) do_commit /opt/stack/data/venv/lib/python3.12/site-packages/ovsdbapp/backend/ovs_idl/transaction.py:89}}
May 14 17:43:37.227733 np0000000789 devstack@neutron-api.service[89692]: DEBUG ovsdbapp.backend.ovs_idl.transaction [-] Running txn n=1 command(idx=1): QoSDelCommand(_result=None, switch=neutron-89a4e504-70d2-4850-ac0f-38bd3d2d5715, conditions=[('direction', '=', 'to-lport'), ('priority', '=', 2002), ('match', '=', 'outport == "24c1cc87-3753-43e4-8ebc-c98258f73d1e"')], if_exists=True) {{(pid=89692) do_commit /opt/stack/data/venv/lib/python3.12/site-packages/ovsdbapp/backend/ovs_idl/transaction.py:89}}
May 14 17:43:37.227913 np0000000789 devstack@neutron-api.service[89692]: DEBUG ovsdbapp.backend.ovs_idl.transaction [-] Running txn n=1 command(idx=2): QoSDelCommand(_result=None, switch=neutron-89a4e504-70d2-4850-ac0f-38bd3d2d5715, conditions=[('direction', '=', 'from-lport'), ('priority', '=', 2002), ('match', '=', 'inport == "24c1cc87-3753-43e4-8ebc-c98258f73d1e"')], if_exists=True) {{(pid=89692) do_commit /opt/stack/data/venv/lib/python3.12/site-packages/ovsdbapp/backend/ovs_idl/transaction.py:89}}
May 14 17:43:37.230199 np0000000789 devstack@neutron-api.service[89692]: DEBUG neutron.plugins.ml2.drivers.ovn.mech_driver.ovsdb.ovsdb_monitor [-] Hash Ring: Node a3b6334a2c5f58be8b58a8432d0ecf05 (host: np0000000789) handling event "update" for row 89a4e504-70d2-4850-ac0f-38bd3d2d5715 (table: Logical_Switch) {{(pid=89692) notify /opt/stack/neutron/neutron/plugins/ml2/drivers/ovn/mech_driver/ovsdb/ovsdb_monitor.py:942}}
May 14 17:43:37.230293 np0000000789 devstack@neutron-api.service[89692]: DEBUG neutron.plugins.ml2.drivers.ovn.mech_driver.ovsdb.ovsdb_monitor [-] Hash Ring: Node a3b6334a2c5f58be8b58a8432d0ecf05 (host: np0000000789) handling event "create" for row d4f34556-037c-497e-9f07-43f03a879298 (table: Logical_Switch_Port) {{(pid=89692) notify /opt/stack/neutron/neutron/plugins/ml2/drivers/ovn/mech_driver/ovsdb/ovsdb_monitor.py:942}}
May 14 17:43:37.230733 np0000000789 devstack@neutron-api.service[89691]: DEBUG neutron.plugins.ml2.drivers.ovn.mech_driver.ovsdb.ovsdb_monitor [-] Hash Ring: Node 76280660da4659e4861d3ba55b8bb4c5 (host: np0000000789) handling event "create" for row d4f34556-037c-497e-9f07-43f03a879298 (table: Logical_Switch_Port) {{(pid=89691) notify /opt/stack/neutron/neutron/plugins/ml2/drivers/ovn/mech_driver/ovsdb/ovsdb_monitor.py:942}}
May 14 17:43:37.231698 np0000000789 devstack@neutron-api.service[89691]: DEBUG ovsdbapp.backend.ovs_idl.event [-] Matched CREATE: LogicalSwitchPortCreateEvent(events=('create',), table='Logical_Switch_Port', conditions=[], old_conditions=None), priority=20 to row=Logical_Switch_Port(uuid=d4f34556-037c-497e-9f07-43f03a879298, addresses=['fa:16:3e:70:80:56'], dhcpv4_options=[], dhcpv6_options=[], dynamic_addresses=[], enabled=True, external_ids={'neutron:cidrs': '', 'neutron:device_id': 'ovnmeta-89a4e504-70d2-4850-ac0f-38bd3d2d5715', 'neutron:device_owner': 'network:distributed', 'neutron:mtu': '', 'neutron:network_name': 'neutron-89a4e504-70d2-4850-ac0f-38bd3d2d5715', 'neutron:port_capabilities': '', 'neutron:port_name': '', 'neutron:project_id': 'f56529b6ee5a4628bf213622e153d8ae', 'neutron:revision_number': '1', 'neutron:security_group_ids': '', 'neutron:subnet_pool_addr_scope4': '', 'neutron:subnet_pool_addr_scope6': '', 'neutron:vnic_type': 'normal'}, ha_chassis_group=[], mirror_rules=[], name='24c1cc87-3753-43e4-8ebc-c98258f73d1e', options={}, parent_name=[], port_security=[], tag=[], tag_request=[], type='localport', up=[]) old= {{(pid=89691) matches /opt/stack/data/venv/lib/python3.12/site-packages/ovsdbapp/backend/ovs_idl/event.py:55}}
May 14 17:43:37.232905 np0000000789 devstack@neutron-api.service[89692]: DEBUG ovsdbapp.backend.ovs_idl.event [-] Matched CREATE: LogicalSwitchPortCreateEvent(events=('create',), table='Logical_Switch_Port', conditions=[], old_conditions=None), priority=20 to row=Logical_Switch_Port(uuid=d4f34556-037c-497e-9f07-43f03a879298, addresses=['fa:16:3e:70:80:56'], dhcpv4_options=[], dhcpv6_options=[], dynamic_addresses=[], enabled=True, external_ids={'neutron:cidrs': '', 'neutron:device_id': 'ovnmeta-89a4e504-70d2-4850-ac0f-38bd3d2d5715', 'neutron:device_owner': 'network:distributed', 'neutron:mtu': '', 'neutron:network_name': 'neutron-89a4e504-70d2-4850-ac0f-38bd3d2d5715', 'neutron:port_capabilities': '', 'neutron:port_name': '', 'neutron:project_id': 'f56529b6ee5a4628bf213622e153d8ae', 'neutron:revision_number': '1', 'neutron:security_group_ids': '', 'neutron:subnet_pool_addr_scope4': '', 'neutron:subnet_pool_addr_scope6': '', 'neutron:vnic_type': 'normal'}, ha_chassis_group=[], mirror_rules=[], name='24c1cc87-3753-43e4-8ebc-c98258f73d1e', options={}, parent_name=[], port_security=[], tag=[], tag_request=[], type='localport', up=[]) old= {{(pid=89692) matches /opt/stack/data/venv/lib/python3.12/site-packages/ovsdbapp/backend/ovs_idl/event.py:55}}
May 14 17:43:37.233355 np0000000789 devstack@neutron-api.service[89691]: INFO neutron.plugins.ml2.drivers.ovn.mech_driver.mech_driver [-] OVN reports status down for port: 24c1cc87-3753-43e4-8ebc-c98258f73d1e
May 14 17:43:37.233706 np0000000789 devstack@neutron-api.service[89691]: DEBUG neutron.plugins.ml2.drivers.ovn.mech_driver.ovsdb.ovsdb_monitor [-] Hash Ring: Node 76280660da4659e4861d3ba55b8bb4c5 (host: np0000000789) handling event "update" for row d4f34556-037c-497e-9f07-43f03a879298 (table: Logical_Switch_Port) {{(pid=89691) notify /opt/stack/neutron/neutron/plugins/ml2/drivers/ovn/mech_driver/ovsdb/ovsdb_monitor.py:942}}
May 14 17:43:37.233914 np0000000789 devstack@neutron-api.service[89692]: INFO neutron.plugins.ml2.drivers.ovn.mech_driver.mech_driver [-] OVN reports status down for port: 24c1cc87-3753-43e4-8ebc-c98258f73d1e
May 14 17:43:37.233960 np0000000789 devstack@neutron-api.service[89690]: DEBUG neutron.plugins.ml2.drivers.ovn.mech_driver.ovsdb.ovsdb_monitor [-] Hash Ring: Node 3c2047a243b755a68db705f217acc353 (host: np0000000789) handling event "create" for row ef8dd269-609e-4341-8438-8e2eaf3df44e (table: Port_Binding) {{(pid=89690) notify /opt/stack/neutron/neutron/plugins/ml2/drivers/ovn/mech_driver/ovsdb/ovsdb_monitor.py:942}}
May 14 17:43:37.234154 np0000000789 devstack@neutron-api.service[89692]: DEBUG neutron.plugins.ml2.drivers.ovn.mech_driver.ovsdb.ovsdb_monitor [-] Hash Ring: Node a3b6334a2c5f58be8b58a8432d0ecf05 (host: np0000000789) handling event "update" for row d4f34556-037c-497e-9f07-43f03a879298 (table: Logical_Switch_Port) {{(pid=89692) notify /opt/stack/neutron/neutron/plugins/ml2/drivers/ovn/mech_driver/ovsdb/ovsdb_monitor.py:942}}
May 14 17:43:37.236671 np0000000789 devstack@neutron-api.service[89692]: DEBUG neutron.plugins.ml2.drivers.ovn.mech_driver.ovsdb.ovsdb_monitor [-] Hash Ring: Node a3b6334a2c5f58be8b58a8432d0ecf05 (host: np0000000789) handling event "create" for row ef8dd269-609e-4341-8438-8e2eaf3df44e (table: Port_Binding) {{(pid=89692) notify /opt/stack/neutron/neutron/plugins/ml2/drivers/ovn/mech_driver/ovsdb/ovsdb_monitor.py:942}}
May 14 17:43:37.284653 np0000000789 devstack@neutron-api.service[89691]: DEBUG neutron.db.provisioning_blocks [None req-9c75b5c9-3196-453b-af23-ce7497fa9944 None None] Transition to ACTIVE for port object 24c1cc87-3753-43e4-8ebc-c98258f73d1e will not be triggered until provisioned by entity L2. {{(pid=89691) add_provisioning_component /opt/stack/neutron/neutron/db/provisioning_blocks.py:74}}
May 14 17:43:37.312935 np0000000789 devstack@neutron-api.service[89692]: INFO neutron.db.ovn_revision_numbers_db [None req-1096414d-3116-4e06-84b8-01be288daf76 admin admin] Successfully bumped revision number for resource 24c1cc87-3753-43e4-8ebc-c98258f73d1e (type: ports) to 1
May 14 17:43:37.314164 np0000000789 devstack@neutron-api.service[89692]: DEBUG neutron.db.provisioning_blocks [None req-3926927c-976e-4199-96fc-a0d0a9924f51 None None] Ignored duplicate provisioning block setup for port 24c1cc87-3753-43e4-8ebc-c98258f73d1e by entity L2. {{(pid=89692) add_provisioning_component /opt/stack/neutron/neutron/db/provisioning_blocks.py:69}}
May 14 17:43:37.318757 np0000000789 devstack@neutron-api.service[89691]: DEBUG neutron.plugins.ml2.plugin [None req-9c75b5c9-3196-453b-af23-ce7497fa9944 None None] Current status of the port 24c1cc87-3753-43e4-8ebc-c98258f73d1e is: DOWN; New status is: DOWN {{(pid=89691) _update_individual_port_db_status /opt/stack/neutron/neutron/plugins/ml2/plugin.py:2466}}
May 14 17:43:37.319358 np0000000789 devstack@neutron-api.service[89691]: INFO neutron.plugins.ml2.drivers.ovn.mech_driver.ovsdb.extensions.qos [None req-9c75b5c9-3196-453b-af23-ce7497fa9944 None None] Starting OVNClientQosExtension
May 14 17:43:37.319453 np0000000789 devstack@neutron-api.service[89691]: INFO neutron.plugins.ml2.drivers.ovn.mech_driver.ovsdb.extensions.placement [None req-9c75b5c9-3196-453b-af23-ce7497fa9944 None None] Starting OVNClientPlacementExtension
May 14 17:43:37.320705 np0000000789 devstack@neutron-api.service[89691]: DEBUG ovsdbapp.backend.ovs_idl.transaction [-] Running txn n=1 command(idx=0): DbRemoveCommand(_result=None, table=Logical_Switch_Port, record=24c1cc87-3753-43e4-8ebc-c98258f73d1e, column=external_ids, values=('neutron:host_id',), keyvalues={}, if_exists=True) {{(pid=89691) do_commit /opt/stack/data/venv/lib/python3.12/site-packages/ovsdbapp/backend/ovs_idl/transaction.py:89}}
May 14 17:43:37.342125 np0000000789 devstack@neutron-api.service[89692]: DEBUG neutron.pecan_wsgi.hooks.policy_enforcement [None req-1096414d-3116-4e06-84b8-01be288daf76 admin admin] Attributes excluded by policy engine: ['standard_attr_id'] {{(pid=89692) _exclude_attributes_by_policy /opt/stack/neutron/neutron/pecan_wsgi/hooks/policy_enforcement.py:256}}
May 14 17:43:37.342597 np0000000789 devstack@neutron-api.service[89692]: DEBUG neutron_lib.callbacks.manager [None req-1096414d-3116-4e06-84b8-01be288daf76 admin admin] Publish callbacks [] for network (None), before_response {{(pid=89692) _notify_loop /opt/stack/data/venv/lib/python3.12/site-packages/neutron_lib/callbacks/manager.py:184}}
May 14 17:43:37.370161 np0000000789 devstack@neutron-api.service[89692]: [pid: 89692|app: 0|req: 3/5] 10.4.3.215 () {68 vars in 1326 bytes} [Thu May 14 17:43:36 2026] POST /networking/v2.0/networks => generated 681 bytes in 1286 msecs (HTTP/1.1 201) 4 headers in 162 bytes (1 switches on core 0)
May 14 17:43:37.371649 np0000000789 devstack@neutron-api.service[89692]: DEBUG neutron.plugins.ml2.plugin [None req-3926927c-976e-4199-96fc-a0d0a9924f51 None None] Current status of the port 24c1cc87-3753-43e4-8ebc-c98258f73d1e is: DOWN; New status is: DOWN {{(pid=89692) _update_individual_port_db_status /opt/stack/neutron/neutron/plugins/ml2/plugin.py:2466}}
May 14 17:43:37.372952 np0000000789 devstack@neutron-api.service[89692]: DEBUG ovsdbapp.backend.ovs_idl.transaction [-] Running txn n=1 command(idx=0): DbRemoveCommand(_result=None, table=Logical_Switch_Port, record=24c1cc87-3753-43e4-8ebc-c98258f73d1e, column=external_ids, values=('neutron:host_id',), keyvalues={}, if_exists=True) {{(pid=89692) do_commit /opt/stack/data/venv/lib/python3.12/site-packages/ovsdbapp/backend/ovs_idl/transaction.py:89}}
May 14 17:43:37.678164 np0000000789 devstack@neutron-api.service[89690]: DEBUG neutron.pecan_wsgi.hooks.policy_enforcement [None req-5c01899e-04dd-4125-a834-e203f428b28d admin admin] Attributes excluded by policy engine: ['standard_attr_id'] {{(pid=89690) _exclude_attributes_by_policy /opt/stack/neutron/neutron/pecan_wsgi/hooks/policy_enforcement.py:256}}
May 14 17:43:37.678830 np0000000789 devstack@neutron-api.service[89690]: [pid: 89690|app: 0|req: 2/6] 10.4.3.215 () {64 vars in 1384 bytes} [Thu May 14 17:43:37 2026] GET /networking/v2.0/networks/89a4e504-70d2-4850-ac0f-38bd3d2d5715 => generated 662 bytes in 70 msecs (HTTP/1.1 200) 4 headers in 157 bytes (1 switches on core 0)
May 14 17:43:37.689351 np0000000789 devstack@neutron-api.service[89691]: DEBUG neutron.api.wsgi [None req-63e56c55-305e-4674-b6b0-8df35fafcb06 admin admin] Missing Content-Type {{(pid=89691) get_content_type /opt/stack/neutron/neutron/api/wsgi.py:80}}
May 14 17:43:37.697109 np0000000789 devstack@neutron-api.service[89691]: [pid: 89691|app: 0|req: 2/7] 10.4.3.215 () {64 vars in 1393 bytes} [Thu May 14 17:43:37 2026] GET /networking/v2.0/subnetpools/1af68b19-852d-4ff3-a1ae-3f5623a8cef7 => generated 533 bytes in 10 msecs (HTTP/1.1 200) 4 headers in 157 bytes (1 switches on core 0)
May 14 17:43:37.708050 np0000000789 devstack@neutron-api.service[89692]: DEBUG neutron.api.v2.base [None req-c6fd9605-a740-41de-9321-b1dabdec868e admin admin] Request body: {'subnet': {'ip_version': 4, 'subnetpool_id': '1af68b19-852d-4ff3-a1ae-3f5623a8cef7', 'network_id': '89a4e504-70d2-4850-ac0f-38bd3d2d5715', 'gateway_ip': '10.1.0.1', 'name': 'private-subnet'}} {{(pid=89692) prepare_request_body /opt/stack/neutron/neutron/api/v2/base.py:727}}
May 14 17:43:37.719380 np0000000789 devstack@neutron-api.service[89692]: DEBUG neutron.pecan_wsgi.hooks.quota_enforcement [None req-c6fd9605-a740-41de-9321-b1dabdec868e admin admin] Made reservation on behalf of f56529b6ee5a4628bf213622e153d8ae for: {'subnet': 1} {{(pid=89692) before /opt/stack/neutron/neutron/pecan_wsgi/hooks/quota_enforcement.py:66}}
May 14 17:43:37.721490 np0000000789 devstack@neutron-api.service[89692]: DEBUG neutron_lib.callbacks.manager [None req-c6fd9605-a740-41de-9321-b1dabdec868e admin admin] Publish callbacks [] for subnet (None), before_create {{(pid=89692) _notify_loop /opt/stack/data/venv/lib/python3.12/site-packages/neutron_lib/callbacks/manager.py:184}}
May 14 17:43:37.840617 np0000000789 devstack@neutron-api.service[89692]: DEBUG neutron.db.ovn_revision_numbers_db [None req-c6fd9605-a740-41de-9321-b1dabdec868e admin admin] create_initial_revision uuid=308d805e-c788-4e80-a5fa-a96cd2666fd8, type=subnets, rev=-1 {{(pid=89692) create_initial_revision /opt/stack/neutron/neutron/db/ovn_revision_numbers_db.py:98}}
May 14 17:43:37.843664 np0000000789 devstack@neutron-api.service[89692]: DEBUG neutron_lib.callbacks.manager [None req-c6fd9605-a740-41de-9321-b1dabdec868e admin admin] Publish callbacks ['neutron.plugins.ml2.ovo_rpc._ObjectChangeHandler.handle_event-2654850'] for subnet (308d805e-c788-4e80-a5fa-a96cd2666fd8), after_create {{(pid=89692) _notify_loop /opt/stack/data/venv/lib/python3.12/site-packages/neutron_lib/callbacks/manager.py:184}}
May 14 17:43:37.856112 np0000000789 devstack@neutron-api.service[89692]: DEBUG neutron.api.rpc.handlers.resources_rpc [None req-c6fd9605-a740-41de-9321-b1dabdec868e admin admin] Pushing event updated for resources: {'Subnet': ['ID=308d805e-c788-4e80-a5fa-a96cd2666fd8,revision_number=0']} {{(pid=89692) push /opt/stack/neutron/neutron/api/rpc/handlers/resources_rpc.py:237}}
May 14 17:43:38.101775 np0000000789 devstack@neutron-api.service[89692]: DEBUG neutron_lib.callbacks.manager [None req-c6fd9605-a740-41de-9321-b1dabdec868e admin admin] Publish callbacks ['neutron.plugins.ml2.plugin.SecurityGroupDbMixin._ensure_default_security_group_handler-385878', 'neutron.services.ovn_l3.plugin.OVNL3RouterPlugin._port_update-8657245489072', 'neutron.db.l3_db.L3_NAT_dbonly_mixin._prevent_internal_ip_change_for_fip-8657247077550'] for port (24c1cc87-3753-43e4-8ebc-c98258f73d1e), before_update {{(pid=89692) _notify_loop /opt/stack/data/venv/lib/python3.12/site-packages/neutron_lib/callbacks/manager.py:184}}
May 14 17:43:38.193923 np0000000789 devstack@neutron-api.service[89692]: DEBUG neutron.db.db_base_plugin_common [None req-c6fd9605-a740-41de-9321-b1dabdec868e admin admin] Allocated IP 10.1.0.2 (89a4e504-70d2-4850-ac0f-38bd3d2d5715/308d805e-c788-4e80-a5fa-a96cd2666fd8/24c1cc87-3753-43e4-8ebc-c98258f73d1e) {{(pid=89692) _store_ip_allocation /opt/stack/neutron/neutron/db/db_base_plugin_common.py:131}}
May 14 17:43:38.276545 np0000000789 devstack@neutron-api.service[89692]: DEBUG neutron_lib.callbacks.manager [None req-c6fd9605-a740-41de-9321-b1dabdec868e admin admin] Publish callbacks [] for port (24c1cc87-3753-43e4-8ebc-c98258f73d1e), precommit_update {{(pid=89692) _notify_loop /opt/stack/data/venv/lib/python3.12/site-packages/neutron_lib/callbacks/manager.py:184}}
May 14 17:43:38.276752 np0000000789 devstack@neutron-api.service[89692]: DEBUG neutron.plugins.ml2.drivers.ovn.mech_driver.mech_driver [None req-c6fd9605-a740-41de-9321-b1dabdec868e admin admin] No provisioning block for port 24c1cc87-3753-43e4-8ebc-c98258f73d1e since it does not have a host {{(pid=89692) _is_port_provisioning_required /opt/stack/neutron/neutron/plugins/ml2/drivers/ovn/mech_driver/mech_driver.py:894}}
May 14 17:43:38.284992 np0000000789 devstack@neutron-api.service[89692]: DEBUG neutron_lib.callbacks.manager [None req-c6fd9605-a740-41de-9321-b1dabdec868e admin admin] Publish callbacks ['neutron.plugins.ml2.ovo_rpc._ObjectChangeHandler.handle_event-2654873', 'neutron.services.ovn_l3.plugin.OVNL3RouterPlugin._port_update-8657245489072'] for port (24c1cc87-3753-43e4-8ebc-c98258f73d1e), after_update {{(pid=89692) _notify_loop /opt/stack/data/venv/lib/python3.12/site-packages/neutron_lib/callbacks/manager.py:184}}
May 14 17:43:38.308451 np0000000789 devstack@neutron-api.service[89692]: DEBUG neutron.api.rpc.handlers.resources_rpc [None req-c6fd9605-a740-41de-9321-b1dabdec868e admin admin] Pushing event updated for resources: {'Port': ['ID=24c1cc87-3753-43e4-8ebc-c98258f73d1e,revision_number=2']} {{(pid=89692) push /opt/stack/neutron/neutron/api/rpc/handlers/resources_rpc.py:237}}
May 14 17:43:38.427797 np0000000789 devstack@neutron-api.service[89692]: DEBUG ovsdbapp.backend.ovs_idl.transaction [-] Running txn n=1 command(idx=0): CheckRevisionNumberCommand(_result=None, name=24c1cc87-3753-43e4-8ebc-c98258f73d1e, resource={'id': '24c1cc87-3753-43e4-8ebc-c98258f73d1e', 'name': '', 'network_id': '89a4e504-70d2-4850-ac0f-38bd3d2d5715', 'project_id': 'f56529b6ee5a4628bf213622e153d8ae', 'mac_address': 'fa:16:3e:70:80:56', 'admin_state_up': True, 'status': 'DOWN', 'device_id': 'ovnmeta-89a4e504-70d2-4850-ac0f-38bd3d2d5715', 'device_owner': 'network:distributed', 'standard_attr_id': 14, 'fixed_ips': [{'subnet_id': '308d805e-c788-4e80-a5fa-a96cd2666fd8', 'ip_address': '10.1.0.2'}], 'allowed_address_pairs': [], 'extra_dhcp_opts': [], 'security_groups': [], 'description': '', 'binding:vnic_type': 'normal', 'binding:profile': {}, 'binding:host_id': '', 'binding:vif_type': 'unbound', 'binding:vif_details': {}, 'port_security_enabled': False, 'tags': [], 'created_at': '2026-05-14T17:43:37Z', 'updated_at': '2026-05-14T17:43:38Z', 'revision_number': 2, 'tenant_id': 'f56529b6ee5a4628bf213622e153d8ae', 'network': {'id': '89a4e504-70d2-4850-ac0f-38bd3d2d5715', 'name': 'private', 'tenant_id': 'f56529b6ee5a4628bf213622e153d8ae', 'project_id': 'f56529b6ee5a4628bf213622e153d8ae', 'admin_state_up': True, 'mtu': 1372, 'status': 'ACTIVE', 'subnets': ['308d805e-c788-4e80-a5fa-a96cd2666fd8'], 'standard_attr_id': 12, 'shared': False, 'availability_zone_hints': [], 'availability_zones': [], 'ipv4_address_scope': None, 'ipv6_address_scope': None, 'router:external': False, 'qinq': False, 'vlan_transparent': False, 'description': '', 'port_security_enabled': True, 'tags': [], 'created_at': '2026-05-14T17:43:36Z', 'updated_at': '2026-05-14T17:43:37Z', 'revision_number': 2, 'provider:network_type': 'geneve', 'provider:physical_network': None, 'provider:segmentation_id': 52525}}, resource_type=ports, if_exists=True) {{(pid=89692) do_commit /opt/stack/data/venv/lib/python3.12/site-packages/ovsdbapp/backend/ovs_idl/transaction.py:89}}
May 14 17:43:38.428110 np0000000789 devstack@neutron-api.service[89692]: DEBUG ovsdbapp.backend.ovs_idl.transaction [-] Running txn n=1 command(idx=1): AddDHCPOptionsCommand(_result=None, columns={'cidr': '10.1.0.0/26', 'options': {'server_id': '10.1.0.1', 'lease_time': '43200', 'mtu': '1372', 'router': '10.1.0.1', 'server_mac': 'fa:16:3e:e5:d6:18', 'dns_server': '{127.0.0.53}', 'classless_static_route': '{169.254.169.254/32,10.1.0.2, 0.0.0.0/0,10.1.0.1}'}, 'external_ids': {'subnet_id': '308d805e-c788-4e80-a5fa-a96cd2666fd8', 'neutron:network_id': '89a4e504-70d2-4850-ac0f-38bd3d2d5715', 'neutron:revision_number': '0'}}, may_exist=True, subnet_id=308d805e-c788-4e80-a5fa-a96cd2666fd8, port_id=None, new_insert=False) {{(pid=89692) do_commit /opt/stack/data/venv/lib/python3.12/site-packages/ovsdbapp/backend/ovs_idl/transaction.py:89}}
May 14 17:43:38.428388 np0000000789 devstack@neutron-api.service[89692]: DEBUG ovsdbapp.backend.ovs_idl.transaction [-] Running txn n=1 command(idx=2): SetLSwitchPortCommand(_result=None, lport=24c1cc87-3753-43e4-8ebc-c98258f73d1e, external_ids_update=None, columns={'external_ids': {'neutron:port_name': '', 'neutron:device_id': 'ovnmeta-89a4e504-70d2-4850-ac0f-38bd3d2d5715', 'neutron:project_id': 'f56529b6ee5a4628bf213622e153d8ae', 'neutron:cidrs': '10.1.0.2/26', 'neutron:device_owner': 'network:distributed', 'neutron:subnet_pool_addr_scope4': '', 'neutron:subnet_pool_addr_scope6': '', 'neutron:network_name': 'neutron-89a4e504-70d2-4850-ac0f-38bd3d2d5715', 'neutron:security_group_ids': '', 'neutron:revision_number': '2', 'neutron:vnic_type': 'normal', 'neutron:port_capabilities': '', 'neutron:mtu': ''}, 'parent_name': [], 'tag': [], 'options': {}, 'enabled': True, 'port_security': [], 'dhcpv4_options': [], 'dhcpv6_options': [], 'type': 'localport', 'addresses': ['fa:16:3e:70:80:56 10.1.0.2'], 'ha_chassis_group': []}, if_exists=False) {{(pid=89692) do_commit /opt/stack/data/venv/lib/python3.12/site-packages/ovsdbapp/backend/ovs_idl/transaction.py:89}}
May 14 17:43:38.428979 np0000000789 devstack@neutron-api.service[89692]: DEBUG ovsdbapp.backend.ovs_idl.transaction [-] Running txn n=1 command(idx=3): PgDelPortCommand(_result=None, port_group=neutron_pg_drop, lsp=['24c1cc87-3753-43e4-8ebc-c98258f73d1e'], if_exists=False) {{(pid=89692) do_commit /opt/stack/data/venv/lib/python3.12/site-packages/ovsdbapp/backend/ovs_idl/transaction.py:89}}
May 14 17:43:38.433277 np0000000789 devstack@neutron-api.service[89692]: DEBUG neutron.plugins.ml2.drivers.ovn.mech_driver.ovsdb.ovsdb_monitor [-] Hash Ring: Node a3b6334a2c5f58be8b58a8432d0ecf05 (host: np0000000789) handling event "create" for row 159a3bf6-053e-485c-8dbe-d0b5965f37d7 (table: DHCP_Options) {{(pid=89692) notify /opt/stack/neutron/neutron/plugins/ml2/drivers/ovn/mech_driver/ovsdb/ovsdb_monitor.py:942}}
May 14 17:43:38.433366 np0000000789 devstack@neutron-api.service[89690]: DEBUG neutron.plugins.ml2.drivers.ovn.mech_driver.ovsdb.ovsdb_monitor [-] Hash Ring: Node 3c2047a243b755a68db705f217acc353 (host: np0000000789) handling event "update" for row ef8dd269-609e-4341-8438-8e2eaf3df44e (table: Port_Binding) {{(pid=89690) notify /opt/stack/neutron/neutron/plugins/ml2/drivers/ovn/mech_driver/ovsdb/ovsdb_monitor.py:942}}
May 14 17:43:38.433470 np0000000789 devstack@neutron-api.service[89692]: DEBUG neutron.plugins.ml2.drivers.ovn.mech_driver.ovsdb.ovsdb_monitor [-] Hash Ring: Node a3b6334a2c5f58be8b58a8432d0ecf05 (host: np0000000789) handling event "update" for row d4f34556-037c-497e-9f07-43f03a879298 (table: Logical_Switch_Port) {{(pid=89692) notify /opt/stack/neutron/neutron/plugins/ml2/drivers/ovn/mech_driver/ovsdb/ovsdb_monitor.py:942}}
May 14 17:43:38.434558 np0000000789 devstack@neutron-api.service[89691]: DEBUG neutron.plugins.ml2.drivers.ovn.mech_driver.ovsdb.ovsdb_monitor [-] Hash Ring: Node 76280660da4659e4861d3ba55b8bb4c5 (host: np0000000789) handling event "update" for row d4f34556-037c-497e-9f07-43f03a879298 (table: Logical_Switch_Port) {{(pid=89691) notify /opt/stack/neutron/neutron/plugins/ml2/drivers/ovn/mech_driver/ovsdb/ovsdb_monitor.py:942}}
May 14 17:43:38.436105 np0000000789 devstack@neutron-api.service[89692]: DEBUG neutron.plugins.ml2.drivers.ovn.mech_driver.ovsdb.ovsdb_monitor [-] Hash Ring: Node a3b6334a2c5f58be8b58a8432d0ecf05 (host: np0000000789) handling event "update" for row ef8dd269-609e-4341-8438-8e2eaf3df44e (table: Port_Binding) {{(pid=89692) notify /opt/stack/neutron/neutron/plugins/ml2/drivers/ovn/mech_driver/ovsdb/ovsdb_monitor.py:942}}
May 14 17:43:38.459213 np0000000789 devstack@neutron-api.service[89692]: INFO neutron.db.ovn_revision_numbers_db [None req-c6fd9605-a740-41de-9321-b1dabdec868e admin admin] Successfully bumped revision number for resource 24c1cc87-3753-43e4-8ebc-c98258f73d1e (type: ports) to 2
May 14 17:43:38.467649 np0000000789 devstack@neutron-api.service[89692]: DEBUG neutron.plugins.ml2.plugin [None req-c6fd9605-a740-41de-9321-b1dabdec868e admin admin] In _notify_port_updated(), no bound segment for port 24c1cc87-3753-43e4-8ebc-c98258f73d1e on network 89a4e504-70d2-4850-ac0f-38bd3d2d5715 {{(pid=89692) _notify_port_updated /opt/stack/neutron/neutron/plugins/ml2/plugin.py:1034}}
May 14 17:43:38.494488 np0000000789 devstack@neutron-api.service[89692]: INFO neutron.db.ovn_revision_numbers_db [None req-c6fd9605-a740-41de-9321-b1dabdec868e admin admin] Successfully bumped revision number for resource 308d805e-c788-4e80-a5fa-a96cd2666fd8 (type: subnets) to 0
May 14 17:43:38.495545 np0000000789 devstack@neutron-api.service[89692]: DEBUG neutron.pecan_wsgi.hooks.policy_enforcement [None req-c6fd9605-a740-41de-9321-b1dabdec868e admin admin] Attributes excluded by policy engine: ['standard_attr_id', 'shared', 'network'] {{(pid=89692) _exclude_attributes_by_policy /opt/stack/neutron/neutron/pecan_wsgi/hooks/policy_enforcement.py:256}}
May 14 17:43:38.495830 np0000000789 devstack@neutron-api.service[89692]: DEBUG neutron_lib.callbacks.manager [None req-c6fd9605-a740-41de-9321-b1dabdec868e admin admin] Publish callbacks [] for subnet (None), before_response {{(pid=89692) _notify_loop /opt/stack/data/venv/lib/python3.12/site-packages/neutron_lib/callbacks/manager.py:184}}
May 14 17:43:38.504641 np0000000789 devstack@neutron-api.service[89692]: [pid: 89692|app: 0|req: 4/8] 10.4.3.215 () {68 vars in 1324 bytes} [Thu May 14 17:43:37 2026] POST /networking/v2.0/subnets => generated 666 bytes in 799 msecs (HTTP/1.1 201) 4 headers in 162 bytes (1 switches on core 0)
May 14 17:43:38.831904 np0000000789 devstack@neutron-api.service[89690]: DEBUG neutron.pecan_wsgi.hooks.policy_enforcement [None req-e44762e0-def9-4ba6-8bdb-092cf8e49fcc admin admin] Attributes excluded by policy engine: ['standard_attr_id'] {{(pid=89690) _exclude_attributes_by_policy /opt/stack/neutron/neutron/pecan_wsgi/hooks/policy_enforcement.py:256}}
May 14 17:43:38.832577 np0000000789 devstack@neutron-api.service[89690]: [pid: 89690|app: 0|req: 3/9] 10.4.3.215 () {64 vars in 1384 bytes} [Thu May 14 17:43:38 2026] GET /networking/v2.0/networks/89a4e504-70d2-4850-ac0f-38bd3d2d5715 => generated 700 bytes in 34 msecs (HTTP/1.1 200) 4 headers in 157 bytes (1 switches on core 0)
May 14 17:43:38.842453 np0000000789 devstack@neutron-api.service[89691]: DEBUG neutron.api.wsgi [None req-9c2df940-f92e-49f2-9b8b-fe7b93a724a8 admin admin] Missing Content-Type {{(pid=89691) get_content_type /opt/stack/neutron/neutron/api/wsgi.py:80}}
May 14 17:43:38.850137 np0000000789 devstack@neutron-api.service[89691]: [pid: 89691|app: 0|req: 3/10] 10.4.3.215 () {64 vars in 1393 bytes} [Thu May 14 17:43:38 2026] GET /networking/v2.0/subnetpools/b1ae514e-4a2a-47fd-91ea-3ac47d43d92f => generated 543 bytes in 9 msecs (HTTP/1.1 200) 4 headers in 157 bytes (1 switches on core 0)
