Jul 31 22:01:31.454753 np0000006281 devstack@g-api.service[99810]: DEBUG glance_store.backend [None req-bff8da7c-c505-4816-a3c0-65f054fa378d tempest-VolumeImageDependencyTests-1784472225 tempest-VolumeImageDependencyTests-1784472225-project-member] Attempting to import store swift {{(pid=99810) _load_store /opt/stack/data/venv/lib/python3.12/site-packages/glance_store/backend.py:215}}
Jul 31 22:01:31.456663 np0000006281 devstack@g-api.service[99810]: DEBUG glance_store.capabilities [None req-bff8da7c-c505-4816-a3c0-65f054fa378d tempest-VolumeImageDependencyTests-1784472225 tempest-VolumeImageDependencyTests-1784472225-project-member] Store glance_store._drivers.swift.store.SingleTenantStore doesn't support updating dynamic storage capabilities. Please overwrite 'update_capabilities' method of the store to implement updating logics if needed. {{(pid=99810) update_capabilities /opt/stack/data/venv/lib/python3.12/site-packages/glance_store/capabilities.py:91}}
Jul 31 22:01:31.457136 np0000006281 devstack@g-api.service[99810]: DEBUG glance_store.driver [None req-bff8da7c-c505-4816-a3c0-65f054fa378d tempest-VolumeImageDependencyTests-1784472225 tempest-VolumeImageDependencyTests-1784472225-project-member] Late loading location class glance_store._drivers.swift.store.StoreLocation {{(pid=99810) get_store_location_class /opt/stack/data/venv/lib/python3.12/site-packages/glance_store/driver.py:134}}
Jul 31 22:01:31.457494 np0000006281 devstack@g-api.service[99810]: DEBUG glance_store.location [None req-bff8da7c-c505-4816-a3c0-65f054fa378d tempest-VolumeImageDependencyTests-1784472225 tempest-VolumeImageDependencyTests-1784472225-project-member] Registering scheme swift+https with {'store': , 'location_class': , 'store_entry': 'swift'} {{(pid=99810) register_scheme_map /opt/stack/data/venv/lib/python3.12/site-packages/glance_store/location.py:146}}
Jul 31 22:01:31.458268 np0000006281 devstack@g-api.service[99810]: DEBUG glance_store.location [None req-bff8da7c-c505-4816-a3c0-65f054fa378d tempest-VolumeImageDependencyTests-1784472225 tempest-VolumeImageDependencyTests-1784472225-project-member] Registering scheme swift+https with {'store': , 'location_class': , 'store_entry': 'swift'} {{(pid=99810) register_scheme_map /opt/stack/data/venv/lib/python3.12/site-packages/glance_store/location.py:146}}
Jul 31 22:01:31.458268 np0000006281 devstack@g-api.service[99810]: DEBUG glance_store.location [None req-bff8da7c-c505-4816-a3c0-65f054fa378d tempest-VolumeImageDependencyTests-1784472225 tempest-VolumeImageDependencyTests-1784472225-project-member] Registering scheme swift with {'store': , 'location_class': , 'store_entry': 'swift'} {{(pid=99810) register_scheme_map /opt/stack/data/venv/lib/python3.12/site-packages/glance_store/location.py:146}}
Jul 31 22:01:31.458268 np0000006281 devstack@g-api.service[99810]: DEBUG glance_store.location [None req-bff8da7c-c505-4816-a3c0-65f054fa378d tempest-VolumeImageDependencyTests-1784472225 tempest-VolumeImageDependencyTests-1784472225-project-member] Registering scheme swift+https with {'store': , 'location_class': , 'store_entry': 'swift'} {{(pid=99810) register_scheme_map /opt/stack/data/venv/lib/python3.12/site-packages/glance_store/location.py:146}}
Jul 31 22:01:31.458268 np0000006281 devstack@g-api.service[99810]: DEBUG glance_store.location [None req-bff8da7c-c505-4816-a3c0-65f054fa378d tempest-VolumeImageDependencyTests-1784472225 tempest-VolumeImageDependencyTests-1784472225-project-member] Registering scheme swift with {'store': , 'location_class': , 'store_entry': 'swift'} {{(pid=99810) register_scheme_map /opt/stack/data/venv/lib/python3.12/site-packages/glance_store/location.py:146}}
Jul 31 22:01:31.458268 np0000006281 devstack@g-api.service[99810]: DEBUG glance_store.location [None req-bff8da7c-c505-4816-a3c0-65f054fa378d tempest-VolumeImageDependencyTests-1784472225 tempest-VolumeImageDependencyTests-1784472225-project-member] Registering scheme swift+http with {'store': , 'location_class': , 'store_entry': 'swift'} {{(pid=99810) register_scheme_map /opt/stack/data/venv/lib/python3.12/site-packages/glance_store/location.py:146}}
Jul 31 22:01:31.458268 np0000006281 devstack@g-api.service[99810]: DEBUG glance_store.location [None req-bff8da7c-c505-4816-a3c0-65f054fa378d tempest-VolumeImageDependencyTests-1784472225 tempest-VolumeImageDependencyTests-1784472225-project-member] Registering scheme swift+https with {'store': , 'location_class': , 'store_entry': 'swift'} {{(pid=99810) register_scheme_map /opt/stack/data/venv/lib/python3.12/site-packages/glance_store/location.py:146}}
Jul 31 22:01:31.458268 np0000006281 devstack@g-api.service[99810]: DEBUG glance_store.location [None req-bff8da7c-c505-4816-a3c0-65f054fa378d tempest-VolumeImageDependencyTests-1784472225 tempest-VolumeImageDependencyTests-1784472225-project-member] Registering scheme swift with {'store': , 'location_class': , 'store_entry': 'swift'} {{(pid=99810) register_scheme_map /opt/stack/data/venv/lib/python3.12/site-packages/glance_store/location.py:146}}
Jul 31 22:01:31.458268 np0000006281 devstack@g-api.service[99810]: DEBUG glance_store.location [None req-bff8da7c-c505-4816-a3c0-65f054fa378d tempest-VolumeImageDependencyTests-1784472225 tempest-VolumeImageDependencyTests-1784472225-project-member] Registering scheme swift+http with {'store': , 'location_class': , 'store_entry': 'swift'} {{(pid=99810) register_scheme_map /opt/stack/data/venv/lib/python3.12/site-packages/glance_store/location.py:146}}
Jul 31 22:01:31.461385 np0000006281 devstack@g-api.service[99810]: DEBUG glance_store.location [None req-bff8da7c-c505-4816-a3c0-65f054fa378d tempest-VolumeImageDependencyTests-1784472225 tempest-VolumeImageDependencyTests-1784472225-project-member] Registering scheme swift+config with {'store': , 'location_class': , 'store_entry': 'swift'} {{(pid=99810) register_scheme_map /opt/stack/data/venv/lib/python3.12/site-packages/glance_store/location.py:146}}
Jul 31 22:01:31.668161 np0000006281 devstack@g-api.service[99810]: DEBUG swiftclient [None req-bff8da7c-c505-4816-a3c0-65f054fa378d tempest-VolumeImageDependencyTests-1784472225 tempest-VolumeImageDependencyTests-1784472225-project-member] REQ: curl -i https://10.4.3.186:8080/v1/AUTH_23d71776440b429db49887c1a6a12107/glance -I -H "X-Auth-Token: gAAAAABqbRs7u1Em..." {{(pid=99810) http_log /opt/stack/data/venv/lib/python3.12/site-packages/swiftclient/client.py:160}}
Jul 31 22:01:31.668161 np0000006281 devstack@g-api.service[99810]: DEBUG swiftclient [None req-bff8da7c-c505-4816-a3c0-65f054fa378d tempest-VolumeImageDependencyTests-1784472225 tempest-VolumeImageDependencyTests-1784472225-project-member] RESP STATUS: 204 No Content {{(pid=99810) http_log /opt/stack/data/venv/lib/python3.12/site-packages/swiftclient/client.py:161}}
Jul 31 22:01:31.668161 np0000006281 devstack@g-api.service[99810]: DEBUG swiftclient [None req-bff8da7c-c505-4816-a3c0-65f054fa378d tempest-VolumeImageDependencyTests-1784472225 tempest-VolumeImageDependencyTests-1784472225-project-member] RESP HEADERS: {'Date': 'Fri, 31 Jul 2026 22:01:31 GMT', 'Server': 'Apache/2.4.58 (Ubuntu)', 'Content-Type': 'text/plain; charset=utf-8', 'X-Container-Object-Count': '5', 'X-Container-Bytes-Used': '86048768', 'X-Timestamp': '1785534883.75225', 'Last-Modified': 'Fri, 31 Jul 2026 21:54:44 GMT', 'Accept-Ranges': 'bytes', 'X-Storage-Policy': 'Policy-0', 'X-Container-Sharding': 'False', 'Vary': 'Accept', 'X-Trans-Id': 'txacffe75c098b40ecab653-006a6d1b3b', 'X-Openstack-Request-Id': 'txacffe75c098b40ecab653-006a6d1b3b', 'Connection': 'close'} {{(pid=99810) http_log /opt/stack/data/venv/lib/python3.12/site-packages/swiftclient/client.py:162}}
Jul 31 22:01:31.668161 np0000006281 devstack@g-api.service[99810]: DEBUG glance_store._drivers.swift.store [None req-bff8da7c-c505-4816-a3c0-65f054fa378d tempest-VolumeImageDependencyTests-1784472225 tempest-VolumeImageDependencyTests-1784472225-project-member] Adding image object '06eb8d49-0ad9-4449-898f-313014a666ba' to Swift {{(pid=99810) add /opt/stack/data/venv/lib/python3.12/site-packages/glance_store/_drivers/swift/store.py:970}}
Jul 31 22:01:31.671731 np0000006281 devstack@g-api.service[99809]: DEBUG glance.api.middleware.version_negotiation [None req-ad689b40-4f1e-4e58-b366-310fc71d77b2 tempest-AttachVolumeShelveTestJSON-211031780 tempest-AttachVolumeShelveTestJSON-211031780-project-member] Determining version of request: GET /v2/images/92649a75-edea-4722-89db-0339ef656db2 Accept: */* {{(pid=99809) process_request /opt/stack/glance/glance/api/middleware/version_negotiation.py:44}}
Jul 31 22:01:31.671731 np0000006281 devstack@g-api.service[99809]: DEBUG glance.api.middleware.version_negotiation [None req-ad689b40-4f1e-4e58-b366-310fc71d77b2 tempest-AttachVolumeShelveTestJSON-211031780 tempest-AttachVolumeShelveTestJSON-211031780-project-member] Using url versioning {{(pid=99809) process_request /opt/stack/glance/glance/api/middleware/version_negotiation.py:57}}
Jul 31 22:01:31.671731 np0000006281 devstack@g-api.service[99809]: DEBUG glance.api.middleware.version_negotiation [None req-ad689b40-4f1e-4e58-b366-310fc71d77b2 tempest-AttachVolumeShelveTestJSON-211031780 tempest-AttachVolumeShelveTestJSON-211031780-project-member] Matched version: v2 {{(pid=99809) process_request /opt/stack/glance/glance/api/middleware/version_negotiation.py:69}}
Jul 31 22:01:31.671731 np0000006281 devstack@g-api.service[99809]: DEBUG glance.api.middleware.version_negotiation [None req-ad689b40-4f1e-4e58-b366-310fc71d77b2 tempest-AttachVolumeShelveTestJSON-211031780 tempest-AttachVolumeShelveTestJSON-211031780-project-member] new path /v2/images/92649a75-edea-4722-89db-0339ef656db2 {{(pid=99809) process_request /opt/stack/glance/glance/api/middleware/version_negotiation.py:70}}
Jul 31 22:01:31.676343 np0000006281 devstack@g-api.service[99810]: DEBUG oslo_utils.imageutils.format_inspector [None req-bff8da7c-c505-4816-a3c0-65f054fa378d tempest-VolumeImageDependencyTests-1784472225 tempest-VolumeImageDependencyTests-1784472225-project-member] Format inspector for vmdk does not match, excluding from consideration (Signature KDMV not found: b'`i\x03_') {{(pid=99810) _process_chunk /opt/stack/data/venv/lib/python3.12/site-packages/oslo_utils/imageutils/format_inspector.py:1758}}
Jul 31 22:01:31.683440 np0000006281 devstack@g-api.service[99809]: [pid: 99809|app: 0|req: 115/346] 127.0.0.1 () {44 vars in 1115 bytes} [Fri Jul 31 22:01:31 2026] GET /v2/images/92649a75-edea-4722-89db-0339ef656db2 => generated 1337 bytes in 13 msecs (HTTP/1.1 200) 4 headers in 158 bytes (1 switches on core 0)
Jul 31 22:01:31.703809 np0000006281 devstack@g-api.service[99810]: DEBUG swiftclient [None req-bff8da7c-c505-4816-a3c0-65f054fa378d tempest-VolumeImageDependencyTests-1784472225 tempest-VolumeImageDependencyTests-1784472225-project-member] REQ: curl -i https://10.4.3.186:8080/v1/AUTH_23d71776440b429db49887c1a6a12107/glance/06eb8d49-0ad9-4449-898f-313014a666ba -X PUT -H "X-Auth-Token: gAAAAABqbRs7u1Em..." -H "Content-Length: 1024" {{(pid=99810) http_log /opt/stack/data/venv/lib/python3.12/site-packages/swiftclient/client.py:160}}
Jul 31 22:01:31.703809 np0000006281 devstack@g-api.service[99810]: DEBUG swiftclient [None req-bff8da7c-c505-4816-a3c0-65f054fa378d tempest-VolumeImageDependencyTests-1784472225 tempest-VolumeImageDependencyTests-1784472225-project-member] RESP STATUS: 201 Created {{(pid=99810) http_log /opt/stack/data/venv/lib/python3.12/site-packages/swiftclient/client.py:161}}
Jul 31 22:01:31.703809 np0000006281 devstack@g-api.service[99810]: DEBUG swiftclient [None req-bff8da7c-c505-4816-a3c0-65f054fa378d tempest-VolumeImageDependencyTests-1784472225 tempest-VolumeImageDependencyTests-1784472225-project-member] RESP HEADERS: {'Date': 'Fri, 31 Jul 2026 22:01:31 GMT', 'Server': 'Apache/2.4.58 (Ubuntu)', 'Content-Type': 'text/html; charset=UTF-8', 'Content-Length': '0', 'Etag': 'ca10dcf8c240bc806a51275c57a073c7', 'Last-Modified': 'Fri, 31 Jul 2026 22:01:32 GMT', 'X-Trans-Id': 'tx299b8d8f385a43218ab84-006a6d1b3b', 'X-Openstack-Request-Id': 'tx299b8d8f385a43218ab84-006a6d1b3b', 'Connection': 'close'} {{(pid=99810) http_log /opt/stack/data/venv/lib/python3.12/site-packages/swiftclient/client.py:162}}
Jul 31 22:01:31.704531 np0000006281 devstack@g-api.service[99810]: INFO glance.location [None req-bff8da7c-c505-4816-a3c0-65f054fa378d tempest-VolumeImageDependencyTests-1784472225 tempest-VolumeImageDependencyTests-1784472225-project-member] Image format matched and virtual size computed: 1024
Jul 31 22:01:31.712834 np0000006281 devstack@g-api.service[99808]: DEBUG glance.api.middleware.version_negotiation [None req-ad689b40-4f1e-4e58-b366-310fc71d77b2 tempest-AttachVolumeShelveTestJSON-211031780 tempest-AttachVolumeShelveTestJSON-211031780-project-member] Determining version of request: GET /v2/schemas/image Accept: */* {{(pid=99808) process_request /opt/stack/glance/glance/api/middleware/version_negotiation.py:44}}
Jul 31 22:01:31.713063 np0000006281 devstack@g-api.service[99808]: DEBUG glance.api.middleware.version_negotiation [None req-ad689b40-4f1e-4e58-b366-310fc71d77b2 tempest-AttachVolumeShelveTestJSON-211031780 tempest-AttachVolumeShelveTestJSON-211031780-project-member] Using url versioning {{(pid=99808) process_request /opt/stack/glance/glance/api/middleware/version_negotiation.py:57}}
Jul 31 22:01:31.713206 np0000006281 devstack@g-api.service[99808]: DEBUG glance.api.middleware.version_negotiation [None req-ad689b40-4f1e-4e58-b366-310fc71d77b2 tempest-AttachVolumeShelveTestJSON-211031780 tempest-AttachVolumeShelveTestJSON-211031780-project-member] Matched version: v2 {{(pid=99808) process_request /opt/stack/glance/glance/api/middleware/version_negotiation.py:69}}
Jul 31 22:01:31.713301 np0000006281 devstack@g-api.service[99808]: DEBUG glance.api.middleware.version_negotiation [None req-ad689b40-4f1e-4e58-b366-310fc71d77b2 tempest-AttachVolumeShelveTestJSON-211031780 tempest-AttachVolumeShelveTestJSON-211031780-project-member] new path /v2/schemas/image {{(pid=99808) process_request /opt/stack/glance/glance/api/middleware/version_negotiation.py:70}}
Jul 31 22:01:31.715666 np0000006281 devstack@g-api.service[99808]: [pid: 99808|app: 0|req: 123/347] 127.0.0.1 () {44 vars in 1055 bytes} [Fri Jul 31 22:01:31 2026] GET /v2/schemas/image => generated 6083 bytes in 3 msecs (HTTP/1.1 200) 4 headers in 158 bytes (1 switches on core 0)
Jul 31 22:01:31.738722 np0000006281 devstack@g-api.service[99810]: DEBUG glance_store.backend [None req-bff8da7c-c505-4816-a3c0-65f054fa378d tempest-VolumeImageDependencyTests-1784472225 tempest-VolumeImageDependencyTests-1784472225-project-member] Attempting to import store swift {{(pid=99810) _load_store /opt/stack/data/venv/lib/python3.12/site-packages/glance_store/backend.py:215}}
Jul 31 22:01:31.740382 np0000006281 devstack@g-api.service[99810]: DEBUG glance_store.capabilities [None req-bff8da7c-c505-4816-a3c0-65f054fa378d tempest-VolumeImageDependencyTests-1784472225 tempest-VolumeImageDependencyTests-1784472225-project-member] Store glance_store._drivers.swift.store.SingleTenantStore doesn't support updating dynamic storage capabilities. Please overwrite 'update_capabilities' method of the store to implement updating logics if needed. {{(pid=99810) update_capabilities /opt/stack/data/venv/lib/python3.12/site-packages/glance_store/capabilities.py:91}}
Jul 31 22:01:31.740927 np0000006281 devstack@g-api.service[99810]: DEBUG glance_store.driver [None req-bff8da7c-c505-4816-a3c0-65f054fa378d tempest-VolumeImageDependencyTests-1784472225 tempest-VolumeImageDependencyTests-1784472225-project-member] Late loading location class glance_store._drivers.swift.store.StoreLocation {{(pid=99810) get_store_location_class /opt/stack/data/venv/lib/python3.12/site-packages/glance_store/driver.py:134}}
Jul 31 22:01:31.741180 np0000006281 devstack@g-api.service[99810]: DEBUG glance_store.location [None req-bff8da7c-c505-4816-a3c0-65f054fa378d tempest-VolumeImageDependencyTests-1784472225 tempest-VolumeImageDependencyTests-1784472225-project-member] Registering scheme swift+https with {'store': , 'location_class': , 'store_entry': 'swift'} {{(pid=99810) register_scheme_map /opt/stack/data/venv/lib/python3.12/site-packages/glance_store/location.py:146}}
Jul 31 22:01:31.741443 np0000006281 devstack@g-api.service[99810]: DEBUG glance_store.location [None req-bff8da7c-c505-4816-a3c0-65f054fa378d tempest-VolumeImageDependencyTests-1784472225 tempest-VolumeImageDependencyTests-1784472225-project-member] Registering scheme swift+https with {'store': , 'location_class': , 'store_entry': 'swift'} {{(pid=99810) register_scheme_map /opt/stack/data/venv/lib/python3.12/site-packages/glance_store/location.py:146}}
Jul 31 22:01:31.741668 np0000006281 devstack@g-api.service[99810]: DEBUG glance_store.location [None req-bff8da7c-c505-4816-a3c0-65f054fa378d tempest-VolumeImageDependencyTests-1784472225 tempest-VolumeImageDependencyTests-1784472225-project-member] Registering scheme swift with {'store': , 'location_class': , 'store_entry': 'swift'} {{(pid=99810) register_scheme_map /opt/stack/data/venv/lib/python3.12/site-packages/glance_store/location.py:146}}
Jul 31 22:01:31.742006 np0000006281 devstack@g-api.service[99810]: DEBUG glance_store.location [None req-bff8da7c-c505-4816-a3c0-65f054fa378d tempest-VolumeImageDependencyTests-1784472225 tempest-VolumeImageDependencyTests-1784472225-project-member] Registering scheme swift+https with {'store': , 'location_class': , 'store_entry': 'swift'} {{(pid=99810) register_scheme_map /opt/stack/data/venv/lib/python3.12/site-packages/glance_store/location.py:146}}
Jul 31 22:01:31.742219 np0000006281 devstack@g-api.service[99810]: DEBUG glance_store.location [None req-bff8da7c-c505-4816-a3c0-65f054fa378d tempest-VolumeImageDependencyTests-1784472225 tempest-VolumeImageDependencyTests-1784472225-project-member] Registering scheme swift with {'store': , 'location_class': , 'store_entry': 'swift'} {{(pid=99810) register_scheme_map /opt/stack/data/venv/lib/python3.12/site-packages/glance_store/location.py:146}}
Jul 31 22:01:31.742494 np0000006281 devstack@g-api.service[99810]: DEBUG glance_store.location [None req-bff8da7c-c505-4816-a3c0-65f054fa378d tempest-VolumeImageDependencyTests-1784472225 tempest-VolumeImageDependencyTests-1784472225-project-member] Registering scheme swift+http with {'store': , 'location_class': , 'store_entry': 'swift'} {{(pid=99810) register_scheme_map /opt/stack/data/venv/lib/python3.12/site-packages/glance_store/location.py:146}}
Jul 31 22:01:31.742748 np0000006281 devstack@g-api.service[99810]: DEBUG glance_store.location [None req-bff8da7c-c505-4816-a3c0-65f054fa378d tempest-VolumeImageDependencyTests-1784472225 tempest-VolumeImageDependencyTests-1784472225-project-member] Registering scheme swift+https with {'store': , 'location_class': , 'store_entry': 'swift'} {{(pid=99810) register_scheme_map /opt/stack/data/venv/lib/python3.12/site-packages/glance_store/location.py:146}}
Jul 31 22:01:31.742957 np0000006281 devstack@g-api.service[99810]: DEBUG glance_store.location [None req-bff8da7c-c505-4816-a3c0-65f054fa378d tempest-VolumeImageDependencyTests-1784472225 tempest-VolumeImageDependencyTests-1784472225-project-member] Registering scheme swift with {'store': , 'location_class': , 'store_entry': 'swift'} {{(pid=99810) register_scheme_map /opt/stack/data/venv/lib/python3.12/site-packages/glance_store/location.py:146}}
Jul 31 22:01:31.743172 np0000006281 devstack@g-api.service[99810]: DEBUG glance_store.location [None req-bff8da7c-c505-4816-a3c0-65f054fa378d tempest-VolumeImageDependencyTests-1784472225 tempest-VolumeImageDependencyTests-1784472225-project-member] Registering scheme swift+http with {'store': , 'location_class': , 'store_entry': 'swift'} {{(pid=99810) register_scheme_map /opt/stack/data/venv/lib/python3.12/site-packages/glance_store/location.py:146}}
Jul 31 22:01:31.743366 np0000006281 devstack@g-api.service[99810]: DEBUG glance_store.location [None req-bff8da7c-c505-4816-a3c0-65f054fa378d tempest-VolumeImageDependencyTests-1784472225 tempest-VolumeImageDependencyTests-1784472225-project-member] Registering scheme swift+config with {'store': , 'location_class': , 'store_entry': 'swift'} {{(pid=99810) register_scheme_map /opt/stack/data/venv/lib/python3.12/site-packages/glance_store/location.py:146}}
Jul 31 22:01:31.743617 np0000006281 devstack@g-api.service[99810]: DEBUG glance_store.backend [None req-bff8da7c-c505-4816-a3c0-65f054fa378d tempest-VolumeImageDependencyTests-1784472225 tempest-VolumeImageDependencyTests-1784472225-project-member] Skipping store.set_acls... not implemented. {{(pid=99810) set_acls /opt/stack/data/venv/lib/python3.12/site-packages/glance_store/backend.py:507}}
Jul 31 22:01:31.745863 np0000006281 devstack@g-api.service[99810]: [pid: 99810|app: 0|req: 110/348] 127.0.0.1 () {40 vars in 847 bytes} [Fri Jul 31 22:01:30 2026] PUT /v2/images/06eb8d49-0ad9-4449-898f-313014a666ba/file => generated 0 bytes in 1109 msecs (HTTP/1.1 204) 4 headers in 171 bytes (1 switches on core 0)
Jul 31 22:01:31.756496 np0000006281 devstack@g-api.service[99809]: DEBUG glance.api.middleware.version_negotiation [None req-ad689b40-4f1e-4e58-b366-310fc71d77b2 tempest-AttachVolumeShelveTestJSON-211031780 tempest-AttachVolumeShelveTestJSON-211031780-project-member] Determining version of request: GET /v2/images/06eb8d49-0ad9-4449-898f-313014a666ba Accept: application/json {{(pid=99809) process_request /opt/stack/glance/glance/api/middleware/version_negotiation.py:44}}
Jul 31 22:01:31.756962 np0000006281 devstack@g-api.service[99809]: DEBUG glance.api.middleware.version_negotiation [None req-ad689b40-4f1e-4e58-b366-310fc71d77b2 tempest-AttachVolumeShelveTestJSON-211031780 tempest-AttachVolumeShelveTestJSON-211031780-project-member] Using url versioning {{(pid=99809) process_request /opt/stack/glance/glance/api/middleware/version_negotiation.py:57}}
Jul 31 22:01:31.756962 np0000006281 devstack@g-api.service[99809]: DEBUG glance.api.middleware.version_negotiation [None req-ad689b40-4f1e-4e58-b366-310fc71d77b2 tempest-AttachVolumeShelveTestJSON-211031780 tempest-AttachVolumeShelveTestJSON-211031780-project-member] Matched version: v2 {{(pid=99809) process_request /opt/stack/glance/glance/api/middleware/version_negotiation.py:69}}
Jul 31 22:01:31.756962 np0000006281 devstack@g-api.service[99809]: DEBUG glance.api.middleware.version_negotiation [None req-ad689b40-4f1e-4e58-b366-310fc71d77b2 tempest-AttachVolumeShelveTestJSON-211031780 tempest-AttachVolumeShelveTestJSON-211031780-project-member] new path /v2/images/06eb8d49-0ad9-4449-898f-313014a666ba {{(pid=99809) process_request /opt/stack/glance/glance/api/middleware/version_negotiation.py:70}}
Jul 31 22:01:31.767906 np0000006281 devstack@g-api.service[99809]: [pid: 99809|app: 0|req: 116/349] 127.0.0.1 () {40 vars in 838 bytes} [Fri Jul 31 22:01:31 2026] GET /v2/images/06eb8d49-0ad9-4449-898f-313014a666ba => generated 818 bytes in 11 msecs (HTTP/1.1 200) 4 headers in 157 bytes (1 switches on core 0)
Jul 31 22:01:31.775242 np0000006281 devstack@g-api.service[99808]: DEBUG glance.api.middleware.version_negotiation [None req-ad689b40-4f1e-4e58-b366-310fc71d77b2 tempest-AttachVolumeShelveTestJSON-211031780 tempest-AttachVolumeShelveTestJSON-211031780-project-member] Determining version of request: GET /v2/images/06eb8d49-0ad9-4449-898f-313014a666ba Accept: application/json {{(pid=99808) process_request /opt/stack/glance/glance/api/middleware/version_negotiation.py:44}}
Jul 31 22:01:31.775418 np0000006281 devstack@g-api.service[99808]: DEBUG glance.api.middleware.version_negotiation [None req-ad689b40-4f1e-4e58-b366-310fc71d77b2 tempest-AttachVolumeShelveTestJSON-211031780 tempest-AttachVolumeShelveTestJSON-211031780-project-member] Using url versioning {{(pid=99808) process_request /opt/stack/glance/glance/api/middleware/version_negotiation.py:57}}
Jul 31 22:01:31.775584 np0000006281 devstack@g-api.service[99808]: DEBUG glance.api.middleware.version_negotiation [None req-ad689b40-4f1e-4e58-b366-310fc71d77b2 tempest-AttachVolumeShelveTestJSON-211031780 tempest-AttachVolumeShelveTestJSON-211031780-project-member] Matched version: v2 {{(pid=99808) process_request /opt/stack/glance/glance/api/middleware/version_negotiation.py:69}}
Jul 31 22:01:31.775719 np0000006281 devstack@g-api.service[99808]: DEBUG glance.api.middleware.version_negotiation [None req-ad689b40-4f1e-4e58-b366-310fc71d77b2 tempest-AttachVolumeShelveTestJSON-211031780 tempest-AttachVolumeShelveTestJSON-211031780-project-member] new path /v2/images/06eb8d49-0ad9-4449-898f-313014a666ba {{(pid=99808) process_request /opt/stack/glance/glance/api/middleware/version_negotiation.py:70}}
Jul 31 22:01:31.783664 np0000006281 devstack@g-api.service[99808]: [pid: 99808|app: 0|req: 124/350] 127.0.0.1 () {40 vars in 838 bytes} [Fri Jul 31 22:01:31 2026] GET /v2/images/06eb8d49-0ad9-4449-898f-313014a666ba => generated 818 bytes in 8 msecs (HTTP/1.1 200) 4 headers in 157 bytes (1 switches on core 0)
Jul 31 22:01:31.793818 np0000006281 devstack@g-api.service[99810]: DEBUG glance.api.middleware.version_negotiation [None req-bff8da7c-c505-4816-a3c0-65f054fa378d tempest-VolumeImageDependencyTests-1784472225 tempest-VolumeImageDependencyTests-1784472225-project-member] Determining version of request: GET /v2/images/06eb8d49-0ad9-4449-898f-313014a666ba Accept: application/json {{(pid=99810) process_request /opt/stack/glance/glance/api/middleware/version_negotiation.py:44}}
Jul 31 22:01:31.793818 np0000006281 devstack@g-api.service[99810]: DEBUG glance.api.middleware.version_negotiation [None req-bff8da7c-c505-4816-a3c0-65f054fa378d tempest-VolumeImageDependencyTests-1784472225 tempest-VolumeImageDependencyTests-1784472225-project-member] Using url versioning {{(pid=99810) process_request /opt/stack/glance/glance/api/middleware/version_negotiation.py:57}}
Jul 31 22:01:31.793818 np0000006281 devstack@g-api.service[99810]: DEBUG glance.api.middleware.version_negotiation [None req-bff8da7c-c505-4816-a3c0-65f054fa378d tempest-VolumeImageDependencyTests-1784472225 tempest-VolumeImageDependencyTests-1784472225-project-member] Matched version: v2 {{(pid=99810) process_request /opt/stack/glance/glance/api/middleware/version_negotiation.py:69}}
Jul 31 22:01:31.793818 np0000006281 devstack@g-api.service[99810]: DEBUG glance.api.middleware.version_negotiation [None req-bff8da7c-c505-4816-a3c0-65f054fa378d tempest-VolumeImageDependencyTests-1784472225 tempest-VolumeImageDependencyTests-1784472225-project-member] new path /v2/images/06eb8d49-0ad9-4449-898f-313014a666ba {{(pid=99810) process_request /opt/stack/glance/glance/api/middleware/version_negotiation.py:70}}
Jul 31 22:01:31.802913 np0000006281 devstack@g-api.service[99810]: [pid: 99810|app: 0|req: 111/351] 127.0.0.1 () {40 vars in 838 bytes} [Fri Jul 31 22:01:31 2026] GET /v2/images/06eb8d49-0ad9-4449-898f-313014a666ba => generated 818 bytes in 10 msecs (HTTP/1.1 200) 4 headers in 157 bytes (1 switches on core 0)
Jul 31 22:01:31.842241 np0000006281 devstack@g-api.service[99809]: DEBUG glance.api.middleware.version_negotiation [None req-8dd3a7db-df21-4206-8e19-ab7f86f9fdb0 tempest-VolumeImageDependencyTests-1784472225 tempest-VolumeImageDependencyTests-1784472225-project-member] Determining version of request: GET /v2/images/06eb8d49-0ad9-4449-898f-313014a666ba Accept: */* {{(pid=99809) process_request /opt/stack/glance/glance/api/middleware/version_negotiation.py:44}}
Jul 31 22:01:31.842463 np0000006281 devstack@g-api.service[99809]: DEBUG glance.api.middleware.version_negotiation [None req-8dd3a7db-df21-4206-8e19-ab7f86f9fdb0 tempest-VolumeImageDependencyTests-1784472225 tempest-VolumeImageDependencyTests-1784472225-project-member] Using url versioning {{(pid=99809) process_request /opt/stack/glance/glance/api/middleware/version_negotiation.py:57}}
Jul 31 22:01:31.842741 np0000006281 devstack@g-api.service[99809]: DEBUG glance.api.middleware.version_negotiation [None req-8dd3a7db-df21-4206-8e19-ab7f86f9fdb0 tempest-VolumeImageDependencyTests-1784472225 tempest-VolumeImageDependencyTests-1784472225-project-member] Matched version: v2 {{(pid=99809) process_request /opt/stack/glance/glance/api/middleware/version_negotiation.py:69}}
Jul 31 22:01:31.843121 np0000006281 devstack@g-api.service[99809]: DEBUG glance.api.middleware.version_negotiation [None req-8dd3a7db-df21-4206-8e19-ab7f86f9fdb0 tempest-VolumeImageDependencyTests-1784472225 tempest-VolumeImageDependencyTests-1784472225-project-member] new path /v2/images/06eb8d49-0ad9-4449-898f-313014a666ba {{(pid=99809) process_request /opt/stack/glance/glance/api/middleware/version_negotiation.py:70}}
Jul 31 22:01:31.877679 np0000006281 devstack@g-api.service[99809]: [pid: 99809|app: 0|req: 117/352] 127.0.0.1 () {44 vars in 1115 bytes} [Fri Jul 31 22:01:31 2026] GET /v2/images/06eb8d49-0ad9-4449-898f-313014a666ba => generated 818 bytes in 36 msecs (HTTP/1.1 200) 4 headers in 157 bytes (1 switches on core 0)
Jul 31 22:01:31.887209 np0000006281 devstack@g-api.service[99808]: DEBUG glance.api.middleware.version_negotiation [None req-70a9ff6a-7735-4bff-bcc6-4f4905ae48f9 tempest-VolumeImageDependencyTests-1784472225 tempest-VolumeImageDependencyTests-1784472225-project-member] Determining version of request: GET /v2/schemas/image Accept: */* {{(pid=99808) process_request /opt/stack/glance/glance/api/middleware/version_negotiation.py:44}}
Jul 31 22:01:31.887424 np0000006281 devstack@g-api.service[99808]: DEBUG glance.api.middleware.version_negotiation [None req-70a9ff6a-7735-4bff-bcc6-4f4905ae48f9 tempest-VolumeImageDependencyTests-1784472225 tempest-VolumeImageDependencyTests-1784472225-project-member] Using url versioning {{(pid=99808) process_request /opt/stack/glance/glance/api/middleware/version_negotiation.py:57}}
Jul 31 22:01:31.887638 np0000006281 devstack@g-api.service[99808]: DEBUG glance.api.middleware.version_negotiation [None req-70a9ff6a-7735-4bff-bcc6-4f4905ae48f9 tempest-VolumeImageDependencyTests-1784472225 tempest-VolumeImageDependencyTests-1784472225-project-member] Matched version: v2 {{(pid=99808) process_request /opt/stack/glance/glance/api/middleware/version_negotiation.py:69}}
Jul 31 22:01:31.887732 np0000006281 devstack@g-api.service[99808]: DEBUG glance.api.middleware.version_negotiation [None req-70a9ff6a-7735-4bff-bcc6-4f4905ae48f9 tempest-VolumeImageDependencyTests-1784472225 tempest-VolumeImageDependencyTests-1784472225-project-member] new path /v2/schemas/image {{(pid=99808) process_request /opt/stack/glance/glance/api/middleware/version_negotiation.py:70}}
Jul 31 22:01:31.890361 np0000006281 devstack@g-api.service[99808]: [pid: 99808|app: 0|req: 125/353] 127.0.0.1 () {44 vars in 1055 bytes} [Fri Jul 31 22:01:31 2026] GET /v2/schemas/image => generated 6083 bytes in 3 msecs (HTTP/1.1 200) 4 headers in 158 bytes (1 switches on core 0)
Jul 31 22:01:31.901647 np0000006281 devstack@g-api.service[99810]: DEBUG glance.api.middleware.version_negotiation [None req-0e0e7da4-cbc8-4350-9920-4e6327079128 tempest-VolumeImageDependencyTests-1784472225 tempest-VolumeImageDependencyTests-1784472225-project-member] Determining version of request: GET /v2/schemas/image Accept: */* {{(pid=99810) process_request /opt/stack/glance/glance/api/middleware/version_negotiation.py:44}}
Jul 31 22:01:31.904038 np0000006281 devstack@g-api.service[99810]: DEBUG glance.api.middleware.version_negotiation [None req-0e0e7da4-cbc8-4350-9920-4e6327079128 tempest-VolumeImageDependencyTests-1784472225 tempest-VolumeImageDependencyTests-1784472225-project-member] Using url versioning {{(pid=99810) process_request /opt/stack/glance/glance/api/middleware/version_negotiation.py:57}}
Jul 31 22:01:31.904550 np0000006281 devstack@g-api.service[99810]: DEBUG glance.api.middleware.version_negotiation [None req-0e0e7da4-cbc8-4350-9920-4e6327079128 tempest-VolumeImageDependencyTests-1784472225 tempest-VolumeImageDependencyTests-1784472225-project-member] Matched version: v2 {{(pid=99810) process_request /opt/stack/glance/glance/api/middleware/version_negotiation.py:69}}
Jul 31 22:01:31.904882 np0000006281 devstack@g-api.service[99810]: DEBUG glance.api.middleware.version_negotiation [None req-0e0e7da4-cbc8-4350-9920-4e6327079128 tempest-VolumeImageDependencyTests-1784472225 tempest-VolumeImageDependencyTests-1784472225-project-member] new path /v2/schemas/image {{(pid=99810) process_request /opt/stack/glance/glance/api/middleware/version_negotiation.py:70}}
Jul 31 22:01:31.908476 np0000006281 devstack@g-api.service[99810]: [pid: 99810|app: 0|req: 112/354] 127.0.0.1 () {44 vars in 1055 bytes} [Fri Jul 31 22:01:31 2026] GET /v2/schemas/image => generated 6083 bytes in 7 msecs (HTTP/1.1 200) 4 headers in 158 bytes (1 switches on core 0)
Jul 31 22:01:31.918980 np0000006281 devstack@g-api.service[99809]: DEBUG glance.api.middleware.version_negotiation [None req-f5ec0fe7-87b1-4c31-9ace-3bd744b7fddc tempest-VolumeImageDependencyTests-1784472225 tempest-VolumeImageDependencyTests-1784472225-project-member] Determining version of request: GET /v2/images/06eb8d49-0ad9-4449-898f-313014a666ba Accept: */* {{(pid=99809) process_request /opt/stack/glance/glance/api/middleware/version_negotiation.py:44}}
Jul 31 22:01:31.919358 np0000006281 devstack@g-api.service[99809]: DEBUG glance.api.middleware.version_negotiation [None req-f5ec0fe7-87b1-4c31-9ace-3bd744b7fddc tempest-VolumeImageDependencyTests-1784472225 tempest-VolumeImageDependencyTests-1784472225-project-member] Using url versioning {{(pid=99809) process_request /opt/stack/glance/glance/api/middleware/version_negotiation.py:57}}
Jul 31 22:01:31.919587 np0000006281 devstack@g-api.service[99809]: DEBUG glance.api.middleware.version_negotiation [None req-f5ec0fe7-87b1-4c31-9ace-3bd744b7fddc tempest-VolumeImageDependencyTests-1784472225 tempest-VolumeImageDependencyTests-1784472225-project-member] Matched version: v2 {{(pid=99809) process_request /opt/stack/glance/glance/api/middleware/version_negotiation.py:69}}
Jul 31 22:01:31.919740 np0000006281 devstack@g-api.service[99809]: DEBUG glance.api.middleware.version_negotiation [None req-f5ec0fe7-87b1-4c31-9ace-3bd744b7fddc tempest-VolumeImageDependencyTests-1784472225 tempest-VolumeImageDependencyTests-1784472225-project-member] new path /v2/images/06eb8d49-0ad9-4449-898f-313014a666ba {{(pid=99809) process_request /opt/stack/glance/glance/api/middleware/version_negotiation.py:70}}
Jul 31 22:01:31.935055 np0000006281 devstack@g-api.service[99809]: [pid: 99809|app: 0|req: 118/355] 127.0.0.1 () {44 vars in 1115 bytes} [Fri Jul 31 22:01:31 2026] GET /v2/images/06eb8d49-0ad9-4449-898f-313014a666ba => generated 818 bytes in 16 msecs (HTTP/1.1 200) 4 headers in 157 bytes (1 switches on core 0)
Jul 31 22:01:31.945241 np0000006281 devstack@g-api.service[99808]: DEBUG glance.api.middleware.version_negotiation [None req-f5ec0fe7-87b1-4c31-9ace-3bd744b7fddc tempest-VolumeImageDependencyTests-1784472225 tempest-VolumeImageDependencyTests-1784472225-project-member] Determining version of request: GET /v2/schemas/image Accept: */* {{(pid=99808) process_request /opt/stack/glance/glance/api/middleware/version_negotiation.py:44}}
Jul 31 22:01:31.945479 np0000006281 devstack@g-api.service[99808]: DEBUG glance.api.middleware.version_negotiation [None req-f5ec0fe7-87b1-4c31-9ace-3bd744b7fddc tempest-VolumeImageDependencyTests-1784472225 tempest-VolumeImageDependencyTests-1784472225-project-member] Using url versioning {{(pid=99808) process_request /opt/stack/glance/glance/api/middleware/version_negotiation.py:57}}
Jul 31 22:01:31.946684 np0000006281 devstack@g-api.service[99808]: DEBUG glance.api.middleware.version_negotiation [None req-f5ec0fe7-87b1-4c31-9ace-3bd744b7fddc tempest-VolumeImageDependencyTests-1784472225 tempest-VolumeImageDependencyTests-1784472225-project-member] Matched version: v2 {{(pid=99808) process_request /opt/stack/glance/glance/api/middleware/version_negotiation.py:69}}
Jul 31 22:01:31.946894 np0000006281 devstack@g-api.service[99808]: DEBUG glance.api.middleware.version_negotiation [None req-f5ec0fe7-87b1-4c31-9ace-3bd744b7fddc tempest-VolumeImageDependencyTests-1784472225 tempest-VolumeImageDependencyTests-1784472225-project-member] new path /v2/schemas/image {{(pid=99808) process_request /opt/stack/glance/glance/api/middleware/version_negotiation.py:70}}
Jul 31 22:01:31.949267 np0000006281 devstack@g-api.service[99808]: [pid: 99808|app: 0|req: 126/356] 127.0.0.1 () {44 vars in 1055 bytes} [Fri Jul 31 22:01:31 2026] GET /v2/schemas/image => generated 6083 bytes in 4 msecs (HTTP/1.1 200) 4 headers in 158 bytes (1 switches on core 0)
Jul 31 22:01:31.959299 np0000006281 devstack@g-api.service[99810]: DEBUG glance.api.middleware.version_negotiation [None req-f5ec0fe7-87b1-4c31-9ace-3bd744b7fddc tempest-VolumeImageDependencyTests-1784472225 tempest-VolumeImageDependencyTests-1784472225-project-member] Determining version of request: GET /v2/schemas/image Accept: */* {{(pid=99810) process_request /opt/stack/glance/glance/api/middleware/version_negotiation.py:44}}
Jul 31 22:01:31.959467 np0000006281 devstack@g-api.service[99810]: DEBUG glance.api.middleware.version_negotiation [None req-f5ec0fe7-87b1-4c31-9ace-3bd744b7fddc tempest-VolumeImageDependencyTests-1784472225 tempest-VolumeImageDependencyTests-1784472225-project-member] Using url versioning {{(pid=99810) process_request /opt/stack/glance/glance/api/middleware/version_negotiation.py:57}}
Jul 31 22:01:31.959629 np0000006281 devstack@g-api.service[99810]: DEBUG glance.api.middleware.version_negotiation [None req-f5ec0fe7-87b1-4c31-9ace-3bd744b7fddc tempest-VolumeImageDependencyTests-1784472225 tempest-VolumeImageDependencyTests-1784472225-project-member] Matched version: v2 {{(pid=99810) process_request /opt/stack/glance/glance/api/middleware/version_negotiation.py:69}}
Jul 31 22:01:31.959766 np0000006281 devstack@g-api.service[99810]: DEBUG glance.api.middleware.version_negotiation [None req-f5ec0fe7-87b1-4c31-9ace-3bd744b7fddc tempest-VolumeImageDependencyTests-1784472225 tempest-VolumeImageDependencyTests-1784472225-project-member] new path /v2/schemas/image {{(pid=99810) process_request /opt/stack/glance/glance/api/middleware/version_negotiation.py:70}}
Jul 31 22:01:31.965274 np0000006281 devstack@g-api.service[99810]: [pid: 99810|app: 0|req: 113/357] 127.0.0.1 () {44 vars in 1055 bytes} [Fri Jul 31 22:01:31 2026] GET /v2/schemas/image => generated 6083 bytes in 6 msecs (HTTP/1.1 200) 4 headers in 158 bytes (1 switches on core 0)
Jul 31 22:01:31.997403 np0000006281 devstack@g-api.service[99809]: DEBUG glance.api.middleware.version_negotiation [None req-f5ec0fe7-87b1-4c31-9ace-3bd744b7fddc tempest-VolumeImageDependencyTests-1784472225 tempest-VolumeImageDependencyTests-1784472225-project-member] Determining version of request: GET /v2/images/06eb8d49-0ad9-4449-898f-313014a666ba Accept: */* {{(pid=99809) process_request /opt/stack/glance/glance/api/middleware/version_negotiation.py:44}}
Jul 31 22:01:31.998150 np0000006281 devstack@g-api.service[99809]: DEBUG glance.api.middleware.version_negotiation [None req-f5ec0fe7-87b1-4c31-9ace-3bd744b7fddc tempest-VolumeImageDependencyTests-1784472225 tempest-VolumeImageDependencyTests-1784472225-project-member] Using url versioning {{(pid=99809) process_request /opt/stack/glance/glance/api/middleware/version_negotiation.py:57}}
Jul 31 22:01:32.000997 np0000006281 devstack@g-api.service[99809]: DEBUG glance.api.middleware.version_negotiation [None req-f5ec0fe7-87b1-4c31-9ace-3bd744b7fddc tempest-VolumeImageDependencyTests-1784472225 tempest-VolumeImageDependencyTests-1784472225-project-member] Matched version: v2 {{(pid=99809) process_request /opt/stack/glance/glance/api/middleware/version_negotiation.py:69}}
Jul 31 22:01:32.001244 np0000006281 devstack@g-api.service[99809]: DEBUG glance.api.middleware.version_negotiation [None req-f5ec0fe7-87b1-4c31-9ace-3bd744b7fddc tempest-VolumeImageDependencyTests-1784472225 tempest-VolumeImageDependencyTests-1784472225-project-member] new path /v2/images/06eb8d49-0ad9-4449-898f-313014a666ba {{(pid=99809) process_request /opt/stack/glance/glance/api/middleware/version_negotiation.py:70}}
Jul 31 22:01:32.016650 np0000006281 devstack@g-api.service[99809]: [pid: 99809|app: 0|req: 119/358] 127.0.0.1 () {44 vars in 1115 bytes} [Fri Jul 31 22:01:31 2026] GET /v2/images/06eb8d49-0ad9-4449-898f-313014a666ba => generated 818 bytes in 19 msecs (HTTP/1.1 200) 4 headers in 157 bytes (1 switches on core 0)
Jul 31 22:01:32.028928 np0000006281 devstack@g-api.service[99808]: DEBUG glance.api.middleware.version_negotiation [None req-f5ec0fe7-87b1-4c31-9ace-3bd744b7fddc tempest-VolumeImageDependencyTests-1784472225 tempest-VolumeImageDependencyTests-1784472225-project-member] Determining version of request: GET /v2/schemas/image Accept: */* {{(pid=99808) process_request /opt/stack/glance/glance/api/middleware/version_negotiation.py:44}}
Jul 31 22:01:32.029255 np0000006281 devstack@g-api.service[99808]: DEBUG glance.api.middleware.version_negotiation [None req-f5ec0fe7-87b1-4c31-9ace-3bd744b7fddc tempest-VolumeImageDependencyTests-1784472225 tempest-VolumeImageDependencyTests-1784472225-project-member] Using url versioning {{(pid=99808) process_request /opt/stack/glance/glance/api/middleware/version_negotiation.py:57}}
Jul 31 22:01:32.029507 np0000006281 devstack@g-api.service[99808]: DEBUG glance.api.middleware.version_negotiation [None req-f5ec0fe7-87b1-4c31-9ace-3bd744b7fddc tempest-VolumeImageDependencyTests-1784472225 tempest-VolumeImageDependencyTests-1784472225-project-member] Matched version: v2 {{(pid=99808) process_request /opt/stack/glance/glance/api/middleware/version_negotiation.py:69}}
Jul 31 22:01:32.029660 np0000006281 devstack@g-api.service[99808]: DEBUG glance.api.middleware.version_negotiation [None req-f5ec0fe7-87b1-4c31-9ace-3bd744b7fddc tempest-VolumeImageDependencyTests-1784472225 tempest-VolumeImageDependencyTests-1784472225-project-member] new path /v2/schemas/image {{(pid=99808) process_request /opt/stack/glance/glance/api/middleware/version_negotiation.py:70}}
Jul 31 22:01:32.032454 np0000006281 devstack@g-api.service[99808]: [pid: 99808|app: 0|req: 127/359] 127.0.0.1 () {44 vars in 1055 bytes} [Fri Jul 31 22:01:32 2026] GET /v2/schemas/image => generated 6083 bytes in 4 msecs (HTTP/1.1 200) 4 headers in 158 bytes (1 switches on core 0)
Jul 31 22:01:32.047427 np0000006281 devstack@g-api.service[99810]: DEBUG glance.api.middleware.version_negotiation [None req-f5ec0fe7-87b1-4c31-9ace-3bd744b7fddc tempest-VolumeImageDependencyTests-1784472225 tempest-VolumeImageDependencyTests-1784472225-project-member] Determining version of request: GET /v2/schemas/image Accept: */* {{(pid=99810) process_request /opt/stack/glance/glance/api/middleware/version_negotiation.py:44}}
Jul 31 22:01:32.047585 np0000006281 devstack@g-api.service[99810]: DEBUG glance.api.middleware.version_negotiation [None req-f5ec0fe7-87b1-4c31-9ace-3bd744b7fddc tempest-VolumeImageDependencyTests-1784472225 tempest-VolumeImageDependencyTests-1784472225-project-member] Using url versioning {{(pid=99810) process_request /opt/stack/glance/glance/api/middleware/version_negotiation.py:57}}
Jul 31 22:01:32.047755 np0000006281 devstack@g-api.service[99810]: DEBUG glance.api.middleware.version_negotiation [None req-f5ec0fe7-87b1-4c31-9ace-3bd744b7fddc tempest-VolumeImageDependencyTests-1784472225 tempest-VolumeImageDependencyTests-1784472225-project-member] Matched version: v2 {{(pid=99810) process_request /opt/stack/glance/glance/api/middleware/version_negotiation.py:69}}
Jul 31 22:01:32.047859 np0000006281 devstack@g-api.service[99810]: DEBUG glance.api.middleware.version_negotiation [None req-f5ec0fe7-87b1-4c31-9ace-3bd744b7fddc tempest-VolumeImageDependencyTests-1784472225 tempest-VolumeImageDependencyTests-1784472225-project-member] new path /v2/schemas/image {{(pid=99810) process_request /opt/stack/glance/glance/api/middleware/version_negotiation.py:70}}
Jul 31 22:01:32.051234 np0000006281 devstack@g-api.service[99810]: [pid: 99810|app: 0|req: 114/360] 127.0.0.1 () {44 vars in 1055 bytes} [Fri Jul 31 22:01:32 2026] GET /v2/schemas/image => generated 6083 bytes in 4 msecs (HTTP/1.1 200) 4 headers in 158 bytes (1 switches on core 0)
Jul 31 22:01:32.260462 np0000006281 devstack@g-api.service[99809]: DEBUG glance.api.middleware.version_negotiation [None req-f5ec0fe7-87b1-4c31-9ace-3bd744b7fddc tempest-VolumeImageDependencyTests-1784472225 tempest-VolumeImageDependencyTests-1784472225-project-member] Determining version of request: GET /v2/images/92649a75-edea-4722-89db-0339ef656db2 Accept: */* {{(pid=99809) process_request /opt/stack/glance/glance/api/middleware/version_negotiation.py:44}}
Jul 31 22:01:32.260650 np0000006281 devstack@g-api.service[99809]: DEBUG glance.api.middleware.version_negotiation [None req-f5ec0fe7-87b1-4c31-9ace-3bd744b7fddc tempest-VolumeImageDependencyTests-1784472225 tempest-VolumeImageDependencyTests-1784472225-project-member] Using url versioning {{(pid=99809) process_request /opt/stack/glance/glance/api/middleware/version_negotiation.py:57}}
Jul 31 22:01:32.260774 np0000006281 devstack@g-api.service[99809]: DEBUG glance.api.middleware.version_negotiation [None req-f5ec0fe7-87b1-4c31-9ace-3bd744b7fddc tempest-VolumeImageDependencyTests-1784472225 tempest-VolumeImageDependencyTests-1784472225-project-member] Matched version: v2 {{(pid=99809) process_request /opt/stack/glance/glance/api/middleware/version_negotiation.py:69}}
Jul 31 22:01:32.260862 np0000006281 devstack@g-api.service[99809]: DEBUG glance.api.middleware.version_negotiation [None req-f5ec0fe7-87b1-4c31-9ace-3bd744b7fddc tempest-VolumeImageDependencyTests-1784472225 tempest-VolumeImageDependencyTests-1784472225-project-member] new path /v2/images/92649a75-edea-4722-89db-0339ef656db2 {{(pid=99809) process_request /opt/stack/glance/glance/api/middleware/version_negotiation.py:70}}
Jul 31 22:01:32.270959 np0000006281 devstack@g-api.service[99809]: [pid: 99809|app: 0|req: 120/361] 127.0.0.1 () {44 vars in 1115 bytes} [Fri Jul 31 22:01:32 2026] GET /v2/images/92649a75-edea-4722-89db-0339ef656db2 => generated 1337 bytes in 10 msecs (HTTP/1.1 200) 4 headers in 158 bytes (1 switches on core 0)
Jul 31 22:01:32.297696 np0000006281 devstack@g-api.service[99808]: DEBUG glance.api.middleware.version_negotiation [None req-f5ec0fe7-87b1-4c31-9ace-3bd744b7fddc tempest-VolumeImageDependencyTests-1784472225 tempest-VolumeImageDependencyTests-1784472225-project-member] Determining version of request: GET /v2/schemas/image Accept: */* {{(pid=99808) process_request /opt/stack/glance/glance/api/middleware/version_negotiation.py:44}}
Jul 31 22:01:32.298077 np0000006281 devstack@g-api.service[99808]: DEBUG glance.api.middleware.version_negotiation [None req-f5ec0fe7-87b1-4c31-9ace-3bd744b7fddc tempest-VolumeImageDependencyTests-1784472225 tempest-VolumeImageDependencyTests-1784472225-project-member] Using url versioning {{(pid=99808) process_request /opt/stack/glance/glance/api/middleware/version_negotiation.py:57}}
Jul 31 22:01:32.298077 np0000006281 devstack@g-api.service[99808]: DEBUG glance.api.middleware.version_negotiation [None req-f5ec0fe7-87b1-4c31-9ace-3bd744b7fddc tempest-VolumeImageDependencyTests-1784472225 tempest-VolumeImageDependencyTests-1784472225-project-member] Matched version: v2 {{(pid=99808) process_request /opt/stack/glance/glance/api/middleware/version_negotiation.py:69}}
Jul 31 22:01:32.298077 np0000006281 devstack@g-api.service[99808]: DEBUG glance.api.middleware.version_negotiation [None req-f5ec0fe7-87b1-4c31-9ace-3bd744b7fddc tempest-VolumeImageDependencyTests-1784472225 tempest-VolumeImageDependencyTests-1784472225-project-member] new path /v2/schemas/image {{(pid=99808) process_request /opt/stack/glance/glance/api/middleware/version_negotiation.py:70}}
Jul 31 22:01:32.300624 np0000006281 devstack@g-api.service[99808]: [pid: 99808|app: 0|req: 128/362] 127.0.0.1 () {44 vars in 1055 bytes} [Fri Jul 31 22:01:32 2026] GET /v2/schemas/image => generated 6083 bytes in 3 msecs (HTTP/1.1 200) 4 headers in 158 bytes (1 switches on core 0)
Jul 31 22:01:32.327812 np0000006281 devstack@g-api.service[99810]: DEBUG glance.api.middleware.version_negotiation [None req-f5ec0fe7-87b1-4c31-9ace-3bd744b7fddc tempest-VolumeImageDependencyTests-1784472225 tempest-VolumeImageDependencyTests-1784472225-project-member] Determining version of request: GET /v2/schemas/image Accept: */* {{(pid=99810) process_request /opt/stack/glance/glance/api/middleware/version_negotiation.py:44}}
Jul 31 22:01:32.328008 np0000006281 devstack@g-api.service[99810]: DEBUG glance.api.middleware.version_negotiation [None req-f5ec0fe7-87b1-4c31-9ace-3bd744b7fddc tempest-VolumeImageDependencyTests-1784472225 tempest-VolumeImageDependencyTests-1784472225-project-member] Using url versioning {{(pid=99810) process_request /opt/stack/glance/glance/api/middleware/version_negotiation.py:57}}
Jul 31 22:01:32.328155 np0000006281 devstack@g-api.service[99810]: DEBUG glance.api.middleware.version_negotiation [None req-f5ec0fe7-87b1-4c31-9ace-3bd744b7fddc tempest-VolumeImageDependencyTests-1784472225 tempest-VolumeImageDependencyTests-1784472225-project-member] Matched version: v2 {{(pid=99810) process_request /opt/stack/glance/glance/api/middleware/version_negotiation.py:69}}
Jul 31 22:01:32.328255 np0000006281 devstack@g-api.service[99810]: DEBUG glance.api.middleware.version_negotiation [None req-f5ec0fe7-87b1-4c31-9ace-3bd744b7fddc tempest-VolumeImageDependencyTests-1784472225 tempest-VolumeImageDependencyTests-1784472225-project-member] new path /v2/schemas/image {{(pid=99810) process_request /opt/stack/glance/glance/api/middleware/version_negotiation.py:70}}
