Jun 24 06:05:52.049689 np0000003518 systemd[1]: Starting devstack@n-api-meta.service - Devstack devstack@n-api-meta.service...
Jun 24 06:05:52.054617 np0000003518 devstack@n-api-meta.service[95833]: [uWSGI] getting INI configuration from /etc/nova/nova-metadata-uwsgi.ini
Jun 24 06:05:52.056885 np0000003518 devstack@n-api-meta.service[95833]: *** Starting uWSGI 2.0.24-debian (64bit) on [Wed Jun 24 06:05:52 2026] ***
Jun 24 06:05:52.056885 np0000003518 devstack@n-api-meta.service[95833]: compiled with version: 13.2.0 on 17 April 2024 16:23:48
Jun 24 06:05:52.056885 np0000003518 devstack@n-api-meta.service[95833]: os: Linux-6.8.0-100-generic #100-Ubuntu SMP PREEMPT_DYNAMIC Tue Jan 13 16:40:06 UTC 2026
Jun 24 06:05:52.056885 np0000003518 devstack@n-api-meta.service[95833]: nodename: np0000003518
Jun 24 06:05:52.056885 np0000003518 devstack@n-api-meta.service[95833]: machine: x86_64
Jun 24 06:05:52.056885 np0000003518 devstack@n-api-meta.service[95833]: clock source: unix
Jun 24 06:05:52.056885 np0000003518 devstack@n-api-meta.service[95833]: pcre jit disabled
Jun 24 06:05:52.056885 np0000003518 devstack@n-api-meta.service[95833]: detected number of CPU cores: 16
Jun 24 06:05:52.056885 np0000003518 devstack@n-api-meta.service[95833]: current working directory: /
Jun 24 06:05:52.056885 np0000003518 devstack@n-api-meta.service[95833]: detected binary path: /usr/bin/uwsgi-core
Jun 24 06:05:52.056885 np0000003518 devstack@n-api-meta.service[95833]: your processes number limit is 257052
Jun 24 06:05:52.056885 np0000003518 devstack@n-api-meta.service[95833]: your memory page size is 4096 bytes
Jun 24 06:05:52.056885 np0000003518 devstack@n-api-meta.service[95833]: detected max file descriptor number: 2048
Jun 24 06:05:52.056885 np0000003518 devstack@n-api-meta.service[95833]: lock engine: pthread robust mutexes
Jun 24 06:05:52.057235 np0000003518 devstack@n-api-meta.service[95833]: thunder lock: enabled
Jun 24 06:05:52.057282 np0000003518 devstack@n-api-meta.service[95833]: uWSGI http bound on 0.0.0.0:8775 fd 5
Jun 24 06:05:52.057327 np0000003518 devstack@n-api-meta.service[95833]: uwsgi socket 0 bound to TCP address 127.0.0.1:45147 (port auto-assigned) fd 4
Jun 24 06:05:52.057381 np0000003518 devstack@n-api-meta.service[95833]: Python version: 3.12.3 (main, Mar 23 2026, 19:04:32) [GCC 13.3.0]
Jun 24 06:05:52.057381 np0000003518 devstack@n-api-meta.service[95833]: PEP 405 virtualenv detected: /opt/stack/data/venv
Jun 24 06:05:52.057381 np0000003518 devstack@n-api-meta.service[95833]: Set PythonHome to /opt/stack/data/venv
Jun 24 06:05:52.088354 np0000003518 devstack@n-api-meta.service[95833]: Python main interpreter initialized at 0x7da16cca3668
Jun 24 06:05:52.088354 np0000003518 devstack@n-api-meta.service[95833]: python threads support enabled
Jun 24 06:05:52.088354 np0000003518 devstack@n-api-meta.service[95833]: your server socket listen backlog is limited to 100 connections
Jun 24 06:05:52.088354 np0000003518 devstack@n-api-meta.service[95833]: your mercy for graceful operations on workers is 80 seconds
Jun 24 06:05:52.088830 np0000003518 devstack@n-api-meta.service[95833]: mapped 671795 bytes (656 KB) for 4 cores
Jun 24 06:05:52.088968 np0000003518 devstack@n-api-meta.service[95833]: *** Operational MODE: preforking ***
Jun 24 06:05:52.089161 np0000003518 devstack@n-api-meta.service[95833]: *** uWSGI is running in multiple interpreter mode ***
Jun 24 06:05:52.089161 np0000003518 devstack@n-api-meta.service[95833]: spawned uWSGI master process (pid: 95833)
Jun 24 06:05:52.089309 np0000003518 systemd[1]: Started devstack@n-api-meta.service - Devstack devstack@n-api-meta.service.
Jun 24 06:05:52.089659 np0000003518 devstack@n-api-meta.service[95833]: spawned uWSGI worker 1 (pid: 95834, cores: 1)
Jun 24 06:05:52.090179 np0000003518 devstack@n-api-meta.service[95833]: spawned uWSGI worker 2 (pid: 95835, cores: 1)
Jun 24 06:05:52.090562 np0000003518 devstack@n-api-meta.service[95833]: spawned uWSGI worker 3 (pid: 95836, cores: 1)
Jun 24 06:05:52.090962 np0000003518 devstack@n-api-meta.service[95833]: spawned uWSGI worker 4 (pid: 95837, cores: 1)
Jun 24 06:05:52.091418 np0000003518 devstack@n-api-meta.service[95833]: spawned uWSGI http 1 (pid: 95838)
Jun 24 06:05:52.091418 np0000003518 devstack@n-api-meta.service[95833]: running "unix_signal:15 gracefully_kill_them_all" (master-start)...
Jun 24 06:05:53.739383 np0000003518 devstack@n-api-meta.service[95837]: INFO dbcounter [None req-c62b4b3f-705d-467f-bd01-0e453e933601 None None] Registered counter for database nova_api
Jun 24 06:05:53.782392 np0000003518 devstack@n-api-meta.service[95837]: DEBUG oslo_db.sqlalchemy.engines [None req-c62b4b3f-705d-467f-bd01-0e453e933601 None None] MySQL server mode set to STRICT_TRANS_TABLES,STRICT_ALL_TABLES,NO_ZERO_IN_DATE,NO_ZERO_DATE,ERROR_FOR_DIVISION_BY_ZERO,TRADITIONAL,NO_ENGINE_SUBSTITUTION {{(pid=95837) _check_effective_sql_mode /opt/stack/data/venv/lib/python3.12/site-packages/oslo_db/sqlalchemy/engines.py:325}}
Jun 24 06:05:53.786860 np0000003518 devstack@n-api-meta.service[95835]: INFO dbcounter [None req-f65ee03a-facb-496d-a32b-8477815177d2 None None] Registered counter for database nova_api
Jun 24 06:05:53.789312 np0000003518 devstack@n-api-meta.service[95836]: INFO dbcounter [None req-ec6feaed-5094-40a3-9131-f483b986ce28 None None] Registered counter for database nova_api
Jun 24 06:05:53.813515 np0000003518 devstack@n-api-meta.service[95837]: DEBUG dbcounter [-] [95837] Writer thread running {{(pid=95837) stat_writer /opt/stack/data/venv/lib/python3.12/site-packages/dbcounter.py:102}}
Jun 24 06:05:53.815747 np0000003518 devstack@n-api-meta.service[95837]: DEBUG nova.context [None req-c62b4b3f-705d-467f-bd01-0e453e933601 None None] Found 2 cells: 00000000-0000-0000-0000-000000000000(cell0),e4eb0c9c-b21a-4527-a3ef-668a4fd96d27(cell1) {{(pid=95837) load_cells /opt/stack/nova/nova/context.py:509}}
Jun 24 06:05:53.815981 np0000003518 devstack@n-api-meta.service[95837]: INFO nova.utils [None req-c62b4b3f-705d-467f-bd01-0e453e933601 None None] The cell worker thread pool MainProcess.cell_worker is initialized
Jun 24 06:05:53.817595 np0000003518 devstack@n-api-meta.service[95837]: DEBUG oslo_concurrency.lockutils [None req-c62b4b3f-705d-467f-bd01-0e453e933601 None None] Acquiring lock "00000000-0000-0000-0000-000000000000" by "nova.context.set_target_cell..get_or_set_cached_cell_and_set_connections" {{(pid=95837) inner /opt/stack/data/venv/lib/python3.12/site-packages/oslo_concurrency/lockutils.py:511}}
Jun 24 06:05:53.817744 np0000003518 devstack@n-api-meta.service[95837]: DEBUG oslo_concurrency.lockutils [None req-c62b4b3f-705d-467f-bd01-0e453e933601 None None] Lock "00000000-0000-0000-0000-000000000000" acquired by "nova.context.set_target_cell..get_or_set_cached_cell_and_set_connections" :: waited 0.000s {{(pid=95837) inner /opt/stack/data/venv/lib/python3.12/site-packages/oslo_concurrency/lockutils.py:524}}
Jun 24 06:05:53.818084 np0000003518 devstack@n-api-meta.service[95837]: DEBUG oslo_concurrency.lockutils [None req-c62b4b3f-705d-467f-bd01-0e453e933601 None None] Lock "00000000-0000-0000-0000-000000000000" "released" by "nova.context.set_target_cell..get_or_set_cached_cell_and_set_connections" :: held 0.000s {{(pid=95837) inner /opt/stack/data/venv/lib/python3.12/site-packages/oslo_concurrency/lockutils.py:543}}
Jun 24 06:05:53.818741 np0000003518 devstack@n-api-meta.service[95837]: DEBUG oslo_concurrency.lockutils [None req-c62b4b3f-705d-467f-bd01-0e453e933601 None None] Acquiring lock "e4eb0c9c-b21a-4527-a3ef-668a4fd96d27" by "nova.context.set_target_cell..get_or_set_cached_cell_and_set_connections" {{(pid=95837) inner /opt/stack/data/venv/lib/python3.12/site-packages/oslo_concurrency/lockutils.py:511}}
Jun 24 06:05:53.818857 np0000003518 devstack@n-api-meta.service[95837]: DEBUG oslo_concurrency.lockutils [None req-c62b4b3f-705d-467f-bd01-0e453e933601 None None] Lock "e4eb0c9c-b21a-4527-a3ef-668a4fd96d27" acquired by "nova.context.set_target_cell..get_or_set_cached_cell_and_set_connections" :: waited 0.000s {{(pid=95837) inner /opt/stack/data/venv/lib/python3.12/site-packages/oslo_concurrency/lockutils.py:524}}
Jun 24 06:05:53.819612 np0000003518 devstack@n-api-meta.service[95837]: DEBUG oslo_concurrency.lockutils [None req-c62b4b3f-705d-467f-bd01-0e453e933601 None None] Lock "e4eb0c9c-b21a-4527-a3ef-668a4fd96d27" "released" by "nova.context.set_target_cell..get_or_set_cached_cell_and_set_connections" :: held 0.001s {{(pid=95837) inner /opt/stack/data/venv/lib/python3.12/site-packages/oslo_concurrency/lockutils.py:543}}
Jun 24 06:05:53.821326 np0000003518 devstack@n-api-meta.service[95837]: INFO dbcounter [None req-c62b4b3f-705d-467f-bd01-0e453e933601 None None] Registered counter for database nova_cell0
Jun 24 06:05:53.824899 np0000003518 devstack@n-api-meta.service[95837]: INFO dbcounter [None req-c62b4b3f-705d-467f-bd01-0e453e933601 None None] Registered counter for database nova_cell1
Jun 24 06:05:53.828909 np0000003518 devstack@n-api-meta.service[95835]: DEBUG oslo_db.sqlalchemy.engines [None req-f65ee03a-facb-496d-a32b-8477815177d2 None None] MySQL server mode set to STRICT_TRANS_TABLES,STRICT_ALL_TABLES,NO_ZERO_IN_DATE,NO_ZERO_DATE,ERROR_FOR_DIVISION_BY_ZERO,TRADITIONAL,NO_ENGINE_SUBSTITUTION {{(pid=95835) _check_effective_sql_mode /opt/stack/data/venv/lib/python3.12/site-packages/oslo_db/sqlalchemy/engines.py:325}}
Jun 24 06:05:53.835579 np0000003518 devstack@n-api-meta.service[95836]: DEBUG oslo_db.sqlalchemy.engines [None req-ec6feaed-5094-40a3-9131-f483b986ce28 None None] MySQL server mode set to STRICT_TRANS_TABLES,STRICT_ALL_TABLES,NO_ZERO_IN_DATE,NO_ZERO_DATE,ERROR_FOR_DIVISION_BY_ZERO,TRADITIONAL,NO_ENGINE_SUBSTITUTION {{(pid=95836) _check_effective_sql_mode /opt/stack/data/venv/lib/python3.12/site-packages/oslo_db/sqlalchemy/engines.py:325}}
Jun 24 06:05:53.856180 np0000003518 devstack@n-api-meta.service[95834]: INFO dbcounter [None req-09d374fc-8fa0-4410-aa6c-15e789b9a764 None None] Registered counter for database nova_api
Jun 24 06:05:53.858903 np0000003518 devstack@n-api-meta.service[95835]: DEBUG dbcounter [-] [95835] Writer thread running {{(pid=95835) stat_writer /opt/stack/data/venv/lib/python3.12/site-packages/dbcounter.py:102}}
Jun 24 06:05:53.861650 np0000003518 devstack@n-api-meta.service[95835]: DEBUG nova.context [None req-f65ee03a-facb-496d-a32b-8477815177d2 None None] Found 2 cells: 00000000-0000-0000-0000-000000000000(cell0),e4eb0c9c-b21a-4527-a3ef-668a4fd96d27(cell1) {{(pid=95835) load_cells /opt/stack/nova/nova/context.py:509}}
Jun 24 06:05:53.861933 np0000003518 devstack@n-api-meta.service[95835]: INFO nova.utils [None req-f65ee03a-facb-496d-a32b-8477815177d2 None None] The cell worker thread pool MainProcess.cell_worker is initialized
Jun 24 06:05:53.863692 np0000003518 devstack@n-api-meta.service[95835]: DEBUG oslo_concurrency.lockutils [None req-f65ee03a-facb-496d-a32b-8477815177d2 None None] Acquiring lock "00000000-0000-0000-0000-000000000000" by "nova.context.set_target_cell..get_or_set_cached_cell_and_set_connections" {{(pid=95835) inner /opt/stack/data/venv/lib/python3.12/site-packages/oslo_concurrency/lockutils.py:511}}
Jun 24 06:05:53.863843 np0000003518 devstack@n-api-meta.service[95835]: DEBUG oslo_concurrency.lockutils [None req-f65ee03a-facb-496d-a32b-8477815177d2 None None] Lock "00000000-0000-0000-0000-000000000000" acquired by "nova.context.set_target_cell..get_or_set_cached_cell_and_set_connections" :: waited 0.000s {{(pid=95835) inner /opt/stack/data/venv/lib/python3.12/site-packages/oslo_concurrency/lockutils.py:524}}
Jun 24 06:05:53.864255 np0000003518 devstack@n-api-meta.service[95835]: DEBUG oslo_concurrency.lockutils [None req-f65ee03a-facb-496d-a32b-8477815177d2 None None] Lock "00000000-0000-0000-0000-000000000000" "released" by "nova.context.set_target_cell..get_or_set_cached_cell_and_set_connections" :: held 0.000s {{(pid=95835) inner /opt/stack/data/venv/lib/python3.12/site-packages/oslo_concurrency/lockutils.py:543}}
Jun 24 06:05:53.865087 np0000003518 devstack@n-api-meta.service[95835]: DEBUG oslo_concurrency.lockutils [None req-f65ee03a-facb-496d-a32b-8477815177d2 None None] Acquiring lock "e4eb0c9c-b21a-4527-a3ef-668a4fd96d27" by "nova.context.set_target_cell..get_or_set_cached_cell_and_set_connections" {{(pid=95835) inner /opt/stack/data/venv/lib/python3.12/site-packages/oslo_concurrency/lockutils.py:511}}
Jun 24 06:05:53.865087 np0000003518 devstack@n-api-meta.service[95835]: DEBUG oslo_concurrency.lockutils [None req-f65ee03a-facb-496d-a32b-8477815177d2 None None] Lock "e4eb0c9c-b21a-4527-a3ef-668a4fd96d27" acquired by "nova.context.set_target_cell..get_or_set_cached_cell_and_set_connections" :: waited 0.000s {{(pid=95835) inner /opt/stack/data/venv/lib/python3.12/site-packages/oslo_concurrency/lockutils.py:524}}
Jun 24 06:05:53.866001 np0000003518 devstack@n-api-meta.service[95835]: DEBUG oslo_concurrency.lockutils [None req-f65ee03a-facb-496d-a32b-8477815177d2 None None] Lock "e4eb0c9c-b21a-4527-a3ef-668a4fd96d27" "released" by "nova.context.set_target_cell..get_or_set_cached_cell_and_set_connections" :: held 0.001s {{(pid=95835) inner /opt/stack/data/venv/lib/python3.12/site-packages/oslo_concurrency/lockutils.py:543}}
Jun 24 06:05:53.866047 np0000003518 devstack@n-api-meta.service[95836]: DEBUG dbcounter [-] [95836] Writer thread running {{(pid=95836) stat_writer /opt/stack/data/venv/lib/python3.12/site-packages/dbcounter.py:102}}
Jun 24 06:05:53.868011 np0000003518 devstack@n-api-meta.service[95835]: INFO dbcounter [None req-f65ee03a-facb-496d-a32b-8477815177d2 None None] Registered counter for database nova_cell0
Jun 24 06:05:53.868424 np0000003518 devstack@n-api-meta.service[95837]: DEBUG oslo_db.sqlalchemy.engines [None req-c62b4b3f-705d-467f-bd01-0e453e933601 None None] MySQL server mode set to STRICT_TRANS_TABLES,STRICT_ALL_TABLES,NO_ZERO_IN_DATE,NO_ZERO_DATE,ERROR_FOR_DIVISION_BY_ZERO,TRADITIONAL,NO_ENGINE_SUBSTITUTION {{(pid=95837) _check_effective_sql_mode /opt/stack/data/venv/lib/python3.12/site-packages/oslo_db/sqlalchemy/engines.py:325}}
Jun 24 06:05:53.872327 np0000003518 devstack@n-api-meta.service[95836]: DEBUG nova.context [None req-ec6feaed-5094-40a3-9131-f483b986ce28 None None] Found 2 cells: 00000000-0000-0000-0000-000000000000(cell0),e4eb0c9c-b21a-4527-a3ef-668a4fd96d27(cell1) {{(pid=95836) load_cells /opt/stack/nova/nova/context.py:509}}
Jun 24 06:05:53.872327 np0000003518 devstack@n-api-meta.service[95836]: INFO nova.utils [None req-ec6feaed-5094-40a3-9131-f483b986ce28 None None] The cell worker thread pool MainProcess.cell_worker is initialized
Jun 24 06:05:53.872504 np0000003518 devstack@n-api-meta.service[95835]: INFO dbcounter [None req-f65ee03a-facb-496d-a32b-8477815177d2 None None] Registered counter for database nova_cell1
Jun 24 06:05:53.872800 np0000003518 devstack@n-api-meta.service[95837]: DEBUG oslo_db.sqlalchemy.engines [None req-c62b4b3f-705d-467f-bd01-0e453e933601 None None] MySQL server mode set to STRICT_TRANS_TABLES,STRICT_ALL_TABLES,NO_ZERO_IN_DATE,NO_ZERO_DATE,ERROR_FOR_DIVISION_BY_ZERO,TRADITIONAL,NO_ENGINE_SUBSTITUTION {{(pid=95837) _check_effective_sql_mode /opt/stack/data/venv/lib/python3.12/site-packages/oslo_db/sqlalchemy/engines.py:325}}
Jun 24 06:05:53.873198 np0000003518 devstack@n-api-meta.service[95836]: DEBUG oslo_concurrency.lockutils [None req-ec6feaed-5094-40a3-9131-f483b986ce28 None None] Acquiring lock "00000000-0000-0000-0000-000000000000" by "nova.context.set_target_cell..get_or_set_cached_cell_and_set_connections" {{(pid=95836) inner /opt/stack/data/venv/lib/python3.12/site-packages/oslo_concurrency/lockutils.py:511}}
Jun 24 06:05:53.873425 np0000003518 devstack@n-api-meta.service[95836]: DEBUG oslo_concurrency.lockutils [None req-ec6feaed-5094-40a3-9131-f483b986ce28 None None] Lock "00000000-0000-0000-0000-000000000000" acquired by "nova.context.set_target_cell..get_or_set_cached_cell_and_set_connections" :: waited 0.000s {{(pid=95836) inner /opt/stack/data/venv/lib/python3.12/site-packages/oslo_concurrency/lockutils.py:524}}
Jun 24 06:05:53.873910 np0000003518 devstack@n-api-meta.service[95836]: DEBUG oslo_concurrency.lockutils [None req-ec6feaed-5094-40a3-9131-f483b986ce28 None None] Lock "00000000-0000-0000-0000-000000000000" "released" by "nova.context.set_target_cell..get_or_set_cached_cell_and_set_connections" :: held 0.000s {{(pid=95836) inner /opt/stack/data/venv/lib/python3.12/site-packages/oslo_concurrency/lockutils.py:543}}
Jun 24 06:05:53.874648 np0000003518 devstack@n-api-meta.service[95836]: DEBUG oslo_concurrency.lockutils [None req-ec6feaed-5094-40a3-9131-f483b986ce28 None None] Acquiring lock "e4eb0c9c-b21a-4527-a3ef-668a4fd96d27" by "nova.context.set_target_cell..get_or_set_cached_cell_and_set_connections" {{(pid=95836) inner /opt/stack/data/venv/lib/python3.12/site-packages/oslo_concurrency/lockutils.py:511}}
Jun 24 06:05:53.876043 np0000003518 devstack@n-api-meta.service[95836]: INFO dbcounter [None req-ec6feaed-5094-40a3-9131-f483b986ce28 None None] Registered counter for database nova_cell0
Jun 24 06:05:53.877239 np0000003518 devstack@n-api-meta.service[95836]: DEBUG oslo_concurrency.lockutils [None req-ec6feaed-5094-40a3-9131-f483b986ce28 None None] Lock "e4eb0c9c-b21a-4527-a3ef-668a4fd96d27" acquired by "nova.context.set_target_cell..get_or_set_cached_cell_and_set_connections" :: waited 0.001s {{(pid=95836) inner /opt/stack/data/venv/lib/python3.12/site-packages/oslo_concurrency/lockutils.py:524}}
Jun 24 06:05:53.878684 np0000003518 devstack@n-api-meta.service[95836]: DEBUG oslo_concurrency.lockutils [None req-ec6feaed-5094-40a3-9131-f483b986ce28 None None] Lock "e4eb0c9c-b21a-4527-a3ef-668a4fd96d27" "released" by "nova.context.set_target_cell..get_or_set_cached_cell_and_set_connections" :: held 0.003s {{(pid=95836) inner /opt/stack/data/venv/lib/python3.12/site-packages/oslo_concurrency/lockutils.py:543}}
Jun 24 06:05:53.880827 np0000003518 devstack@n-api-meta.service[95836]: INFO dbcounter [None req-ec6feaed-5094-40a3-9131-f483b986ce28 None None] Registered counter for database nova_cell1
Jun 24 06:05:53.900136 np0000003518 devstack@n-api-meta.service[95834]: DEBUG oslo_db.sqlalchemy.engines [None req-09d374fc-8fa0-4410-aa6c-15e789b9a764 None None] MySQL server mode set to STRICT_TRANS_TABLES,STRICT_ALL_TABLES,NO_ZERO_IN_DATE,NO_ZERO_DATE,ERROR_FOR_DIVISION_BY_ZERO,TRADITIONAL,NO_ENGINE_SUBSTITUTION {{(pid=95834) _check_effective_sql_mode /opt/stack/data/venv/lib/python3.12/site-packages/oslo_db/sqlalchemy/engines.py:325}}
Jun 24 06:05:53.923410 np0000003518 devstack@n-api-meta.service[95835]: DEBUG oslo_db.sqlalchemy.engines [None req-f65ee03a-facb-496d-a32b-8477815177d2 None None] MySQL server mode set to STRICT_TRANS_TABLES,STRICT_ALL_TABLES,NO_ZERO_IN_DATE,NO_ZERO_DATE,ERROR_FOR_DIVISION_BY_ZERO,TRADITIONAL,NO_ENGINE_SUBSTITUTION {{(pid=95835) _check_effective_sql_mode /opt/stack/data/venv/lib/python3.12/site-packages/oslo_db/sqlalchemy/engines.py:325}}
Jun 24 06:05:53.928165 np0000003518 devstack@n-api-meta.service[95836]: DEBUG oslo_db.sqlalchemy.engines [None req-ec6feaed-5094-40a3-9131-f483b986ce28 None None] MySQL server mode set to STRICT_TRANS_TABLES,STRICT_ALL_TABLES,NO_ZERO_IN_DATE,NO_ZERO_DATE,ERROR_FOR_DIVISION_BY_ZERO,TRADITIONAL,NO_ENGINE_SUBSTITUTION {{(pid=95836) _check_effective_sql_mode /opt/stack/data/venv/lib/python3.12/site-packages/oslo_db/sqlalchemy/engines.py:325}}
Jun 24 06:05:53.928276 np0000003518 devstack@n-api-meta.service[95834]: DEBUG dbcounter [-] [95834] Writer thread running {{(pid=95834) stat_writer /opt/stack/data/venv/lib/python3.12/site-packages/dbcounter.py:102}}
Jun 24 06:05:53.930334 np0000003518 devstack@n-api-meta.service[95834]: DEBUG nova.context [None req-09d374fc-8fa0-4410-aa6c-15e789b9a764 None None] Found 2 cells: 00000000-0000-0000-0000-000000000000(cell0),e4eb0c9c-b21a-4527-a3ef-668a4fd96d27(cell1) {{(pid=95834) load_cells /opt/stack/nova/nova/context.py:509}}
Jun 24 06:05:53.930582 np0000003518 devstack@n-api-meta.service[95834]: INFO nova.utils [None req-09d374fc-8fa0-4410-aa6c-15e789b9a764 None None] The cell worker thread pool MainProcess.cell_worker is initialized
Jun 24 06:05:53.932209 np0000003518 devstack@n-api-meta.service[95834]: DEBUG oslo_concurrency.lockutils [None req-09d374fc-8fa0-4410-aa6c-15e789b9a764 None None] Acquiring lock "00000000-0000-0000-0000-000000000000" by "nova.context.set_target_cell..get_or_set_cached_cell_and_set_connections" {{(pid=95834) inner /opt/stack/data/venv/lib/python3.12/site-packages/oslo_concurrency/lockutils.py:511}}
Jun 24 06:05:53.932385 np0000003518 devstack@n-api-meta.service[95834]: DEBUG oslo_concurrency.lockutils [None req-09d374fc-8fa0-4410-aa6c-15e789b9a764 None None] Lock "00000000-0000-0000-0000-000000000000" acquired by "nova.context.set_target_cell..get_or_set_cached_cell_and_set_connections" :: waited 0.000s {{(pid=95834) inner /opt/stack/data/venv/lib/python3.12/site-packages/oslo_concurrency/lockutils.py:524}}
Jun 24 06:05:53.932727 np0000003518 devstack@n-api-meta.service[95834]: DEBUG oslo_concurrency.lockutils [None req-09d374fc-8fa0-4410-aa6c-15e789b9a764 None None] Lock "00000000-0000-0000-0000-000000000000" "released" by "nova.context.set_target_cell..get_or_set_cached_cell_and_set_connections" :: held 0.000s {{(pid=95834) inner /opt/stack/data/venv/lib/python3.12/site-packages/oslo_concurrency/lockutils.py:543}}
Jun 24 06:05:53.933393 np0000003518 devstack@n-api-meta.service[95834]: DEBUG oslo_concurrency.lockutils [None req-09d374fc-8fa0-4410-aa6c-15e789b9a764 None None] Acquiring lock "e4eb0c9c-b21a-4527-a3ef-668a4fd96d27" by "nova.context.set_target_cell..get_or_set_cached_cell_and_set_connections" {{(pid=95834) inner /opt/stack/data/venv/lib/python3.12/site-packages/oslo_concurrency/lockutils.py:511}}
Jun 24 06:05:53.933546 np0000003518 devstack@n-api-meta.service[95834]: DEBUG oslo_concurrency.lockutils [None req-09d374fc-8fa0-4410-aa6c-15e789b9a764 None None] Lock "e4eb0c9c-b21a-4527-a3ef-668a4fd96d27" acquired by "nova.context.set_target_cell..get_or_set_cached_cell_and_set_connections" :: waited 0.000s {{(pid=95834) inner /opt/stack/data/venv/lib/python3.12/site-packages/oslo_concurrency/lockutils.py:524}}
Jun 24 06:05:53.936155 np0000003518 devstack@n-api-meta.service[95834]: INFO dbcounter [None req-09d374fc-8fa0-4410-aa6c-15e789b9a764 None None] Registered counter for database nova_cell0
Jun 24 06:05:53.936318 np0000003518 devstack@n-api-meta.service[95835]: DEBUG oslo_db.sqlalchemy.engines [None req-f65ee03a-facb-496d-a32b-8477815177d2 None None] MySQL server mode set to STRICT_TRANS_TABLES,STRICT_ALL_TABLES,NO_ZERO_IN_DATE,NO_ZERO_DATE,ERROR_FOR_DIVISION_BY_ZERO,TRADITIONAL,NO_ENGINE_SUBSTITUTION {{(pid=95835) _check_effective_sql_mode /opt/stack/data/venv/lib/python3.12/site-packages/oslo_db/sqlalchemy/engines.py:325}}
Jun 24 06:05:53.937865 np0000003518 devstack@n-api-meta.service[95834]: DEBUG oslo_concurrency.lockutils [None req-09d374fc-8fa0-4410-aa6c-15e789b9a764 None None] Lock "e4eb0c9c-b21a-4527-a3ef-668a4fd96d27" "released" by "nova.context.set_target_cell..get_or_set_cached_cell_and_set_connections" :: held 0.002s {{(pid=95834) inner /opt/stack/data/venv/lib/python3.12/site-packages/oslo_concurrency/lockutils.py:543}}
Jun 24 06:05:53.939781 np0000003518 devstack@n-api-meta.service[95834]: INFO dbcounter [None req-09d374fc-8fa0-4410-aa6c-15e789b9a764 None None] Registered counter for database nova_cell1
Jun 24 06:05:53.964283 np0000003518 devstack@n-api-meta.service[95837]: DEBUG dbcounter [-] [95837] Writer thread running {{(pid=95837) stat_writer /opt/stack/data/venv/lib/python3.12/site-packages/dbcounter.py:102}}
Jun 24 06:05:53.968944 np0000003518 devstack@n-api-meta.service[95837]: DEBUG dbcounter [-] [95837] Writer thread running {{(pid=95837) stat_writer /opt/stack/data/venv/lib/python3.12/site-packages/dbcounter.py:102}}
Jun 24 06:05:53.973308 np0000003518 devstack@n-api-meta.service[95837]: INFO dbcounter [None req-c62b4b3f-705d-467f-bd01-0e453e933601 None None] Registered counter for database nova_cell0
Jun 24 06:05:53.987535 np0000003518 devstack@n-api-meta.service[95834]: DEBUG oslo_db.sqlalchemy.engines [None req-09d374fc-8fa0-4410-aa6c-15e789b9a764 None None] MySQL server mode set to STRICT_TRANS_TABLES,STRICT_ALL_TABLES,NO_ZERO_IN_DATE,NO_ZERO_DATE,ERROR_FOR_DIVISION_BY_ZERO,TRADITIONAL,NO_ENGINE_SUBSTITUTION {{(pid=95834) _check_effective_sql_mode /opt/stack/data/venv/lib/python3.12/site-packages/oslo_db/sqlalchemy/engines.py:325}}
Jun 24 06:05:53.998875 np0000003518 devstack@n-api-meta.service[95834]: DEBUG oslo_db.sqlalchemy.engines [None req-09d374fc-8fa0-4410-aa6c-15e789b9a764 None None] MySQL server mode set to STRICT_TRANS_TABLES,STRICT_ALL_TABLES,NO_ZERO_IN_DATE,NO_ZERO_DATE,ERROR_FOR_DIVISION_BY_ZERO,TRADITIONAL,NO_ENGINE_SUBSTITUTION {{(pid=95834) _check_effective_sql_mode /opt/stack/data/venv/lib/python3.12/site-packages/oslo_db/sqlalchemy/engines.py:325}}
Jun 24 06:05:54.001905 np0000003518 devstack@n-api-meta.service[95836]: DEBUG oslo_db.sqlalchemy.engines [None req-ec6feaed-5094-40a3-9131-f483b986ce28 None None] MySQL server mode set to STRICT_TRANS_TABLES,STRICT_ALL_TABLES,NO_ZERO_IN_DATE,NO_ZERO_DATE,ERROR_FOR_DIVISION_BY_ZERO,TRADITIONAL,NO_ENGINE_SUBSTITUTION {{(pid=95836) _check_effective_sql_mode /opt/stack/data/venv/lib/python3.12/site-packages/oslo_db/sqlalchemy/engines.py:325}}
Jun 24 06:05:54.007871 np0000003518 devstack@n-api-meta.service[95837]: DEBUG oslo_db.sqlalchemy.engines [None req-c62b4b3f-705d-467f-bd01-0e453e933601 None None] MySQL server mode set to STRICT_TRANS_TABLES,STRICT_ALL_TABLES,NO_ZERO_IN_DATE,NO_ZERO_DATE,ERROR_FOR_DIVISION_BY_ZERO,TRADITIONAL,NO_ENGINE_SUBSTITUTION {{(pid=95837) _check_effective_sql_mode /opt/stack/data/venv/lib/python3.12/site-packages/oslo_db/sqlalchemy/engines.py:325}}
Jun 24 06:05:54.008002 np0000003518 devstack@n-api-meta.service[95835]: DEBUG dbcounter [-] [95835] Writer thread running {{(pid=95835) stat_writer /opt/stack/data/venv/lib/python3.12/site-packages/dbcounter.py:102}}
Jun 24 06:05:54.013073 np0000003518 devstack@n-api-meta.service[95835]: DEBUG dbcounter [-] [95835] Writer thread running {{(pid=95835) stat_writer /opt/stack/data/venv/lib/python3.12/site-packages/dbcounter.py:102}}
Jun 24 06:05:54.015203 np0000003518 devstack@n-api-meta.service[95837]: DEBUG dbcounter [-] [95837] Writer thread running {{(pid=95837) stat_writer /opt/stack/data/venv/lib/python3.12/site-packages/dbcounter.py:102}}
Jun 24 06:05:54.017505 np0000003518 devstack@n-api-meta.service[95835]: INFO dbcounter [None req-f65ee03a-facb-496d-a32b-8477815177d2 None None] Registered counter for database nova_cell0
Jun 24 06:05:54.019093 np0000003518 devstack@n-api-meta.service[95836]: DEBUG dbcounter [-] [95836] Writer thread running {{(pid=95836) stat_writer /opt/stack/data/venv/lib/python3.12/site-packages/dbcounter.py:102}}
Jun 24 06:05:54.026236 np0000003518 devstack@n-api-meta.service[95836]: DEBUG dbcounter [-] [95836] Writer thread running {{(pid=95836) stat_writer /opt/stack/data/venv/lib/python3.12/site-packages/dbcounter.py:102}}
Jun 24 06:05:54.028873 np0000003518 devstack@n-api-meta.service[95836]: INFO dbcounter [None req-ec6feaed-5094-40a3-9131-f483b986ce28 None None] Registered counter for database nova_cell0
Jun 24 06:05:54.053194 np0000003518 devstack@n-api-meta.service[95835]: DEBUG oslo_db.sqlalchemy.engines [None req-f65ee03a-facb-496d-a32b-8477815177d2 None None] MySQL server mode set to STRICT_TRANS_TABLES,STRICT_ALL_TABLES,NO_ZERO_IN_DATE,NO_ZERO_DATE,ERROR_FOR_DIVISION_BY_ZERO,TRADITIONAL,NO_ENGINE_SUBSTITUTION {{(pid=95835) _check_effective_sql_mode /opt/stack/data/venv/lib/python3.12/site-packages/oslo_db/sqlalchemy/engines.py:325}}
Jun 24 06:05:54.054469 np0000003518 devstack@n-api-meta.service[95837]: WARNING nova.api.metadata.handler [None req-c62b4b3f-705d-467f-bd01-0e453e933601 None None] metadata_proxy_shared_secret is not configured, the metadata information returned by the proxy cannot be trusted
Jun 24 06:05:54.056522 np0000003518 devstack@n-api-meta.service[95837]: DEBUG nova.api.openstack.wsgi_app [None req-c62b4b3f-705d-467f-bd01-0e453e933601 None None] ******************************************************************************** {{(pid=95837) log_opt_values /opt/stack/data/venv/lib/python3.12/site-packages/oslo_config/cfg.py:3226}}
Jun 24 06:05:54.056640 np0000003518 devstack@n-api-meta.service[95837]: DEBUG nova.api.openstack.wsgi_app [None req-c62b4b3f-705d-467f-bd01-0e453e933601 None None] Configuration options gathered from: {{(pid=95837) log_opt_values /opt/stack/data/venv/lib/python3.12/site-packages/oslo_config/cfg.py:3227}}
Jun 24 06:05:54.056785 np0000003518 devstack@n-api-meta.service[95837]: DEBUG nova.api.openstack.wsgi_app [None req-c62b4b3f-705d-467f-bd01-0e453e933601 None None] command line args: [] {{(pid=95837) log_opt_values /opt/stack/data/venv/lib/python3.12/site-packages/oslo_config/cfg.py:3228}}
Jun 24 06:05:54.056907 np0000003518 devstack@n-api-meta.service[95837]: DEBUG nova.api.openstack.wsgi_app [None req-c62b4b3f-705d-467f-bd01-0e453e933601 None None] config files: ['/etc/nova/api-paste.ini', '/etc/nova/nova.conf'] {{(pid=95837) log_opt_values /opt/stack/data/venv/lib/python3.12/site-packages/oslo_config/cfg.py:3229}}
Jun 24 06:05:54.057005 np0000003518 devstack@n-api-meta.service[95837]: DEBUG nova.api.openstack.wsgi_app [None req-c62b4b3f-705d-467f-bd01-0e453e933601 None None] ================================================================================ {{(pid=95837) log_opt_values /opt/stack/data/venv/lib/python3.12/site-packages/oslo_config/cfg.py:3234}}
Jun 24 06:05:54.057160 np0000003518 devstack@n-api-meta.service[95837]: DEBUG nova.api.openstack.wsgi_app [None req-c62b4b3f-705d-467f-bd01-0e453e933601 None None] allow_resize_to_same_host = True {{(pid=95837) log_opt_values /opt/stack/data/venv/lib/python3.12/site-packages/oslo_config/cfg.py:3242}}
Jun 24 06:05:54.057297 np0000003518 devstack@n-api-meta.service[95837]: DEBUG nova.api.openstack.wsgi_app [None req-c62b4b3f-705d-467f-bd01-0e453e933601 None None] arq_binding_timeout = 300 {{(pid=95837) log_opt_values /opt/stack/data/venv/lib/python3.12/site-packages/oslo_config/cfg.py:3242}}
Jun 24 06:05:54.057436 np0000003518 devstack@n-api-meta.service[95837]: DEBUG nova.api.openstack.wsgi_app [None req-c62b4b3f-705d-467f-bd01-0e453e933601 None None] block_device_allocate_retries = 60 {{(pid=95837) log_opt_values /opt/stack/data/venv/lib/python3.12/site-packages/oslo_config/cfg.py:3242}}
Jun 24 06:05:54.057561 np0000003518 devstack@n-api-meta.service[95837]: DEBUG nova.api.openstack.wsgi_app [None req-c62b4b3f-705d-467f-bd01-0e453e933601 None None] block_device_allocate_retries_interval = 3 {{(pid=95837) log_opt_values /opt/stack/data/venv/lib/python3.12/site-packages/oslo_config/cfg.py:3242}}
Jun 24 06:05:54.057723 np0000003518 devstack@n-api-meta.service[95837]: DEBUG nova.api.openstack.wsgi_app [None req-c62b4b3f-705d-467f-bd01-0e453e933601 None None] cell_worker_thread_pool_size = 5 {{(pid=95837) log_opt_values /opt/stack/data/venv/lib/python3.12/site-packages/oslo_config/cfg.py:3242}}
Jun 24 06:05:54.057846 np0000003518 devstack@n-api-meta.service[95837]: DEBUG nova.api.openstack.wsgi_app [None req-c62b4b3f-705d-467f-bd01-0e453e933601 None None] cert = self.pem {{(pid=95837) log_opt_values /opt/stack/data/venv/lib/python3.12/site-packages/oslo_config/cfg.py:3242}}
Jun 24 06:05:54.057969 np0000003518 devstack@n-api-meta.service[95837]: DEBUG nova.api.openstack.wsgi_app [None req-c62b4b3f-705d-467f-bd01-0e453e933601 None None] compute_driver = libvirt.LibvirtDriver {{(pid=95837) log_opt_values /opt/stack/data/venv/lib/python3.12/site-packages/oslo_config/cfg.py:3242}}
Jun 24 06:05:54.058087 np0000003518 devstack@n-api-meta.service[95837]: DEBUG nova.api.openstack.wsgi_app [None req-c62b4b3f-705d-467f-bd01-0e453e933601 None None] compute_monitors = [] {{(pid=95837) log_opt_values /opt/stack/data/venv/lib/python3.12/site-packages/oslo_config/cfg.py:3242}}
Jun 24 06:05:54.058263 np0000003518 devstack@n-api-meta.service[95837]: DEBUG nova.api.openstack.wsgi_app [None req-c62b4b3f-705d-467f-bd01-0e453e933601 None None] config_dir = [] {{(pid=95837) log_opt_values /opt/stack/data/venv/lib/python3.12/site-packages/oslo_config/cfg.py:3242}}
Jun 24 06:05:54.058336 np0000003518 devstack@n-api-meta.service[95837]: DEBUG nova.api.openstack.wsgi_app [None req-c62b4b3f-705d-467f-bd01-0e453e933601 None None] config_drive_format = iso9660 {{(pid=95837) log_opt_values /opt/stack/data/venv/lib/python3.12/site-packages/oslo_config/cfg.py:3242}}
Jun 24 06:05:54.058451 np0000003518 devstack@n-api-meta.service[95837]: DEBUG nova.api.openstack.wsgi_app [None req-c62b4b3f-705d-467f-bd01-0e453e933601 None None] config_file = ['/etc/nova/api-paste.ini', '/etc/nova/nova.conf'] {{(pid=95837) log_opt_values /opt/stack/data/venv/lib/python3.12/site-packages/oslo_config/cfg.py:3242}}
Jun 24 06:05:54.058865 np0000003518 devstack@n-api-meta.service[95837]: DEBUG nova.api.openstack.wsgi_app [None req-c62b4b3f-705d-467f-bd01-0e453e933601 None None] config_source = [] {{(pid=95837) log_opt_values /opt/stack/data/venv/lib/python3.12/site-packages/oslo_config/cfg.py:3242}}
Jun 24 06:05:54.058865 np0000003518 devstack@n-api-meta.service[95837]: DEBUG nova.api.openstack.wsgi_app [None req-c62b4b3f-705d-467f-bd01-0e453e933601 None None] console_host = np0000003518 {{(pid=95837) log_opt_values /opt/stack/data/venv/lib/python3.12/site-packages/oslo_config/cfg.py:3242}}
Jun 24 06:05:54.058865 np0000003518 devstack@n-api-meta.service[95837]: DEBUG nova.api.openstack.wsgi_app [None req-c62b4b3f-705d-467f-bd01-0e453e933601 None None] control_exchange = nova {{(pid=95837) log_opt_values /opt/stack/data/venv/lib/python3.12/site-packages/oslo_config/cfg.py:3242}}
Jun 24 06:05:54.058998 np0000003518 devstack@n-api-meta.service[95835]: DEBUG dbcounter [-] [95835] Writer thread running {{(pid=95835) stat_writer /opt/stack/data/venv/lib/python3.12/site-packages/dbcounter.py:102}}
Jun 24 06:05:54.059042 np0000003518 devstack@n-api-meta.service[95837]: DEBUG nova.api.openstack.wsgi_app [None req-c62b4b3f-705d-467f-bd01-0e453e933601 None None] cpu_allocation_ratio = None {{(pid=95837) log_opt_values /opt/stack/data/venv/lib/python3.12/site-packages/oslo_config/cfg.py:3242}}
Jun 24 06:05:54.059148 np0000003518 devstack@n-api-meta.service[95837]: DEBUG nova.api.openstack.wsgi_app [None req-c62b4b3f-705d-467f-bd01-0e453e933601 None None] daemon = False {{(pid=95837) log_opt_values /opt/stack/data/venv/lib/python3.12/site-packages/oslo_config/cfg.py:3242}}
Jun 24 06:05:54.059262 np0000003518 devstack@n-api-meta.service[95837]: DEBUG nova.api.openstack.wsgi_app [None req-c62b4b3f-705d-467f-bd01-0e453e933601 None None] debug = True {{(pid=95837) log_opt_values /opt/stack/data/venv/lib/python3.12/site-packages/oslo_config/cfg.py:3242}}
Jun 24 06:05:54.059391 np0000003518 devstack@n-api-meta.service[95837]: DEBUG nova.api.openstack.wsgi_app [None req-c62b4b3f-705d-467f-bd01-0e453e933601 None None] default_access_ip_network_name = None {{(pid=95837) log_opt_values /opt/stack/data/venv/lib/python3.12/site-packages/oslo_config/cfg.py:3242}}
Jun 24 06:05:54.059514 np0000003518 devstack@n-api-meta.service[95837]: DEBUG nova.api.openstack.wsgi_app [None req-c62b4b3f-705d-467f-bd01-0e453e933601 None None] default_availability_zone = nova {{(pid=95837) log_opt_values /opt/stack/data/venv/lib/python3.12/site-packages/oslo_config/cfg.py:3242}}
Jun 24 06:05:54.059634 np0000003518 devstack@n-api-meta.service[95837]: DEBUG nova.api.openstack.wsgi_app [None req-c62b4b3f-705d-467f-bd01-0e453e933601 None None] default_ephemeral_format = ext4 {{(pid=95837) log_opt_values /opt/stack/data/venv/lib/python3.12/site-packages/oslo_config/cfg.py:3242}}
Jun 24 06:05:54.059750 np0000003518 devstack@n-api-meta.service[95837]: DEBUG nova.api.openstack.wsgi_app [None req-c62b4b3f-705d-467f-bd01-0e453e933601 None None] default_green_pool_size = 1000 {{(pid=95837) log_opt_values /opt/stack/data/venv/lib/python3.12/site-packages/oslo_config/cfg.py:3242}}
Jun 24 06:05:54.060331 np0000003518 devstack@n-api-meta.service[95837]: DEBUG nova.api.openstack.wsgi_app [None req-c62b4b3f-705d-467f-bd01-0e453e933601 None None] default_log_levels = ['amqp=WARN', 'boto=WARN', 'sqlalchemy=WARN', 'suds=INFO', 'oslo.messaging=INFO', 'oslo_messaging=INFO', 'iso8601=WARN', 'requests.packages.urllib3.connectionpool=WARN', 'urllib3.connectionpool=WARN', 'websocket=WARN', 'requests.packages.urllib3.util.retry=WARN', 'urllib3.util.retry=WARN', 'keystonemiddleware=WARN', 'routes.middleware=WARN', 'stevedore=WARN', 'taskflow=WARN', 'keystoneauth=WARN', 'oslo.cache=INFO', 'oslo_policy=INFO', 'dogpile.core.dogpile=INFO', 'glanceclient=WARN', 'oslo.privsep.daemon=INFO'] {{(pid=95837) log_opt_values /opt/stack/data/venv/lib/python3.12/site-packages/oslo_config/cfg.py:3242}}
Jun 24 06:05:54.060331 np0000003518 devstack@n-api-meta.service[95837]: DEBUG nova.api.openstack.wsgi_app [None req-c62b4b3f-705d-467f-bd01-0e453e933601 None None] default_schedule_zone = None {{(pid=95837) log_opt_values /opt/stack/data/venv/lib/python3.12/site-packages/oslo_config/cfg.py:3242}}
Jun 24 06:05:54.060331 np0000003518 devstack@n-api-meta.service[95837]: DEBUG nova.api.openstack.wsgi_app [None req-c62b4b3f-705d-467f-bd01-0e453e933601 None None] default_thread_pool_size = 10 {{(pid=95837) log_opt_values /opt/stack/data/venv/lib/python3.12/site-packages/oslo_config/cfg.py:3242}}
Jun 24 06:05:54.060331 np0000003518 devstack@n-api-meta.service[95837]: DEBUG nova.api.openstack.wsgi_app [None req-c62b4b3f-705d-467f-bd01-0e453e933601 None None] disk_allocation_ratio = None {{(pid=95837) log_opt_values /opt/stack/data/venv/lib/python3.12/site-packages/oslo_config/cfg.py:3242}}
Jun 24 06:05:54.060622 np0000003518 devstack@n-api-meta.service[95837]: DEBUG nova.api.openstack.wsgi_app [None req-c62b4b3f-705d-467f-bd01-0e453e933601 None None] enable_new_services = True {{(pid=95837) log_opt_values /opt/stack/data/venv/lib/python3.12/site-packages/oslo_config/cfg.py:3242}}
Jun 24 06:05:54.060622 np0000003518 devstack@n-api-meta.service[95837]: DEBUG nova.api.openstack.wsgi_app [None req-c62b4b3f-705d-467f-bd01-0e453e933601 None None] flat_injected = False {{(pid=95837) log_opt_values /opt/stack/data/venv/lib/python3.12/site-packages/oslo_config/cfg.py:3242}}
Jun 24 06:05:54.060622 np0000003518 devstack@n-api-meta.service[95837]: DEBUG nova.api.openstack.wsgi_app [None req-c62b4b3f-705d-467f-bd01-0e453e933601 None None] force_config_drive = True {{(pid=95837) log_opt_values /opt/stack/data/venv/lib/python3.12/site-packages/oslo_config/cfg.py:3242}}
Jun 24 06:05:54.060753 np0000003518 devstack@n-api-meta.service[95837]: DEBUG nova.api.openstack.wsgi_app [None req-c62b4b3f-705d-467f-bd01-0e453e933601 None None] force_raw_images = True {{(pid=95837) log_opt_values /opt/stack/data/venv/lib/python3.12/site-packages/oslo_config/cfg.py:3242}}
Jun 24 06:05:54.060837 np0000003518 devstack@n-api-meta.service[95837]: DEBUG nova.api.openstack.wsgi_app [None req-c62b4b3f-705d-467f-bd01-0e453e933601 None None] graceful_shutdown_timeout = 5 {{(pid=95837) log_opt_values /opt/stack/data/venv/lib/python3.12/site-packages/oslo_config/cfg.py:3242}}
Jun 24 06:05:54.060946 np0000003518 devstack@n-api-meta.service[95837]: DEBUG nova.api.openstack.wsgi_app [None req-c62b4b3f-705d-467f-bd01-0e453e933601 None None] heal_instance_info_cache_interval = -1 {{(pid=95837) log_opt_values /opt/stack/data/venv/lib/python3.12/site-packages/oslo_config/cfg.py:3242}}
Jun 24 06:05:54.061111 np0000003518 devstack@n-api-meta.service[95837]: DEBUG nova.api.openstack.wsgi_app [None req-c62b4b3f-705d-467f-bd01-0e453e933601 None None] host = np0000003518 {{(pid=95837) log_opt_values /opt/stack/data/venv/lib/python3.12/site-packages/oslo_config/cfg.py:3242}}
Jun 24 06:05:54.061245 np0000003518 devstack@n-api-meta.service[95837]: DEBUG nova.api.openstack.wsgi_app [None req-c62b4b3f-705d-467f-bd01-0e453e933601 None None] initial_cpu_allocation_ratio = 4.0 {{(pid=95837) log_opt_values /opt/stack/data/venv/lib/python3.12/site-packages/oslo_config/cfg.py:3242}}
Jun 24 06:05:54.061363 np0000003518 devstack@n-api-meta.service[95837]: DEBUG nova.api.openstack.wsgi_app [None req-c62b4b3f-705d-467f-bd01-0e453e933601 None None] initial_disk_allocation_ratio = 1.0 {{(pid=95837) log_opt_values /opt/stack/data/venv/lib/python3.12/site-packages/oslo_config/cfg.py:3242}}
Jun 24 06:05:54.061498 np0000003518 devstack@n-api-meta.service[95837]: DEBUG nova.api.openstack.wsgi_app [None req-c62b4b3f-705d-467f-bd01-0e453e933601 None None] initial_ram_allocation_ratio = 1.0 {{(pid=95837) log_opt_values /opt/stack/data/venv/lib/python3.12/site-packages/oslo_config/cfg.py:3242}}
Jun 24 06:05:54.061686 np0000003518 devstack@n-api-meta.service[95837]: DEBUG nova.api.openstack.wsgi_app [None req-c62b4b3f-705d-467f-bd01-0e453e933601 None None] injected_network_template = /opt/stack/nova/nova/virt/interfaces.template {{(pid=95837) log_opt_values /opt/stack/data/venv/lib/python3.12/site-packages/oslo_config/cfg.py:3242}}
Jun 24 06:05:54.061804 np0000003518 devstack@n-api-meta.service[95837]: DEBUG nova.api.openstack.wsgi_app [None req-c62b4b3f-705d-467f-bd01-0e453e933601 None None] instance_build_timeout = 0 {{(pid=95837) log_opt_values /opt/stack/data/venv/lib/python3.12/site-packages/oslo_config/cfg.py:3242}}
Jun 24 06:05:54.061926 np0000003518 devstack@n-api-meta.service[95837]: DEBUG nova.api.openstack.wsgi_app [None req-c62b4b3f-705d-467f-bd01-0e453e933601 None None] instance_delete_interval = 300 {{(pid=95837) log_opt_values /opt/stack/data/venv/lib/python3.12/site-packages/oslo_config/cfg.py:3242}}
Jun 24 06:05:54.062048 np0000003518 devstack@n-api-meta.service[95837]: DEBUG nova.api.openstack.wsgi_app [None req-c62b4b3f-705d-467f-bd01-0e453e933601 None None] instance_format = [instance: %(uuid)s] {{(pid=95837) log_opt_values /opt/stack/data/venv/lib/python3.12/site-packages/oslo_config/cfg.py:3242}}
Jun 24 06:05:54.062168 np0000003518 devstack@n-api-meta.service[95837]: DEBUG nova.api.openstack.wsgi_app [None req-c62b4b3f-705d-467f-bd01-0e453e933601 None None] instance_name_template = instance-%08x {{(pid=95837) log_opt_values /opt/stack/data/venv/lib/python3.12/site-packages/oslo_config/cfg.py:3242}}
Jun 24 06:05:54.062291 np0000003518 devstack@n-api-meta.service[95837]: DEBUG nova.api.openstack.wsgi_app [None req-c62b4b3f-705d-467f-bd01-0e453e933601 None None] instance_usage_audit = False {{(pid=95837) log_opt_values /opt/stack/data/venv/lib/python3.12/site-packages/oslo_config/cfg.py:3242}}
Jun 24 06:05:54.062503 np0000003518 devstack@n-api-meta.service[95837]: DEBUG nova.api.openstack.wsgi_app [None req-c62b4b3f-705d-467f-bd01-0e453e933601 None None] instance_usage_audit_period = month {{(pid=95837) log_opt_values /opt/stack/data/venv/lib/python3.12/site-packages/oslo_config/cfg.py:3242}}
Jun 24 06:05:54.062635 np0000003518 devstack@n-api-meta.service[95837]: DEBUG nova.api.openstack.wsgi_app [None req-c62b4b3f-705d-467f-bd01-0e453e933601 None None] instance_uuid_format = [instance: %(uuid)s] {{(pid=95837) log_opt_values /opt/stack/data/venv/lib/python3.12/site-packages/oslo_config/cfg.py:3242}}
Jun 24 06:05:54.062754 np0000003518 devstack@n-api-meta.service[95837]: DEBUG nova.api.openstack.wsgi_app [None req-c62b4b3f-705d-467f-bd01-0e453e933601 None None] instances_path = /opt/stack/data/nova/instances {{(pid=95837) log_opt_values /opt/stack/data/venv/lib/python3.12/site-packages/oslo_config/cfg.py:3242}}
Jun 24 06:05:54.062897 np0000003518 devstack@n-api-meta.service[95837]: DEBUG nova.api.openstack.wsgi_app [None req-c62b4b3f-705d-467f-bd01-0e453e933601 None None] internal_service_availability_zone = internal {{(pid=95837) log_opt_values /opt/stack/data/venv/lib/python3.12/site-packages/oslo_config/cfg.py:3242}}
Jun 24 06:05:54.063012 np0000003518 devstack@n-api-meta.service[95837]: DEBUG nova.api.openstack.wsgi_app [None req-c62b4b3f-705d-467f-bd01-0e453e933601 None None] key = None {{(pid=95837) log_opt_values /opt/stack/data/venv/lib/python3.12/site-packages/oslo_config/cfg.py:3242}}
Jun 24 06:05:54.063124 np0000003518 devstack@n-api-meta.service[95837]: DEBUG nova.api.openstack.wsgi_app [None req-c62b4b3f-705d-467f-bd01-0e453e933601 None None] live_migration_retry_count = 30 {{(pid=95837) log_opt_values /opt/stack/data/venv/lib/python3.12/site-packages/oslo_config/cfg.py:3242}}
Jun 24 06:05:54.063258 np0000003518 devstack@n-api-meta.service[95837]: DEBUG nova.api.openstack.wsgi_app [None req-c62b4b3f-705d-467f-bd01-0e453e933601 None None] log_color = False {{(pid=95837) log_opt_values /opt/stack/data/venv/lib/python3.12/site-packages/oslo_config/cfg.py:3242}}
Jun 24 06:05:54.063395 np0000003518 devstack@n-api-meta.service[95837]: DEBUG nova.api.openstack.wsgi_app [None req-c62b4b3f-705d-467f-bd01-0e453e933601 None None] log_config_append = None {{(pid=95837) log_opt_values /opt/stack/data/venv/lib/python3.12/site-packages/oslo_config/cfg.py:3242}}
Jun 24 06:05:54.063520 np0000003518 devstack@n-api-meta.service[95837]: DEBUG nova.api.openstack.wsgi_app [None req-c62b4b3f-705d-467f-bd01-0e453e933601 None None] log_date_format = %Y-%m-%d %H:%M:%S {{(pid=95837) log_opt_values /opt/stack/data/venv/lib/python3.12/site-packages/oslo_config/cfg.py:3242}}
Jun 24 06:05:54.063636 np0000003518 devstack@n-api-meta.service[95837]: DEBUG nova.api.openstack.wsgi_app [None req-c62b4b3f-705d-467f-bd01-0e453e933601 None None] log_dir = None {{(pid=95837) log_opt_values /opt/stack/data/venv/lib/python3.12/site-packages/oslo_config/cfg.py:3242}}
Jun 24 06:05:54.063752 np0000003518 devstack@n-api-meta.service[95837]: DEBUG nova.api.openstack.wsgi_app [None req-c62b4b3f-705d-467f-bd01-0e453e933601 None None] log_file = None {{(pid=95837) log_opt_values /opt/stack/data/venv/lib/python3.12/site-packages/oslo_config/cfg.py:3242}}
Jun 24 06:05:54.063855 np0000003518 devstack@n-api-meta.service[95837]: DEBUG nova.api.openstack.wsgi_app [None req-c62b4b3f-705d-467f-bd01-0e453e933601 None None] log_options = True {{(pid=95837) log_opt_values /opt/stack/data/venv/lib/python3.12/site-packages/oslo_config/cfg.py:3242}}
Jun 24 06:05:54.064003 np0000003518 devstack@n-api-meta.service[95837]: DEBUG nova.api.openstack.wsgi_app [None req-c62b4b3f-705d-467f-bd01-0e453e933601 None None] log_rotate_interval = 1 {{(pid=95837) log_opt_values /opt/stack/data/venv/lib/python3.12/site-packages/oslo_config/cfg.py:3242}}
Jun 24 06:05:54.064150 np0000003518 devstack@n-api-meta.service[95837]: DEBUG nova.api.openstack.wsgi_app [None req-c62b4b3f-705d-467f-bd01-0e453e933601 None None] log_rotate_interval_type = days {{(pid=95837) log_opt_values /opt/stack/data/venv/lib/python3.12/site-packages/oslo_config/cfg.py:3242}}
Jun 24 06:05:54.064278 np0000003518 devstack@n-api-meta.service[95836]: DEBUG oslo_db.sqlalchemy.engines [None req-ec6feaed-5094-40a3-9131-f483b986ce28 None None] MySQL server mode set to STRICT_TRANS_TABLES,STRICT_ALL_TABLES,NO_ZERO_IN_DATE,NO_ZERO_DATE,ERROR_FOR_DIVISION_BY_ZERO,TRADITIONAL,NO_ENGINE_SUBSTITUTION {{(pid=95836) _check_effective_sql_mode /opt/stack/data/venv/lib/python3.12/site-packages/oslo_db/sqlalchemy/engines.py:325}}
Jun 24 06:05:54.064322 np0000003518 devstack@n-api-meta.service[95837]: DEBUG nova.api.openstack.wsgi_app [None req-c62b4b3f-705d-467f-bd01-0e453e933601 None None] log_rotation_type = none {{(pid=95837) log_opt_values /opt/stack/data/venv/lib/python3.12/site-packages/oslo_config/cfg.py:3242}}
Jun 24 06:05:54.064400 np0000003518 devstack@n-api-meta.service[95837]: DEBUG nova.api.openstack.wsgi_app [None req-c62b4b3f-705d-467f-bd01-0e453e933601 None None] logging_context_format_string = %(color)s%(levelname)s %(name)s [%(global_request_id)s %(request_id)s %(project_name)s %(user_name)s%(color)s] %(instance)s%(color)s%(message)s {{(pid=95837) log_opt_values /opt/stack/data/venv/lib/python3.12/site-packages/oslo_config/cfg.py:3242}}
Jun 24 06:05:54.064502 np0000003518 devstack@n-api-meta.service[95837]: DEBUG nova.api.openstack.wsgi_app [None req-c62b4b3f-705d-467f-bd01-0e453e933601 None None] logging_debug_format_suffix = {{(pid=%(process)d) %(funcName)s %(pathname)s:%(lineno)d}} {{(pid=95837) log_opt_values /opt/stack/data/venv/lib/python3.12/site-packages/oslo_config/cfg.py:3242}}
Jun 24 06:05:54.064626 np0000003518 devstack@n-api-meta.service[95837]: DEBUG nova.api.openstack.wsgi_app [None req-c62b4b3f-705d-467f-bd01-0e453e933601 None None] logging_default_format_string = %(color)s%(levelname)s %(name)s [-%(color)s] %(instance)s%(color)s%(message)s {{(pid=95837) log_opt_values /opt/stack/data/venv/lib/python3.12/site-packages/oslo_config/cfg.py:3242}}
Jun 24 06:05:54.064744 np0000003518 devstack@n-api-meta.service[95837]: DEBUG nova.api.openstack.wsgi_app [None req-c62b4b3f-705d-467f-bd01-0e453e933601 None None] logging_exception_prefix = ERROR %(name)s %(instance)s {{(pid=95837) log_opt_values /opt/stack/data/venv/lib/python3.12/site-packages/oslo_config/cfg.py:3242}}
Jun 24 06:05:54.064837 np0000003518 devstack@n-api-meta.service[95837]: DEBUG nova.api.openstack.wsgi_app [None req-c62b4b3f-705d-467f-bd01-0e453e933601 None None] logging_user_identity_format = %(user)s %(project)s %(domain)s %(system_scope)s %(user_domain)s %(project_domain)s {{(pid=95837) log_opt_values /opt/stack/data/venv/lib/python3.12/site-packages/oslo_config/cfg.py:3242}}
Jun 24 06:05:54.064951 np0000003518 devstack@n-api-meta.service[95837]: DEBUG nova.api.openstack.wsgi_app [None req-c62b4b3f-705d-467f-bd01-0e453e933601 None None] long_rpc_timeout = 1800 {{(pid=95837) log_opt_values /opt/stack/data/venv/lib/python3.12/site-packages/oslo_config/cfg.py:3242}}
