Jun 24 06:05:53.535937 np0000003518 nova-scheduler[96413]: DEBUG cotyledon.oslo_config_glue [-] profiler.es_scroll_time = 2m {{(pid=96413) log_opt_values /opt/stack/data/venv/lib/python3.12/site-packages/oslo_config/cfg.py:3253}}
Jun 24 06:05:53.535937 np0000003518 nova-scheduler[96413]: DEBUG cotyledon.oslo_config_glue [-] profiler.filter_error_trace = False {{(pid=96413) log_opt_values /opt/stack/data/venv/lib/python3.12/site-packages/oslo_config/cfg.py:3253}}
Jun 24 06:05:53.535937 np0000003518 nova-scheduler[96413]: DEBUG cotyledon.oslo_config_glue [-] profiler.hmac_keys = **** {{(pid=96413) log_opt_values /opt/stack/data/venv/lib/python3.12/site-packages/oslo_config/cfg.py:3253}}
Jun 24 06:05:53.536109 np0000003518 nova-scheduler[96413]: DEBUG cotyledon.oslo_config_glue [-] profiler.sentinel_service_name = mymaster {{(pid=96413) log_opt_values /opt/stack/data/venv/lib/python3.12/site-packages/oslo_config/cfg.py:3253}}
Jun 24 06:05:53.536109 np0000003518 nova-scheduler[96413]: DEBUG cotyledon.oslo_config_glue [-] profiler.socket_timeout = 0.1 {{(pid=96413) log_opt_values /opt/stack/data/venv/lib/python3.12/site-packages/oslo_config/cfg.py:3253}}
Jun 24 06:05:53.536109 np0000003518 nova-scheduler[96413]: DEBUG cotyledon.oslo_config_glue [-] profiler.trace_requests = False {{(pid=96413) log_opt_values /opt/stack/data/venv/lib/python3.12/site-packages/oslo_config/cfg.py:3253}}
Jun 24 06:05:53.536109 np0000003518 nova-scheduler[96413]: DEBUG cotyledon.oslo_config_glue [-] profiler.trace_sqlalchemy = False {{(pid=96413) log_opt_values /opt/stack/data/venv/lib/python3.12/site-packages/oslo_config/cfg.py:3253}}
Jun 24 06:05:53.536109 np0000003518 nova-scheduler[96413]: DEBUG cotyledon.oslo_config_glue [-] profiler_jaeger.process_tags = {} {{(pid=96413) log_opt_values /opt/stack/data/venv/lib/python3.12/site-packages/oslo_config/cfg.py:3253}}
Jun 24 06:05:53.536109 np0000003518 nova-scheduler[96413]: DEBUG cotyledon.oslo_config_glue [-] profiler_jaeger.service_name_prefix = None {{(pid=96413) log_opt_values /opt/stack/data/venv/lib/python3.12/site-packages/oslo_config/cfg.py:3253}}
Jun 24 06:05:53.536109 np0000003518 nova-scheduler[96413]: DEBUG cotyledon.oslo_config_glue [-] profiler_otlp.service_name_prefix = None {{(pid=96413) log_opt_values /opt/stack/data/venv/lib/python3.12/site-packages/oslo_config/cfg.py:3253}}
Jun 24 06:05:53.536109 np0000003518 nova-scheduler[96413]: DEBUG cotyledon.oslo_config_glue [-] oslo_messaging_rabbit.amqp_auto_delete = False {{(pid=96413) log_opt_values /opt/stack/data/venv/lib/python3.12/site-packages/oslo_config/cfg.py:3253}}
Jun 24 06:05:53.536109 np0000003518 nova-scheduler[96413]: DEBUG cotyledon.oslo_config_glue [-] oslo_messaging_rabbit.amqp_durable_queues = False {{(pid=96413) log_opt_values /opt/stack/data/venv/lib/python3.12/site-packages/oslo_config/cfg.py:3253}}
Jun 24 06:05:53.536300 np0000003518 nova-scheduler[96413]: DEBUG cotyledon.oslo_config_glue [-] oslo_messaging_rabbit.conn_pool_min_size = 2 {{(pid=96413) log_opt_values /opt/stack/data/venv/lib/python3.12/site-packages/oslo_config/cfg.py:3253}}
Jun 24 06:05:53.536300 np0000003518 nova-scheduler[96413]: DEBUG cotyledon.oslo_config_glue [-] oslo_messaging_rabbit.conn_pool_ttl = 1200 {{(pid=96413) log_opt_values /opt/stack/data/venv/lib/python3.12/site-packages/oslo_config/cfg.py:3253}}
Jun 24 06:05:53.536300 np0000003518 nova-scheduler[96413]: DEBUG cotyledon.oslo_config_glue [-] oslo_messaging_rabbit.direct_mandatory_flag = True {{(pid=96413) log_opt_values /opt/stack/data/venv/lib/python3.12/site-packages/oslo_config/cfg.py:3253}}
Jun 24 06:05:53.536300 np0000003518 nova-scheduler[96413]: DEBUG cotyledon.oslo_config_glue [-] oslo_messaging_rabbit.enable_cancel_on_failover = False {{(pid=96413) log_opt_values /opt/stack/data/venv/lib/python3.12/site-packages/oslo_config/cfg.py:3253}}
Jun 24 06:05:53.536300 np0000003518 nova-scheduler[96413]: DEBUG cotyledon.oslo_config_glue [-] oslo_messaging_rabbit.heartbeat_rate = 3 {{(pid=96413) log_opt_values /opt/stack/data/venv/lib/python3.12/site-packages/oslo_config/cfg.py:3253}}
Jun 24 06:05:53.536300 np0000003518 nova-scheduler[96413]: DEBUG cotyledon.oslo_config_glue [-] oslo_messaging_rabbit.heartbeat_timeout_threshold = 60 {{(pid=96413) log_opt_values /opt/stack/data/venv/lib/python3.12/site-packages/oslo_config/cfg.py:3253}}
Jun 24 06:05:53.536300 np0000003518 nova-scheduler[96413]: DEBUG cotyledon.oslo_config_glue [-] oslo_messaging_rabbit.hostname = np0000003518 {{(pid=96413) log_opt_values /opt/stack/data/venv/lib/python3.12/site-packages/oslo_config/cfg.py:3253}}
Jun 24 06:05:53.536300 np0000003518 nova-scheduler[96413]: DEBUG cotyledon.oslo_config_glue [-] oslo_messaging_rabbit.kombu_compression = None {{(pid=96413) log_opt_values /opt/stack/data/venv/lib/python3.12/site-packages/oslo_config/cfg.py:3253}}
Jun 24 06:05:53.536300 np0000003518 nova-scheduler[96413]: DEBUG cotyledon.oslo_config_glue [-] oslo_messaging_rabbit.kombu_failover_strategy = round-robin {{(pid=96413) log_opt_values /opt/stack/data/venv/lib/python3.12/site-packages/oslo_config/cfg.py:3253}}
Jun 24 06:05:53.536494 np0000003518 nova-scheduler[96413]: DEBUG cotyledon.oslo_config_glue [-] oslo_messaging_rabbit.kombu_missing_consumer_retry_timeout = 60 {{(pid=96413) log_opt_values /opt/stack/data/venv/lib/python3.12/site-packages/oslo_config/cfg.py:3253}}
Jun 24 06:05:53.536494 np0000003518 nova-scheduler[96413]: DEBUG cotyledon.oslo_config_glue [-] oslo_messaging_rabbit.kombu_reconnect_delay = 1.0 {{(pid=96413) log_opt_values /opt/stack/data/venv/lib/python3.12/site-packages/oslo_config/cfg.py:3253}}
Jun 24 06:05:53.536494 np0000003518 nova-scheduler[96413]: DEBUG cotyledon.oslo_config_glue [-] oslo_messaging_rabbit.kombu_reconnect_splay = 0.0 {{(pid=96413) log_opt_values /opt/stack/data/venv/lib/python3.12/site-packages/oslo_config/cfg.py:3253}}
Jun 24 06:05:53.536494 np0000003518 nova-scheduler[96413]: DEBUG cotyledon.oslo_config_glue [-] oslo_messaging_rabbit.processname = nova-scheduler {{(pid=96413) log_opt_values /opt/stack/data/venv/lib/python3.12/site-packages/oslo_config/cfg.py:3253}}
Jun 24 06:05:53.536494 np0000003518 nova-scheduler[96413]: DEBUG cotyledon.oslo_config_glue [-] oslo_messaging_rabbit.rabbit_ha_queues = False {{(pid=96413) log_opt_values /opt/stack/data/venv/lib/python3.12/site-packages/oslo_config/cfg.py:3253}}
Jun 24 06:05:53.536494 np0000003518 nova-scheduler[96413]: DEBUG cotyledon.oslo_config_glue [-] oslo_messaging_rabbit.rabbit_interval_max = 30 {{(pid=96413) log_opt_values /opt/stack/data/venv/lib/python3.12/site-packages/oslo_config/cfg.py:3253}}
Jun 24 06:05:53.536494 np0000003518 nova-scheduler[96413]: DEBUG cotyledon.oslo_config_glue [-] oslo_messaging_rabbit.rabbit_login_method = AMQPLAIN {{(pid=96413) log_opt_values /opt/stack/data/venv/lib/python3.12/site-packages/oslo_config/cfg.py:3253}}
Jun 24 06:05:53.536494 np0000003518 nova-scheduler[96413]: DEBUG cotyledon.oslo_config_glue [-] oslo_messaging_rabbit.rabbit_qos_prefetch_count = 0 {{(pid=96413) log_opt_values /opt/stack/data/venv/lib/python3.12/site-packages/oslo_config/cfg.py:3253}}
Jun 24 06:05:53.536494 np0000003518 nova-scheduler[96413]: DEBUG cotyledon.oslo_config_glue [-] oslo_messaging_rabbit.rabbit_quorum_delivery_limit = 0 {{(pid=96413) log_opt_values /opt/stack/data/venv/lib/python3.12/site-packages/oslo_config/cfg.py:3253}}
Jun 24 06:05:53.536682 np0000003518 nova-scheduler[96413]: DEBUG cotyledon.oslo_config_glue [-] oslo_messaging_rabbit.rabbit_quorum_max_memory_bytes = 0 {{(pid=96413) log_opt_values /opt/stack/data/venv/lib/python3.12/site-packages/oslo_config/cfg.py:3253}}
Jun 24 06:05:53.536682 np0000003518 nova-scheduler[96413]: DEBUG cotyledon.oslo_config_glue [-] oslo_messaging_rabbit.rabbit_quorum_max_memory_length = 0 {{(pid=96413) log_opt_values /opt/stack/data/venv/lib/python3.12/site-packages/oslo_config/cfg.py:3253}}
Jun 24 06:05:53.536682 np0000003518 nova-scheduler[96413]: DEBUG cotyledon.oslo_config_glue [-] oslo_messaging_rabbit.rabbit_quorum_queue = False {{(pid=96413) log_opt_values /opt/stack/data/venv/lib/python3.12/site-packages/oslo_config/cfg.py:3253}}
Jun 24 06:05:53.536682 np0000003518 nova-scheduler[96413]: DEBUG cotyledon.oslo_config_glue [-] oslo_messaging_rabbit.rabbit_retry_backoff = 2 {{(pid=96413) log_opt_values /opt/stack/data/venv/lib/python3.12/site-packages/oslo_config/cfg.py:3253}}
Jun 24 06:05:53.536682 np0000003518 nova-scheduler[96413]: DEBUG cotyledon.oslo_config_glue [-] oslo_messaging_rabbit.rabbit_retry_interval = 1 {{(pid=96413) log_opt_values /opt/stack/data/venv/lib/python3.12/site-packages/oslo_config/cfg.py:3253}}
Jun 24 06:05:53.536682 np0000003518 nova-scheduler[96413]: DEBUG cotyledon.oslo_config_glue [-] oslo_messaging_rabbit.rabbit_stream_fanout = False {{(pid=96413) log_opt_values /opt/stack/data/venv/lib/python3.12/site-packages/oslo_config/cfg.py:3253}}
Jun 24 06:05:53.536682 np0000003518 nova-scheduler[96413]: DEBUG cotyledon.oslo_config_glue [-] oslo_messaging_rabbit.rabbit_transient_queues_ttl = 1800 {{(pid=96413) log_opt_values /opt/stack/data/venv/lib/python3.12/site-packages/oslo_config/cfg.py:3253}}
Jun 24 06:05:53.536682 np0000003518 nova-scheduler[96413]: DEBUG cotyledon.oslo_config_glue [-] oslo_messaging_rabbit.rabbit_transient_quorum_queue = False {{(pid=96413) log_opt_values /opt/stack/data/venv/lib/python3.12/site-packages/oslo_config/cfg.py:3253}}
Jun 24 06:05:53.536856 np0000003518 nova-scheduler[96413]: DEBUG cotyledon.oslo_config_glue [-] oslo_messaging_rabbit.rpc_conn_pool_size = 30 {{(pid=96413) log_opt_values /opt/stack/data/venv/lib/python3.12/site-packages/oslo_config/cfg.py:3253}}
Jun 24 06:05:53.536856 np0000003518 nova-scheduler[96413]: DEBUG cotyledon.oslo_config_glue [-] oslo_messaging_rabbit.ssl = False {{(pid=96413) log_opt_values /opt/stack/data/venv/lib/python3.12/site-packages/oslo_config/cfg.py:3253}}
Jun 24 06:05:53.536856 np0000003518 nova-scheduler[96413]: DEBUG cotyledon.oslo_config_glue [-] oslo_messaging_rabbit.ssl_ca_file = {{(pid=96413) log_opt_values /opt/stack/data/venv/lib/python3.12/site-packages/oslo_config/cfg.py:3253}}
Jun 24 06:05:53.536856 np0000003518 nova-scheduler[96413]: DEBUG cotyledon.oslo_config_glue [-] oslo_messaging_rabbit.ssl_cert_file = {{(pid=96413) log_opt_values /opt/stack/data/venv/lib/python3.12/site-packages/oslo_config/cfg.py:3253}}
Jun 24 06:05:53.536856 np0000003518 nova-scheduler[96413]: DEBUG cotyledon.oslo_config_glue [-] oslo_messaging_rabbit.ssl_enforce_fips_mode = False {{(pid=96413) log_opt_values /opt/stack/data/venv/lib/python3.12/site-packages/oslo_config/cfg.py:3253}}
Jun 24 06:05:53.536856 np0000003518 nova-scheduler[96413]: DEBUG cotyledon.oslo_config_glue [-] oslo_messaging_rabbit.ssl_enforce_hostname_verification = True {{(pid=96413) log_opt_values /opt/stack/data/venv/lib/python3.12/site-packages/oslo_config/cfg.py:3253}}
Jun 24 06:05:53.536856 np0000003518 nova-scheduler[96413]: DEBUG cotyledon.oslo_config_glue [-] oslo_messaging_rabbit.ssl_key_file = {{(pid=96413) log_opt_values /opt/stack/data/venv/lib/python3.12/site-packages/oslo_config/cfg.py:3253}}
Jun 24 06:05:53.536856 np0000003518 nova-scheduler[96413]: DEBUG cotyledon.oslo_config_glue [-] oslo_messaging_rabbit.ssl_version = {{(pid=96413) log_opt_values /opt/stack/data/venv/lib/python3.12/site-packages/oslo_config/cfg.py:3253}}
Jun 24 06:05:53.536856 np0000003518 nova-scheduler[96413]: DEBUG cotyledon.oslo_config_glue [-] oslo_messaging_rabbit.use_queue_manager = False {{(pid=96413) log_opt_values /opt/stack/data/venv/lib/python3.12/site-packages/oslo_config/cfg.py:3253}}
Jun 24 06:05:53.537038 np0000003518 nova-scheduler[96413]: DEBUG cotyledon.oslo_config_glue [-] oslo_messaging_notifications.driver = ['messagingv2'] {{(pid=96413) log_opt_values /opt/stack/data/venv/lib/python3.12/site-packages/oslo_config/cfg.py:3253}}
Jun 24 06:05:53.537038 np0000003518 nova-scheduler[96413]: DEBUG cotyledon.oslo_config_glue [-] oslo_messaging_notifications.retry = -1 {{(pid=96413) log_opt_values /opt/stack/data/venv/lib/python3.12/site-packages/oslo_config/cfg.py:3253}}
Jun 24 06:05:53.537038 np0000003518 nova-scheduler[96413]: DEBUG cotyledon.oslo_config_glue [-] oslo_messaging_notifications.topics = ['notifications'] {{(pid=96413) log_opt_values /opt/stack/data/venv/lib/python3.12/site-packages/oslo_config/cfg.py:3253}}
Jun 24 06:05:53.537038 np0000003518 nova-scheduler[96413]: DEBUG cotyledon.oslo_config_glue [-] oslo_messaging_notifications.transport_url = **** {{(pid=96413) log_opt_values /opt/stack/data/venv/lib/python3.12/site-packages/oslo_config/cfg.py:3253}}
Jun 24 06:05:53.537038 np0000003518 nova-scheduler[96413]: DEBUG cotyledon.oslo_config_glue [-] oslo_limit.auth_section = None {{(pid=96413) log_opt_values /opt/stack/data/venv/lib/python3.12/site-packages/oslo_config/cfg.py:3253}}
Jun 24 06:05:53.537038 np0000003518 nova-scheduler[96413]: DEBUG cotyledon.oslo_config_glue [-] oslo_limit.auth_type = None {{(pid=96413) log_opt_values /opt/stack/data/venv/lib/python3.12/site-packages/oslo_config/cfg.py:3253}}
Jun 24 06:05:53.537038 np0000003518 nova-scheduler[96413]: DEBUG cotyledon.oslo_config_glue [-] oslo_limit.cafile = None {{(pid=96413) log_opt_values /opt/stack/data/venv/lib/python3.12/site-packages/oslo_config/cfg.py:3253}}
Jun 24 06:05:53.537038 np0000003518 nova-scheduler[96413]: DEBUG cotyledon.oslo_config_glue [-] oslo_limit.certfile = None {{(pid=96413) log_opt_values /opt/stack/data/venv/lib/python3.12/site-packages/oslo_config/cfg.py:3253}}
Jun 24 06:05:53.537038 np0000003518 nova-scheduler[96413]: DEBUG cotyledon.oslo_config_glue [-] oslo_limit.collect_timing = False {{(pid=96413) log_opt_values /opt/stack/data/venv/lib/python3.12/site-packages/oslo_config/cfg.py:3253}}
Jun 24 06:05:53.537254 np0000003518 nova-scheduler[96413]: DEBUG cotyledon.oslo_config_glue [-] oslo_limit.connect_retries = None {{(pid=96413) log_opt_values /opt/stack/data/venv/lib/python3.12/site-packages/oslo_config/cfg.py:3253}}
Jun 24 06:05:53.537254 np0000003518 nova-scheduler[96413]: DEBUG cotyledon.oslo_config_glue [-] oslo_limit.connect_retry_delay = None {{(pid=96413) log_opt_values /opt/stack/data/venv/lib/python3.12/site-packages/oslo_config/cfg.py:3253}}
Jun 24 06:05:53.537254 np0000003518 nova-scheduler[96413]: DEBUG cotyledon.oslo_config_glue [-] oslo_limit.endpoint_id = None {{(pid=96413) log_opt_values /opt/stack/data/venv/lib/python3.12/site-packages/oslo_config/cfg.py:3253}}
Jun 24 06:05:53.537254 np0000003518 nova-scheduler[96413]: DEBUG cotyledon.oslo_config_glue [-] oslo_limit.endpoint_interface = public {{(pid=96413) log_opt_values /opt/stack/data/venv/lib/python3.12/site-packages/oslo_config/cfg.py:3253}}
Jun 24 06:05:53.537254 np0000003518 nova-scheduler[96413]: DEBUG cotyledon.oslo_config_glue [-] oslo_limit.endpoint_override = None {{(pid=96413) log_opt_values /opt/stack/data/venv/lib/python3.12/site-packages/oslo_config/cfg.py:3253}}
Jun 24 06:05:53.537254 np0000003518 nova-scheduler[96413]: DEBUG cotyledon.oslo_config_glue [-] oslo_limit.endpoint_region_name = None {{(pid=96413) log_opt_values /opt/stack/data/venv/lib/python3.12/site-packages/oslo_config/cfg.py:3253}}
Jun 24 06:05:53.537254 np0000003518 nova-scheduler[96413]: DEBUG cotyledon.oslo_config_glue [-] oslo_limit.endpoint_service_name = None {{(pid=96413) log_opt_values /opt/stack/data/venv/lib/python3.12/site-packages/oslo_config/cfg.py:3253}}
Jun 24 06:05:53.537254 np0000003518 nova-scheduler[96413]: DEBUG cotyledon.oslo_config_glue [-] oslo_limit.endpoint_service_type = None {{(pid=96413) log_opt_values /opt/stack/data/venv/lib/python3.12/site-packages/oslo_config/cfg.py:3253}}
Jun 24 06:05:53.537254 np0000003518 nova-scheduler[96413]: DEBUG cotyledon.oslo_config_glue [-] oslo_limit.insecure = False {{(pid=96413) log_opt_values /opt/stack/data/venv/lib/python3.12/site-packages/oslo_config/cfg.py:3253}}
Jun 24 06:05:53.537475 np0000003518 nova-scheduler[96413]: DEBUG cotyledon.oslo_config_glue [-] oslo_limit.keyfile = None {{(pid=96413) log_opt_values /opt/stack/data/venv/lib/python3.12/site-packages/oslo_config/cfg.py:3253}}
Jun 24 06:05:53.537475 np0000003518 nova-scheduler[96413]: DEBUG cotyledon.oslo_config_glue [-] oslo_limit.max_version = None {{(pid=96413) log_opt_values /opt/stack/data/venv/lib/python3.12/site-packages/oslo_config/cfg.py:3253}}
Jun 24 06:05:53.537475 np0000003518 nova-scheduler[96413]: DEBUG cotyledon.oslo_config_glue [-] oslo_limit.min_version = None {{(pid=96413) log_opt_values /opt/stack/data/venv/lib/python3.12/site-packages/oslo_config/cfg.py:3253}}
Jun 24 06:05:53.537475 np0000003518 nova-scheduler[96413]: DEBUG cotyledon.oslo_config_glue [-] oslo_limit.region_name = None {{(pid=96413) log_opt_values /opt/stack/data/venv/lib/python3.12/site-packages/oslo_config/cfg.py:3253}}
Jun 24 06:05:53.537475 np0000003518 nova-scheduler[96413]: DEBUG cotyledon.oslo_config_glue [-] oslo_limit.retriable_status_codes = None {{(pid=96413) log_opt_values /opt/stack/data/venv/lib/python3.12/site-packages/oslo_config/cfg.py:3253}}
Jun 24 06:05:53.537475 np0000003518 nova-scheduler[96413]: DEBUG cotyledon.oslo_config_glue [-] oslo_limit.service_name = None {{(pid=96413) log_opt_values /opt/stack/data/venv/lib/python3.12/site-packages/oslo_config/cfg.py:3253}}
Jun 24 06:05:53.537475 np0000003518 nova-scheduler[96413]: DEBUG cotyledon.oslo_config_glue [-] oslo_limit.service_type = None {{(pid=96413) log_opt_values /opt/stack/data/venv/lib/python3.12/site-packages/oslo_config/cfg.py:3253}}
Jun 24 06:05:53.537475 np0000003518 nova-scheduler[96413]: DEBUG cotyledon.oslo_config_glue [-] oslo_limit.split_loggers = False {{(pid=96413) log_opt_values /opt/stack/data/venv/lib/python3.12/site-packages/oslo_config/cfg.py:3253}}
Jun 24 06:05:53.537475 np0000003518 nova-scheduler[96413]: DEBUG cotyledon.oslo_config_glue [-] oslo_limit.status_code_retries = None {{(pid=96413) log_opt_values /opt/stack/data/venv/lib/python3.12/site-packages/oslo_config/cfg.py:3253}}
Jun 24 06:05:53.537681 np0000003518 nova-scheduler[96413]: DEBUG cotyledon.oslo_config_glue [-] oslo_limit.status_code_retry_delay = None {{(pid=96413) log_opt_values /opt/stack/data/venv/lib/python3.12/site-packages/oslo_config/cfg.py:3253}}
Jun 24 06:05:53.537681 np0000003518 nova-scheduler[96413]: DEBUG cotyledon.oslo_config_glue [-] oslo_limit.timeout = None {{(pid=96413) log_opt_values /opt/stack/data/venv/lib/python3.12/site-packages/oslo_config/cfg.py:3253}}
Jun 24 06:05:53.537681 np0000003518 nova-scheduler[96413]: DEBUG cotyledon.oslo_config_glue [-] oslo_limit.valid_interfaces = None {{(pid=96413) log_opt_values /opt/stack/data/venv/lib/python3.12/site-packages/oslo_config/cfg.py:3253}}
Jun 24 06:05:53.537681 np0000003518 nova-scheduler[96413]: DEBUG cotyledon.oslo_config_glue [-] oslo_limit.version = None {{(pid=96413) log_opt_values /opt/stack/data/venv/lib/python3.12/site-packages/oslo_config/cfg.py:3253}}
Jun 24 06:05:53.537681 np0000003518 nova-scheduler[96413]: DEBUG cotyledon.oslo_config_glue [-] oslo_reports.file_event_handler = None {{(pid=96413) log_opt_values /opt/stack/data/venv/lib/python3.12/site-packages/oslo_config/cfg.py:3253}}
Jun 24 06:05:53.537681 np0000003518 nova-scheduler[96413]: DEBUG cotyledon.oslo_config_glue [-] oslo_reports.file_event_handler_interval = 1 {{(pid=96413) log_opt_values /opt/stack/data/venv/lib/python3.12/site-packages/oslo_config/cfg.py:3253}}
Jun 24 06:05:53.537681 np0000003518 nova-scheduler[96413]: DEBUG cotyledon.oslo_config_glue [-] oslo_reports.log_dir = None {{(pid=96413) log_opt_values /opt/stack/data/venv/lib/python3.12/site-packages/oslo_config/cfg.py:3253}}
Jun 24 06:05:53.537681 np0000003518 nova-scheduler[96413]: DEBUG cotyledon.oslo_config_glue [-] ******************************************************************************** {{(pid=96413) log_opt_values /opt/stack/data/venv/lib/python3.12/site-packages/oslo_config/cfg.py:3260}}
Jun 24 06:05:53.537681 np0000003518 nova-scheduler[96413]: DEBUG cotyledon._service_worker [-] Run service ServiceWrapper(3) [96413] {{(pid=96413) wait_forever /opt/stack/data/venv/lib/python3.12/site-packages/cotyledon/_service_worker.py:218}}
Jun 24 06:05:53.537909 np0000003518 nova-scheduler[96413]: INFO nova.service [-] Starting scheduler node (version 33.1.0)
Jun 24 06:05:53.537909 np0000003518 nova-scheduler[96413]: INFO dbcounter [None req-6a9e0394-2cbd-4de9-b7c6-bff4cf9073e7 None None] Registered counter for database nova_cell0
Jun 24 06:05:53.537973 np0000003518 nova-scheduler[96407]: DEBUG oslo_db.sqlalchemy.engines [None req-48f675cc-2a4a-453c-941e-8dd9569b4b33 None None] MySQL server mode set to STRICT_TRANS_TABLES,STRICT_ALL_TABLES,NO_ZERO_IN_DATE,NO_ZERO_DATE,ERROR_FOR_DIVISION_BY_ZERO,TRADITIONAL,NO_ENGINE_SUBSTITUTION {{(pid=96407) _check_effective_sql_mode /opt/stack/data/venv/lib/python3.12/site-packages/oslo_db/sqlalchemy/engines.py:325}}
Jun 24 06:05:53.538033 np0000003518 nova-scheduler[96411]: DEBUG oslo_db.sqlalchemy.engines [None req-52e05e6f-30c1-4617-a6c5-593891c1efea None None] MySQL server mode set to STRICT_TRANS_TABLES,STRICT_ALL_TABLES,NO_ZERO_IN_DATE,NO_ZERO_DATE,ERROR_FOR_DIVISION_BY_ZERO,TRADITIONAL,NO_ENGINE_SUBSTITUTION {{(pid=96411) _check_effective_sql_mode /opt/stack/data/venv/lib/python3.12/site-packages/oslo_db/sqlalchemy/engines.py:325}}
Jun 24 06:05:53.538381 np0000003518 nova-scheduler[96409]: DEBUG oslo_db.sqlalchemy.engines [None req-cb41835b-eec4-4b0b-b0e8-a9adf50ae087 None None] MySQL server mode set to STRICT_TRANS_TABLES,STRICT_ALL_TABLES,NO_ZERO_IN_DATE,NO_ZERO_DATE,ERROR_FOR_DIVISION_BY_ZERO,TRADITIONAL,NO_ENGINE_SUBSTITUTION {{(pid=96409) _check_effective_sql_mode /opt/stack/data/venv/lib/python3.12/site-packages/oslo_db/sqlalchemy/engines.py:325}}
Jun 24 06:05:53.542394 np0000003518 nova-scheduler[96407]: DEBUG dbcounter [-] [96407] Writer thread running {{(pid=96407) stat_writer /opt/stack/data/venv/lib/python3.12/site-packages/dbcounter.py:102}}
Jun 24 06:05:53.547919 np0000003518 nova-scheduler[96411]: DEBUG dbcounter [-] [96411] Writer thread running {{(pid=96411) stat_writer /opt/stack/data/venv/lib/python3.12/site-packages/dbcounter.py:102}}
Jun 24 06:05:53.548974 np0000003518 nova-scheduler[96409]: DEBUG dbcounter [-] [96409] Writer thread running {{(pid=96409) stat_writer /opt/stack/data/venv/lib/python3.12/site-packages/dbcounter.py:102}}
Jun 24 06:05:53.559068 np0000003518 nova-scheduler[96407]: DEBUG nova.service [None req-48f675cc-2a4a-453c-941e-8dd9569b4b33 None None] Creating RPC server for service: nova-scheduler on topic: scheduler {{(pid=96407) start /opt/stack/nova/nova/service.py:196}}
Jun 24 06:05:53.560073 np0000003518 nova-scheduler[96413]: DEBUG oslo_db.sqlalchemy.engines [None req-6a9e0394-2cbd-4de9-b7c6-bff4cf9073e7 None None] MySQL server mode set to STRICT_TRANS_TABLES,STRICT_ALL_TABLES,NO_ZERO_IN_DATE,NO_ZERO_DATE,ERROR_FOR_DIVISION_BY_ZERO,TRADITIONAL,NO_ENGINE_SUBSTITUTION {{(pid=96413) _check_effective_sql_mode /opt/stack/data/venv/lib/python3.12/site-packages/oslo_db/sqlalchemy/engines.py:325}}
Jun 24 06:05:53.568520 np0000003518 nova-scheduler[96409]: DEBUG nova.service [None req-cb41835b-eec4-4b0b-b0e8-a9adf50ae087 None None] Creating RPC server for service: nova-scheduler on topic: scheduler {{(pid=96409) start /opt/stack/nova/nova/service.py:196}}
Jun 24 06:05:53.569433 np0000003518 nova-scheduler[96411]: DEBUG nova.service [None req-52e05e6f-30c1-4617-a6c5-593891c1efea None None] Creating RPC server for service: nova-scheduler on topic: scheduler {{(pid=96411) start /opt/stack/nova/nova/service.py:196}}
Jun 24 06:05:53.569968 np0000003518 nova-scheduler[96413]: DEBUG dbcounter [-] [96413] Writer thread running {{(pid=96413) stat_writer /opt/stack/data/venv/lib/python3.12/site-packages/dbcounter.py:102}}
Jun 24 06:05:53.573981 np0000003518 nova-scheduler[96413]: DEBUG nova.service [None req-6a9e0394-2cbd-4de9-b7c6-bff4cf9073e7 None None] Creating RPC server for service: nova-scheduler on topic: scheduler {{(pid=96413) start /opt/stack/nova/nova/service.py:196}}
Jun 24 06:05:53.590962 np0000003518 nova-scheduler[96409]: DEBUG nova.service [None req-cb41835b-eec4-4b0b-b0e8-a9adf50ae087 None None] Join ServiceGroup membership for this service scheduler {{(pid=96409) start /opt/stack/nova/nova/service.py:222}}
Jun 24 06:05:53.591210 np0000003518 nova-scheduler[96409]: DEBUG nova.servicegroup.drivers.db [None req-cb41835b-eec4-4b0b-b0e8-a9adf50ae087 None None] DB_Driver: join new ServiceGroup member np0000003518 to the scheduler group, service = {{(pid=96409) join /opt/stack/nova/nova/servicegroup/drivers/db.py:44}}
Jun 24 06:05:53.592831 np0000003518 nova-scheduler[96407]: DEBUG nova.service [None req-48f675cc-2a4a-453c-941e-8dd9569b4b33 None None] Join ServiceGroup membership for this service scheduler {{(pid=96407) start /opt/stack/nova/nova/service.py:222}}
Jun 24 06:05:53.593710 np0000003518 nova-scheduler[96407]: DEBUG nova.servicegroup.drivers.db [None req-48f675cc-2a4a-453c-941e-8dd9569b4b33 None None] DB_Driver: join new ServiceGroup member np0000003518 to the scheduler group, service = {{(pid=96407) join /opt/stack/nova/nova/servicegroup/drivers/db.py:44}}
Jun 24 06:05:53.596995 np0000003518 nova-scheduler[96413]: DEBUG nova.service [None req-6a9e0394-2cbd-4de9-b7c6-bff4cf9073e7 None None] Join ServiceGroup membership for this service scheduler {{(pid=96413) start /opt/stack/nova/nova/service.py:222}}
Jun 24 06:05:53.597283 np0000003518 nova-scheduler[96413]: DEBUG nova.servicegroup.drivers.db [None req-6a9e0394-2cbd-4de9-b7c6-bff4cf9073e7 None None] DB_Driver: join new ServiceGroup member np0000003518 to the scheduler group, service = {{(pid=96413) join /opt/stack/nova/nova/servicegroup/drivers/db.py:44}}
Jun 24 06:05:53.597346 np0000003518 nova-scheduler[96411]: DEBUG nova.service [None req-52e05e6f-30c1-4617-a6c5-593891c1efea None None] Join ServiceGroup membership for this service scheduler {{(pid=96411) start /opt/stack/nova/nova/service.py:222}}
Jun 24 06:05:53.597595 np0000003518 nova-scheduler[96411]: DEBUG nova.servicegroup.drivers.db [None req-52e05e6f-30c1-4617-a6c5-593891c1efea None None] DB_Driver: join new ServiceGroup member np0000003518 to the scheduler group, service = {{(pid=96411) join /opt/stack/nova/nova/servicegroup/drivers/db.py:44}}
Jun 24 06:05:58.609944 np0000003518 nova-scheduler[96409]: DEBUG oslo.service.backend._threading.loopingcall [-] Fixed interval looping call 'nova.servicegroup.drivers.db.DbDriver._report_state' sleeping for 119.98 seconds {{(pid=96409) _run_loop /opt/stack/data/venv/lib/python3.12/site-packages/oslo_service/backend/_threading/loopingcall.py:125}}
Jun 24 06:05:58.610204 np0000003518 nova-scheduler[96407]: DEBUG oslo.service.backend._threading.loopingcall [-] Fixed interval looping call 'nova.servicegroup.drivers.db.DbDriver._report_state' sleeping for 119.99 seconds {{(pid=96407) _run_loop /opt/stack/data/venv/lib/python3.12/site-packages/oslo_service/backend/_threading/loopingcall.py:125}}
Jun 24 06:05:58.611731 np0000003518 nova-scheduler[96411]: DEBUG oslo.service.backend._threading.loopingcall [-] Fixed interval looping call 'nova.servicegroup.drivers.db.DbDriver._report_state' sleeping for 119.99 seconds {{(pid=96411) _run_loop /opt/stack/data/venv/lib/python3.12/site-packages/oslo_service/backend/_threading/loopingcall.py:125}}
Jun 24 06:05:58.611953 np0000003518 nova-scheduler[96413]: DEBUG oslo.service.backend._threading.loopingcall [-] Fixed interval looping call 'nova.servicegroup.drivers.db.DbDriver._report_state' sleeping for 119.99 seconds {{(pid=96413) _run_loop /opt/stack/data/venv/lib/python3.12/site-packages/oslo_service/backend/_threading/loopingcall.py:125}}
Jun 24 06:05:59.599158 np0000003518 nova-scheduler[96413]: DEBUG oslo.service.backend._threading.loopingcall [None req-622295e6-a20c-436a-8cfb-37d7862cd17d None None] Dynamic interval looping call 'nova.service.Service.periodic_tasks' sleeping for 60.00 seconds {{(pid=96413) _run_loop /opt/stack/data/venv/lib/python3.12/site-packages/oslo_service/backend/_threading/loopingcall.py:125}}
Jun 24 06:06:02.150650 np0000003518 nova-scheduler[95203]: DEBUG dbcounter [-] [95203] Writing DB stats nova_api:SELECT=3 {{(pid=95203) stat_writer /opt/stack/data/venv/lib/python3.12/site-packages/dbcounter.py:115}}
Jun 24 06:06:02.280180 np0000003518 nova-scheduler[95203]: DEBUG dbcounter [-] [95203] Writing DB stats nova_cell0:SELECT=1 {{(pid=95203) stat_writer /opt/stack/data/venv/lib/python3.12/site-packages/dbcounter.py:115}}
Jun 24 06:06:02.285205 np0000003518 nova-scheduler[95203]: DEBUG dbcounter [-] [95203] Writing DB stats nova_cell1:SELECT=1 {{(pid=95203) stat_writer /opt/stack/data/venv/lib/python3.12/site-packages/dbcounter.py:115}}
Jun 24 06:06:02.599751 np0000003518 nova-scheduler[96411]: DEBUG oslo.service.backend._threading.loopingcall [None req-a820bca4-f682-4296-beda-f35be2b23c23 None None] Dynamic interval looping call 'nova.service.Service.periodic_tasks' sleeping for 60.00 seconds {{(pid=96411) _run_loop /opt/stack/data/venv/lib/python3.12/site-packages/oslo_service/backend/_threading/loopingcall.py:125}}
Jun 24 06:06:08.600657 np0000003518 nova-scheduler[96409]: DEBUG dbcounter [-] [96409] Writing DB stats nova_cell0:SELECT=5,nova_cell0:INSERT=1,nova_cell0:UPDATE=1 {{(pid=96409) stat_writer /opt/stack/data/venv/lib/python3.12/site-packages/dbcounter.py:115}}
Jun 24 06:06:08.604969 np0000003518 nova-scheduler[96407]: DEBUG dbcounter [-] [96407] Writing DB stats nova_cell0:SELECT=4,nova_cell0:INSERT=1,nova_cell0:UPDATE=1 {{(pid=96407) stat_writer /opt/stack/data/venv/lib/python3.12/site-packages/dbcounter.py:115}}
Jun 24 06:06:08.608761 np0000003518 nova-scheduler[96413]: DEBUG dbcounter [-] [96413] Writing DB stats nova_cell0:SELECT=3,nova_cell0:UPDATE=1 {{(pid=96413) stat_writer /opt/stack/data/venv/lib/python3.12/site-packages/dbcounter.py:115}}
Jun 24 06:06:08.609429 np0000003518 nova-scheduler[96411]: DEBUG dbcounter [-] [96411] Writing DB stats nova_cell0:SELECT=5,nova_cell0:INSERT=1,nova_cell0:UPDATE=1 {{(pid=96411) stat_writer /opt/stack/data/venv/lib/python3.12/site-packages/dbcounter.py:115}}
Jun 24 06:06:18.592943 np0000003518 nova-scheduler[96409]: DEBUG oslo.service.backend._threading.loopingcall [None req-4a63bcf7-4b3c-4d34-a981-4e769f215a5c None None] Dynamic interval looping call 'nova.service.Service.periodic_tasks' sleeping for 60.00 seconds {{(pid=96409) _run_loop /opt/stack/data/venv/lib/python3.12/site-packages/oslo_service/backend/_threading/loopingcall.py:125}}
Jun 24 06:06:29.596237 np0000003518 nova-scheduler[96407]: DEBUG oslo.service.backend._threading.loopingcall [None req-3f694542-c6a5-4234-af32-85192aec34e0 None None] Dynamic interval looping call 'nova.service.Service.periodic_tasks' sleeping for 60.00 seconds {{(pid=96407) _run_loop /opt/stack/data/venv/lib/python3.12/site-packages/oslo_service/backend/_threading/loopingcall.py:125}}
Jun 24 06:06:59.599618 np0000003518 nova-scheduler[96413]: DEBUG oslo.service.backend._threading.loopingcall [None req-622295e6-a20c-436a-8cfb-37d7862cd17d None None] Dynamic interval looping call 'nova.service.Service.periodic_tasks' sleeping for 60.00 seconds {{(pid=96413) _run_loop /opt/stack/data/venv/lib/python3.12/site-packages/oslo_service/backend/_threading/loopingcall.py:125}}
Jun 24 06:07:02.600304 np0000003518 nova-scheduler[96411]: DEBUG oslo.service.backend._threading.loopingcall [None req-a820bca4-f682-4296-beda-f35be2b23c23 None None] Dynamic interval looping call 'nova.service.Service.periodic_tasks' sleeping for 60.00 seconds {{(pid=96411) _run_loop /opt/stack/data/venv/lib/python3.12/site-packages/oslo_service/backend/_threading/loopingcall.py:125}}
Jun 24 06:07:18.593425 np0000003518 nova-scheduler[96409]: DEBUG oslo.service.backend._threading.loopingcall [None req-4a63bcf7-4b3c-4d34-a981-4e769f215a5c None None] Dynamic interval looping call 'nova.service.Service.periodic_tasks' sleeping for 60.00 seconds {{(pid=96409) _run_loop /opt/stack/data/venv/lib/python3.12/site-packages/oslo_service/backend/_threading/loopingcall.py:125}}
Jun 24 06:07:29.596768 np0000003518 nova-scheduler[96407]: DEBUG oslo.service.backend._threading.loopingcall [None req-3f694542-c6a5-4234-af32-85192aec34e0 None None] Dynamic interval looping call 'nova.service.Service.periodic_tasks' sleeping for 60.00 seconds {{(pid=96407) _run_loop /opt/stack/data/venv/lib/python3.12/site-packages/oslo_service/backend/_threading/loopingcall.py:125}}
Jun 24 06:07:58.600280 np0000003518 nova-scheduler[96409]: DEBUG oslo.service.backend._threading.loopingcall [-] Fixed interval looping call 'nova.servicegroup.drivers.db.DbDriver._report_state' sleeping for 119.99 seconds {{(pid=96409) _run_loop /opt/stack/data/venv/lib/python3.12/site-packages/oslo_service/backend/_threading/loopingcall.py:125}}
Jun 24 06:07:58.603792 np0000003518 nova-scheduler[96407]: DEBUG oslo.service.backend._threading.loopingcall [-] Fixed interval looping call 'nova.servicegroup.drivers.db.DbDriver._report_state' sleeping for 120.00 seconds {{(pid=96407) _run_loop /opt/stack/data/venv/lib/python3.12/site-packages/oslo_service/backend/_threading/loopingcall.py:125}}
Jun 24 06:07:58.606142 np0000003518 nova-scheduler[96413]: DEBUG oslo.service.backend._threading.loopingcall [-] Fixed interval looping call 'nova.servicegroup.drivers.db.DbDriver._report_state' sleeping for 120.00 seconds {{(pid=96413) _run_loop /opt/stack/data/venv/lib/python3.12/site-packages/oslo_service/backend/_threading/loopingcall.py:125}}
Jun 24 06:07:58.606499 np0000003518 nova-scheduler[96411]: DEBUG oslo.service.backend._threading.loopingcall [-] Fixed interval looping call 'nova.servicegroup.drivers.db.DbDriver._report_state' sleeping for 120.00 seconds {{(pid=96411) _run_loop /opt/stack/data/venv/lib/python3.12/site-packages/oslo_service/backend/_threading/loopingcall.py:125}}
Jun 24 06:07:59.600070 np0000003518 nova-scheduler[96413]: DEBUG oslo.service.backend._threading.loopingcall [None req-622295e6-a20c-436a-8cfb-37d7862cd17d None None] Dynamic interval looping call 'nova.service.Service.periodic_tasks' sleeping for 60.00 seconds {{(pid=96413) _run_loop /opt/stack/data/venv/lib/python3.12/site-packages/oslo_service/backend/_threading/loopingcall.py:125}}
Jun 24 06:08:02.600816 np0000003518 nova-scheduler[96411]: DEBUG oslo.service.backend._threading.loopingcall [None req-a820bca4-f682-4296-beda-f35be2b23c23 None None] Dynamic interval looping call 'nova.service.Service.periodic_tasks' sleeping for 60.00 seconds {{(pid=96411) _run_loop /opt/stack/data/venv/lib/python3.12/site-packages/oslo_service/backend/_threading/loopingcall.py:125}}
Jun 24 06:08:08.599324 np0000003518 nova-scheduler[96409]: DEBUG dbcounter [-] [96409] Writing DB stats nova_cell0:SELECT=1,nova_cell0:UPDATE=1 {{(pid=96409) stat_writer /opt/stack/data/venv/lib/python3.12/site-packages/dbcounter.py:115}}
Jun 24 06:08:08.601887 np0000003518 nova-scheduler[96407]: DEBUG dbcounter [-] [96407] Writing DB stats nova_cell0:SELECT=1 {{(pid=96407) stat_writer /opt/stack/data/venv/lib/python3.12/site-packages/dbcounter.py:115}}
Jun 24 06:08:08.604191 np0000003518 nova-scheduler[96413]: DEBUG dbcounter [-] [96413] Writing DB stats nova_cell0:SELECT=1 {{(pid=96413) stat_writer /opt/stack/data/venv/lib/python3.12/site-packages/dbcounter.py:115}}
Jun 24 06:08:08.604674 np0000003518 nova-scheduler[96411]: DEBUG dbcounter [-] [96411] Writing DB stats nova_cell0:SELECT=1 {{(pid=96411) stat_writer /opt/stack/data/venv/lib/python3.12/site-packages/dbcounter.py:115}}
Jun 24 06:08:18.593916 np0000003518 nova-scheduler[96409]: DEBUG oslo.service.backend._threading.loopingcall [None req-4a63bcf7-4b3c-4d34-a981-4e769f215a5c None None] Dynamic interval looping call 'nova.service.Service.periodic_tasks' sleeping for 60.00 seconds {{(pid=96409) _run_loop /opt/stack/data/venv/lib/python3.12/site-packages/oslo_service/backend/_threading/loopingcall.py:125}}
Jun 24 06:08:24.407535 np0000003518 nova-scheduler[96409]: DEBUG nova.scheduler.manager [None req-2db26856-d53e-4539-aae1-49a644150e76 tempest-ServerActionsTestOtherB-1781992767 tempest-ServerActionsTestOtherB-1781992767-project-member] Starting to schedule for instances: ['e9676b65-dc2c-41e3-a067-5aa7aead16a5'] {{(pid=96409) select_destinations /opt/stack/nova/nova/scheduler/manager.py:210}}
Jun 24 06:08:24.407933 np0000003518 nova-scheduler[96409]: DEBUG nova.scheduler.request_filter [None req-2db26856-d53e-4539-aae1-49a644150e76 tempest-ServerActionsTestOtherB-1781992767 tempest-ServerActionsTestOtherB-1781992767-project-member] compute_status_filter request filter added forbidden trait COMPUTE_STATUS_DISABLED {{(pid=96409) compute_status_filter /opt/stack/nova/nova/scheduler/request_filter.py:253}}
Jun 24 06:08:24.407933 np0000003518 nova-scheduler[96409]: DEBUG nova.scheduler.request_filter [None req-2db26856-d53e-4539-aae1-49a644150e76 tempest-ServerActionsTestOtherB-1781992767 tempest-ServerActionsTestOtherB-1781992767-project-member] Request filter 'compute_status_filter' took 0.0 seconds {{(pid=96409) wrapper /opt/stack/nova/nova/scheduler/request_filter.py:46}}
Jun 24 06:08:24.408182 np0000003518 nova-scheduler[96409]: DEBUG nova.scheduler.request_filter [None req-2db26856-d53e-4539-aae1-49a644150e76 tempest-ServerActionsTestOtherB-1781992767 tempest-ServerActionsTestOtherB-1781992767-project-member] Request filter 'accelerators_filter' took 0.0 seconds {{(pid=96409) wrapper /opt/stack/nova/nova/scheduler/request_filter.py:46}}
Jun 24 06:08:24.408338 np0000003518 nova-scheduler[96409]: DEBUG nova.scheduler.request_filter [None req-2db26856-d53e-4539-aae1-49a644150e76 tempest-ServerActionsTestOtherB-1781992767 tempest-ServerActionsTestOtherB-1781992767-project-member] Request filter 'packed_virtqueue_filter' took 0.0 seconds {{(pid=96409) wrapper /opt/stack/nova/nova/scheduler/request_filter.py:46}}
Jun 24 06:08:24.409465 np0000003518 nova-scheduler[96409]: DEBUG nova.scheduler.request_filter [None req-2db26856-d53e-4539-aae1-49a644150e76 tempest-ServerActionsTestOtherB-1781992767 tempest-ServerActionsTestOtherB-1781992767-project-member] Request filter 'remote_managed_ports_filter' took 0.0 seconds {{(pid=96409) wrapper /opt/stack/nova/nova/scheduler/request_filter.py:46}}
Jun 24 06:08:24.410285 np0000003518 nova-scheduler[96409]: DEBUG nova.scheduler.request_filter [None req-2db26856-d53e-4539-aae1-49a644150e76 tempest-ServerActionsTestOtherB-1781992767 tempest-ServerActionsTestOtherB-1781992767-project-member] ephemeral_encryption_filter skipped {{(pid=96409) ephemeral_encryption_filter /opt/stack/nova/nova/scheduler/request_filter.py:426}}
Jun 24 06:08:24.410285 np0000003518 nova-scheduler[96409]: DEBUG nova.scheduler.request_filter [None req-2db26856-d53e-4539-aae1-49a644150e76 tempest-ServerActionsTestOtherB-1781992767 tempest-ServerActionsTestOtherB-1781992767-project-member] virtio_sound_filter skipped {{(pid=96409) virtio_sound_filter /opt/stack/nova/nova/scheduler/request_filter.py:460}}
Jun 24 06:08:24.410285 np0000003518 nova-scheduler[96409]: DEBUG nova.scheduler.request_filter [None req-2db26856-d53e-4539-aae1-49a644150e76 tempest-ServerActionsTestOtherB-1781992767 tempest-ServerActionsTestOtherB-1781992767-project-member] tpm_secret_security_filter skipped {{(pid=96409) tpm_secret_security_filter /opt/stack/nova/nova/scheduler/request_filter.py:477}}
Jun 24 06:08:25.083543 np0000003518 nova-scheduler[96409]: INFO nova.utils [None req-2db26856-d53e-4539-aae1-49a644150e76 tempest-ServerActionsTestOtherB-1781992767 tempest-ServerActionsTestOtherB-1781992767-project-member] The cell worker thread pool ForkProcess-2.cell_worker is initialized
Jun 24 06:08:25.083898 np0000003518 nova-scheduler[96409]: DEBUG oslo_concurrency.lockutils [None req-2db26856-d53e-4539-aae1-49a644150e76 tempest-ServerActionsTestOtherB-1781992767 tempest-ServerActionsTestOtherB-1781992767-project-member] Acquiring lock "e4eb0c9c-b21a-4527-a3ef-668a4fd96d27" by "nova.context.set_target_cell..get_or_set_cached_cell_and_set_connections" {{(pid=96409) inner /opt/stack/data/venv/lib/python3.12/site-packages/oslo_concurrency/lockutils.py:511}}
Jun 24 06:08:25.084257 np0000003518 nova-scheduler[96409]: DEBUG oslo_concurrency.lockutils [None req-2db26856-d53e-4539-aae1-49a644150e76 tempest-ServerActionsTestOtherB-1781992767 tempest-ServerActionsTestOtherB-1781992767-project-member] Lock "e4eb0c9c-b21a-4527-a3ef-668a4fd96d27" acquired by "nova.context.set_target_cell..get_or_set_cached_cell_and_set_connections" :: waited 0.000s {{(pid=96409) inner /opt/stack/data/venv/lib/python3.12/site-packages/oslo_concurrency/lockutils.py:524}}
Jun 24 06:08:25.085453 np0000003518 nova-scheduler[96409]: DEBUG oslo_concurrency.lockutils [None req-2db26856-d53e-4539-aae1-49a644150e76 tempest-ServerActionsTestOtherB-1781992767 tempest-ServerActionsTestOtherB-1781992767-project-member] Lock "e4eb0c9c-b21a-4527-a3ef-668a4fd96d27" "released" by "nova.context.set_target_cell..get_or_set_cached_cell_and_set_connections" :: held 0.001s {{(pid=96409) inner /opt/stack/data/venv/lib/python3.12/site-packages/oslo_concurrency/lockutils.py:543}}
Jun 24 06:08:25.087751 np0000003518 nova-scheduler[96409]: INFO dbcounter [None req-2db26856-d53e-4539-aae1-49a644150e76 tempest-ServerActionsTestOtherB-1781992767 tempest-ServerActionsTestOtherB-1781992767-project-member] Registered counter for database nova_cell1
Jun 24 06:08:25.141892 np0000003518 nova-scheduler[96409]: DEBUG oslo_db.sqlalchemy.engines [None req-2db26856-d53e-4539-aae1-49a644150e76 tempest-ServerActionsTestOtherB-1781992767 tempest-ServerActionsTestOtherB-1781992767-project-member] MySQL server mode set to STRICT_TRANS_TABLES,STRICT_ALL_TABLES,NO_ZERO_IN_DATE,NO_ZERO_DATE,ERROR_FOR_DIVISION_BY_ZERO,TRADITIONAL,NO_ENGINE_SUBSTITUTION {{(pid=96409) _check_effective_sql_mode /opt/stack/data/venv/lib/python3.12/site-packages/oslo_db/sqlalchemy/engines.py:325}}
Jun 24 06:08:25.147972 np0000003518 nova-scheduler[96409]: DEBUG dbcounter [-] [96409] Writer thread running {{(pid=96409) stat_writer /opt/stack/data/venv/lib/python3.12/site-packages/dbcounter.py:102}}
Jun 24 06:08:25.163267 np0000003518 nova-scheduler[96409]: DEBUG oslo_db.sqlalchemy.engines [None req-2db26856-d53e-4539-aae1-49a644150e76 tempest-ServerActionsTestOtherB-1781992767 tempest-ServerActionsTestOtherB-1781992767-project-member] Parent process 95203 forked (96409) with an open database connection, which is being discarded and recreated. {{(pid=96409) checkout /opt/stack/data/venv/lib/python3.12/site-packages/oslo_db/sqlalchemy/engines.py:402}}
Jun 24 06:08:25.231140 np0000003518 nova-scheduler[96409]: DEBUG dbcounter [-] [96409] Writer thread running {{(pid=96409) stat_writer /opt/stack/data/venv/lib/python3.12/site-packages/dbcounter.py:102}}
Jun 24 06:08:25.234701 np0000003518 nova-scheduler[96409]: DEBUG oslo_concurrency.lockutils [None req-2db26856-d53e-4539-aae1-49a644150e76 tempest-ServerActionsTestOtherB-1781992767 tempest-ServerActionsTestOtherB-1781992767-project-member] Acquiring lock "e4eb0c9c-b21a-4527-a3ef-668a4fd96d27" by "nova.context.set_target_cell..get_or_set_cached_cell_and_set_connections" {{(pid=96409) inner /opt/stack/data/venv/lib/python3.12/site-packages/oslo_concurrency/lockutils.py:511}}
Jun 24 06:08:25.235030 np0000003518 nova-scheduler[96409]: DEBUG oslo_concurrency.lockutils [None req-2db26856-d53e-4539-aae1-49a644150e76 tempest-ServerActionsTestOtherB-1781992767 tempest-ServerActionsTestOtherB-1781992767-project-member] Lock "e4eb0c9c-b21a-4527-a3ef-668a4fd96d27" acquired by "nova.context.set_target_cell..get_or_set_cached_cell_and_set_connections" :: waited 0.000s {{(pid=96409) inner /opt/stack/data/venv/lib/python3.12/site-packages/oslo_concurrency/lockutils.py:524}}
Jun 24 06:08:25.235278 np0000003518 nova-scheduler[96409]: DEBUG oslo_concurrency.lockutils [None req-2db26856-d53e-4539-aae1-49a644150e76 tempest-ServerActionsTestOtherB-1781992767 tempest-ServerActionsTestOtherB-1781992767-project-member] Lock "e4eb0c9c-b21a-4527-a3ef-668a4fd96d27" "released" by "nova.context.set_target_cell..get_or_set_cached_cell_and_set_connections" :: held 0.000s {{(pid=96409) inner /opt/stack/data/venv/lib/python3.12/site-packages/oslo_concurrency/lockutils.py:543}}
Jun 24 06:08:25.239074 np0000003518 nova-scheduler[96409]: DEBUG oslo_concurrency.lockutils [None req-2db26856-d53e-4539-aae1-49a644150e76 tempest-ServerActionsTestOtherB-1781992767 tempest-ServerActionsTestOtherB-1781992767-project-member] Acquiring lock "('np0000003518', 'np0000003518')" by "nova.scheduler.host_manager.HostState.update.._locked_update" {{(pid=96409) inner /opt/stack/data/venv/lib/python3.12/site-packages/oslo_concurrency/lockutils.py:511}}
Jun 24 06:08:25.239278 np0000003518 nova-scheduler[96409]: DEBUG oslo_concurrency.lockutils [None req-2db26856-d53e-4539-aae1-49a644150e76 tempest-ServerActionsTestOtherB-1781992767 tempest-ServerActionsTestOtherB-1781992767-project-member] Lock "('np0000003518', 'np0000003518')" acquired by "nova.scheduler.host_manager.HostState.update.._locked_update" :: waited 0.000s {{(pid=96409) inner /opt/stack/data/venv/lib/python3.12/site-packages/oslo_concurrency/lockutils.py:524}}
Jun 24 06:08:25.240382 np0000003518 nova-scheduler[96409]: DEBUG nova.scheduler.host_manager [None req-2db26856-d53e-4539-aae1-49a644150e76 tempest-ServerActionsTestOtherB-1781992767 tempest-ServerActionsTestOtherB-1781992767-project-member] Update host state from compute node: ComputeNode(cpu_allocation_ratio=4.0,cpu_info='{"arch": "x86_64", "model": "EPYC-Milan", "vendor": "AMD", "topology": {"cells": 1, "sockets": 16, "cores": 1, "threads": 1}, "maxphysaddr": {"mode": "emulate", "bits": 40}, "features": ["mds-no", "clflush", "mca", "arat", "fma", "vaes", "smap", "amd-stibp", "avx", "xsaves", "fpu", "amd-psfd", "v-vmsave-vmload", "xgetbv1", "pat", "rdpid", "f16c", "3dnowprefetch", "cmov", "vme", "nx", "sse4a", "tsc", "erms", "sse4.1", "pcid", "apic", "sse2", "cx8", "de", "tsc_adjust", "rdtscp", "bmi2", "sha-ni", "msr", "vpclmulqdq", "fxsr_opt", "lfence-always-serializing", "svm", "mmx", "mce", "pni", "lahf_lm", "ssse3", "svme-addr-chk", "pge", "wbnoinvd", "pclmuldq", "lbrv", "ibrs", "rdseed", "bmi1", "null-sel-clr-base", "pse", "xsavec", "virt-ssbd", "npt", "xsaveopt", "clwb", "cr8legacy", "lm", "stibp-always-on", "clflushopt", "ssbd", "osvw", "sse", "adx", "sse4.2", "sep", "tsc-deadline", "misalignsse", "pku", "stibp", "flushbyasid", "mmxext", "syscall", "xsave", "invpcid", "abm", "tsc-scale", "mtrr", "gds-no", "arch-capabilities", "pause-filter", "spec-ctrl", "smep", "rdrand", "movbe", "ibpb", "vgif", "rdctl-no", "amd-ssbd", "pdpe1gb", "skip-l1dfl-vmentry", "topoext", "x2apic", "xsaveerptr", "perfctr_core", "pschange-mc-no", "hypervisor", "nrip-save", "aes", "cx16", "pae", "avx2", "pse36", "fxsr", "umip", "clzero", "no-nested-data-bp", "vmcb-clean", "fsrm", "pfthreshold", "cmp_legacy", "popcnt", "fsgsbase"]}',created_at=2026-06-24T06:06:17Z,current_workload=0,deleted=False,deleted_at=None,disk_allocation_ratio=1.0,disk_available_least=74,free_disk_gb=95,free_ram_mb=63789,host='np0000003518',host_ip=10.4.3.230,hypervisor_hostname='np0000003518',hypervisor_type='QEMU',hypervisor_version=8002002,id=1,local_gb=95,local_gb_used=0,mapped=1,memory_mb=64301,memory_mb_used=512,metrics='[]',numa_topology='{"nova_object.name": "NUMATopology", "nova_object.namespace": "nova", "nova_object.version": "1.2", "nova_object.data": {"cells": [{"nova_object.name": "NUMACell", "nova_object.namespace": "nova", "nova_object.version": "1.5", "nova_object.data": {"id": 0, "cpuset": [0, 1, 2, 3, 4, 5, 6, 7, 8, 9, 10, 11, 12, 13, 14, 15], "pcpuset": [0, 1, 2, 3, 4, 5, 6, 7, 8, 9, 10, 11, 12, 13, 14, 15], "memory": 64301, "cpu_usage": 0, "memory_usage": 0, "pinned_cpus": [], "siblings": [[6], [12], [2], [15], [5], [11], [8], [14], [4], [1], [7], [10], [0], [13], [3], [9]], "mempages": [{"nova_object.name": "NUMAPagesTopology", "nova_object.namespace": "nova", "nova_object.version": "1.1", "nova_object.data": {"size_kb": 4, "total": 16461068, "used": 0, "reserved": 0}, "nova_object.changes": ["size_kb", "used", "total", "reserved"]}, {"nova_object.name": "NUMAPagesTopology", "nova_object.namespace": "nova", "nova_object.version": "1.1", "nova_object.data": {"size_kb": 2048, "total": 0, "used": 0, "reserved": 0}, "nova_object.changes": ["size_kb", "used", "total", "reserved"]}, {"nova_object.name": "NUMAPagesTopology", "nova_object.namespace": "nova", "nova_object.version": "1.1", "nova_object.data": {"size_kb": 1048576, "total": 0, "used": 0, "reserved": 0}, "nova_object.changes": ["size_kb", "used", "total", "reserved"]}], "network_metadata": {"nova_object.name": "NetworkMetadata", "nova_object.namespace": "nova", "nova_object.version": "1.0", "nova_object.data": {"physnets": [], "tunneled": false}, "nova_object.changes": ["tunneled", "physnets"]}, "socket": null}, "nova_object.changes": ["memory", "cpu_usage", "pcpuset", "pinned_cpus", "cpuset", "id", "mempages", "siblings", "network_metadata", "socket", "memory_usage"]}]}, "nova_object.changes": ["cells"]}',pci_device_pools=PciDevicePoolList,ram_allocation_ratio=1.0,running_vms=0,service_id=3,stats={failed_builds='0',uptime=' 06:08:04 up 24 min, 2 users, load average: 1.84, 1.70, 0.96
Jun 24 06:08:25.240382 np0000003518 nova-scheduler[96409]: '},supported_hv_specs=[HVSpec,HVSpec,HVSpec,HVSpec,HVSpec,HVSpec,HVSpec,HVSpec,HVSpec,HVSpec,HVSpec,HVSpec,HVSpec,HVSpec,HVSpec,HVSpec,HVSpec,HVSpec,HVSpec,HVSpec,HVSpec,HVSpec,HVSpec,HVSpec,HVSpec],updated_at=2026-06-24T06:08:06Z,uuid=624f229c-9945-40e4-96e5-432b45958e3a,vcpus=16,vcpus_used=0) {{(pid=96409) _locked_update /opt/stack/nova/nova/scheduler/host_manager.py:168}}
