Jun 24 06:05:58.679193 np0000003518 nova-conductor[98842]: DEBUG cotyledon.oslo_config_glue [-] profiler.es_scroll_time = 2m {{(pid=98842) log_opt_values /opt/stack/data/venv/lib/python3.12/site-packages/oslo_config/cfg.py:3253}}
Jun 24 06:05:58.679193 np0000003518 nova-conductor[98842]: DEBUG cotyledon.oslo_config_glue [-] profiler.filter_error_trace = False {{(pid=98842) log_opt_values /opt/stack/data/venv/lib/python3.12/site-packages/oslo_config/cfg.py:3253}}
Jun 24 06:05:58.679193 np0000003518 nova-conductor[98842]: DEBUG cotyledon.oslo_config_glue [-] profiler.hmac_keys = **** {{(pid=98842) log_opt_values /opt/stack/data/venv/lib/python3.12/site-packages/oslo_config/cfg.py:3253}}
Jun 24 06:05:58.679193 np0000003518 nova-conductor[98842]: DEBUG cotyledon.oslo_config_glue [-] profiler.sentinel_service_name = mymaster {{(pid=98842) log_opt_values /opt/stack/data/venv/lib/python3.12/site-packages/oslo_config/cfg.py:3253}}
Jun 24 06:05:58.679401 np0000003518 nova-conductor[98842]: DEBUG cotyledon.oslo_config_glue [-] profiler.socket_timeout = 0.1 {{(pid=98842) log_opt_values /opt/stack/data/venv/lib/python3.12/site-packages/oslo_config/cfg.py:3253}}
Jun 24 06:05:58.679401 np0000003518 nova-conductor[98842]: DEBUG cotyledon.oslo_config_glue [-] profiler.trace_requests = False {{(pid=98842) log_opt_values /opt/stack/data/venv/lib/python3.12/site-packages/oslo_config/cfg.py:3253}}
Jun 24 06:05:58.679401 np0000003518 nova-conductor[98842]: DEBUG cotyledon.oslo_config_glue [-] profiler.trace_sqlalchemy = False {{(pid=98842) log_opt_values /opt/stack/data/venv/lib/python3.12/site-packages/oslo_config/cfg.py:3253}}
Jun 24 06:05:58.679401 np0000003518 nova-conductor[98842]: DEBUG cotyledon.oslo_config_glue [-] profiler_jaeger.process_tags = {} {{(pid=98842) log_opt_values /opt/stack/data/venv/lib/python3.12/site-packages/oslo_config/cfg.py:3253}}
Jun 24 06:05:58.679401 np0000003518 nova-conductor[98842]: DEBUG cotyledon.oslo_config_glue [-] profiler_jaeger.service_name_prefix = None {{(pid=98842) log_opt_values /opt/stack/data/venv/lib/python3.12/site-packages/oslo_config/cfg.py:3253}}
Jun 24 06:05:58.679401 np0000003518 nova-conductor[98842]: DEBUG cotyledon.oslo_config_glue [-] profiler_otlp.service_name_prefix = None {{(pid=98842) log_opt_values /opt/stack/data/venv/lib/python3.12/site-packages/oslo_config/cfg.py:3253}}
Jun 24 06:05:58.679401 np0000003518 nova-conductor[98842]: DEBUG cotyledon.oslo_config_glue [-] oslo_messaging_rabbit.amqp_auto_delete = False {{(pid=98842) log_opt_values /opt/stack/data/venv/lib/python3.12/site-packages/oslo_config/cfg.py:3253}}
Jun 24 06:05:58.679401 np0000003518 nova-conductor[98842]: DEBUG cotyledon.oslo_config_glue [-] oslo_messaging_rabbit.amqp_durable_queues = False {{(pid=98842) log_opt_values /opt/stack/data/venv/lib/python3.12/site-packages/oslo_config/cfg.py:3253}}
Jun 24 06:05:58.679401 np0000003518 nova-conductor[98842]: DEBUG cotyledon.oslo_config_glue [-] oslo_messaging_rabbit.conn_pool_min_size = 2 {{(pid=98842) log_opt_values /opt/stack/data/venv/lib/python3.12/site-packages/oslo_config/cfg.py:3253}}
Jun 24 06:05:58.679581 np0000003518 nova-conductor[98842]: DEBUG cotyledon.oslo_config_glue [-] oslo_messaging_rabbit.conn_pool_ttl = 1200 {{(pid=98842) log_opt_values /opt/stack/data/venv/lib/python3.12/site-packages/oslo_config/cfg.py:3253}}
Jun 24 06:05:58.679581 np0000003518 nova-conductor[98842]: DEBUG cotyledon.oslo_config_glue [-] oslo_messaging_rabbit.direct_mandatory_flag = True {{(pid=98842) log_opt_values /opt/stack/data/venv/lib/python3.12/site-packages/oslo_config/cfg.py:3253}}
Jun 24 06:05:58.679581 np0000003518 nova-conductor[98842]: DEBUG cotyledon.oslo_config_glue [-] oslo_messaging_rabbit.enable_cancel_on_failover = False {{(pid=98842) log_opt_values /opt/stack/data/venv/lib/python3.12/site-packages/oslo_config/cfg.py:3253}}
Jun 24 06:05:58.679581 np0000003518 nova-conductor[98842]: DEBUG cotyledon.oslo_config_glue [-] oslo_messaging_rabbit.heartbeat_rate = 3 {{(pid=98842) log_opt_values /opt/stack/data/venv/lib/python3.12/site-packages/oslo_config/cfg.py:3253}}
Jun 24 06:05:58.679581 np0000003518 nova-conductor[98842]: DEBUG cotyledon.oslo_config_glue [-] oslo_messaging_rabbit.heartbeat_timeout_threshold = 60 {{(pid=98842) log_opt_values /opt/stack/data/venv/lib/python3.12/site-packages/oslo_config/cfg.py:3253}}
Jun 24 06:05:58.679581 np0000003518 nova-conductor[98842]: DEBUG cotyledon.oslo_config_glue [-] oslo_messaging_rabbit.hostname = np0000003518 {{(pid=98842) log_opt_values /opt/stack/data/venv/lib/python3.12/site-packages/oslo_config/cfg.py:3253}}
Jun 24 06:05:58.679581 np0000003518 nova-conductor[98842]: DEBUG cotyledon.oslo_config_glue [-] oslo_messaging_rabbit.kombu_compression = None {{(pid=98842) log_opt_values /opt/stack/data/venv/lib/python3.12/site-packages/oslo_config/cfg.py:3253}}
Jun 24 06:05:58.679581 np0000003518 nova-conductor[98842]: DEBUG cotyledon.oslo_config_glue [-] oslo_messaging_rabbit.kombu_failover_strategy = round-robin {{(pid=98842) log_opt_values /opt/stack/data/venv/lib/python3.12/site-packages/oslo_config/cfg.py:3253}}
Jun 24 06:05:58.679581 np0000003518 nova-conductor[98842]: DEBUG cotyledon.oslo_config_glue [-] oslo_messaging_rabbit.kombu_missing_consumer_retry_timeout = 60 {{(pid=98842) log_opt_values /opt/stack/data/venv/lib/python3.12/site-packages/oslo_config/cfg.py:3253}}
Jun 24 06:05:58.679760 np0000003518 nova-conductor[98842]: DEBUG cotyledon.oslo_config_glue [-] oslo_messaging_rabbit.kombu_reconnect_delay = 1.0 {{(pid=98842) log_opt_values /opt/stack/data/venv/lib/python3.12/site-packages/oslo_config/cfg.py:3253}}
Jun 24 06:05:58.679760 np0000003518 nova-conductor[98842]: DEBUG cotyledon.oslo_config_glue [-] oslo_messaging_rabbit.kombu_reconnect_splay = 0.0 {{(pid=98842) log_opt_values /opt/stack/data/venv/lib/python3.12/site-packages/oslo_config/cfg.py:3253}}
Jun 24 06:05:58.679760 np0000003518 nova-conductor[98842]: DEBUG cotyledon.oslo_config_glue [-] oslo_messaging_rabbit.processname = nova-conductor {{(pid=98842) log_opt_values /opt/stack/data/venv/lib/python3.12/site-packages/oslo_config/cfg.py:3253}}
Jun 24 06:05:58.679760 np0000003518 nova-conductor[98842]: DEBUG cotyledon.oslo_config_glue [-] oslo_messaging_rabbit.rabbit_ha_queues = False {{(pid=98842) log_opt_values /opt/stack/data/venv/lib/python3.12/site-packages/oslo_config/cfg.py:3253}}
Jun 24 06:05:58.679760 np0000003518 nova-conductor[98842]: DEBUG cotyledon.oslo_config_glue [-] oslo_messaging_rabbit.rabbit_interval_max = 30 {{(pid=98842) log_opt_values /opt/stack/data/venv/lib/python3.12/site-packages/oslo_config/cfg.py:3253}}
Jun 24 06:05:58.679760 np0000003518 nova-conductor[98842]: DEBUG cotyledon.oslo_config_glue [-] oslo_messaging_rabbit.rabbit_login_method = AMQPLAIN {{(pid=98842) log_opt_values /opt/stack/data/venv/lib/python3.12/site-packages/oslo_config/cfg.py:3253}}
Jun 24 06:05:58.679760 np0000003518 nova-conductor[98842]: DEBUG cotyledon.oslo_config_glue [-] oslo_messaging_rabbit.rabbit_qos_prefetch_count = 0 {{(pid=98842) log_opt_values /opt/stack/data/venv/lib/python3.12/site-packages/oslo_config/cfg.py:3253}}
Jun 24 06:05:58.679760 np0000003518 nova-conductor[98842]: DEBUG cotyledon.oslo_config_glue [-] oslo_messaging_rabbit.rabbit_quorum_delivery_limit = 0 {{(pid=98842) log_opt_values /opt/stack/data/venv/lib/python3.12/site-packages/oslo_config/cfg.py:3253}}
Jun 24 06:05:58.679760 np0000003518 nova-conductor[98842]: DEBUG cotyledon.oslo_config_glue [-] oslo_messaging_rabbit.rabbit_quorum_max_memory_bytes = 0 {{(pid=98842) log_opt_values /opt/stack/data/venv/lib/python3.12/site-packages/oslo_config/cfg.py:3253}}
Jun 24 06:05:58.680039 np0000003518 nova-conductor[98842]: DEBUG cotyledon.oslo_config_glue [-] oslo_messaging_rabbit.rabbit_quorum_max_memory_length = 0 {{(pid=98842) log_opt_values /opt/stack/data/venv/lib/python3.12/site-packages/oslo_config/cfg.py:3253}}
Jun 24 06:05:58.680039 np0000003518 nova-conductor[98842]: DEBUG cotyledon.oslo_config_glue [-] oslo_messaging_rabbit.rabbit_quorum_queue = False {{(pid=98842) log_opt_values /opt/stack/data/venv/lib/python3.12/site-packages/oslo_config/cfg.py:3253}}
Jun 24 06:05:58.680039 np0000003518 nova-conductor[98842]: DEBUG cotyledon.oslo_config_glue [-] oslo_messaging_rabbit.rabbit_retry_backoff = 2 {{(pid=98842) log_opt_values /opt/stack/data/venv/lib/python3.12/site-packages/oslo_config/cfg.py:3253}}
Jun 24 06:05:58.680039 np0000003518 nova-conductor[98842]: DEBUG cotyledon.oslo_config_glue [-] oslo_messaging_rabbit.rabbit_retry_interval = 1 {{(pid=98842) log_opt_values /opt/stack/data/venv/lib/python3.12/site-packages/oslo_config/cfg.py:3253}}
Jun 24 06:05:58.680039 np0000003518 nova-conductor[98842]: DEBUG cotyledon.oslo_config_glue [-] oslo_messaging_rabbit.rabbit_stream_fanout = False {{(pid=98842) log_opt_values /opt/stack/data/venv/lib/python3.12/site-packages/oslo_config/cfg.py:3253}}
Jun 24 06:05:58.680039 np0000003518 nova-conductor[98842]: DEBUG cotyledon.oslo_config_glue [-] oslo_messaging_rabbit.rabbit_transient_queues_ttl = 1800 {{(pid=98842) log_opt_values /opt/stack/data/venv/lib/python3.12/site-packages/oslo_config/cfg.py:3253}}
Jun 24 06:05:58.680039 np0000003518 nova-conductor[98842]: DEBUG cotyledon.oslo_config_glue [-] oslo_messaging_rabbit.rabbit_transient_quorum_queue = False {{(pid=98842) log_opt_values /opt/stack/data/venv/lib/python3.12/site-packages/oslo_config/cfg.py:3253}}
Jun 24 06:05:58.680039 np0000003518 nova-conductor[98842]: DEBUG cotyledon.oslo_config_glue [-] oslo_messaging_rabbit.rpc_conn_pool_size = 30 {{(pid=98842) log_opt_values /opt/stack/data/venv/lib/python3.12/site-packages/oslo_config/cfg.py:3253}}
Jun 24 06:05:58.680039 np0000003518 nova-conductor[98842]: DEBUG cotyledon.oslo_config_glue [-] oslo_messaging_rabbit.ssl = False {{(pid=98842) log_opt_values /opt/stack/data/venv/lib/python3.12/site-packages/oslo_config/cfg.py:3253}}
Jun 24 06:05:58.680220 np0000003518 nova-conductor[98842]: DEBUG cotyledon.oslo_config_glue [-] oslo_messaging_rabbit.ssl_ca_file = {{(pid=98842) log_opt_values /opt/stack/data/venv/lib/python3.12/site-packages/oslo_config/cfg.py:3253}}
Jun 24 06:05:58.680220 np0000003518 nova-conductor[98842]: DEBUG cotyledon.oslo_config_glue [-] oslo_messaging_rabbit.ssl_cert_file = {{(pid=98842) log_opt_values /opt/stack/data/venv/lib/python3.12/site-packages/oslo_config/cfg.py:3253}}
Jun 24 06:05:58.680220 np0000003518 nova-conductor[98842]: DEBUG cotyledon.oslo_config_glue [-] oslo_messaging_rabbit.ssl_enforce_fips_mode = False {{(pid=98842) log_opt_values /opt/stack/data/venv/lib/python3.12/site-packages/oslo_config/cfg.py:3253}}
Jun 24 06:05:58.680220 np0000003518 nova-conductor[98842]: DEBUG cotyledon.oslo_config_glue [-] oslo_messaging_rabbit.ssl_enforce_hostname_verification = True {{(pid=98842) log_opt_values /opt/stack/data/venv/lib/python3.12/site-packages/oslo_config/cfg.py:3253}}
Jun 24 06:05:58.680220 np0000003518 nova-conductor[98842]: DEBUG cotyledon.oslo_config_glue [-] oslo_messaging_rabbit.ssl_key_file = {{(pid=98842) log_opt_values /opt/stack/data/venv/lib/python3.12/site-packages/oslo_config/cfg.py:3253}}
Jun 24 06:05:58.680220 np0000003518 nova-conductor[98842]: DEBUG cotyledon.oslo_config_glue [-] oslo_messaging_rabbit.ssl_version = {{(pid=98842) log_opt_values /opt/stack/data/venv/lib/python3.12/site-packages/oslo_config/cfg.py:3253}}
Jun 24 06:05:58.680220 np0000003518 nova-conductor[98842]: DEBUG cotyledon.oslo_config_glue [-] oslo_messaging_rabbit.use_queue_manager = False {{(pid=98842) log_opt_values /opt/stack/data/venv/lib/python3.12/site-packages/oslo_config/cfg.py:3253}}
Jun 24 06:05:58.680220 np0000003518 nova-conductor[98842]: DEBUG cotyledon.oslo_config_glue [-] oslo_messaging_notifications.driver = ['messagingv2'] {{(pid=98842) log_opt_values /opt/stack/data/venv/lib/python3.12/site-packages/oslo_config/cfg.py:3253}}
Jun 24 06:05:58.680220 np0000003518 nova-conductor[98842]: DEBUG cotyledon.oslo_config_glue [-] oslo_messaging_notifications.retry = -1 {{(pid=98842) log_opt_values /opt/stack/data/venv/lib/python3.12/site-packages/oslo_config/cfg.py:3253}}
Jun 24 06:05:58.680475 np0000003518 nova-conductor[98842]: DEBUG cotyledon.oslo_config_glue [-] oslo_messaging_notifications.topics = ['notifications'] {{(pid=98842) log_opt_values /opt/stack/data/venv/lib/python3.12/site-packages/oslo_config/cfg.py:3253}}
Jun 24 06:05:58.680475 np0000003518 nova-conductor[98842]: DEBUG cotyledon.oslo_config_glue [-] oslo_messaging_notifications.transport_url = **** {{(pid=98842) log_opt_values /opt/stack/data/venv/lib/python3.12/site-packages/oslo_config/cfg.py:3253}}
Jun 24 06:05:58.680475 np0000003518 nova-conductor[98842]: DEBUG cotyledon.oslo_config_glue [-] oslo_limit.auth_section = None {{(pid=98842) log_opt_values /opt/stack/data/venv/lib/python3.12/site-packages/oslo_config/cfg.py:3253}}
Jun 24 06:05:58.680475 np0000003518 nova-conductor[98842]: DEBUG cotyledon.oslo_config_glue [-] oslo_limit.auth_type = None {{(pid=98842) log_opt_values /opt/stack/data/venv/lib/python3.12/site-packages/oslo_config/cfg.py:3253}}
Jun 24 06:05:58.680475 np0000003518 nova-conductor[98842]: DEBUG cotyledon.oslo_config_glue [-] oslo_limit.cafile = None {{(pid=98842) log_opt_values /opt/stack/data/venv/lib/python3.12/site-packages/oslo_config/cfg.py:3253}}
Jun 24 06:05:58.680475 np0000003518 nova-conductor[98842]: DEBUG cotyledon.oslo_config_glue [-] oslo_limit.certfile = None {{(pid=98842) log_opt_values /opt/stack/data/venv/lib/python3.12/site-packages/oslo_config/cfg.py:3253}}
Jun 24 06:05:58.680475 np0000003518 nova-conductor[98842]: DEBUG cotyledon.oslo_config_glue [-] oslo_limit.collect_timing = False {{(pid=98842) log_opt_values /opt/stack/data/venv/lib/python3.12/site-packages/oslo_config/cfg.py:3253}}
Jun 24 06:05:58.680475 np0000003518 nova-conductor[98842]: DEBUG cotyledon.oslo_config_glue [-] oslo_limit.connect_retries = None {{(pid=98842) log_opt_values /opt/stack/data/venv/lib/python3.12/site-packages/oslo_config/cfg.py:3253}}
Jun 24 06:05:58.680475 np0000003518 nova-conductor[98842]: DEBUG cotyledon.oslo_config_glue [-] oslo_limit.connect_retry_delay = None {{(pid=98842) log_opt_values /opt/stack/data/venv/lib/python3.12/site-packages/oslo_config/cfg.py:3253}}
Jun 24 06:05:58.680634 np0000003518 nova-conductor[98842]: DEBUG cotyledon.oslo_config_glue [-] oslo_limit.endpoint_id = None {{(pid=98842) log_opt_values /opt/stack/data/venv/lib/python3.12/site-packages/oslo_config/cfg.py:3253}}
Jun 24 06:05:58.680634 np0000003518 nova-conductor[98842]: DEBUG cotyledon.oslo_config_glue [-] oslo_limit.endpoint_interface = public {{(pid=98842) log_opt_values /opt/stack/data/venv/lib/python3.12/site-packages/oslo_config/cfg.py:3253}}
Jun 24 06:05:58.680634 np0000003518 nova-conductor[98842]: DEBUG cotyledon.oslo_config_glue [-] oslo_limit.endpoint_override = None {{(pid=98842) log_opt_values /opt/stack/data/venv/lib/python3.12/site-packages/oslo_config/cfg.py:3253}}
Jun 24 06:05:58.680634 np0000003518 nova-conductor[98842]: DEBUG cotyledon.oslo_config_glue [-] oslo_limit.endpoint_region_name = None {{(pid=98842) log_opt_values /opt/stack/data/venv/lib/python3.12/site-packages/oslo_config/cfg.py:3253}}
Jun 24 06:05:58.680634 np0000003518 nova-conductor[98842]: DEBUG cotyledon.oslo_config_glue [-] oslo_limit.endpoint_service_name = None {{(pid=98842) log_opt_values /opt/stack/data/venv/lib/python3.12/site-packages/oslo_config/cfg.py:3253}}
Jun 24 06:05:58.680634 np0000003518 nova-conductor[98842]: DEBUG cotyledon.oslo_config_glue [-] oslo_limit.endpoint_service_type = None {{(pid=98842) log_opt_values /opt/stack/data/venv/lib/python3.12/site-packages/oslo_config/cfg.py:3253}}
Jun 24 06:05:58.680634 np0000003518 nova-conductor[98842]: DEBUG cotyledon.oslo_config_glue [-] oslo_limit.insecure = False {{(pid=98842) log_opt_values /opt/stack/data/venv/lib/python3.12/site-packages/oslo_config/cfg.py:3253}}
Jun 24 06:05:58.680634 np0000003518 nova-conductor[98842]: DEBUG cotyledon.oslo_config_glue [-] oslo_limit.keyfile = None {{(pid=98842) log_opt_values /opt/stack/data/venv/lib/python3.12/site-packages/oslo_config/cfg.py:3253}}
Jun 24 06:05:58.680634 np0000003518 nova-conductor[98842]: DEBUG cotyledon.oslo_config_glue [-] oslo_limit.max_version = None {{(pid=98842) log_opt_values /opt/stack/data/venv/lib/python3.12/site-packages/oslo_config/cfg.py:3253}}
Jun 24 06:05:58.680790 np0000003518 nova-conductor[98842]: DEBUG cotyledon.oslo_config_glue [-] oslo_limit.min_version = None {{(pid=98842) log_opt_values /opt/stack/data/venv/lib/python3.12/site-packages/oslo_config/cfg.py:3253}}
Jun 24 06:05:58.680790 np0000003518 nova-conductor[98842]: DEBUG cotyledon.oslo_config_glue [-] oslo_limit.region_name = None {{(pid=98842) log_opt_values /opt/stack/data/venv/lib/python3.12/site-packages/oslo_config/cfg.py:3253}}
Jun 24 06:05:58.680790 np0000003518 nova-conductor[98842]: DEBUG cotyledon.oslo_config_glue [-] oslo_limit.retriable_status_codes = None {{(pid=98842) log_opt_values /opt/stack/data/venv/lib/python3.12/site-packages/oslo_config/cfg.py:3253}}
Jun 24 06:05:58.680790 np0000003518 nova-conductor[98842]: DEBUG cotyledon.oslo_config_glue [-] oslo_limit.service_name = None {{(pid=98842) log_opt_values /opt/stack/data/venv/lib/python3.12/site-packages/oslo_config/cfg.py:3253}}
Jun 24 06:05:58.680790 np0000003518 nova-conductor[98842]: DEBUG cotyledon.oslo_config_glue [-] oslo_limit.service_type = None {{(pid=98842) log_opt_values /opt/stack/data/venv/lib/python3.12/site-packages/oslo_config/cfg.py:3253}}
Jun 24 06:05:58.680790 np0000003518 nova-conductor[98842]: DEBUG cotyledon.oslo_config_glue [-] oslo_limit.split_loggers = False {{(pid=98842) log_opt_values /opt/stack/data/venv/lib/python3.12/site-packages/oslo_config/cfg.py:3253}}
Jun 24 06:05:58.680790 np0000003518 nova-conductor[98842]: DEBUG cotyledon.oslo_config_glue [-] oslo_limit.status_code_retries = None {{(pid=98842) log_opt_values /opt/stack/data/venv/lib/python3.12/site-packages/oslo_config/cfg.py:3253}}
Jun 24 06:05:58.680790 np0000003518 nova-conductor[98842]: DEBUG cotyledon.oslo_config_glue [-] oslo_limit.status_code_retry_delay = None {{(pid=98842) log_opt_values /opt/stack/data/venv/lib/python3.12/site-packages/oslo_config/cfg.py:3253}}
Jun 24 06:05:58.680790 np0000003518 nova-conductor[98842]: DEBUG cotyledon.oslo_config_glue [-] oslo_limit.timeout = None {{(pid=98842) log_opt_values /opt/stack/data/venv/lib/python3.12/site-packages/oslo_config/cfg.py:3253}}
Jun 24 06:05:58.680983 np0000003518 nova-conductor[98842]: DEBUG cotyledon.oslo_config_glue [-] oslo_limit.valid_interfaces = None {{(pid=98842) log_opt_values /opt/stack/data/venv/lib/python3.12/site-packages/oslo_config/cfg.py:3253}}
Jun 24 06:05:58.680983 np0000003518 nova-conductor[98842]: DEBUG cotyledon.oslo_config_glue [-] oslo_limit.version = None {{(pid=98842) log_opt_values /opt/stack/data/venv/lib/python3.12/site-packages/oslo_config/cfg.py:3253}}
Jun 24 06:05:58.680983 np0000003518 nova-conductor[98842]: DEBUG cotyledon.oslo_config_glue [-] oslo_reports.file_event_handler = None {{(pid=98842) log_opt_values /opt/stack/data/venv/lib/python3.12/site-packages/oslo_config/cfg.py:3253}}
Jun 24 06:05:58.680983 np0000003518 nova-conductor[98842]: DEBUG cotyledon.oslo_config_glue [-] oslo_reports.file_event_handler_interval = 1 {{(pid=98842) log_opt_values /opt/stack/data/venv/lib/python3.12/site-packages/oslo_config/cfg.py:3253}}
Jun 24 06:05:58.680983 np0000003518 nova-conductor[98842]: DEBUG cotyledon.oslo_config_glue [-] oslo_reports.log_dir = None {{(pid=98842) log_opt_values /opt/stack/data/venv/lib/python3.12/site-packages/oslo_config/cfg.py:3253}}
Jun 24 06:05:58.680983 np0000003518 nova-conductor[98842]: DEBUG cotyledon.oslo_config_glue [-] ******************************************************************************** {{(pid=98842) log_opt_values /opt/stack/data/venv/lib/python3.12/site-packages/oslo_config/cfg.py:3260}}
Jun 24 06:05:58.680983 np0000003518 nova-conductor[98842]: DEBUG cotyledon._service_worker [-] Run service ServiceWrapper(3) [98842] {{(pid=98842) wait_forever /opt/stack/data/venv/lib/python3.12/site-packages/cotyledon/_service_worker.py:218}}
Jun 24 06:05:58.680983 np0000003518 nova-conductor[98842]: INFO nova.service [-] Starting conductor node (version 33.1.0)
Jun 24 06:05:58.681123 np0000003518 nova-conductor[98821]: DEBUG oslo_db.sqlalchemy.engines [None req-ea43eb83-abcf-491e-91df-cb511cc681fe None None] MySQL server mode set to STRICT_TRANS_TABLES,STRICT_ALL_TABLES,NO_ZERO_IN_DATE,NO_ZERO_DATE,ERROR_FOR_DIVISION_BY_ZERO,TRADITIONAL,NO_ENGINE_SUBSTITUTION {{(pid=98821) _check_effective_sql_mode /opt/stack/data/venv/lib/python3.12/site-packages/oslo_db/sqlalchemy/engines.py:325}}
Jun 24 06:05:58.681151 np0000003518 nova-conductor[98842]: INFO dbcounter [None req-283374ca-0427-454f-b165-386aecbf7ae8 None None] Registered counter for database nova_cell0
Jun 24 06:05:58.681172 np0000003518 nova-conductor[98821]: DEBUG dbcounter [-] [98821] Writer thread running {{(pid=98821) stat_writer /opt/stack/data/venv/lib/python3.12/site-packages/dbcounter.py:102}}
Jun 24 06:05:58.684182 np0000003518 nova-conductor[98838]: DEBUG oslo_db.sqlalchemy.engines [None req-05215296-1681-4ce8-a884-ee6ab7f8c16c None None] MySQL server mode set to STRICT_TRANS_TABLES,STRICT_ALL_TABLES,NO_ZERO_IN_DATE,NO_ZERO_DATE,ERROR_FOR_DIVISION_BY_ZERO,TRADITIONAL,NO_ENGINE_SUBSTITUTION {{(pid=98838) _check_effective_sql_mode /opt/stack/data/venv/lib/python3.12/site-packages/oslo_db/sqlalchemy/engines.py:325}}
Jun 24 06:05:58.687818 np0000003518 nova-conductor[98821]: DEBUG nova.service [None req-ea43eb83-abcf-491e-91df-cb511cc681fe None None] Creating RPC server for service: nova-conductor on topic: conductor {{(pid=98821) start /opt/stack/nova/nova/service.py:196}}
Jun 24 06:05:58.688149 np0000003518 nova-conductor[98831]: DEBUG oslo_db.sqlalchemy.engines [None req-6e0707af-87e5-4b3b-a584-e7a8db17bf58 None None] MySQL server mode set to STRICT_TRANS_TABLES,STRICT_ALL_TABLES,NO_ZERO_IN_DATE,NO_ZERO_DATE,ERROR_FOR_DIVISION_BY_ZERO,TRADITIONAL,NO_ENGINE_SUBSTITUTION {{(pid=98831) _check_effective_sql_mode /opt/stack/data/venv/lib/python3.12/site-packages/oslo_db/sqlalchemy/engines.py:325}}
Jun 24 06:05:58.692917 np0000003518 nova-conductor[98838]: DEBUG dbcounter [-] [98838] Writer thread running {{(pid=98838) stat_writer /opt/stack/data/venv/lib/python3.12/site-packages/dbcounter.py:102}}
Jun 24 06:05:58.695490 np0000003518 nova-conductor[98838]: DEBUG nova.service [None req-05215296-1681-4ce8-a884-ee6ab7f8c16c None None] Creating RPC server for service: nova-conductor on topic: conductor {{(pid=98838) start /opt/stack/nova/nova/service.py:196}}
Jun 24 06:05:58.703646 np0000003518 nova-conductor[98831]: DEBUG dbcounter [-] [98831] Writer thread running {{(pid=98831) stat_writer /opt/stack/data/venv/lib/python3.12/site-packages/dbcounter.py:102}}
Jun 24 06:05:58.704163 np0000003518 nova-conductor[98842]: DEBUG oslo_db.sqlalchemy.engines [None req-283374ca-0427-454f-b165-386aecbf7ae8 None None] MySQL server mode set to STRICT_TRANS_TABLES,STRICT_ALL_TABLES,NO_ZERO_IN_DATE,NO_ZERO_DATE,ERROR_FOR_DIVISION_BY_ZERO,TRADITIONAL,NO_ENGINE_SUBSTITUTION {{(pid=98842) _check_effective_sql_mode /opt/stack/data/venv/lib/python3.12/site-packages/oslo_db/sqlalchemy/engines.py:325}}
Jun 24 06:05:58.706752 np0000003518 nova-conductor[98831]: DEBUG nova.service [None req-6e0707af-87e5-4b3b-a584-e7a8db17bf58 None None] Creating RPC server for service: nova-conductor on topic: conductor {{(pid=98831) start /opt/stack/nova/nova/service.py:196}}
Jun 24 06:05:58.717453 np0000003518 nova-conductor[98842]: DEBUG dbcounter [-] [98842] Writer thread running {{(pid=98842) stat_writer /opt/stack/data/venv/lib/python3.12/site-packages/dbcounter.py:102}}
Jun 24 06:05:58.718273 np0000003518 nova-conductor[98838]: DEBUG nova.service [None req-05215296-1681-4ce8-a884-ee6ab7f8c16c None None] Join ServiceGroup membership for this service conductor {{(pid=98838) start /opt/stack/nova/nova/service.py:222}}
Jun 24 06:05:58.718475 np0000003518 nova-conductor[98838]: DEBUG nova.servicegroup.drivers.db [None req-05215296-1681-4ce8-a884-ee6ab7f8c16c None None] DB_Driver: join new ServiceGroup member np0000003518 to the conductor group, service = {{(pid=98838) join /opt/stack/nova/nova/servicegroup/drivers/db.py:44}}
Jun 24 06:05:58.718647 np0000003518 nova-conductor[98821]: DEBUG nova.service [None req-ea43eb83-abcf-491e-91df-cb511cc681fe None None] Join ServiceGroup membership for this service conductor {{(pid=98821) start /opt/stack/nova/nova/service.py:222}}
Jun 24 06:05:58.718865 np0000003518 nova-conductor[98821]: DEBUG nova.servicegroup.drivers.db [None req-ea43eb83-abcf-491e-91df-cb511cc681fe None None] DB_Driver: join new ServiceGroup member np0000003518 to the conductor group, service = {{(pid=98821) join /opt/stack/nova/nova/servicegroup/drivers/db.py:44}}
Jun 24 06:05:58.720527 np0000003518 nova-conductor[98842]: DEBUG nova.service [None req-283374ca-0427-454f-b165-386aecbf7ae8 None None] Creating RPC server for service: nova-conductor on topic: conductor {{(pid=98842) start /opt/stack/nova/nova/service.py:196}}
Jun 24 06:05:58.720605 np0000003518 nova-conductor[98821]: DEBUG oslo.service.backend._threading.loopingcall [None req-abdcd54e-f673-45d6-a0d5-60c7f8b91177 None None] Dynamic interval looping call 'nova.service.Service.periodic_tasks' sleeping for 60.00 seconds {{(pid=98821) _run_loop /opt/stack/data/venv/lib/python3.12/site-packages/oslo_service/backend/_threading/loopingcall.py:125}}
Jun 24 06:05:58.734585 np0000003518 nova-conductor[98831]: DEBUG nova.service [None req-6e0707af-87e5-4b3b-a584-e7a8db17bf58 None None] Join ServiceGroup membership for this service conductor {{(pid=98831) start /opt/stack/nova/nova/service.py:222}}
Jun 24 06:05:58.734787 np0000003518 nova-conductor[98831]: DEBUG nova.servicegroup.drivers.db [None req-6e0707af-87e5-4b3b-a584-e7a8db17bf58 None None] DB_Driver: join new ServiceGroup member np0000003518 to the conductor group, service = {{(pid=98831) join /opt/stack/nova/nova/servicegroup/drivers/db.py:44}}
Jun 24 06:05:58.739151 np0000003518 nova-conductor[98842]: DEBUG nova.service [None req-283374ca-0427-454f-b165-386aecbf7ae8 None None] Join ServiceGroup membership for this service conductor {{(pid=98842) start /opt/stack/nova/nova/service.py:222}}
Jun 24 06:05:58.739362 np0000003518 nova-conductor[98842]: DEBUG nova.servicegroup.drivers.db [None req-283374ca-0427-454f-b165-386aecbf7ae8 None None] DB_Driver: join new ServiceGroup member np0000003518 to the conductor group, service = {{(pid=98842) join /opt/stack/nova/nova/servicegroup/drivers/db.py:44}}
Jun 24 06:06:00.737244 np0000003518 nova-conductor[98831]: DEBUG oslo.service.backend._threading.loopingcall [None req-530891ba-33a2-4201-b8cf-a0ac9a33b3df None None] Dynamic interval looping call 'nova.service.Service.periodic_tasks' sleeping for 60.00 seconds {{(pid=98831) _run_loop /opt/stack/data/venv/lib/python3.12/site-packages/oslo_service/backend/_threading/loopingcall.py:125}}
Jun 24 06:06:03.735688 np0000003518 nova-conductor[98821]: DEBUG oslo.service.backend._threading.loopingcall [-] Fixed interval looping call 'nova.servicegroup.drivers.db.DbDriver._report_state' sleeping for 119.98 seconds {{(pid=98821) _run_loop /opt/stack/data/venv/lib/python3.12/site-packages/oslo_service/backend/_threading/loopingcall.py:125}}
Jun 24 06:06:03.736722 np0000003518 nova-conductor[98838]: DEBUG oslo.service.backend._threading.loopingcall [-] Fixed interval looping call 'nova.servicegroup.drivers.db.DbDriver._report_state' sleeping for 119.98 seconds {{(pid=98838) _run_loop /opt/stack/data/venv/lib/python3.12/site-packages/oslo_service/backend/_threading/loopingcall.py:125}}
Jun 24 06:06:03.755396 np0000003518 nova-conductor[98842]: DEBUG oslo.service.backend._threading.loopingcall [-] Fixed interval looping call 'nova.servicegroup.drivers.db.DbDriver._report_state' sleeping for 119.99 seconds {{(pid=98842) _run_loop /opt/stack/data/venv/lib/python3.12/site-packages/oslo_service/backend/_threading/loopingcall.py:125}}
Jun 24 06:06:03.758820 np0000003518 nova-conductor[98831]: DEBUG oslo.service.backend._threading.loopingcall [-] Fixed interval looping call 'nova.servicegroup.drivers.db.DbDriver._report_state' sleeping for 119.98 seconds {{(pid=98831) _run_loop /opt/stack/data/venv/lib/python3.12/site-packages/oslo_service/backend/_threading/loopingcall.py:125}}
Jun 24 06:06:07.316908 np0000003518 nova-conductor[97360]: DEBUG dbcounter [-] [97360] Writing DB stats nova_api:SELECT=1 {{(pid=97360) stat_writer /opt/stack/data/venv/lib/python3.12/site-packages/dbcounter.py:115}}
Jun 24 06:06:07.437469 np0000003518 nova-conductor[97360]: DEBUG dbcounter [-] [97360] Writing DB stats nova_cell0:SELECT=1 {{(pid=97360) stat_writer /opt/stack/data/venv/lib/python3.12/site-packages/dbcounter.py:115}}
Jun 24 06:06:07.442221 np0000003518 nova-conductor[97360]: DEBUG dbcounter [-] [97360] Writing DB stats nova_cell1:SELECT=1 {{(pid=97360) stat_writer /opt/stack/data/venv/lib/python3.12/site-packages/dbcounter.py:115}}
Jun 24 06:06:13.728644 np0000003518 nova-conductor[98821]: DEBUG dbcounter [-] [98821] Writing DB stats nova_cell0:SELECT=4,nova_cell0:INSERT=1,nova_cell0:UPDATE=1 {{(pid=98821) stat_writer /opt/stack/data/venv/lib/python3.12/site-packages/dbcounter.py:115}}
Jun 24 06:06:13.731881 np0000003518 nova-conductor[98838]: DEBUG dbcounter [-] [98838] Writing DB stats nova_cell0:SELECT=3,nova_cell0:UPDATE=1 {{(pid=98838) stat_writer /opt/stack/data/venv/lib/python3.12/site-packages/dbcounter.py:115}}
Jun 24 06:06:13.748301 np0000003518 nova-conductor[98842]: DEBUG dbcounter [-] [98842] Writing DB stats nova_cell0:SELECT=3 {{(pid=98842) stat_writer /opt/stack/data/venv/lib/python3.12/site-packages/dbcounter.py:115}}
Jun 24 06:06:13.753505 np0000003518 nova-conductor[98831]: DEBUG dbcounter [-] [98831] Writing DB stats nova_cell0:SELECT=3 {{(pid=98831) stat_writer /opt/stack/data/venv/lib/python3.12/site-packages/dbcounter.py:115}}
Jun 24 06:06:30.720388 np0000003518 nova-conductor[98838]: DEBUG oslo.service.backend._threading.loopingcall [None req-aee4874f-79b8-4314-8400-1092d276a49c None None] Dynamic interval looping call 'nova.service.Service.periodic_tasks' sleeping for 60.00 seconds {{(pid=98838) _run_loop /opt/stack/data/venv/lib/python3.12/site-packages/oslo_service/backend/_threading/loopingcall.py:125}}
Jun 24 06:06:30.741123 np0000003518 nova-conductor[98842]: DEBUG oslo.service.backend._threading.loopingcall [None req-90c33965-e316-4131-bbc2-2ad613d06c4a None None] Dynamic interval looping call 'nova.service.Service.periodic_tasks' sleeping for 60.00 seconds {{(pid=98842) _run_loop /opt/stack/data/venv/lib/python3.12/site-packages/oslo_service/backend/_threading/loopingcall.py:125}}
Jun 24 06:06:58.721099 np0000003518 nova-conductor[98821]: DEBUG oslo.service.backend._threading.loopingcall [None req-abdcd54e-f673-45d6-a0d5-60c7f8b91177 None None] Dynamic interval looping call 'nova.service.Service.periodic_tasks' sleeping for 60.00 seconds {{(pid=98821) _run_loop /opt/stack/data/venv/lib/python3.12/site-packages/oslo_service/backend/_threading/loopingcall.py:125}}
Jun 24 06:07:00.737819 np0000003518 nova-conductor[98831]: DEBUG oslo.service.backend._threading.loopingcall [None req-530891ba-33a2-4201-b8cf-a0ac9a33b3df None None] Dynamic interval looping call 'nova.service.Service.periodic_tasks' sleeping for 60.00 seconds {{(pid=98831) _run_loop /opt/stack/data/venv/lib/python3.12/site-packages/oslo_service/backend/_threading/loopingcall.py:125}}
Jun 24 06:07:30.720976 np0000003518 nova-conductor[98838]: DEBUG oslo.service.backend._threading.loopingcall [None req-aee4874f-79b8-4314-8400-1092d276a49c None None] Dynamic interval looping call 'nova.service.Service.periodic_tasks' sleeping for 60.00 seconds {{(pid=98838) _run_loop /opt/stack/data/venv/lib/python3.12/site-packages/oslo_service/backend/_threading/loopingcall.py:125}}
Jun 24 06:07:30.741598 np0000003518 nova-conductor[98842]: DEBUG oslo.service.backend._threading.loopingcall [None req-90c33965-e316-4131-bbc2-2ad613d06c4a None None] Dynamic interval looping call 'nova.service.Service.periodic_tasks' sleeping for 60.00 seconds {{(pid=98842) _run_loop /opt/stack/data/venv/lib/python3.12/site-packages/oslo_service/backend/_threading/loopingcall.py:125}}
Jun 24 06:07:58.721581 np0000003518 nova-conductor[98821]: DEBUG oslo.service.backend._threading.loopingcall [None req-abdcd54e-f673-45d6-a0d5-60c7f8b91177 None None] Dynamic interval looping call 'nova.service.Service.periodic_tasks' sleeping for 60.00 seconds {{(pid=98821) _run_loop /opt/stack/data/venv/lib/python3.12/site-packages/oslo_service/backend/_threading/loopingcall.py:125}}
Jun 24 06:08:00.738345 np0000003518 nova-conductor[98831]: DEBUG oslo.service.backend._threading.loopingcall [None req-530891ba-33a2-4201-b8cf-a0ac9a33b3df None None] Dynamic interval looping call 'nova.service.Service.periodic_tasks' sleeping for 60.00 seconds {{(pid=98831) _run_loop /opt/stack/data/venv/lib/python3.12/site-packages/oslo_service/backend/_threading/loopingcall.py:125}}
Jun 24 06:08:03.722920 np0000003518 nova-conductor[98821]: DEBUG oslo.service.backend._threading.loopingcall [-] Fixed interval looping call 'nova.servicegroup.drivers.db.DbDriver._report_state' sleeping for 119.99 seconds {{(pid=98821) _run_loop /opt/stack/data/venv/lib/python3.12/site-packages/oslo_service/backend/_threading/loopingcall.py:125}}
Jun 24 06:08:03.723330 np0000003518 nova-conductor[98838]: DEBUG oslo.service.backend._threading.loopingcall [-] Fixed interval looping call 'nova.servicegroup.drivers.db.DbDriver._report_state' sleeping for 119.99 seconds {{(pid=98838) _run_loop /opt/stack/data/venv/lib/python3.12/site-packages/oslo_service/backend/_threading/loopingcall.py:125}}
Jun 24 06:08:03.743511 np0000003518 nova-conductor[98831]: DEBUG oslo.service.backend._threading.loopingcall [-] Fixed interval looping call 'nova.servicegroup.drivers.db.DbDriver._report_state' sleeping for 120.00 seconds {{(pid=98831) _run_loop /opt/stack/data/venv/lib/python3.12/site-packages/oslo_service/backend/_threading/loopingcall.py:125}}
Jun 24 06:08:03.746414 np0000003518 nova-conductor[98842]: DEBUG oslo.service.backend._threading.loopingcall [-] Fixed interval looping call 'nova.servicegroup.drivers.db.DbDriver._report_state' sleeping for 120.00 seconds {{(pid=98842) _run_loop /opt/stack/data/venv/lib/python3.12/site-packages/oslo_service/backend/_threading/loopingcall.py:125}}
Jun 24 06:08:13.719687 np0000003518 nova-conductor[98821]: DEBUG dbcounter [-] [98821] Writing DB stats nova_cell0:SELECT=1,nova_cell0:UPDATE=1 {{(pid=98821) stat_writer /opt/stack/data/venv/lib/python3.12/site-packages/dbcounter.py:115}}
Jun 24 06:08:13.719989 np0000003518 nova-conductor[98838]: DEBUG dbcounter [-] [98838] Writing DB stats nova_cell0:SELECT=1,nova_cell0:UPDATE=1 {{(pid=98838) stat_writer /opt/stack/data/venv/lib/python3.12/site-packages/dbcounter.py:115}}
Jun 24 06:08:13.741250 np0000003518 nova-conductor[98831]: DEBUG dbcounter [-] [98831] Writing DB stats nova_cell0:SELECT=1 {{(pid=98831) stat_writer /opt/stack/data/venv/lib/python3.12/site-packages/dbcounter.py:115}}
Jun 24 06:08:13.744637 np0000003518 nova-conductor[98842]: DEBUG dbcounter [-] [98842] Writing DB stats nova_cell0:SELECT=1 {{(pid=98842) stat_writer /opt/stack/data/venv/lib/python3.12/site-packages/dbcounter.py:115}}
Jun 24 06:08:24.297818 np0000003518 nova-conductor[98838]: DEBUG oslo_db.sqlalchemy.engines [None req-2db26856-d53e-4539-aae1-49a644150e76 tempest-ServerActionsTestOtherB-1781992767 tempest-ServerActionsTestOtherB-1781992767-project-member] Parent process 97360 forked (98838) with an open database connection, which is being discarded and recreated. {{(pid=98838) checkout /opt/stack/data/venv/lib/python3.12/site-packages/oslo_db/sqlalchemy/engines.py:402}}
Jun 24 06:08:24.358309 np0000003518 nova-conductor[98838]: DEBUG dbcounter [-] [98838] Writer thread running {{(pid=98838) stat_writer /opt/stack/data/venv/lib/python3.12/site-packages/dbcounter.py:102}}
Jun 24 06:08:25.902685 np0000003518 nova-conductor[98838]: DEBUG nova.conductor.manager [None req-2db26856-d53e-4539-aae1-49a644150e76 tempest-ServerActionsTestOtherB-1781992767 tempest-ServerActionsTestOtherB-1781992767-project-member] Took 1.54 seconds to select destinations for 1 instance(s). {{(pid=98838) _schedule_instances /opt/stack/nova/nova/conductor/manager.py:968}}
Jun 24 06:08:25.937287 np0000003518 nova-conductor[98838]: DEBUG oslo_concurrency.lockutils [None req-2db26856-d53e-4539-aae1-49a644150e76 tempest-ServerActionsTestOtherB-1781992767 tempest-ServerActionsTestOtherB-1781992767-project-member] Acquiring lock "e4eb0c9c-b21a-4527-a3ef-668a4fd96d27" by "nova.context.set_target_cell..get_or_set_cached_cell_and_set_connections" {{(pid=98838) inner /opt/stack/data/venv/lib/python3.12/site-packages/oslo_concurrency/lockutils.py:511}}
Jun 24 06:08:25.937484 np0000003518 nova-conductor[98838]: DEBUG oslo_concurrency.lockutils [None req-2db26856-d53e-4539-aae1-49a644150e76 tempest-ServerActionsTestOtherB-1781992767 tempest-ServerActionsTestOtherB-1781992767-project-member] Lock "e4eb0c9c-b21a-4527-a3ef-668a4fd96d27" acquired by "nova.context.set_target_cell..get_or_set_cached_cell_and_set_connections" :: waited 0.000s {{(pid=98838) inner /opt/stack/data/venv/lib/python3.12/site-packages/oslo_concurrency/lockutils.py:524}}
Jun 24 06:08:25.938706 np0000003518 nova-conductor[98838]: DEBUG oslo_concurrency.lockutils [None req-2db26856-d53e-4539-aae1-49a644150e76 tempest-ServerActionsTestOtherB-1781992767 tempest-ServerActionsTestOtherB-1781992767-project-member] Lock "e4eb0c9c-b21a-4527-a3ef-668a4fd96d27" "released" by "nova.context.set_target_cell..get_or_set_cached_cell_and_set_connections" :: held 0.001s {{(pid=98838) inner /opt/stack/data/venv/lib/python3.12/site-packages/oslo_concurrency/lockutils.py:543}}
Jun 24 06:08:25.940609 np0000003518 nova-conductor[98838]: INFO dbcounter [None req-2db26856-d53e-4539-aae1-49a644150e76 tempest-ServerActionsTestOtherB-1781992767 tempest-ServerActionsTestOtherB-1781992767-project-member] Registered counter for database nova_cell1
Jun 24 06:08:25.987194 np0000003518 nova-conductor[98838]: DEBUG oslo_db.sqlalchemy.engines [None req-2db26856-d53e-4539-aae1-49a644150e76 tempest-ServerActionsTestOtherB-1781992767 tempest-ServerActionsTestOtherB-1781992767-project-member] MySQL server mode set to STRICT_TRANS_TABLES,STRICT_ALL_TABLES,NO_ZERO_IN_DATE,NO_ZERO_DATE,ERROR_FOR_DIVISION_BY_ZERO,TRADITIONAL,NO_ENGINE_SUBSTITUTION {{(pid=98838) _check_effective_sql_mode /opt/stack/data/venv/lib/python3.12/site-packages/oslo_db/sqlalchemy/engines.py:325}}
Jun 24 06:08:25.993305 np0000003518 nova-conductor[98838]: DEBUG dbcounter [-] [98838] Writer thread running {{(pid=98838) stat_writer /opt/stack/data/venv/lib/python3.12/site-packages/dbcounter.py:102}}
Jun 24 06:08:26.065632 np0000003518 nova-conductor[98838]: INFO nova.utils [None req-2db26856-d53e-4539-aae1-49a644150e76 tempest-ServerActionsTestOtherB-1781992767 tempest-ServerActionsTestOtherB-1781992767-project-member] The cell worker thread pool ForkProcess-3.cell_worker is initialized
Jun 24 06:08:26.065857 np0000003518 nova-conductor[98838]: DEBUG oslo_concurrency.lockutils [None req-2db26856-d53e-4539-aae1-49a644150e76 tempest-ServerActionsTestOtherB-1781992767 tempest-ServerActionsTestOtherB-1781992767-project-member] Acquiring lock "00000000-0000-0000-0000-000000000000" by "nova.context.set_target_cell..get_or_set_cached_cell_and_set_connections" {{(pid=98838) inner /opt/stack/data/venv/lib/python3.12/site-packages/oslo_concurrency/lockutils.py:511}}
Jun 24 06:08:26.066064 np0000003518 nova-conductor[98838]: DEBUG oslo_concurrency.lockutils [None req-2db26856-d53e-4539-aae1-49a644150e76 tempest-ServerActionsTestOtherB-1781992767 tempest-ServerActionsTestOtherB-1781992767-project-member] Lock "00000000-0000-0000-0000-000000000000" acquired by "nova.context.set_target_cell..get_or_set_cached_cell_and_set_connections" :: waited 0.000s {{(pid=98838) inner /opt/stack/data/venv/lib/python3.12/site-packages/oslo_concurrency/lockutils.py:524}}
Jun 24 06:08:26.066533 np0000003518 nova-conductor[98838]: DEBUG oslo_concurrency.lockutils [None req-2db26856-d53e-4539-aae1-49a644150e76 tempest-ServerActionsTestOtherB-1781992767 tempest-ServerActionsTestOtherB-1781992767-project-member] Lock "00000000-0000-0000-0000-000000000000" "released" by "nova.context.set_target_cell..get_or_set_cached_cell_and_set_connections" :: held 0.000s {{(pid=98838) inner /opt/stack/data/venv/lib/python3.12/site-packages/oslo_concurrency/lockutils.py:543}}
Jun 24 06:08:26.067252 np0000003518 nova-conductor[98838]: DEBUG oslo_concurrency.lockutils [None req-2db26856-d53e-4539-aae1-49a644150e76 tempest-ServerActionsTestOtherB-1781992767 tempest-ServerActionsTestOtherB-1781992767-project-member] Acquiring lock "e4eb0c9c-b21a-4527-a3ef-668a4fd96d27" by "nova.context.set_target_cell..get_or_set_cached_cell_and_set_connections" {{(pid=98838) inner /opt/stack/data/venv/lib/python3.12/site-packages/oslo_concurrency/lockutils.py:511}}
Jun 24 06:08:26.067440 np0000003518 nova-conductor[98838]: DEBUG oslo_concurrency.lockutils [None req-2db26856-d53e-4539-aae1-49a644150e76 tempest-ServerActionsTestOtherB-1781992767 tempest-ServerActionsTestOtherB-1781992767-project-member] Lock "e4eb0c9c-b21a-4527-a3ef-668a4fd96d27" acquired by "nova.context.set_target_cell..get_or_set_cached_cell_and_set_connections" :: waited 0.000s {{(pid=98838) inner /opt/stack/data/venv/lib/python3.12/site-packages/oslo_concurrency/lockutils.py:524}}
Jun 24 06:08:26.067614 np0000003518 nova-conductor[98838]: DEBUG oslo_concurrency.lockutils [None req-2db26856-d53e-4539-aae1-49a644150e76 tempest-ServerActionsTestOtherB-1781992767 tempest-ServerActionsTestOtherB-1781992767-project-member] Lock "e4eb0c9c-b21a-4527-a3ef-668a4fd96d27" "released" by "nova.context.set_target_cell..get_or_set_cached_cell_and_set_connections" :: held 0.000s {{(pid=98838) inner /opt/stack/data/venv/lib/python3.12/site-packages/oslo_concurrency/lockutils.py:543}}
Jun 24 06:08:26.069762 np0000003518 nova-conductor[98838]: INFO dbcounter [None req-2db26856-d53e-4539-aae1-49a644150e76 tempest-ServerActionsTestOtherB-1781992767 tempest-ServerActionsTestOtherB-1781992767-project-member] Registered counter for database nova_cell0
Jun 24 06:08:26.113821 np0000003518 nova-conductor[98838]: DEBUG oslo_db.sqlalchemy.engines [None req-2db26856-d53e-4539-aae1-49a644150e76 tempest-ServerActionsTestOtherB-1781992767 tempest-ServerActionsTestOtherB-1781992767-project-member] MySQL server mode set to STRICT_TRANS_TABLES,STRICT_ALL_TABLES,NO_ZERO_IN_DATE,NO_ZERO_DATE,ERROR_FOR_DIVISION_BY_ZERO,TRADITIONAL,NO_ENGINE_SUBSTITUTION {{(pid=98838) _check_effective_sql_mode /opt/stack/data/venv/lib/python3.12/site-packages/oslo_db/sqlalchemy/engines.py:325}}
Jun 24 06:08:26.119790 np0000003518 nova-conductor[98838]: DEBUG dbcounter [-] [98838] Writer thread running {{(pid=98838) stat_writer /opt/stack/data/venv/lib/python3.12/site-packages/dbcounter.py:102}}
Jun 24 06:08:26.138253 np0000003518 nova-conductor[98838]: DEBUG nova.quota [None req-2db26856-d53e-4539-aae1-49a644150e76 tempest-ServerActionsTestOtherB-1781992767 tempest-ServerActionsTestOtherB-1781992767-project-member] Getting quotas for project afda2bef3adc4305964b69fc6d951e8c. Resources: {'cores', 'instances', 'ram'} {{(pid=98838) _get_quotas /opt/stack/nova/nova/quota.py:392}}
Jun 24 06:08:26.142003 np0000003518 nova-conductor[98838]: DEBUG nova.quota [None req-2db26856-d53e-4539-aae1-49a644150e76 tempest-ServerActionsTestOtherB-1781992767 tempest-ServerActionsTestOtherB-1781992767-project-member] Getting quotas for user 6f7e1e463b9b4f5f8005aa0ef48e83ba and project afda2bef3adc4305964b69fc6d951e8c. Resources: {'cores', 'instances', 'ram'} {{(pid=98838) _get_quotas /opt/stack/nova/nova/quota.py:382}}
Jun 24 06:08:26.152047 np0000003518 nova-conductor[98838]: DEBUG nova.conductor.manager [None req-2db26856-d53e-4539-aae1-49a644150e76 tempest-ServerActionsTestOtherB-1781992767 tempest-ServerActionsTestOtherB-1781992767-project-member] [instance: e9676b65-dc2c-41e3-a067-5aa7aead16a5] Selected host: np0000003518; Selected node: np0000003518; Alternates: [] {{(pid=98838) schedule_and_build_instances /opt/stack/nova/nova/conductor/manager.py:1784}}
Jun 24 06:08:26.152631 np0000003518 nova-conductor[98838]: DEBUG oslo_concurrency.lockutils [None req-2db26856-d53e-4539-aae1-49a644150e76 tempest-ServerActionsTestOtherB-1781992767 tempest-ServerActionsTestOtherB-1781992767-project-member] Acquiring lock "e4eb0c9c-b21a-4527-a3ef-668a4fd96d27" by "nova.context.set_target_cell..get_or_set_cached_cell_and_set_connections" {{(pid=98838) inner /opt/stack/data/venv/lib/python3.12/site-packages/oslo_concurrency/lockutils.py:511}}
Jun 24 06:08:26.152814 np0000003518 nova-conductor[98838]: DEBUG oslo_concurrency.lockutils [None req-2db26856-d53e-4539-aae1-49a644150e76 tempest-ServerActionsTestOtherB-1781992767 tempest-ServerActionsTestOtherB-1781992767-project-member] Lock "e4eb0c9c-b21a-4527-a3ef-668a4fd96d27" acquired by "nova.context.set_target_cell..get_or_set_cached_cell_and_set_connections" :: waited 0.000s {{(pid=98838) inner /opt/stack/data/venv/lib/python3.12/site-packages/oslo_concurrency/lockutils.py:524}}
Jun 24 06:08:26.152966 np0000003518 nova-conductor[98838]: DEBUG oslo_concurrency.lockutils [None req-2db26856-d53e-4539-aae1-49a644150e76 tempest-ServerActionsTestOtherB-1781992767 tempest-ServerActionsTestOtherB-1781992767-project-member] Lock "e4eb0c9c-b21a-4527-a3ef-668a4fd96d27" "released" by "nova.context.set_target_cell..get_or_set_cached_cell_and_set_connections" :: held 0.000s {{(pid=98838) inner /opt/stack/data/venv/lib/python3.12/site-packages/oslo_concurrency/lockutils.py:543}}
Jun 24 06:08:26.163662 np0000003518 nova-conductor[98838]: DEBUG nova.conductor.manager [None req-2db26856-d53e-4539-aae1-49a644150e76 tempest-ServerActionsTestOtherB-1781992767 tempest-ServerActionsTestOtherB-1781992767-project-member] [instance: e9676b65-dc2c-41e3-a067-5aa7aead16a5] block_device_mapping [BlockDeviceMapping(attachment_id=,boot_index=0,connection_info=None,created_at=,delete_on_termination=True,deleted=,deleted_at=,destination_type='local',device_name=None,device_type='disk',disk_bus=None,encrypted=False,encryption_format=None,encryption_options=None,encryption_secret_uuid=None,guest_format=None,id=,image_id='73c7d736-4ba0-46d4-9b0a-bedce17c272a',instance=,instance_uuid=,no_device=False,snapshot_id=None,source_type='image',tag=None,updated_at=,uuid=,volume_id=None,volume_size=None,volume_type=None)] {{(pid=98838) _create_block_device_mapping /opt/stack/nova/nova/conductor/manager.py:1529}}
Jun 24 06:08:26.165018 np0000003518 nova-conductor[98838]: DEBUG oslo_concurrency.lockutils [None req-2db26856-d53e-4539-aae1-49a644150e76 tempest-ServerActionsTestOtherB-1781992767 tempest-ServerActionsTestOtherB-1781992767-project-member] Acquiring lock "e4eb0c9c-b21a-4527-a3ef-668a4fd96d27" by "nova.context.set_target_cell..get_or_set_cached_cell_and_set_connections" {{(pid=98838) inner /opt/stack/data/venv/lib/python3.12/site-packages/oslo_concurrency/lockutils.py:511}}
Jun 24 06:08:26.165196 np0000003518 nova-conductor[98838]: DEBUG oslo_concurrency.lockutils [None req-2db26856-d53e-4539-aae1-49a644150e76 tempest-ServerActionsTestOtherB-1781992767 tempest-ServerActionsTestOtherB-1781992767-project-member] Lock "e4eb0c9c-b21a-4527-a3ef-668a4fd96d27" acquired by "nova.context.set_target_cell..get_or_set_cached_cell_and_set_connections" :: waited 0.000s {{(pid=98838) inner /opt/stack/data/venv/lib/python3.12/site-packages/oslo_concurrency/lockutils.py:524}}
Jun 24 06:08:26.165409 np0000003518 nova-conductor[98838]: DEBUG oslo_concurrency.lockutils [None req-2db26856-d53e-4539-aae1-49a644150e76 tempest-ServerActionsTestOtherB-1781992767 tempest-ServerActionsTestOtherB-1781992767-project-member] Lock "e4eb0c9c-b21a-4527-a3ef-668a4fd96d27" "released" by "nova.context.set_target_cell..get_or_set_cached_cell_and_set_connections" :: held 0.000s {{(pid=98838) inner /opt/stack/data/venv/lib/python3.12/site-packages/oslo_concurrency/lockutils.py:543}}
Jun 24 06:08:26.223253 np0000003518 nova-conductor[98838]: DEBUG oslo_concurrency.lockutils [None req-2db26856-d53e-4539-aae1-49a644150e76 tempest-ServerActionsTestOtherB-1781992767 tempest-ServerActionsTestOtherB-1781992767-project-member] Acquiring lock "e4eb0c9c-b21a-4527-a3ef-668a4fd96d27" by "nova.context.set_target_cell..get_or_set_cached_cell_and_set_connections" {{(pid=98838) inner /opt/stack/data/venv/lib/python3.12/site-packages/oslo_concurrency/lockutils.py:511}}
Jun 24 06:08:26.223253 np0000003518 nova-conductor[98838]: DEBUG oslo_concurrency.lockutils [None req-2db26856-d53e-4539-aae1-49a644150e76 tempest-ServerActionsTestOtherB-1781992767 tempest-ServerActionsTestOtherB-1781992767-project-member] Lock "e4eb0c9c-b21a-4527-a3ef-668a4fd96d27" acquired by "nova.context.set_target_cell..get_or_set_cached_cell_and_set_connections" :: waited 0.000s {{(pid=98838) inner /opt/stack/data/venv/lib/python3.12/site-packages/oslo_concurrency/lockutils.py:524}}
Jun 24 06:08:26.223253 np0000003518 nova-conductor[98838]: DEBUG oslo_concurrency.lockutils [None req-2db26856-d53e-4539-aae1-49a644150e76 tempest-ServerActionsTestOtherB-1781992767 tempest-ServerActionsTestOtherB-1781992767-project-member] Lock "e4eb0c9c-b21a-4527-a3ef-668a4fd96d27" "released" by "nova.context.set_target_cell..get_or_set_cached_cell_and_set_connections" :: held 0.000s {{(pid=98838) inner /opt/stack/data/venv/lib/python3.12/site-packages/oslo_concurrency/lockutils.py:543}}
