Jul 05 03:28:02.138636 np0000004562 devstack@g-api.service[102845]: DEBUG glance.common.config [None req-9659b98a-1cf4-4a82-a71a-7fc49bde7888 None None] healthcheck.detailed = False {{(pid=102845) log_opt_values /opt/stack/data/venv/lib/python3.12/site-packages/oslo_config/cfg.py:3253}}
Jul 05 03:28:02.138724 np0000004562 devstack@g-api.service[102844]: DEBUG glance.common.config [None req-a891b068-6cf2-40ee-b2cc-4362c5862012 None None] database.synchronous_reader = True {{(pid=102844) log_opt_values /opt/stack/data/venv/lib/python3.12/site-packages/oslo_config/cfg.py:3253}}
Jul 05 03:28:02.138784 np0000004562 devstack@g-api.service[102846]: DEBUG glance.common.config [None req-885083bd-1620-4862-8fc4-2969a6e09808 None None] barbican_service_user.timeout = None {{(pid=102846) log_opt_values /opt/stack/data/venv/lib/python3.12/site-packages/oslo_config/cfg.py:3253}}
Jul 05 03:28:02.138870 np0000004562 devstack@g-api.service[102845]: DEBUG glance.common.config [None req-9659b98a-1cf4-4a82-a71a-7fc49bde7888 None None] healthcheck.disable_by_file_path = None {{(pid=102845) log_opt_values /opt/stack/data/venv/lib/python3.12/site-packages/oslo_config/cfg.py:3253}}
Jul 05 03:28:02.138911 np0000004562 devstack@g-api.service[102844]: DEBUG glance.common.config [None req-a891b068-6cf2-40ee-b2cc-4362c5862012 None None] database.use_db_reconnect = False {{(pid=102844) log_opt_values /opt/stack/data/venv/lib/python3.12/site-packages/oslo_config/cfg.py:3253}}
Jul 05 03:28:02.138949 np0000004562 devstack@g-api.service[102845]: DEBUG glance.common.config [None req-9659b98a-1cf4-4a82-a71a-7fc49bde7888 None None] healthcheck.ignore_proxied_requests = False {{(pid=102845) log_opt_values /opt/stack/data/venv/lib/python3.12/site-packages/oslo_config/cfg.py:3253}}
Jul 05 03:28:02.138985 np0000004562 devstack@g-api.service[102846]: DEBUG glance.common.config [None req-885083bd-1620-4862-8fc4-2969a6e09808 None None] database.asyncio_connection = **** {{(pid=102846) log_opt_values /opt/stack/data/venv/lib/python3.12/site-packages/oslo_config/cfg.py:3253}}
Jul 05 03:28:02.139030 np0000004562 devstack@g-api.service[102845]: DEBUG glance.common.config [None req-9659b98a-1cf4-4a82-a71a-7fc49bde7888 None None] ******************************************************************************** {{(pid=102845) log_opt_values /opt/stack/data/venv/lib/python3.12/site-packages/oslo_config/cfg.py:3260}}
Jul 05 03:28:02.139069 np0000004562 devstack@g-api.service[102844]: DEBUG glance.common.config [None req-a891b068-6cf2-40ee-b2cc-4362c5862012 None None] healthcheck.allowed_source_ranges = [] {{(pid=102844) log_opt_values /opt/stack/data/venv/lib/python3.12/site-packages/oslo_config/cfg.py:3253}}
Jul 05 03:28:02.139111 np0000004562 devstack@g-api.service[102846]: DEBUG glance.common.config [None req-885083bd-1620-4862-8fc4-2969a6e09808 None None] database.asyncio_slave_connection = **** {{(pid=102846) log_opt_values /opt/stack/data/venv/lib/python3.12/site-packages/oslo_config/cfg.py:3253}}
Jul 05 03:28:02.139154 np0000004562 devstack@g-api.service[102844]: DEBUG glance.common.config [None req-a891b068-6cf2-40ee-b2cc-4362c5862012 None None] healthcheck.backends = ['disable_by_file'] {{(pid=102844) log_opt_values /opt/stack/data/venv/lib/python3.12/site-packages/oslo_config/cfg.py:3253}}
Jul 05 03:28:02.139192 np0000004562 devstack@g-api.service[102845]: WSGI app 0 (mountpoint='') ready in 3 seconds on interpreter 0x701c5dea3668 pid: 102845 (default app)
Jul 05 03:28:02.139227 np0000004562 devstack@g-api.service[102846]: DEBUG glance.common.config [None req-885083bd-1620-4862-8fc4-2969a6e09808 None None] database.backend = sqlalchemy {{(pid=102846) log_opt_values /opt/stack/data/venv/lib/python3.12/site-packages/oslo_config/cfg.py:3253}}
Jul 05 03:28:02.139264 np0000004562 devstack@g-api.service[102844]: DEBUG glance.common.config [None req-a891b068-6cf2-40ee-b2cc-4362c5862012 None None] healthcheck.detailed = False {{(pid=102844) log_opt_values /opt/stack/data/venv/lib/python3.12/site-packages/oslo_config/cfg.py:3253}}
Jul 05 03:28:02.139307 np0000004562 devstack@g-api.service[102846]: DEBUG glance.common.config [None req-885083bd-1620-4862-8fc4-2969a6e09808 None None] database.connection = **** {{(pid=102846) log_opt_values /opt/stack/data/venv/lib/python3.12/site-packages/oslo_config/cfg.py:3253}}
Jul 05 03:28:02.139307 np0000004562 devstack@g-api.service[102846]: DEBUG glance.common.config [None req-885083bd-1620-4862-8fc4-2969a6e09808 None None] database.connection_debug = 0 {{(pid=102846) log_opt_values /opt/stack/data/venv/lib/python3.12/site-packages/oslo_config/cfg.py:3253}}
Jul 05 03:28:02.139393 np0000004562 devstack@g-api.service[102844]: DEBUG glance.common.config [None req-a891b068-6cf2-40ee-b2cc-4362c5862012 None None] healthcheck.disable_by_file_path = None {{(pid=102844) log_opt_values /opt/stack/data/venv/lib/python3.12/site-packages/oslo_config/cfg.py:3253}}
Jul 05 03:28:02.139437 np0000004562 devstack@g-api.service[102846]: DEBUG glance.common.config [None req-885083bd-1620-4862-8fc4-2969a6e09808 None None] database.connection_parameters = {{(pid=102846) log_opt_values /opt/stack/data/venv/lib/python3.12/site-packages/oslo_config/cfg.py:3253}}
Jul 05 03:28:02.139482 np0000004562 devstack@g-api.service[102844]: DEBUG glance.common.config [None req-a891b068-6cf2-40ee-b2cc-4362c5862012 None None] healthcheck.ignore_proxied_requests = False {{(pid=102844) log_opt_values /opt/stack/data/venv/lib/python3.12/site-packages/oslo_config/cfg.py:3253}}
Jul 05 03:28:02.139519 np0000004562 devstack@g-api.service[102846]: DEBUG glance.common.config [None req-885083bd-1620-4862-8fc4-2969a6e09808 None None] database.connection_recycle_time = 3600 {{(pid=102846) log_opt_values /opt/stack/data/venv/lib/python3.12/site-packages/oslo_config/cfg.py:3253}}
Jul 05 03:28:02.139556 np0000004562 devstack@g-api.service[102844]: DEBUG glance.common.config [None req-a891b068-6cf2-40ee-b2cc-4362c5862012 None None] ******************************************************************************** {{(pid=102844) log_opt_values /opt/stack/data/venv/lib/python3.12/site-packages/oslo_config/cfg.py:3260}}
Jul 05 03:28:02.139593 np0000004562 devstack@g-api.service[102846]: DEBUG glance.common.config [None req-885083bd-1620-4862-8fc4-2969a6e09808 None None] database.connection_trace = False {{(pid=102846) log_opt_values /opt/stack/data/venv/lib/python3.12/site-packages/oslo_config/cfg.py:3253}}
Jul 05 03:28:02.139629 np0000004562 devstack@g-api.service[102844]: WSGI app 0 (mountpoint='') ready in 3 seconds on interpreter 0x701c5dea3668 pid: 102844 (default app)
Jul 05 03:28:02.139676 np0000004562 devstack@g-api.service[102846]: DEBUG glance.common.config [None req-885083bd-1620-4862-8fc4-2969a6e09808 None None] database.db_inc_retry_interval = True {{(pid=102846) log_opt_values /opt/stack/data/venv/lib/python3.12/site-packages/oslo_config/cfg.py:3253}}
Jul 05 03:28:02.139676 np0000004562 devstack@g-api.service[102846]: DEBUG glance.common.config [None req-885083bd-1620-4862-8fc4-2969a6e09808 None None] database.db_max_retries = 20 {{(pid=102846) log_opt_values /opt/stack/data/venv/lib/python3.12/site-packages/oslo_config/cfg.py:3253}}
Jul 05 03:28:02.139676 np0000004562 devstack@g-api.service[102846]: DEBUG glance.common.config [None req-885083bd-1620-4862-8fc4-2969a6e09808 None None] database.db_max_retry_interval = 10 {{(pid=102846) log_opt_values /opt/stack/data/venv/lib/python3.12/site-packages/oslo_config/cfg.py:3253}}
Jul 05 03:28:02.139676 np0000004562 devstack@g-api.service[102846]: DEBUG glance.common.config [None req-885083bd-1620-4862-8fc4-2969a6e09808 None None] database.db_retry_interval = 1 {{(pid=102846) log_opt_values /opt/stack/data/venv/lib/python3.12/site-packages/oslo_config/cfg.py:3253}}
Jul 05 03:28:02.139676 np0000004562 devstack@g-api.service[102846]: DEBUG glance.common.config [None req-885083bd-1620-4862-8fc4-2969a6e09808 None None] database.max_overflow = 50 {{(pid=102846) log_opt_values /opt/stack/data/venv/lib/python3.12/site-packages/oslo_config/cfg.py:3253}}
Jul 05 03:28:02.139676 np0000004562 devstack@g-api.service[102846]: DEBUG glance.common.config [None req-885083bd-1620-4862-8fc4-2969a6e09808 None None] database.max_pool_size = 5 {{(pid=102846) log_opt_values /opt/stack/data/venv/lib/python3.12/site-packages/oslo_config/cfg.py:3253}}
Jul 05 03:28:02.139676 np0000004562 devstack@g-api.service[102846]: DEBUG glance.common.config [None req-885083bd-1620-4862-8fc4-2969a6e09808 None None] database.max_retries = 10 {{(pid=102846) log_opt_values /opt/stack/data/venv/lib/python3.12/site-packages/oslo_config/cfg.py:3253}}
Jul 05 03:28:02.140094 np0000004562 devstack@g-api.service[102846]: DEBUG glance.common.config [None req-885083bd-1620-4862-8fc4-2969a6e09808 None None] database.mysql_sql_mode = TRADITIONAL {{(pid=102846) log_opt_values /opt/stack/data/venv/lib/python3.12/site-packages/oslo_config/cfg.py:3253}}
Jul 05 03:28:02.140094 np0000004562 devstack@g-api.service[102846]: DEBUG glance.common.config [None req-885083bd-1620-4862-8fc4-2969a6e09808 None None] database.mysql_wsrep_sync_wait = None {{(pid=102846) log_opt_values /opt/stack/data/venv/lib/python3.12/site-packages/oslo_config/cfg.py:3253}}
Jul 05 03:28:02.140094 np0000004562 devstack@g-api.service[102846]: DEBUG glance.common.config [None req-885083bd-1620-4862-8fc4-2969a6e09808 None None] database.pool_timeout = None {{(pid=102846) log_opt_values /opt/stack/data/venv/lib/python3.12/site-packages/oslo_config/cfg.py:3253}}
Jul 05 03:28:02.140094 np0000004562 devstack@g-api.service[102846]: DEBUG glance.common.config [None req-885083bd-1620-4862-8fc4-2969a6e09808 None None] database.retry_interval = 10 {{(pid=102846) log_opt_values /opt/stack/data/venv/lib/python3.12/site-packages/oslo_config/cfg.py:3253}}
Jul 05 03:28:02.140094 np0000004562 devstack@g-api.service[102846]: DEBUG glance.common.config [None req-885083bd-1620-4862-8fc4-2969a6e09808 None None] database.slave_connection = **** {{(pid=102846) log_opt_values /opt/stack/data/venv/lib/python3.12/site-packages/oslo_config/cfg.py:3253}}
Jul 05 03:28:02.140094 np0000004562 devstack@g-api.service[102846]: DEBUG glance.common.config [None req-885083bd-1620-4862-8fc4-2969a6e09808 None None] database.sqlite_synchronous = True {{(pid=102846) log_opt_values /opt/stack/data/venv/lib/python3.12/site-packages/oslo_config/cfg.py:3253}}
Jul 05 03:28:02.140094 np0000004562 devstack@g-api.service[102846]: DEBUG glance.common.config [None req-885083bd-1620-4862-8fc4-2969a6e09808 None None] database.synchronous_reader = True {{(pid=102846) log_opt_values /opt/stack/data/venv/lib/python3.12/site-packages/oslo_config/cfg.py:3253}}
Jul 05 03:28:02.140562 np0000004562 devstack@g-api.service[102846]: DEBUG glance.common.config [None req-885083bd-1620-4862-8fc4-2969a6e09808 None None] database.use_db_reconnect = False {{(pid=102846) log_opt_values /opt/stack/data/venv/lib/python3.12/site-packages/oslo_config/cfg.py:3253}}
Jul 05 03:28:02.140562 np0000004562 devstack@g-api.service[102846]: DEBUG glance.common.config [None req-885083bd-1620-4862-8fc4-2969a6e09808 None None] healthcheck.allowed_source_ranges = [] {{(pid=102846) log_opt_values /opt/stack/data/venv/lib/python3.12/site-packages/oslo_config/cfg.py:3253}}
Jul 05 03:28:02.140562 np0000004562 devstack@g-api.service[102846]: DEBUG glance.common.config [None req-885083bd-1620-4862-8fc4-2969a6e09808 None None] healthcheck.backends = ['disable_by_file'] {{(pid=102846) log_opt_values /opt/stack/data/venv/lib/python3.12/site-packages/oslo_config/cfg.py:3253}}
Jul 05 03:28:02.140562 np0000004562 devstack@g-api.service[102846]: DEBUG glance.common.config [None req-885083bd-1620-4862-8fc4-2969a6e09808 None None] healthcheck.detailed = False {{(pid=102846) log_opt_values /opt/stack/data/venv/lib/python3.12/site-packages/oslo_config/cfg.py:3253}}
Jul 05 03:28:02.140562 np0000004562 devstack@g-api.service[102846]: DEBUG glance.common.config [None req-885083bd-1620-4862-8fc4-2969a6e09808 None None] healthcheck.disable_by_file_path = None {{(pid=102846) log_opt_values /opt/stack/data/venv/lib/python3.12/site-packages/oslo_config/cfg.py:3253}}
Jul 05 03:28:02.140562 np0000004562 devstack@g-api.service[102846]: DEBUG glance.common.config [None req-885083bd-1620-4862-8fc4-2969a6e09808 None None] healthcheck.ignore_proxied_requests = False {{(pid=102846) log_opt_values /opt/stack/data/venv/lib/python3.12/site-packages/oslo_config/cfg.py:3253}}
Jul 05 03:28:02.140562 np0000004562 devstack@g-api.service[102846]: DEBUG glance.common.config [None req-885083bd-1620-4862-8fc4-2969a6e09808 None None] ******************************************************************************** {{(pid=102846) log_opt_values /opt/stack/data/venv/lib/python3.12/site-packages/oslo_config/cfg.py:3260}}
Jul 05 03:28:02.141094 np0000004562 devstack@g-api.service[102846]: WSGI app 0 (mountpoint='') ready in 3 seconds on interpreter 0x701c5dea3668 pid: 102846 (default app)
Jul 05 03:28:04.199640 np0000004562 devstack@g-api.service[102843]: DEBUG glance.api.middleware.version_negotiation [None req-f654752f-720f-46bc-a445-f4f4ded1ef02 None None] Determining version of request: GET / Accept: application/json {{(pid=102843) process_request /opt/stack/glance/glance/api/middleware/version_negotiation.py:44}}
Jul 05 03:28:04.200113 np0000004562 devstack@g-api.service[102843]: DEBUG glance.api.middleware.version_negotiation [None req-f654752f-720f-46bc-a445-f4f4ded1ef02 None None] Using url versioning {{(pid=102843) process_request /opt/stack/glance/glance/api/middleware/version_negotiation.py:57}}
Jul 05 03:28:04.200113 np0000004562 devstack@g-api.service[102843]: DEBUG glance.api.middleware.version_negotiation [None req-f654752f-720f-46bc-a445-f4f4ded1ef02 None None] Unknown version. Returning version choices. {{(pid=102843) process_request /opt/stack/glance/glance/api/middleware/version_negotiation.py:64}}
Jul 05 03:28:04.200588 np0000004562 devstack@g-api.service[102843]: [pid: 102843|app: 0|req: 2/2] 127.0.0.1 () {36 vars in 573 bytes} [Sun Jul 5 03:28:04 2026] GET / => generated 1515 bytes in 1 msecs (HTTP/1.1 300) 3 headers in 106 bytes (1 switches on core 0)
Jul 05 03:28:04.211693 np0000004562 devstack@g-api.service[102845]: DEBUG glance.api.middleware.version_negotiation [None req-9659b98a-1cf4-4a82-a71a-7fc49bde7888 None None] Determining version of request: POST /v2/images Accept: */* {{(pid=102845) process_request /opt/stack/glance/glance/api/middleware/version_negotiation.py:44}}
Jul 05 03:28:04.212058 np0000004562 devstack@g-api.service[102845]: DEBUG glance.api.middleware.version_negotiation [None req-9659b98a-1cf4-4a82-a71a-7fc49bde7888 None None] Using url versioning {{(pid=102845) process_request /opt/stack/glance/glance/api/middleware/version_negotiation.py:57}}
Jul 05 03:28:04.212312 np0000004562 devstack@g-api.service[102845]: DEBUG glance.api.middleware.version_negotiation [None req-9659b98a-1cf4-4a82-a71a-7fc49bde7888 None None] Matched version: v2 {{(pid=102845) process_request /opt/stack/glance/glance/api/middleware/version_negotiation.py:69}}
Jul 05 03:28:04.212451 np0000004562 devstack@g-api.service[102845]: DEBUG glance.api.middleware.version_negotiation [None req-9659b98a-1cf4-4a82-a71a-7fc49bde7888 None None] new path /v2/images {{(pid=102845) process_request /opt/stack/glance/glance/api/middleware/version_negotiation.py:70}}
Jul 05 03:28:05.285627 np0000004562 devstack@g-api.service[102845]: [pid: 102845|app: 0|req: 1/3] 127.0.0.1 () {42 vars in 836 bytes} [Sun Jul 5 03:28:04 2026] POST /v2/images => generated 807 bytes in 1074 msecs (HTTP/1.1 201) 6 headers in 315 bytes (1 switches on core 0)
Jul 05 03:28:05.295385 np0000004562 devstack@g-api.service[102844]: DEBUG glance.api.middleware.version_negotiation [None req-a891b068-6cf2-40ee-b2cc-4362c5862012 None None] Determining version of request: PUT /v2/images/6af59d85-f6fe-4e87-b5c6-68ebb4baf7c6/stage Accept: {{(pid=102844) process_request /opt/stack/glance/glance/api/middleware/version_negotiation.py:44}}
Jul 05 03:28:05.295817 np0000004562 devstack@g-api.service[102844]: DEBUG glance.api.middleware.version_negotiation [None req-a891b068-6cf2-40ee-b2cc-4362c5862012 None None] Using url versioning {{(pid=102844) process_request /opt/stack/glance/glance/api/middleware/version_negotiation.py:57}}
Jul 05 03:28:05.296237 np0000004562 devstack@g-api.service[102844]: DEBUG glance.api.middleware.version_negotiation [None req-a891b068-6cf2-40ee-b2cc-4362c5862012 None None] Matched version: v2 {{(pid=102844) process_request /opt/stack/glance/glance/api/middleware/version_negotiation.py:69}}
Jul 05 03:28:05.296408 np0000004562 devstack@g-api.service[102844]: DEBUG glance.api.middleware.version_negotiation [None req-a891b068-6cf2-40ee-b2cc-4362c5862012 None None] new path /v2/images/6af59d85-f6fe-4e87-b5c6-68ebb4baf7c6/stage {{(pid=102844) process_request /opt/stack/glance/glance/api/middleware/version_negotiation.py:70}}
Jul 05 03:28:05.960918 np0000004562 devstack@g-api.service[102844]: DEBUG glance_store.backend [None req-e3d421d6-6b58-426d-89ca-91664a9517a7 admin admin] Attempting to import store cinder {{(pid=102844) _load_store /opt/stack/data/venv/lib/python3.12/site-packages/glance_store/backend.py:215}}
Jul 05 03:28:05.961055 np0000004562 devstack@g-api.service[102844]: DEBUG glance_store.backend [None req-e3d421d6-6b58-426d-89ca-91664a9517a7 admin admin] Attempting to import store file {{(pid=102844) _load_store /opt/stack/data/venv/lib/python3.12/site-packages/glance_store/backend.py:215}}
Jul 05 03:28:05.961126 np0000004562 devstack@g-api.service[102844]: DEBUG glance_store.backend [None req-e3d421d6-6b58-426d-89ca-91664a9517a7 admin admin] Attempting to import store glance.store.cinder.Store {{(pid=102844) _load_store /opt/stack/data/venv/lib/python3.12/site-packages/glance_store/backend.py:215}}
Jul 05 03:28:05.961261 np0000004562 devstack@g-api.service[102844]: DEBUG glance_store.backend [None req-e3d421d6-6b58-426d-89ca-91664a9517a7 admin admin] Attempting to import store glance.store.filesystem.Store {{(pid=102844) _load_store /opt/stack/data/venv/lib/python3.12/site-packages/glance_store/backend.py:215}}
Jul 05 03:28:05.961379 np0000004562 devstack@g-api.service[102844]: DEBUG glance_store.backend [None req-e3d421d6-6b58-426d-89ca-91664a9517a7 admin admin] Attempting to import store glance.store.http.Store {{(pid=102844) _load_store /opt/stack/data/venv/lib/python3.12/site-packages/glance_store/backend.py:215}}
Jul 05 03:28:05.961501 np0000004562 devstack@g-api.service[102844]: DEBUG glance_store.backend [None req-e3d421d6-6b58-426d-89ca-91664a9517a7 admin admin] Attempting to import store glance.store.rbd.Store {{(pid=102844) _load_store /opt/stack/data/venv/lib/python3.12/site-packages/glance_store/backend.py:215}}
Jul 05 03:28:05.961649 np0000004562 devstack@g-api.service[102844]: DEBUG glance_store.backend [None req-e3d421d6-6b58-426d-89ca-91664a9517a7 admin admin] Attempting to import store glance.store.s3.Store {{(pid=102844) _load_store /opt/stack/data/venv/lib/python3.12/site-packages/glance_store/backend.py:215}}
Jul 05 03:28:05.961799 np0000004562 devstack@g-api.service[102844]: DEBUG glance_store.backend [None req-e3d421d6-6b58-426d-89ca-91664a9517a7 admin admin] Attempting to import store glance.store.swift.Store {{(pid=102844) _load_store /opt/stack/data/venv/lib/python3.12/site-packages/glance_store/backend.py:215}}
Jul 05 03:28:05.961938 np0000004562 devstack@g-api.service[102844]: DEBUG glance_store.backend [None req-e3d421d6-6b58-426d-89ca-91664a9517a7 admin admin] Attempting to import store glance.store.vmware_datastore.Store {{(pid=102844) _load_store /opt/stack/data/venv/lib/python3.12/site-packages/glance_store/backend.py:215}}
Jul 05 03:28:05.962075 np0000004562 devstack@g-api.service[102844]: DEBUG glance_store.backend [None req-e3d421d6-6b58-426d-89ca-91664a9517a7 admin admin] Attempting to import store http {{(pid=102844) _load_store /opt/stack/data/venv/lib/python3.12/site-packages/glance_store/backend.py:215}}
Jul 05 03:28:05.962205 np0000004562 devstack@g-api.service[102844]: DEBUG glance_store.backend [None req-e3d421d6-6b58-426d-89ca-91664a9517a7 admin admin] Attempting to import store no_conf {{(pid=102844) _load_store /opt/stack/data/venv/lib/python3.12/site-packages/glance_store/backend.py:215}}
Jul 05 03:28:05.962347 np0000004562 devstack@g-api.service[102844]: DEBUG glance_store.backend [None req-e3d421d6-6b58-426d-89ca-91664a9517a7 admin admin] Attempting to import store rbd {{(pid=102844) _load_store /opt/stack/data/venv/lib/python3.12/site-packages/glance_store/backend.py:215}}
Jul 05 03:28:05.962474 np0000004562 devstack@g-api.service[102844]: DEBUG glance_store.backend [None req-e3d421d6-6b58-426d-89ca-91664a9517a7 admin admin] Attempting to import store s3 {{(pid=102844) _load_store /opt/stack/data/venv/lib/python3.12/site-packages/glance_store/backend.py:215}}
Jul 05 03:28:05.962608 np0000004562 devstack@g-api.service[102844]: DEBUG glance_store.backend [None req-e3d421d6-6b58-426d-89ca-91664a9517a7 admin admin] Attempting to import store swift {{(pid=102844) _load_store /opt/stack/data/venv/lib/python3.12/site-packages/glance_store/backend.py:215}}
Jul 05 03:28:05.962759 np0000004562 devstack@g-api.service[102844]: DEBUG glance_store.backend [None req-e3d421d6-6b58-426d-89ca-91664a9517a7 admin admin] Attempting to import store vmware {{(pid=102844) _load_store /opt/stack/data/venv/lib/python3.12/site-packages/glance_store/backend.py:215}}
Jul 05 03:28:05.962897 np0000004562 devstack@g-api.service[102844]: DEBUG glance_store.backend [None req-e3d421d6-6b58-426d-89ca-91664a9517a7 admin admin] Registering options for group glance_store {{(pid=102844) register_opts /opt/stack/data/venv/lib/python3.12/site-packages/glance_store/backend.py:144}}
Jul 05 03:28:05.963043 np0000004562 devstack@g-api.service[102844]: DEBUG glance_store.backend [None req-e3d421d6-6b58-426d-89ca-91664a9517a7 admin admin] Registering options for group glance_store {{(pid=102844) register_opts /opt/stack/data/venv/lib/python3.12/site-packages/glance_store/backend.py:144}}
Jul 05 03:28:05.963551 np0000004562 devstack@g-api.service[102844]: DEBUG glance_store.backend [None req-e3d421d6-6b58-426d-89ca-91664a9517a7 admin admin] Attempting to import store file {{(pid=102844) _load_store /opt/stack/data/venv/lib/python3.12/site-packages/glance_store/backend.py:215}}
Jul 05 03:28:05.963939 np0000004562 devstack@g-api.service[102844]: INFO glance_store._drivers.filesystem [None req-e3d421d6-6b58-426d-89ca-91664a9517a7 admin admin] Directory to write image files does not exist (/tmp/staging/). Creating.
Jul 05 03:28:05.964172 np0000004562 devstack@g-api.service[102844]: DEBUG glance_store.capabilities [None req-e3d421d6-6b58-426d-89ca-91664a9517a7 admin admin] Store glance_store._drivers.filesystem.Store doesn't support updating dynamic storage capabilities. Please overwrite 'update_capabilities' method of the store to implement updating logics if needed. {{(pid=102844) update_capabilities /opt/stack/data/venv/lib/python3.12/site-packages/glance_store/capabilities.py:91}}
Jul 05 03:28:06.581893 np0000004562 devstack@g-api.service[102844]: DEBUG glance_store._drivers.filesystem [None req-e3d421d6-6b58-426d-89ca-91664a9517a7 admin admin] Wrote 21430272 bytes to /tmp/staging/6af59d85-f6fe-4e87-b5c6-68ebb4baf7c6 with checksum c8fc807773e5354afe61636071771906 and multihash c8fc807773e5354afe61636071771906 {{(pid=102844) add /opt/stack/data/venv/lib/python3.12/site-packages/glance_store/_drivers/filesystem.py:899}}
Jul 05 03:28:06.601261 np0000004562 devstack@g-api.service[102844]: [pid: 102844|app: 0|req: 1/4] 127.0.0.1 () {42 vars in 931 bytes} [Sun Jul 5 03:28:05 2026] PUT /v2/images/6af59d85-f6fe-4e87-b5c6-68ebb4baf7c6/stage => generated 0 bytes in 1306 msecs (HTTP/1.1 204) 4 headers in 171 bytes (1 switches on core 0)
Jul 05 03:28:06.609698 np0000004562 devstack@g-api.service[102846]: DEBUG glance.api.middleware.version_negotiation [None req-885083bd-1620-4862-8fc4-2969a6e09808 None None] Determining version of request: POST /v2/images/6af59d85-f6fe-4e87-b5c6-68ebb4baf7c6/import Accept: */* {{(pid=102846) process_request /opt/stack/glance/glance/api/middleware/version_negotiation.py:44}}
Jul 05 03:28:06.609978 np0000004562 devstack@g-api.service[102846]: DEBUG glance.api.middleware.version_negotiation [None req-885083bd-1620-4862-8fc4-2969a6e09808 None None] Using url versioning {{(pid=102846) process_request /opt/stack/glance/glance/api/middleware/version_negotiation.py:57}}
Jul 05 03:28:06.610287 np0000004562 devstack@g-api.service[102846]: DEBUG glance.api.middleware.version_negotiation [None req-885083bd-1620-4862-8fc4-2969a6e09808 None None] Matched version: v2 {{(pid=102846) process_request /opt/stack/glance/glance/api/middleware/version_negotiation.py:69}}
Jul 05 03:28:06.610394 np0000004562 devstack@g-api.service[102846]: DEBUG glance.api.middleware.version_negotiation [None req-885083bd-1620-4862-8fc4-2969a6e09808 None None] new path /v2/images/6af59d85-f6fe-4e87-b5c6-68ebb4baf7c6/import {{(pid=102846) process_request /opt/stack/glance/glance/api/middleware/version_negotiation.py:70}}
Jul 05 03:28:07.274600 np0000004562 devstack@g-api.service[102846]: DEBUG glance.domain [None req-2af19ad2-6d7c-4ae0-befd-fcfef482be1e admin admin] Loading taskflow executor {{(pid=102846) new_task_executor /opt/stack/glance/glance/domain/__init__.py:515}}
Jul 05 03:28:07.449802 np0000004562 devstack@g-api.service[102846]: DEBUG oslo_concurrency.lockutils [None req-2af19ad2-6d7c-4ae0-befd-fcfef482be1e admin admin] Acquiring lock "tasks_pool" by "glance.api.common.memoize..memoizer_wrapper..memoizer" {{(pid=102846) inner /opt/stack/data/venv/lib/python3.12/site-packages/oslo_concurrency/lockutils.py:511}}
Jul 05 03:28:07.449910 np0000004562 devstack@g-api.service[102846]: DEBUG oslo_concurrency.lockutils [None req-2af19ad2-6d7c-4ae0-befd-fcfef482be1e admin admin] Lock "tasks_pool" acquired by "glance.api.common.memoize..memoizer_wrapper..memoizer" :: waited 0.001s {{(pid=102846) inner /opt/stack/data/venv/lib/python3.12/site-packages/oslo_concurrency/lockutils.py:524}}
Jul 05 03:28:07.450302 np0000004562 devstack@g-api.service[102846]: DEBUG glance.api.common [None req-2af19ad2-6d7c-4ae0-befd-fcfef482be1e admin admin] Initializing named threadpool 'tasks_pool' {{(pid=102846) _get_thread_pool /opt/stack/glance/glance/api/common.py:242}}
Jul 05 03:28:07.450793 np0000004562 devstack@g-api.service[102846]: DEBUG glance.async_ [None req-2af19ad2-6d7c-4ae0-befd-fcfef482be1e admin admin] Creating threadpool model 'ThreadPoolExecutor' with size 16 {{(pid=102846) __init__ /opt/stack/glance/glance/async_/__init__.py:100}}
Jul 05 03:28:07.450948 np0000004562 devstack@g-api.service[102846]: DEBUG oslo_concurrency.lockutils [None req-2af19ad2-6d7c-4ae0-befd-fcfef482be1e admin admin] Lock "tasks_pool" "released" by "glance.api.common.memoize..memoizer_wrapper..memoizer" :: held 0.001s {{(pid=102846) inner /opt/stack/data/venv/lib/python3.12/site-packages/oslo_concurrency/lockutils.py:543}}
Jul 05 03:28:07.451096 np0000004562 devstack@g-api.service[102846]: DEBUG glance.async_ [None req-2af19ad2-6d7c-4ae0-befd-fcfef482be1e admin admin] Spawning with ThreadPoolExecutor: >((,), {}) {{(pid=102846) spawn /opt/stack/glance/glance/async_/__init__.py:106}}
Jul 05 03:28:07.453674 np0000004562 devstack@g-api.service[102846]: [pid: 102846|app: 0|req: 1/5] 127.0.0.1 () {42 vars in 923 bytes} [Sun Jul 5 03:28:06 2026] POST /v2/images/6af59d85-f6fe-4e87-b5c6-68ebb4baf7c6/import => generated 0 bytes in 844 msecs (HTTP/1.1 202) 4 headers in 169 bytes (1 switches on core 0)
Jul 05 03:28:07.456863 np0000004562 devstack@g-api.service[102846]: INFO glance.domain [-] Task [0137ab04-9f2a-4de3-afdc-5f62d98b6b61] status changing from pending to processing
Jul 05 03:28:07.463225 np0000004562 devstack@g-api.service[102843]: DEBUG glance.api.middleware.version_negotiation [None req-f654752f-720f-46bc-a445-f4f4ded1ef02 None None] Determining version of request: GET /v2/images/6af59d85-f6fe-4e87-b5c6-68ebb4baf7c6 Accept: */* {{(pid=102843) process_request /opt/stack/glance/glance/api/middleware/version_negotiation.py:44}}
Jul 05 03:28:07.463675 np0000004562 devstack@g-api.service[102843]: DEBUG glance.api.middleware.version_negotiation [None req-f654752f-720f-46bc-a445-f4f4ded1ef02 None None] Using url versioning {{(pid=102843) process_request /opt/stack/glance/glance/api/middleware/version_negotiation.py:57}}
Jul 05 03:28:07.463675 np0000004562 devstack@g-api.service[102843]: DEBUG glance.api.middleware.version_negotiation [None req-f654752f-720f-46bc-a445-f4f4ded1ef02 None None] Matched version: v2 {{(pid=102843) process_request /opt/stack/glance/glance/api/middleware/version_negotiation.py:69}}
Jul 05 03:28:07.463798 np0000004562 devstack@g-api.service[102843]: DEBUG glance.api.middleware.version_negotiation [None req-f654752f-720f-46bc-a445-f4f4ded1ef02 None None] new path /v2/images/6af59d85-f6fe-4e87-b5c6-68ebb4baf7c6 {{(pid=102843) process_request /opt/stack/glance/glance/api/middleware/version_negotiation.py:70}}
Jul 05 03:28:07.473048 np0000004562 devstack@g-api.service[102846]: DEBUG glance.async_.taskflow_executor [-] Taskflow executor picked up the execution of task ID 0137ab04-9f2a-4de3-afdc-5f62d98b6b61 of task type api_image_import {{(pid=102846) _run /opt/stack/glance/glance/async_/taskflow_executor.py:175}}
Jul 05 03:28:07.502225 np0000004562 devstack@g-api.service[102846]: DEBUG glance_store.backend [-] Attempting to import store cinder {{(pid=102846) _load_store /opt/stack/data/venv/lib/python3.12/site-packages/glance_store/backend.py:215}}
Jul 05 03:28:07.502420 np0000004562 devstack@g-api.service[102846]: DEBUG glance_store.backend [-] Attempting to import store file {{(pid=102846) _load_store /opt/stack/data/venv/lib/python3.12/site-packages/glance_store/backend.py:215}}
Jul 05 03:28:07.502489 np0000004562 devstack@g-api.service[102846]: DEBUG glance_store.backend [-] Attempting to import store glance.store.cinder.Store {{(pid=102846) _load_store /opt/stack/data/venv/lib/python3.12/site-packages/glance_store/backend.py:215}}
Jul 05 03:28:07.502607 np0000004562 devstack@g-api.service[102846]: DEBUG glance_store.backend [-] Attempting to import store glance.store.filesystem.Store {{(pid=102846) _load_store /opt/stack/data/venv/lib/python3.12/site-packages/glance_store/backend.py:215}}
Jul 05 03:28:07.502749 np0000004562 devstack@g-api.service[102846]: DEBUG glance_store.backend [-] Attempting to import store glance.store.http.Store {{(pid=102846) _load_store /opt/stack/data/venv/lib/python3.12/site-packages/glance_store/backend.py:215}}
Jul 05 03:28:07.502880 np0000004562 devstack@g-api.service[102846]: DEBUG glance_store.backend [-] Attempting to import store glance.store.rbd.Store {{(pid=102846) _load_store /opt/stack/data/venv/lib/python3.12/site-packages/glance_store/backend.py:215}}
Jul 05 03:28:07.503002 np0000004562 devstack@g-api.service[102846]: DEBUG glance_store.backend [-] Attempting to import store glance.store.s3.Store {{(pid=102846) _load_store /opt/stack/data/venv/lib/python3.12/site-packages/glance_store/backend.py:215}}
Jul 05 03:28:07.503128 np0000004562 devstack@g-api.service[102846]: DEBUG glance_store.backend [-] Attempting to import store glance.store.swift.Store {{(pid=102846) _load_store /opt/stack/data/venv/lib/python3.12/site-packages/glance_store/backend.py:215}}
Jul 05 03:28:07.503258 np0000004562 devstack@g-api.service[102846]: DEBUG glance_store.backend [-] Attempting to import store glance.store.vmware_datastore.Store {{(pid=102846) _load_store /opt/stack/data/venv/lib/python3.12/site-packages/glance_store/backend.py:215}}
Jul 05 03:28:07.503405 np0000004562 devstack@g-api.service[102846]: DEBUG glance_store.backend [-] Attempting to import store http {{(pid=102846) _load_store /opt/stack/data/venv/lib/python3.12/site-packages/glance_store/backend.py:215}}
Jul 05 03:28:07.503524 np0000004562 devstack@g-api.service[102846]: DEBUG glance_store.backend [-] Attempting to import store no_conf {{(pid=102846) _load_store /opt/stack/data/venv/lib/python3.12/site-packages/glance_store/backend.py:215}}
Jul 05 03:28:07.503654 np0000004562 devstack@g-api.service[102846]: DEBUG glance_store.backend [-] Attempting to import store rbd {{(pid=102846) _load_store /opt/stack/data/venv/lib/python3.12/site-packages/glance_store/backend.py:215}}
Jul 05 03:28:07.503789 np0000004562 devstack@g-api.service[102846]: DEBUG glance_store.backend [-] Attempting to import store s3 {{(pid=102846) _load_store /opt/stack/data/venv/lib/python3.12/site-packages/glance_store/backend.py:215}}
Jul 05 03:28:07.503917 np0000004562 devstack@g-api.service[102846]: DEBUG glance_store.backend [-] Attempting to import store swift {{(pid=102846) _load_store /opt/stack/data/venv/lib/python3.12/site-packages/glance_store/backend.py:215}}
Jul 05 03:28:07.504043 np0000004562 devstack@g-api.service[102846]: DEBUG glance_store.backend [-] Attempting to import store vmware {{(pid=102846) _load_store /opt/stack/data/venv/lib/python3.12/site-packages/glance_store/backend.py:215}}
Jul 05 03:28:07.504169 np0000004562 devstack@g-api.service[102846]: DEBUG glance_store.backend [-] Registering options for group glance_store {{(pid=102846) register_opts /opt/stack/data/venv/lib/python3.12/site-packages/glance_store/backend.py:144}}
Jul 05 03:28:07.504296 np0000004562 devstack@g-api.service[102846]: DEBUG glance_store.backend [-] Registering options for group glance_store {{(pid=102846) register_opts /opt/stack/data/venv/lib/python3.12/site-packages/glance_store/backend.py:144}}
Jul 05 03:28:07.504802 np0000004562 devstack@g-api.service[102846]: DEBUG glance_store.backend [-] Attempting to import store file {{(pid=102846) _load_store /opt/stack/data/venv/lib/python3.12/site-packages/glance_store/backend.py:215}}
Jul 05 03:28:07.505348 np0000004562 devstack@g-api.service[102846]: DEBUG glance_store.capabilities [-] Store glance_store._drivers.filesystem.Store doesn't support updating dynamic storage capabilities. Please overwrite 'update_capabilities' method of the store to implement updating logics if needed. {{(pid=102846) update_capabilities /opt/stack/data/venv/lib/python3.12/site-packages/glance_store/capabilities.py:91}}
Jul 05 03:28:07.505501 np0000004562 devstack@g-api.service[102843]: [pid: 102843|app: 0|req: 3/6] 127.0.0.1 () {38 vars in 856 bytes} [Sun Jul 5 03:28:07 2026] GET /v2/images/6af59d85-f6fe-4e87-b5c6-68ebb4baf7c6 => generated 879 bytes in 42 msecs (HTTP/1.1 200) 4 headers in 157 bytes (1 switches on core 0)
Jul 05 03:28:07.515570 np0000004562 devstack@g-api.service[102846]: DEBUG glance.async_.flows.api_image_import [-] Image 6af59d85-f6fe-4e87-b5c6-68ebb4baf7c6 os_glance_importing_to_stores= {{(pid=102846) merge_store_list /opt/stack/glance/glance/async_/flows/api_image_import.py:297}}
Jul 05 03:28:07.515757 np0000004562 devstack@g-api.service[102846]: DEBUG glance.async_.flows.api_image_import [-] Image 6af59d85-f6fe-4e87-b5c6-68ebb4baf7c6 os_glance_failed_import= {{(pid=102846) merge_store_list /opt/stack/glance/glance/async_/flows/api_image_import.py:297}}
Jul 05 03:28:07.523644 np0000004562 devstack@g-api.service[102846]: DEBUG glance.async_.flows.api_image_import [-] Image 6af59d85-f6fe-4e87-b5c6-68ebb4baf7c6 status changing from uploading to importing {{(pid=102846) __exit__ /opt/stack/glance/glance/async_/flows/api_image_import.py:184}}
Jul 05 03:28:08.094295 np0000004562 devstack@g-api.service[102846]: DEBUG glance.async_ [-] Creating threadpool model 'ThreadPoolExecutor' with size 10 {{(pid=102846) __init__ /opt/stack/glance/glance/async_/__init__.py:100}}
Jul 05 03:28:08.111257 np0000004562 devstack@g-api.service[102846]: DEBUG glance.async_.taskflow_executor [-] Flow 'api_image_import' (9b77c328-196e-40d9-a593-64cffdaa3a5a) transitioned into state 'RUNNING' from state 'PENDING' {{(pid=102846) _flow_receiver /opt/stack/data/venv/lib/python3.12/site-packages/taskflow/listeners/logging.py:160}}
Jul 05 03:28:08.113433 np0000004562 devstack@g-api.service[102846]: DEBUG glance.async_.taskflow_executor [-] Task 'api_image_import-ImageLock-0137ab04-9f2a-4de3-afdc-5f62d98b6b61' (f49c1a4f-3973-4968-a8b7-4bfb18e1ebeb) transitioned into state 'RUNNING' from state 'PENDING' {{(pid=102846) _task_receiver /opt/stack/data/venv/lib/python3.12/site-packages/taskflow/listeners/logging.py:242}}
Jul 05 03:28:08.120506 np0000004562 devstack@g-api.service[102846]: DEBUG glance.async_.flows.api_image_import [-] Image 6af59d85-f6fe-4e87-b5c6-68ebb4baf7c6 import task 0137ab04-9f2a-4de3-afdc-5f62d98b6b61 lock confirmed {{(pid=102846) execute /opt/stack/glance/glance/async_/flows/api_image_import.py:497}}
Jul 05 03:28:08.121533 np0000004562 devstack@g-api.service[102846]: DEBUG glance.async_.taskflow_executor [-] Task 'api_image_import-ImageLock-0137ab04-9f2a-4de3-afdc-5f62d98b6b61' (f49c1a4f-3973-4968-a8b7-4bfb18e1ebeb) transitioned into state 'SUCCESS' from state 'RUNNING' with result 'None' {{(pid=102846) _task_receiver /opt/stack/data/venv/lib/python3.12/site-packages/taskflow/listeners/logging.py:218}}
Jul 05 03:28:08.122400 np0000004562 devstack@g-api.service[102846]: DEBUG glance.async_.taskflow_executor [-] Task 'api_image_import-ConfigureStaging-0137ab04-9f2a-4de3-afdc-5f62d98b6b61' (4dd6d5c1-de5c-4742-b325-1eb11286364a) transitioned into state 'RUNNING' from state 'PENDING' {{(pid=102846) _task_receiver /opt/stack/data/venv/lib/python3.12/site-packages/taskflow/listeners/logging.py:242}}
Jul 05 03:28:08.123186 np0000004562 devstack@g-api.service[102846]: DEBUG glance.async_.taskflow_executor [-] Task 'api_image_import-ConfigureStaging-0137ab04-9f2a-4de3-afdc-5f62d98b6b61' (4dd6d5c1-de5c-4742-b325-1eb11286364a) transitioned into state 'SUCCESS' from state 'RUNNING' with result 'file:///tmp/staging/6af59d85-f6fe-4e87-b5c6-68ebb4baf7c6' {{(pid=102846) _task_receiver /opt/stack/data/venv/lib/python3.12/site-packages/taskflow/listeners/logging.py:218}}
Jul 05 03:28:08.123940 np0000004562 devstack@g-api.service[102846]: DEBUG glance.async_.taskflow_executor [-] Task 'api_image_import--ImportToStore-0137ab04-9f2a-4de3-afdc-5f62d98b6b61' (e4496e5b-de0f-463c-9c84-d47530639f04) transitioned into state 'RUNNING' from state 'PENDING' {{(pid=102846) _task_receiver /opt/stack/data/venv/lib/python3.12/site-packages/taskflow/listeners/logging.py:242}}
Jul 05 03:28:08.129378 np0000004562 devstack@g-api.service[102846]: INFO glance.common.scripts.image_import.main [-] Task 0137ab04-9f2a-4de3-afdc-5f62d98b6b61: Got image data uri file:///tmp/staging/6af59d85-f6fe-4e87-b5c6-68ebb4baf7c6 to be imported
Jul 05 03:28:08.130669 np0000004562 devstack@g-api.service[102846]: DEBUG glance.location [-] Enabling in-flight format inspection for qcow2 {{(pid=102846) set_data /opt/stack/glance/glance/location.py:596}}
Jul 05 03:28:08.131019 np0000004562 devstack@g-api.service[102846]: DEBUG glance_store.backend [-] Attempting to import store swift {{(pid=102846) _load_store /opt/stack/data/venv/lib/python3.12/site-packages/glance_store/backend.py:215}}
Jul 05 03:28:08.132215 np0000004562 devstack@g-api.service[102846]: DEBUG glance_store.capabilities [-] Store glance_store._drivers.swift.store.SingleTenantStore doesn't support updating dynamic storage capabilities. Please overwrite 'update_capabilities' method of the store to implement updating logics if needed. {{(pid=102846) update_capabilities /opt/stack/data/venv/lib/python3.12/site-packages/glance_store/capabilities.py:91}}
Jul 05 03:28:08.132270 np0000004562 devstack@g-api.service[102846]: DEBUG glance_store.driver [-] Late loading location class glance_store._drivers.swift.store.StoreLocation {{(pid=102846) get_store_location_class /opt/stack/data/venv/lib/python3.12/site-packages/glance_store/driver.py:134}}
Jul 05 03:28:08.132357 np0000004562 devstack@g-api.service[102846]: DEBUG glance_store.location [-] Registering scheme swift+https with {'store': , 'location_class': , 'store_entry': 'swift'} {{(pid=102846) register_scheme_map /opt/stack/data/venv/lib/python3.12/site-packages/glance_store/location.py:146}}
Jul 05 03:28:08.132433 np0000004562 devstack@g-api.service[102846]: DEBUG glance_store.location [-] Registering scheme swift+https with {'store': , 'location_class': , 'store_entry': 'swift'} {{(pid=102846) register_scheme_map /opt/stack/data/venv/lib/python3.12/site-packages/glance_store/location.py:146}}
Jul 05 03:28:08.132488 np0000004562 devstack@g-api.service[102846]: DEBUG glance_store.location [-] Registering scheme swift with {'store': , 'location_class': , 'store_entry': 'swift'} {{(pid=102846) register_scheme_map /opt/stack/data/venv/lib/python3.12/site-packages/glance_store/location.py:146}}
Jul 05 03:28:08.132531 np0000004562 devstack@g-api.service[102846]: DEBUG glance_store.location [-] Registering scheme swift+https with {'store': , 'location_class': , 'store_entry': 'swift'} {{(pid=102846) register_scheme_map /opt/stack/data/venv/lib/python3.12/site-packages/glance_store/location.py:146}}
Jul 05 03:28:08.132580 np0000004562 devstack@g-api.service[102846]: DEBUG glance_store.location [-] Registering scheme swift with {'store': , 'location_class': , 'store_entry': 'swift'} {{(pid=102846) register_scheme_map /opt/stack/data/venv/lib/python3.12/site-packages/glance_store/location.py:146}}
Jul 05 03:28:08.132647 np0000004562 devstack@g-api.service[102846]: DEBUG glance_store.location [-] Registering scheme swift+http with {'store': , 'location_class': , 'store_entry': 'swift'} {{(pid=102846) register_scheme_map /opt/stack/data/venv/lib/python3.12/site-packages/glance_store/location.py:146}}
Jul 05 03:28:08.132687 np0000004562 devstack@g-api.service[102846]: DEBUG glance_store.location [-] Registering scheme swift+https with {'store': , 'location_class': , 'store_entry': 'swift'} {{(pid=102846) register_scheme_map /opt/stack/data/venv/lib/python3.12/site-packages/glance_store/location.py:146}}
Jul 05 03:28:08.132750 np0000004562 devstack@g-api.service[102846]: DEBUG glance_store.location [-] Registering scheme swift with {'store': , 'location_class': , 'store_entry': 'swift'} {{(pid=102846) register_scheme_map /opt/stack/data/venv/lib/python3.12/site-packages/glance_store/location.py:146}}
Jul 05 03:28:08.132795 np0000004562 devstack@g-api.service[102846]: DEBUG glance_store.location [-] Registering scheme swift+http with {'store': , 'location_class': , 'store_entry': 'swift'} {{(pid=102846) register_scheme_map /opt/stack/data/venv/lib/python3.12/site-packages/glance_store/location.py:146}}
Jul 05 03:28:08.132820 np0000004562 devstack@g-api.service[102846]: DEBUG glance_store.location [-] Registering scheme swift+config with {'store': , 'location_class': , 'store_entry': 'swift'} {{(pid=102846) register_scheme_map /opt/stack/data/venv/lib/python3.12/site-packages/glance_store/location.py:146}}
Jul 05 03:28:08.631286 np0000004562 devstack@g-api.service[102846]: INFO swiftclient [-] REQ: curl -i https://10.4.3.249:8080/v1/AUTH_7cbf7502a6d94509bb6d893e0da08b5c/glance -I -H "X-Auth-Token: gAAAAABqSc9IIW4R..."
Jul 05 03:28:08.631385 np0000004562 devstack@g-api.service[102846]: INFO swiftclient [-] RESP STATUS: 404 Not Found
Jul 05 03:28:08.631487 np0000004562 devstack@g-api.service[102846]: INFO swiftclient [-] RESP HEADERS: {'Date': 'Sun, 05 Jul 2026 03:28:08 GMT', 'Server': 'Apache/2.4.58 (Ubuntu)', 'Content-Type': 'text/html; charset=UTF-8', 'X-Trans-Id': 'tx72c27c65a67a4b979f917-006a49cf48', 'X-Openstack-Request-Id': 'tx72c27c65a67a4b979f917-006a49cf48', 'Connection': 'close'}
Jul 05 03:28:08.631726 np0000004562 devstack@g-api.service[102846]: INFO glance_store._drivers.swift.store [-] Creating swift container glance
Jul 05 03:28:08.689541 np0000004562 devstack@g-api.service[102846]: DEBUG swiftclient [-] REQ: curl -i https://10.4.3.249:8080/v1/AUTH_7cbf7502a6d94509bb6d893e0da08b5c/glance -X PUT -H "X-Auth-Token: gAAAAABqSc9IIW4R..." -H "Content-Length: 0" {{(pid=102846) http_log /opt/stack/data/venv/lib/python3.12/site-packages/swiftclient/client.py:160}}
Jul 05 03:28:08.689620 np0000004562 devstack@g-api.service[102846]: DEBUG swiftclient [-] RESP STATUS: 201 Created {{(pid=102846) http_log /opt/stack/data/venv/lib/python3.12/site-packages/swiftclient/client.py:161}}
Jul 05 03:28:08.689698 np0000004562 devstack@g-api.service[102846]: DEBUG swiftclient [-] RESP HEADERS: {'Date': 'Sun, 05 Jul 2026 03:28:08 GMT', 'Server': 'Apache/2.4.58 (Ubuntu)', 'Content-Type': 'text/html; charset=UTF-8', 'Content-Length': '0', 'X-Trans-Id': 'tx18b6df1154c0453c89fe5-006a49cf48', 'X-Openstack-Request-Id': 'tx18b6df1154c0453c89fe5-006a49cf48', 'Connection': 'close'} {{(pid=102846) http_log /opt/stack/data/venv/lib/python3.12/site-packages/swiftclient/client.py:162}}
Jul 05 03:28:08.689826 np0000004562 devstack@g-api.service[102846]: DEBUG glance_store._drivers.swift.store [-] Adding image object '6af59d85-f6fe-4e87-b5c6-68ebb4baf7c6' to Swift {{(pid=102846) add /opt/stack/data/venv/lib/python3.12/site-packages/glance_store/_drivers/swift/store.py:970}}
Jul 05 03:28:08.695147 np0000004562 devstack@g-api.service[102846]: DEBUG oslo_utils.imageutils.format_inspector [-] Format inspector for vmdk does not match, excluding from consideration (Signature KDMV not found: b'QFI\xfb') {{(pid=102846) _process_chunk /opt/stack/data/venv/lib/python3.12/site-packages/oslo_utils/imageutils/format_inspector.py:1758}}
Jul 05 03:28:08.698789 np0000004562 devstack@g-api.service[102846]: DEBUG oslo_utils.imageutils.format_inspector [-] Format inspector for vhdx does not match, excluding from consideration (Region signature not found at 30000) {{(pid=102846) _process_chunk /opt/stack/data/venv/lib/python3.12/site-packages/oslo_utils/imageutils/format_inspector.py:1758}}
Jul 05 03:28:09.004286 np0000004562 devstack@g-api.service[102846]: DEBUG swiftclient [-] REQ: curl -i https://10.4.3.249:8080/v1/AUTH_7cbf7502a6d94509bb6d893e0da08b5c/glance/6af59d85-f6fe-4e87-b5c6-68ebb4baf7c6 -X PUT -H "X-Auth-Token: gAAAAABqSc9IIW4R..." -H "Content-Length: 21430272" {{(pid=102846) http_log /opt/stack/data/venv/lib/python3.12/site-packages/swiftclient/client.py:160}}
Jul 05 03:28:09.004395 np0000004562 devstack@g-api.service[102846]: DEBUG swiftclient [-] RESP STATUS: 201 Created {{(pid=102846) http_log /opt/stack/data/venv/lib/python3.12/site-packages/swiftclient/client.py:161}}
Jul 05 03:28:09.004458 np0000004562 devstack@g-api.service[102846]: DEBUG swiftclient [-] RESP HEADERS: {'Date': 'Sun, 05 Jul 2026 03:28:09 GMT', 'Server': 'Apache/2.4.58 (Ubuntu)', 'Content-Type': 'text/html; charset=UTF-8', 'Content-Length': '0', 'Etag': 'c8fc807773e5354afe61636071771906', 'Last-Modified': 'Sun, 05 Jul 2026 03:28:09 GMT', 'X-Trans-Id': 'tx4b8222686a8341b0a7b03-006a49cf48', 'X-Openstack-Request-Id': 'tx4b8222686a8341b0a7b03-006a49cf48', 'Connection': 'close'} {{(pid=102846) http_log /opt/stack/data/venv/lib/python3.12/site-packages/swiftclient/client.py:162}}
Jul 05 03:28:09.017456 np0000004562 devstack@g-api.service[102846]: INFO glance.location [-] Image format matched and virtual size computed: 117440512
Jul 05 03:28:09.024278 np0000004562 devstack@g-api.service[102846]: DEBUG glance.async_.flows.api_image_import [-] Image 6af59d85-f6fe-4e87-b5c6-68ebb4baf7c6 status changing from importing to active {{(pid=102846) __exit__ /opt/stack/glance/glance/async_/flows/api_image_import.py:184}}
Jul 05 03:28:09.044471 np0000004562 devstack@g-api.service[102846]: DEBUG glance_store.backend [-] Attempting to import store swift {{(pid=102846) _load_store /opt/stack/data/venv/lib/python3.12/site-packages/glance_store/backend.py:215}}
Jul 05 03:28:09.045668 np0000004562 devstack@g-api.service[102846]: DEBUG glance_store.capabilities [-] Store glance_store._drivers.swift.store.SingleTenantStore doesn't support updating dynamic storage capabilities. Please overwrite 'update_capabilities' method of the store to implement updating logics if needed. {{(pid=102846) update_capabilities /opt/stack/data/venv/lib/python3.12/site-packages/glance_store/capabilities.py:91}}
Jul 05 03:28:09.045742 np0000004562 devstack@g-api.service[102846]: DEBUG glance_store.driver [-] Late loading location class glance_store._drivers.swift.store.StoreLocation {{(pid=102846) get_store_location_class /opt/stack/data/venv/lib/python3.12/site-packages/glance_store/driver.py:134}}
Jul 05 03:28:09.045826 np0000004562 devstack@g-api.service[102846]: DEBUG glance_store.location [-] Registering scheme swift+https with {'store': , 'location_class': , 'store_entry': 'swift'} {{(pid=102846) register_scheme_map /opt/stack/data/venv/lib/python3.12/site-packages/glance_store/location.py:146}}
Jul 05 03:28:09.045892 np0000004562 devstack@g-api.service[102846]: DEBUG glance_store.location [-] Registering scheme swift+https with {'store': , 'location_class': , 'store_entry': 'swift'} {{(pid=102846) register_scheme_map /opt/stack/data/venv/lib/python3.12/site-packages/glance_store/location.py:146}}
Jul 05 03:28:09.045945 np0000004562 devstack@g-api.service[102846]: DEBUG glance_store.location [-] Registering scheme swift with {'store': , 'location_class': , 'store_entry': 'swift'} {{(pid=102846) register_scheme_map /opt/stack/data/venv/lib/python3.12/site-packages/glance_store/location.py:146}}
Jul 05 03:28:09.046003 np0000004562 devstack@g-api.service[102846]: DEBUG glance_store.location [-] Registering scheme swift+https with {'store': , 'location_class': , 'store_entry': 'swift'} {{(pid=102846) register_scheme_map /opt/stack/data/venv/lib/python3.12/site-packages/glance_store/location.py:146}}
Jul 05 03:28:09.046044 np0000004562 devstack@g-api.service[102846]: DEBUG glance_store.location [-] Registering scheme swift with {'store': , 'location_class': , 'store_entry': 'swift'} {{(pid=102846) register_scheme_map /opt/stack/data/venv/lib/python3.12/site-packages/glance_store/location.py:146}}
