Jul 05 03:30:19.441628 np0000004562 devstack@n-api.service[87345]: WARNING neutronclient.v2_0.client [None req-bcf5b02b-4d3f-4360-92fe-069bca967209 tempest-VolumesAssistedSnapshotsTest-632308792 tempest-VolumesAssistedSnapshotsTest-632308792-project-member] The python binding code in neutronclient is deprecated in favor of OpenstackSDK, please use that as this will be removed in a future release.
Jul 05 03:30:19.459795 np0000004562 devstack@n-api.service[87346]: DEBUG nova.virt.hardware [None req-d03abe56-8d11-4bfd-872b-7c8679d72b7c tempest-TaggedBootDevicesTest_v242-1222577163 tempest-TaggedBootDevicesTest_v242-1222577163-project-member] Flavor limits 0:0:0 {{(pid=87346) get_cpu_topology_constraints /opt/stack/nova/nova/virt/hardware.py:488}}
Jul 05 03:30:19.460051 np0000004562 devstack@n-api.service[87346]: DEBUG nova.virt.hardware [None req-d03abe56-8d11-4bfd-872b-7c8679d72b7c tempest-TaggedBootDevicesTest_v242-1222577163 tempest-TaggedBootDevicesTest_v242-1222577163-project-member] Image limits 0:0:0 {{(pid=87346) get_cpu_topology_constraints /opt/stack/nova/nova/virt/hardware.py:492}}
Jul 05 03:30:19.460308 np0000004562 devstack@n-api.service[87346]: DEBUG nova.virt.hardware [None req-d03abe56-8d11-4bfd-872b-7c8679d72b7c tempest-TaggedBootDevicesTest_v242-1222577163 tempest-TaggedBootDevicesTest_v242-1222577163-project-member] Flavor pref 0:0:0 {{(pid=87346) get_cpu_topology_constraints /opt/stack/nova/nova/virt/hardware.py:528}}
Jul 05 03:30:19.460498 np0000004562 devstack@n-api.service[87346]: DEBUG nova.virt.hardware [None req-d03abe56-8d11-4bfd-872b-7c8679d72b7c tempest-TaggedBootDevicesTest_v242-1222577163 tempest-TaggedBootDevicesTest_v242-1222577163-project-member] Image pref 0:0:0 {{(pid=87346) get_cpu_topology_constraints /opt/stack/nova/nova/virt/hardware.py:532}}
Jul 05 03:30:19.460929 np0000004562 devstack@n-api.service[87346]: DEBUG nova.virt.hardware [None req-d03abe56-8d11-4bfd-872b-7c8679d72b7c tempest-TaggedBootDevicesTest_v242-1222577163 tempest-TaggedBootDevicesTest_v242-1222577163-project-member] Chose sockets=0, cores=0, threads=0; limits were sockets=65536, cores=65536, threads=65536 {{(pid=87346) get_cpu_topology_constraints /opt/stack/nova/nova/virt/hardware.py:570}}
Jul 05 03:30:19.468571 np0000004562 devstack@n-api.service[87346]: DEBUG oslo_concurrency.lockutils [None req-d03abe56-8d11-4bfd-872b-7c8679d72b7c tempest-TaggedBootDevicesTest_v242-1222577163 tempest-TaggedBootDevicesTest_v242-1222577163-project-member] Acquiring lock "00000000-0000-0000-0000-000000000000" by "nova.context.set_target_cell..get_or_set_cached_cell_and_set_connections" {{(pid=87346) inner /opt/stack/data/venv/lib/python3.12/site-packages/oslo_concurrency/lockutils.py:511}}
Jul 05 03:30:19.468929 np0000004562 devstack@n-api.service[87346]: DEBUG oslo_concurrency.lockutils [None req-d03abe56-8d11-4bfd-872b-7c8679d72b7c tempest-TaggedBootDevicesTest_v242-1222577163 tempest-TaggedBootDevicesTest_v242-1222577163-project-member] Lock "00000000-0000-0000-0000-000000000000" acquired by "nova.context.set_target_cell..get_or_set_cached_cell_and_set_connections" :: waited 0.000s {{(pid=87346) inner /opt/stack/data/venv/lib/python3.12/site-packages/oslo_concurrency/lockutils.py:524}}
Jul 05 03:30:19.469125 np0000004562 devstack@n-api.service[87346]: DEBUG oslo_concurrency.lockutils [None req-d03abe56-8d11-4bfd-872b-7c8679d72b7c tempest-TaggedBootDevicesTest_v242-1222577163 tempest-TaggedBootDevicesTest_v242-1222577163-project-member] Lock "00000000-0000-0000-0000-000000000000" "released" by "nova.context.set_target_cell..get_or_set_cached_cell_and_set_connections" :: held 0.000s {{(pid=87346) inner /opt/stack/data/venv/lib/python3.12/site-packages/oslo_concurrency/lockutils.py:543}}
Jul 05 03:30:19.469867 np0000004562 devstack@n-api.service[87346]: DEBUG oslo_concurrency.lockutils [None req-d03abe56-8d11-4bfd-872b-7c8679d72b7c tempest-TaggedBootDevicesTest_v242-1222577163 tempest-TaggedBootDevicesTest_v242-1222577163-project-member] Acquiring lock "7622597c-bba8-47e1-ac8c-7f0845a174ff" by "nova.context.set_target_cell..get_or_set_cached_cell_and_set_connections" {{(pid=87346) inner /opt/stack/data/venv/lib/python3.12/site-packages/oslo_concurrency/lockutils.py:511}}
Jul 05 03:30:19.473239 np0000004562 devstack@n-api.service[87346]: DEBUG oslo_concurrency.lockutils [None req-d03abe56-8d11-4bfd-872b-7c8679d72b7c tempest-TaggedBootDevicesTest_v242-1222577163 tempest-TaggedBootDevicesTest_v242-1222577163-project-member] Lock "7622597c-bba8-47e1-ac8c-7f0845a174ff" acquired by "nova.context.set_target_cell..get_or_set_cached_cell_and_set_connections" :: waited 0.003s {{(pid=87346) inner /opt/stack/data/venv/lib/python3.12/site-packages/oslo_concurrency/lockutils.py:524}}
Jul 05 03:30:19.473396 np0000004562 devstack@n-api.service[87346]: DEBUG oslo_concurrency.lockutils [None req-d03abe56-8d11-4bfd-872b-7c8679d72b7c tempest-TaggedBootDevicesTest_v242-1222577163 tempest-TaggedBootDevicesTest_v242-1222577163-project-member] Lock "7622597c-bba8-47e1-ac8c-7f0845a174ff" "released" by "nova.context.set_target_cell..get_or_set_cached_cell_and_set_connections" :: held 0.000s {{(pid=87346) inner /opt/stack/data/venv/lib/python3.12/site-packages/oslo_concurrency/lockutils.py:543}}
Jul 05 03:30:19.500172 np0000004562 devstack@n-api.service[87346]: DEBUG nova.quota [None req-d03abe56-8d11-4bfd-872b-7c8679d72b7c tempest-TaggedBootDevicesTest_v242-1222577163 tempest-TaggedBootDevicesTest_v242-1222577163-project-member] Getting quotas for project 76b6d7dab7b84017ad157933bc5f70e2. Resources: {'ram', 'cores', 'instances'} {{(pid=87346) _get_quotas /opt/stack/nova/nova/quota.py:389}}
Jul 05 03:30:19.507125 np0000004562 devstack@n-api.service[87346]: DEBUG nova.quota [None req-d03abe56-8d11-4bfd-872b-7c8679d72b7c tempest-TaggedBootDevicesTest_v242-1222577163 tempest-TaggedBootDevicesTest_v242-1222577163-project-member] Getting quotas for user d6eeca41172e40e8a372cac82d88969c and project 76b6d7dab7b84017ad157933bc5f70e2. Resources: {'ram', 'cores', 'instances'} {{(pid=87346) _get_quotas /opt/stack/nova/nova/quota.py:379}}
Jul 05 03:30:19.513229 np0000004562 devstack@n-api.service[87347]: DEBUG dbcounter [-] [87347] Writing DB stats nova_cell0:SELECT=2 {{(pid=87347) stat_writer /opt/stack/data/venv/lib/python3.12/site-packages/dbcounter.py:115}}
Jul 05 03:30:19.548930 np0000004562 devstack@n-api.service[87344]: DEBUG nova.policy [None req-941e3f56-d032-426d-8dd4-b2f4b6283f66 tempest-ServerBootFromVolumeStableRescueTest-2049298576 tempest-ServerBootFromVolumeStableRescueTest-2049298576-project-member] Policy check for os_compute_api:os-extended-server-attributes failed with credentials {'is_admin': False, 'user_id': '87700afdc5b8465bb1fb235e2ebf6717', 'user_domain_id': 'default', 'system_scope': None, 'domain_id': None, 'project_id': 'c3465ef2c67b48a5a9eeb4bea4ff9fff', 'project_domain_id': 'default', 'roles': ['reader', 'member'], 'is_admin_project': True, 'service_user_id': None, 'service_user_domain_id': None, 'service_project_id': None, 'service_project_domain_id': None, 'service_roles': []} {{(pid=87344) authorize /opt/stack/nova/nova/policy.py:192}}
Jul 05 03:30:19.555080 np0000004562 devstack@n-api.service[87344]: DEBUG nova.policy [None req-941e3f56-d032-426d-8dd4-b2f4b6283f66 tempest-ServerBootFromVolumeStableRescueTest-2049298576 tempest-ServerBootFromVolumeStableRescueTest-2049298576-project-member] Policy check for os_compute_api:servers:show:host_status failed with credentials {'is_admin': False, 'user_id': '87700afdc5b8465bb1fb235e2ebf6717', 'user_domain_id': 'default', 'system_scope': None, 'domain_id': None, 'project_id': 'c3465ef2c67b48a5a9eeb4bea4ff9fff', 'project_domain_id': 'default', 'roles': ['reader', 'member'], 'is_admin_project': True, 'service_user_id': None, 'service_user_domain_id': None, 'service_project_id': None, 'service_project_domain_id': None, 'service_roles': []} {{(pid=87344) authorize /opt/stack/nova/nova/policy.py:192}}
Jul 05 03:30:19.555955 np0000004562 devstack@n-api.service[87344]: DEBUG nova.policy [None req-941e3f56-d032-426d-8dd4-b2f4b6283f66 tempest-ServerBootFromVolumeStableRescueTest-2049298576 tempest-ServerBootFromVolumeStableRescueTest-2049298576-project-member] Policy check for os_compute_api:servers:show:host_status:unknown-only failed with credentials {'is_admin': False, 'user_id': '87700afdc5b8465bb1fb235e2ebf6717', 'user_domain_id': 'default', 'system_scope': None, 'domain_id': None, 'project_id': 'c3465ef2c67b48a5a9eeb4bea4ff9fff', 'project_domain_id': 'default', 'roles': ['reader', 'member'], 'is_admin_project': True, 'service_user_id': None, 'service_user_domain_id': None, 'service_project_id': None, 'service_project_domain_id': None, 'service_roles': []} {{(pid=87344) authorize /opt/stack/nova/nova/policy.py:192}}
Jul 05 03:30:19.566835 np0000004562 devstack@n-api.service[87344]: INFO nova.api.openstack.requestlog [None req-941e3f56-d032-426d-8dd4-b2f4b6283f66 tempest-ServerBootFromVolumeStableRescueTest-2049298576 tempest-ServerBootFromVolumeStableRescueTest-2049298576-project-member] 10.4.3.249 "GET /compute/v2.1/servers/d22f1b3c-5d43-486e-a417-325d749fca25" status: 200 len: 1497 microversion: 2.87 time: 0.313016
Jul 05 03:30:19.566835 np0000004562 devstack@n-api.service[87344]: [pid: 87344|app: 0|req: 36/133] 10.4.3.249 () {68 vars in 1395 bytes} [Sun Jul 5 03:30:19 2026] GET /compute/v2.1/servers/d22f1b3c-5d43-486e-a417-325d749fca25 => generated 1497 bytes in 313 msecs (HTTP/1.1 200) 9 headers in 360 bytes (1 switches on core 0)
Jul 05 03:30:19.607990 np0000004562 devstack@n-api.service[87347]: DEBUG nova.policy [None req-86de8a99-f5e7-4080-9a55-e667b8b31fdb tempest-ServerActionsTestOtherB-2067268672 tempest-ServerActionsTestOtherB-2067268672-project-member] Policy check for os_compute_api:os-extended-server-attributes failed with credentials {'is_admin': False, 'user_id': '5f75c839862741bda4735a21795759ce', 'user_domain_id': 'default', 'system_scope': None, 'domain_id': None, 'project_id': '026b2963073e4b6ca4fa964dbc89d833', 'project_domain_id': 'default', 'roles': ['reader', 'member'], 'is_admin_project': True, 'service_user_id': None, 'service_user_domain_id': None, 'service_project_id': None, 'service_project_domain_id': None, 'service_roles': []} {{(pid=87347) authorize /opt/stack/nova/nova/policy.py:192}}
Jul 05 03:30:19.619291 np0000004562 devstack@n-api.service[87345]: DEBUG nova.policy [None req-bcf5b02b-4d3f-4360-92fe-069bca967209 tempest-VolumesAssistedSnapshotsTest-632308792 tempest-VolumesAssistedSnapshotsTest-632308792-project-member] Policy check for os_compute_api:os-extended-server-attributes failed with credentials {'is_admin': False, 'user_id': 'bdc3b878cf1442c3bdb97246e4cfa3f7', 'user_domain_id': 'default', 'system_scope': None, 'domain_id': None, 'project_id': '18996417885c4ff8b2c6ec2fa2563e43', 'project_domain_id': 'default', 'roles': ['reader', 'member'], 'is_admin_project': True, 'service_user_id': None, 'service_user_domain_id': None, 'service_project_id': None, 'service_project_domain_id': None, 'service_roles': []} {{(pid=87345) authorize /opt/stack/nova/nova/policy.py:192}}
Jul 05 03:30:19.620517 np0000004562 devstack@n-api.service[87347]: INFO nova.api.openstack.requestlog [None req-86de8a99-f5e7-4080-9a55-e667b8b31fdb tempest-ServerActionsTestOtherB-2067268672 tempest-ServerActionsTestOtherB-2067268672-project-member] 10.4.3.249 "GET /compute/v2.1/servers/56f86925-1417-4995-8ffe-d5c410bc7613" status: 200 len: 1363 microversion: 2.1 time: 0.239206
Jul 05 03:30:19.620974 np0000004562 devstack@n-api.service[87347]: [pid: 87347|app: 0|req: 36/134] 10.4.3.249 () {66 vars in 1354 bytes} [Sun Jul 5 03:30:19 2026] GET /compute/v2.1/servers/56f86925-1417-4995-8ffe-d5c410bc7613 => generated 1363 bytes in 240 msecs (HTTP/1.1 200) 9 headers in 358 bytes (1 switches on core 0)
Jul 05 03:30:19.627012 np0000004562 devstack@n-api.service[87345]: INFO nova.api.openstack.requestlog [None req-bcf5b02b-4d3f-4360-92fe-069bca967209 tempest-VolumesAssistedSnapshotsTest-632308792 tempest-VolumesAssistedSnapshotsTest-632308792-project-member] 10.4.3.249 "GET /compute/v2.1/servers/d5282468-599f-4af3-b640-af72408dd7d6" status: 200 len: 1369 microversion: 2.1 time: 0.229226
Jul 05 03:30:19.627306 np0000004562 devstack@n-api.service[87345]: [pid: 87345|app: 0|req: 31/135] 10.4.3.249 () {66 vars in 1354 bytes} [Sun Jul 5 03:30:19 2026] GET /compute/v2.1/servers/d5282468-599f-4af3-b640-af72408dd7d6 => generated 1369 bytes in 230 msecs (HTTP/1.1 200) 9 headers in 358 bytes (1 switches on core 0)
Jul 05 03:30:19.685592 np0000004562 devstack@n-api.service[87346]: DEBUG nova.compute.api [None req-d03abe56-8d11-4bfd-872b-7c8679d72b7c tempest-TaggedBootDevicesTest_v242-1222577163 tempest-TaggedBootDevicesTest_v242-1222577163-project-member] Going to run 1 instances... {{(pid=87346) _provision_instances /opt/stack/nova/nova/compute/api.py:1480}}
Jul 05 03:30:19.688889 np0000004562 devstack@n-api.service[87346]: DEBUG nova.compute.api [None req-d03abe56-8d11-4bfd-872b-7c8679d72b7c tempest-TaggedBootDevicesTest_v242-1222577163 tempest-TaggedBootDevicesTest_v242-1222577163-project-member] [instance: 7f4104ac-fa7c-495a-9f64-c9b835bc6073] block_device_mapping [BlockDeviceMapping(attachment_id=,boot_index=0,connection_info=None,created_at=,delete_on_termination=False,deleted=,deleted_at=,destination_type='volume',device_name=None,device_type=None,disk_bus=None,encrypted=False,encryption_format=None,encryption_options=None,encryption_secret_uuid=None,guest_format=None,id=,image_id=None,instance=,instance_uuid=,no_device=False,snapshot_id=None,source_type='volume',tag='boot',updated_at=,uuid=,volume_id='d0e67fcf-50f9-4356-986d-13c7a918e260',volume_size=None,volume_type=None), BlockDeviceMapping(attachment_id=,boot_index=1,connection_info=None,created_at=,delete_on_termination=False,deleted=,deleted_at=,destination_type='volume',device_name=None,device_type=None,disk_bus=None,encrypted=False,encryption_format=None,encryption_options=None,encryption_secret_uuid=None,guest_format=None,id=,image_id=None,instance=,instance_uuid=,no_device=False,snapshot_id=None,source_type='volume',tag='other',updated_at=,uuid=,volume_id='a2fde02a-b9ec-4b8b-9fd3-16bb942b6aae',volume_size=None,volume_type=None), BlockDeviceMapping(attachment_id=,boot_index=2,connection_info=None,created_at=,delete_on_termination=False,deleted=,deleted_at=,destination_type='volume',device_name=None,device_type=None,disk_bus=None,encrypted=False,encryption_format=None,encryption_options=None,encryption_secret_uuid=None,guest_format=None,id=,image_id=None,instance=,instance_uuid=,no_device=False,snapshot_id=None,source_type='volume',tag=None,updated_at=,uuid=,volume_id='5c0b1bcc-d802-42f4-9516-cea433ce2cdf',volume_size=None,volume_type=None)] {{(pid=87346) _bdm_validate_set_size_and_instance /opt/stack/nova/nova/compute/api.py:1942}}
Jul 05 03:30:19.754783 np0000004562 devstack@n-api.service[87344]: DEBUG nova.api.openstack.wsgi [None req-da431c3a-2134-4008-9def-a00013b9a0e4 tempest-TestMultiAttachVolumeSwap-530722390 tempest-TestMultiAttachVolumeSwap-530722390-project-member] Calling method '>' {{(pid=87344) _process_stack /opt/stack/nova/nova/api/openstack/wsgi.py:551}}
Jul 05 03:30:19.756032 np0000004562 devstack@n-api.service[87344]: DEBUG nova.compute.api [None req-da431c3a-2134-4008-9def-a00013b9a0e4 tempest-TestMultiAttachVolumeSwap-530722390 tempest-TestMultiAttachVolumeSwap-530722390-project-member] [instance: 8925c8cc-b844-4697-9d32-99d9b39c394f] Fetching instance by UUID {{(pid=87344) get /opt/stack/nova/nova/compute/api.py:3068}}
Jul 05 03:30:19.760017 np0000004562 devstack@n-api.service[87344]: DEBUG oslo_concurrency.lockutils [None req-da431c3a-2134-4008-9def-a00013b9a0e4 tempest-TestMultiAttachVolumeSwap-530722390 tempest-TestMultiAttachVolumeSwap-530722390-project-member] Acquiring lock "7622597c-bba8-47e1-ac8c-7f0845a174ff" by "nova.context.set_target_cell..get_or_set_cached_cell_and_set_connections" {{(pid=87344) inner /opt/stack/data/venv/lib/python3.12/site-packages/oslo_concurrency/lockutils.py:511}}
Jul 05 03:30:19.760244 np0000004562 devstack@n-api.service[87344]: DEBUG oslo_concurrency.lockutils [None req-da431c3a-2134-4008-9def-a00013b9a0e4 tempest-TestMultiAttachVolumeSwap-530722390 tempest-TestMultiAttachVolumeSwap-530722390-project-member] Lock "7622597c-bba8-47e1-ac8c-7f0845a174ff" acquired by "nova.context.set_target_cell..get_or_set_cached_cell_and_set_connections" :: waited 0.000s {{(pid=87344) inner /opt/stack/data/venv/lib/python3.12/site-packages/oslo_concurrency/lockutils.py:524}}
Jul 05 03:30:19.760458 np0000004562 devstack@n-api.service[87344]: DEBUG oslo_concurrency.lockutils [None req-da431c3a-2134-4008-9def-a00013b9a0e4 tempest-TestMultiAttachVolumeSwap-530722390 tempest-TestMultiAttachVolumeSwap-530722390-project-member] Lock "7622597c-bba8-47e1-ac8c-7f0845a174ff" "released" by "nova.context.set_target_cell..get_or_set_cached_cell_and_set_connections" :: held 0.000s {{(pid=87344) inner /opt/stack/data/venv/lib/python3.12/site-packages/oslo_concurrency/lockutils.py:543}}
Jul 05 03:30:19.760905 np0000004562 devstack@n-api.service[87344]: DEBUG oslo_concurrency.lockutils [None req-da431c3a-2134-4008-9def-a00013b9a0e4 tempest-TestMultiAttachVolumeSwap-530722390 tempest-TestMultiAttachVolumeSwap-530722390-project-member] Acquiring lock "7622597c-bba8-47e1-ac8c-7f0845a174ff" by "nova.context.set_target_cell..get_or_set_cached_cell_and_set_connections" {{(pid=87344) inner /opt/stack/data/venv/lib/python3.12/site-packages/oslo_concurrency/lockutils.py:511}}
Jul 05 03:30:19.761212 np0000004562 devstack@n-api.service[87344]: DEBUG oslo_concurrency.lockutils [None req-da431c3a-2134-4008-9def-a00013b9a0e4 tempest-TestMultiAttachVolumeSwap-530722390 tempest-TestMultiAttachVolumeSwap-530722390-project-member] Lock "7622597c-bba8-47e1-ac8c-7f0845a174ff" acquired by "nova.context.set_target_cell..get_or_set_cached_cell_and_set_connections" :: waited 0.000s {{(pid=87344) inner /opt/stack/data/venv/lib/python3.12/site-packages/oslo_concurrency/lockutils.py:524}}
Jul 05 03:30:19.761489 np0000004562 devstack@n-api.service[87344]: DEBUG oslo_concurrency.lockutils [None req-da431c3a-2134-4008-9def-a00013b9a0e4 tempest-TestMultiAttachVolumeSwap-530722390 tempest-TestMultiAttachVolumeSwap-530722390-project-member] Lock "7622597c-bba8-47e1-ac8c-7f0845a174ff" "released" by "nova.context.set_target_cell..get_or_set_cached_cell_and_set_connections" :: held 0.000s {{(pid=87344) inner /opt/stack/data/venv/lib/python3.12/site-packages/oslo_concurrency/lockutils.py:543}}
Jul 05 03:30:19.791168 np0000004562 devstack@n-api.service[87344]: WARNING neutronclient.v2_0.client [None req-da431c3a-2134-4008-9def-a00013b9a0e4 tempest-TestMultiAttachVolumeSwap-530722390 tempest-TestMultiAttachVolumeSwap-530722390-project-member] The python binding code in neutronclient is deprecated in favor of OpenstackSDK, please use that as this will be removed in a future release.
Jul 05 03:30:19.821471 np0000004562 devstack@n-api.service[87347]: DEBUG nova.api.openstack.wsgi [req-229e9222-5fe3-4a1a-9358-ffefa7be1bbb req-7761d1f1-4191-4191-ab71-418e68c9c5e6 service nova] Action: 'create', calling method: >, body: {"events": [{"server_uuid": "dceabcd9-3341-412c-8492-121a739b626d", "name": "network-vif-plugged", "status": "completed", "tag": "0783e26a-b86f-4c47-9d34-e5257070756f"}, {"server_uuid": "dceabcd9-3341-412c-8492-121a739b626d", "name": "network-vif-plugged", "status": "completed", "tag": "0783e26a-b86f-4c47-9d34-e5257070756f"}]} {{(pid=87347) _process_stack /opt/stack/nova/nova/api/openstack/wsgi.py:549}}
Jul 05 03:30:19.834885 np0000004562 devstack@n-api.service[87347]: DEBUG oslo_concurrency.lockutils [req-229e9222-5fe3-4a1a-9358-ffefa7be1bbb req-7761d1f1-4191-4191-ab71-418e68c9c5e6 service nova] Acquiring lock "7622597c-bba8-47e1-ac8c-7f0845a174ff" by "nova.context.set_target_cell..get_or_set_cached_cell_and_set_connections" {{(pid=87347) inner /opt/stack/data/venv/lib/python3.12/site-packages/oslo_concurrency/lockutils.py:511}}
Jul 05 03:30:19.835119 np0000004562 devstack@n-api.service[87347]: DEBUG oslo_concurrency.lockutils [req-229e9222-5fe3-4a1a-9358-ffefa7be1bbb req-7761d1f1-4191-4191-ab71-418e68c9c5e6 service nova] Lock "7622597c-bba8-47e1-ac8c-7f0845a174ff" acquired by "nova.context.set_target_cell..get_or_set_cached_cell_and_set_connections" :: waited 0.000s {{(pid=87347) inner /opt/stack/data/venv/lib/python3.12/site-packages/oslo_concurrency/lockutils.py:524}}
Jul 05 03:30:19.835293 np0000004562 devstack@n-api.service[87347]: DEBUG oslo_concurrency.lockutils [req-229e9222-5fe3-4a1a-9358-ffefa7be1bbb req-7761d1f1-4191-4191-ab71-418e68c9c5e6 service nova] Lock "7622597c-bba8-47e1-ac8c-7f0845a174ff" "released" by "nova.context.set_target_cell..get_or_set_cached_cell_and_set_connections" :: held 0.000s {{(pid=87347) inner /opt/stack/data/venv/lib/python3.12/site-packages/oslo_concurrency/lockutils.py:543}}
Jul 05 03:30:19.843869 np0000004562 devstack@n-api.service[87347]: INFO nova.api.openstack.compute.server_external_events [req-229e9222-5fe3-4a1a-9358-ffefa7be1bbb req-7761d1f1-4191-4191-ab71-418e68c9c5e6 service nova] Creating event network-vif-plugged:0783e26a-b86f-4c47-9d34-e5257070756f for instance dceabcd9-3341-412c-8492-121a739b626d on np0000004562
Jul 05 03:30:19.844138 np0000004562 devstack@n-api.service[87347]: INFO nova.api.openstack.compute.server_external_events [req-229e9222-5fe3-4a1a-9358-ffefa7be1bbb req-7761d1f1-4191-4191-ab71-418e68c9c5e6 service nova] Creating event network-vif-plugged:0783e26a-b86f-4c47-9d34-e5257070756f for instance dceabcd9-3341-412c-8492-121a739b626d on np0000004562
Jul 05 03:30:19.844549 np0000004562 devstack@n-api.service[87347]: DEBUG nova.compute.rpcapi [req-229e9222-5fe3-4a1a-9358-ffefa7be1bbb req-7761d1f1-4191-4191-ab71-418e68c9c5e6 service nova] RPC: Sending the message to topic: compute-alt {{(pid=87347) prepare_for_alt_rpcserver /opt/stack/nova/nova/compute/rpcapi.py:595}}
Jul 05 03:30:19.851438 np0000004562 devstack@n-api.service[87347]: INFO nova.api.openstack.requestlog [req-229e9222-5fe3-4a1a-9358-ffefa7be1bbb req-7761d1f1-4191-4191-ab71-418e68c9c5e6 service nova] 10.4.3.249 "POST /compute/v2.1/os-server-external-events" status: 200 len: 354 microversion: 2.1 time: 0.031965
Jul 05 03:30:19.851884 np0000004562 devstack@n-api.service[87347]: [pid: 87347|app: 0|req: 37/136] 10.4.3.249 () {72 vars in 1432 bytes} [Sun Jul 5 03:30:19 2026] POST /compute/v2.1/os-server-external-events => generated 354 bytes in 32 msecs (HTTP/1.1 200) 9 headers in 357 bytes (1 switches on core 0)
Jul 05 03:30:20.021729 np0000004562 devstack@n-api.service[87344]: DEBUG nova.policy [None req-da431c3a-2134-4008-9def-a00013b9a0e4 tempest-TestMultiAttachVolumeSwap-530722390 tempest-TestMultiAttachVolumeSwap-530722390-project-member] Policy check for os_compute_api:os-extended-server-attributes failed with credentials {'is_admin': False, 'user_id': 'feb2d4d36c2742ffb406ab17c8ced7e1', 'user_domain_id': 'default', 'system_scope': None, 'domain_id': None, 'project_id': '3821d2d075c94e5499a469f3ef5e7c47', 'project_domain_id': 'default', 'roles': ['reader', 'member'], 'is_admin_project': True, 'service_user_id': None, 'service_user_domain_id': None, 'service_project_id': None, 'service_project_domain_id': None, 'service_roles': []} {{(pid=87344) authorize /opt/stack/nova/nova/policy.py:192}}
Jul 05 03:30:20.028604 np0000004562 devstack@n-api.service[87344]: DEBUG nova.policy [None req-da431c3a-2134-4008-9def-a00013b9a0e4 tempest-TestMultiAttachVolumeSwap-530722390 tempest-TestMultiAttachVolumeSwap-530722390-project-member] Policy check for os_compute_api:servers:show:host_status failed with credentials {'is_admin': False, 'user_id': 'feb2d4d36c2742ffb406ab17c8ced7e1', 'user_domain_id': 'default', 'system_scope': None, 'domain_id': None, 'project_id': '3821d2d075c94e5499a469f3ef5e7c47', 'project_domain_id': 'default', 'roles': ['reader', 'member'], 'is_admin_project': True, 'service_user_id': None, 'service_user_domain_id': None, 'service_project_id': None, 'service_project_domain_id': None, 'service_roles': []} {{(pid=87344) authorize /opt/stack/nova/nova/policy.py:192}}
Jul 05 03:30:20.029429 np0000004562 devstack@n-api.service[87344]: DEBUG nova.policy [None req-da431c3a-2134-4008-9def-a00013b9a0e4 tempest-TestMultiAttachVolumeSwap-530722390 tempest-TestMultiAttachVolumeSwap-530722390-project-member] Policy check for os_compute_api:servers:show:host_status:unknown-only failed with credentials {'is_admin': False, 'user_id': 'feb2d4d36c2742ffb406ab17c8ced7e1', 'user_domain_id': 'default', 'system_scope': None, 'domain_id': None, 'project_id': '3821d2d075c94e5499a469f3ef5e7c47', 'project_domain_id': 'default', 'roles': ['reader', 'member'], 'is_admin_project': True, 'service_user_id': None, 'service_user_domain_id': None, 'service_project_id': None, 'service_project_domain_id': None, 'service_roles': []} {{(pid=87344) authorize /opt/stack/nova/nova/policy.py:192}}
Jul 05 03:30:20.034239 np0000004562 devstack@n-api.service[87344]: INFO nova.api.openstack.requestlog [None req-da431c3a-2134-4008-9def-a00013b9a0e4 tempest-TestMultiAttachVolumeSwap-530722390 tempest-TestMultiAttachVolumeSwap-530722390-project-member] 10.4.3.249 "GET /compute/v2.1/servers/8925c8cc-b844-4697-9d32-99d9b39c394f" status: 200 len: 1459 microversion: 2.60 time: 0.281775
Jul 05 03:30:20.034589 np0000004562 devstack@n-api.service[87344]: [pid: 87344|app: 0|req: 37/137] 10.4.3.249 () {68 vars in 1395 bytes} [Sun Jul 5 03:30:19 2026] GET /compute/v2.1/servers/8925c8cc-b844-4697-9d32-99d9b39c394f => generated 1459 bytes in 282 msecs (HTTP/1.1 200) 9 headers in 360 bytes (1 switches on core 0)
Jul 05 03:30:20.073748 np0000004562 devstack@n-api.service[87346]: INFO nova.api.openstack.requestlog [None req-d03abe56-8d11-4bfd-872b-7c8679d72b7c tempest-TaggedBootDevicesTest_v242-1222577163 tempest-TaggedBootDevicesTest_v242-1222577163-project-member] 10.4.3.249 "POST /compute/v2.1/servers" status: 202 len: 405 microversion: 2.42 time: 3.326995
Jul 05 03:30:20.073748 np0000004562 devstack@n-api.service[87346]: [pid: 87346|app: 0|req: 33/138] 10.4.3.249 () {70 vars in 1307 bytes} [Sun Jul 5 03:30:16 2026] POST /compute/v2.1/servers => generated 405 bytes in 3328 msecs (HTTP/1.1 202) 10 headers in 453 bytes (1 switches on core 0)
Jul 05 03:30:20.083434 np0000004562 devstack@n-api.service[87345]: DEBUG nova.api.openstack.wsgi [None req-f88a3281-7f6f-42e1-afef-49dd910f69bb tempest-TaggedBootDevicesTest_v242-1222577163 tempest-TaggedBootDevicesTest_v242-1222577163-project-member] Calling method '>' {{(pid=87345) _process_stack /opt/stack/nova/nova/api/openstack/wsgi.py:551}}
Jul 05 03:30:20.086030 np0000004562 devstack@n-api.service[87345]: DEBUG nova.compute.api [None req-f88a3281-7f6f-42e1-afef-49dd910f69bb tempest-TaggedBootDevicesTest_v242-1222577163 tempest-TaggedBootDevicesTest_v242-1222577163-project-member] [instance: 7f4104ac-fa7c-495a-9f64-c9b835bc6073] Fetching instance by UUID {{(pid=87345) get /opt/stack/nova/nova/compute/api.py:3068}}
Jul 05 03:30:20.100813 np0000004562 devstack@n-api.service[87345]: WARNING neutronclient.v2_0.client [None req-f88a3281-7f6f-42e1-afef-49dd910f69bb tempest-TaggedBootDevicesTest_v242-1222577163 tempest-TaggedBootDevicesTest_v242-1222577163-project-member] The python binding code in neutronclient is deprecated in favor of OpenstackSDK, please use that as this will be removed in a future release.
Jul 05 03:30:20.125508 np0000004562 devstack@n-api.service[87347]: DEBUG nova.api.openstack.wsgi [None req-2143f5cb-2aab-4b0e-a5c2-81c584c1b87f tempest-AttachSCSIVolumeTestJSON-594600634 tempest-AttachSCSIVolumeTestJSON-594600634-project-member] Calling method '>' {{(pid=87347) _process_stack /opt/stack/nova/nova/api/openstack/wsgi.py:551}}
Jul 05 03:30:20.127225 np0000004562 devstack@n-api.service[87347]: DEBUG nova.compute.api [None req-2143f5cb-2aab-4b0e-a5c2-81c584c1b87f tempest-AttachSCSIVolumeTestJSON-594600634 tempest-AttachSCSIVolumeTestJSON-594600634-project-member] [instance: dceabcd9-3341-412c-8492-121a739b626d] Fetching instance by UUID {{(pid=87347) get /opt/stack/nova/nova/compute/api.py:3068}}
Jul 05 03:30:20.134054 np0000004562 devstack@n-api.service[87347]: DEBUG oslo_concurrency.lockutils [None req-2143f5cb-2aab-4b0e-a5c2-81c584c1b87f tempest-AttachSCSIVolumeTestJSON-594600634 tempest-AttachSCSIVolumeTestJSON-594600634-project-member] Acquiring lock "7622597c-bba8-47e1-ac8c-7f0845a174ff" by "nova.context.set_target_cell..get_or_set_cached_cell_and_set_connections" {{(pid=87347) inner /opt/stack/data/venv/lib/python3.12/site-packages/oslo_concurrency/lockutils.py:511}}
Jul 05 03:30:20.134364 np0000004562 devstack@n-api.service[87347]: DEBUG oslo_concurrency.lockutils [None req-2143f5cb-2aab-4b0e-a5c2-81c584c1b87f tempest-AttachSCSIVolumeTestJSON-594600634 tempest-AttachSCSIVolumeTestJSON-594600634-project-member] Lock "7622597c-bba8-47e1-ac8c-7f0845a174ff" acquired by "nova.context.set_target_cell..get_or_set_cached_cell_and_set_connections" :: waited 0.000s {{(pid=87347) inner /opt/stack/data/venv/lib/python3.12/site-packages/oslo_concurrency/lockutils.py:524}}
Jul 05 03:30:20.134649 np0000004562 devstack@n-api.service[87347]: DEBUG oslo_concurrency.lockutils [None req-2143f5cb-2aab-4b0e-a5c2-81c584c1b87f tempest-AttachSCSIVolumeTestJSON-594600634 tempest-AttachSCSIVolumeTestJSON-594600634-project-member] Lock "7622597c-bba8-47e1-ac8c-7f0845a174ff" "released" by "nova.context.set_target_cell..get_or_set_cached_cell_and_set_connections" :: held 0.000s {{(pid=87347) inner /opt/stack/data/venv/lib/python3.12/site-packages/oslo_concurrency/lockutils.py:543}}
Jul 05 03:30:20.135139 np0000004562 devstack@n-api.service[87347]: DEBUG oslo_concurrency.lockutils [None req-2143f5cb-2aab-4b0e-a5c2-81c584c1b87f tempest-AttachSCSIVolumeTestJSON-594600634 tempest-AttachSCSIVolumeTestJSON-594600634-project-member] Acquiring lock "7622597c-bba8-47e1-ac8c-7f0845a174ff" by "nova.context.set_target_cell..get_or_set_cached_cell_and_set_connections" {{(pid=87347) inner /opt/stack/data/venv/lib/python3.12/site-packages/oslo_concurrency/lockutils.py:511}}
Jul 05 03:30:20.135457 np0000004562 devstack@n-api.service[87347]: DEBUG oslo_concurrency.lockutils [None req-2143f5cb-2aab-4b0e-a5c2-81c584c1b87f tempest-AttachSCSIVolumeTestJSON-594600634 tempest-AttachSCSIVolumeTestJSON-594600634-project-member] Lock "7622597c-bba8-47e1-ac8c-7f0845a174ff" acquired by "nova.context.set_target_cell..get_or_set_cached_cell_and_set_connections" :: waited 0.000s {{(pid=87347) inner /opt/stack/data/venv/lib/python3.12/site-packages/oslo_concurrency/lockutils.py:524}}
Jul 05 03:30:20.135798 np0000004562 devstack@n-api.service[87347]: DEBUG oslo_concurrency.lockutils [None req-2143f5cb-2aab-4b0e-a5c2-81c584c1b87f tempest-AttachSCSIVolumeTestJSON-594600634 tempest-AttachSCSIVolumeTestJSON-594600634-project-member] Lock "7622597c-bba8-47e1-ac8c-7f0845a174ff" "released" by "nova.context.set_target_cell..get_or_set_cached_cell_and_set_connections" :: held 0.000s {{(pid=87347) inner /opt/stack/data/venv/lib/python3.12/site-packages/oslo_concurrency/lockutils.py:543}}
Jul 05 03:30:20.155258 np0000004562 devstack@n-api.service[87344]: DEBUG nova.api.openstack.wsgi [req-5b571f94-b1f4-4bf6-a986-bf69f7344d4c req-1b7c82df-3422-4820-9036-3a1924a46067 service nova] Action: 'create', calling method: >, body: {"events": [{"name": "network-changed", "server_uuid": "8925c8cc-b844-4697-9d32-99d9b39c394f", "tag": "066bb55b-ad03-4207-b570-25e22bfbb480"}]} {{(pid=87344) _process_stack /opt/stack/nova/nova/api/openstack/wsgi.py:549}}
Jul 05 03:30:20.155496 np0000004562 devstack@n-api.service[87347]: WARNING neutronclient.v2_0.client [None req-2143f5cb-2aab-4b0e-a5c2-81c584c1b87f tempest-AttachSCSIVolumeTestJSON-594600634 tempest-AttachSCSIVolumeTestJSON-594600634-project-member] The python binding code in neutronclient is deprecated in favor of OpenstackSDK, please use that as this will be removed in a future release.
Jul 05 03:30:20.163245 np0000004562 devstack@n-api.service[87345]: DEBUG nova.policy [None req-f88a3281-7f6f-42e1-afef-49dd910f69bb tempest-TaggedBootDevicesTest_v242-1222577163 tempest-TaggedBootDevicesTest_v242-1222577163-project-member] Policy check for os_compute_api:os-extended-server-attributes failed with credentials {'is_admin': False, 'user_id': 'd6eeca41172e40e8a372cac82d88969c', 'user_domain_id': 'default', 'system_scope': None, 'domain_id': None, 'project_id': '76b6d7dab7b84017ad157933bc5f70e2', 'project_domain_id': 'default', 'roles': ['reader', 'member'], 'is_admin_project': True, 'service_user_id': None, 'service_user_domain_id': None, 'service_project_id': None, 'service_project_domain_id': None, 'service_roles': []} {{(pid=87345) authorize /opt/stack/nova/nova/policy.py:192}}
Jul 05 03:30:20.163617 np0000004562 devstack@n-api.service[87344]: DEBUG oslo_concurrency.lockutils [req-5b571f94-b1f4-4bf6-a986-bf69f7344d4c req-1b7c82df-3422-4820-9036-3a1924a46067 service nova] Acquiring lock "7622597c-bba8-47e1-ac8c-7f0845a174ff" by "nova.context.set_target_cell..get_or_set_cached_cell_and_set_connections" {{(pid=87344) inner /opt/stack/data/venv/lib/python3.12/site-packages/oslo_concurrency/lockutils.py:511}}
Jul 05 03:30:20.163861 np0000004562 devstack@n-api.service[87344]: DEBUG oslo_concurrency.lockutils [req-5b571f94-b1f4-4bf6-a986-bf69f7344d4c req-1b7c82df-3422-4820-9036-3a1924a46067 service nova] Lock "7622597c-bba8-47e1-ac8c-7f0845a174ff" acquired by "nova.context.set_target_cell..get_or_set_cached_cell_and_set_connections" :: waited 0.000s {{(pid=87344) inner /opt/stack/data/venv/lib/python3.12/site-packages/oslo_concurrency/lockutils.py:524}}
Jul 05 03:30:20.163994 np0000004562 devstack@n-api.service[87344]: DEBUG oslo_concurrency.lockutils [req-5b571f94-b1f4-4bf6-a986-bf69f7344d4c req-1b7c82df-3422-4820-9036-3a1924a46067 service nova] Lock "7622597c-bba8-47e1-ac8c-7f0845a174ff" "released" by "nova.context.set_target_cell..get_or_set_cached_cell_and_set_connections" :: held 0.000s {{(pid=87344) inner /opt/stack/data/venv/lib/python3.12/site-packages/oslo_concurrency/lockutils.py:543}}
Jul 05 03:30:20.170614 np0000004562 devstack@n-api.service[87345]: DEBUG nova.policy [None req-f88a3281-7f6f-42e1-afef-49dd910f69bb tempest-TaggedBootDevicesTest_v242-1222577163 tempest-TaggedBootDevicesTest_v242-1222577163-project-member] Policy check for os_compute_api:servers:show:host_status failed with credentials {'is_admin': False, 'user_id': 'd6eeca41172e40e8a372cac82d88969c', 'user_domain_id': 'default', 'system_scope': None, 'domain_id': None, 'project_id': '76b6d7dab7b84017ad157933bc5f70e2', 'project_domain_id': 'default', 'roles': ['reader', 'member'], 'is_admin_project': True, 'service_user_id': None, 'service_user_domain_id': None, 'service_project_id': None, 'service_project_domain_id': None, 'service_roles': []} {{(pid=87345) authorize /opt/stack/nova/nova/policy.py:192}}
Jul 05 03:30:20.171486 np0000004562 devstack@n-api.service[87345]: DEBUG nova.policy [None req-f88a3281-7f6f-42e1-afef-49dd910f69bb tempest-TaggedBootDevicesTest_v242-1222577163 tempest-TaggedBootDevicesTest_v242-1222577163-project-member] Policy check for os_compute_api:servers:show:host_status:unknown-only failed with credentials {'is_admin': False, 'user_id': 'd6eeca41172e40e8a372cac82d88969c', 'user_domain_id': 'default', 'system_scope': None, 'domain_id': None, 'project_id': '76b6d7dab7b84017ad157933bc5f70e2', 'project_domain_id': 'default', 'roles': ['reader', 'member'], 'is_admin_project': True, 'service_user_id': None, 'service_user_domain_id': None, 'service_project_id': None, 'service_project_domain_id': None, 'service_roles': []} {{(pid=87345) authorize /opt/stack/nova/nova/policy.py:192}}
Jul 05 03:30:20.172049 np0000004562 devstack@n-api.service[87344]: INFO nova.api.openstack.compute.server_external_events [req-5b571f94-b1f4-4bf6-a986-bf69f7344d4c req-1b7c82df-3422-4820-9036-3a1924a46067 service nova] Creating event network-changed:066bb55b-ad03-4207-b570-25e22bfbb480 for instance 8925c8cc-b844-4697-9d32-99d9b39c394f on np0000004562
Jul 05 03:30:20.172472 np0000004562 devstack@n-api.service[87344]: DEBUG nova.compute.rpcapi [req-5b571f94-b1f4-4bf6-a986-bf69f7344d4c req-1b7c82df-3422-4820-9036-3a1924a46067 service nova] RPC: Sending the message to topic: compute-alt {{(pid=87344) prepare_for_alt_rpcserver /opt/stack/nova/nova/compute/rpcapi.py:595}}
Jul 05 03:30:20.176402 np0000004562 devstack@n-api.service[87345]: INFO nova.api.openstack.requestlog [None req-f88a3281-7f6f-42e1-afef-49dd910f69bb tempest-TaggedBootDevicesTest_v242-1222577163 tempest-TaggedBootDevicesTest_v242-1222577163-project-member] 10.4.3.249 "GET /compute/v2.1/servers/7f4104ac-fa7c-495a-9f64-c9b835bc6073" status: 200 len: 1284 microversion: 2.42 time: 0.095363
Jul 05 03:30:20.176769 np0000004562 devstack@n-api.service[87345]: [pid: 87345|app: 0|req: 32/139] 10.4.3.249 () {68 vars in 1395 bytes} [Sun Jul 5 03:30:20 2026] GET /compute/v2.1/servers/7f4104ac-fa7c-495a-9f64-c9b835bc6073 => generated 1284 bytes in 96 msecs (HTTP/1.1 200) 9 headers in 360 bytes (1 switches on core 0)
Jul 05 03:30:20.177578 np0000004562 devstack@n-api.service[87344]: INFO nova.api.openstack.requestlog [req-5b571f94-b1f4-4bf6-a986-bf69f7344d4c req-1b7c82df-3422-4820-9036-3a1924a46067 service nova] 10.4.3.249 "POST /compute/v2.1/os-server-external-events" status: 200 len: 179 microversion: 2.1 time: 0.023998
Jul 05 03:30:20.178152 np0000004562 devstack@n-api.service[87344]: [pid: 87344|app: 0|req: 38/140] 10.4.3.249 () {72 vars in 1432 bytes} [Sun Jul 5 03:30:20 2026] POST /compute/v2.1/os-server-external-events => generated 179 bytes in 25 msecs (HTTP/1.1 200) 9 headers in 357 bytes (1 switches on core 0)
Jul 05 03:30:20.197161 np0000004562 devstack@n-api.service[87346]: DEBUG nova.api.openstack.wsgi [req-bc522d19-a355-47f5-920f-56b06f11c500 req-14376ca8-4f9c-4ceb-93bd-34f212caf123 service nova] Action: 'create', calling method: >, body: {"events": [{"server_uuid": "56f86925-1417-4995-8ffe-d5c410bc7613", "name": "network-vif-unplugged", "status": "completed", "tag": "8c91f432-9afa-42c0-95c5-81ebf116e5e9"}]} {{(pid=87346) _process_stack /opt/stack/nova/nova/api/openstack/wsgi.py:549}}
Jul 05 03:30:20.209397 np0000004562 devstack@n-api.service[87346]: DEBUG oslo_concurrency.lockutils [req-bc522d19-a355-47f5-920f-56b06f11c500 req-14376ca8-4f9c-4ceb-93bd-34f212caf123 service nova] Acquiring lock "7622597c-bba8-47e1-ac8c-7f0845a174ff" by "nova.context.set_target_cell..get_or_set_cached_cell_and_set_connections" {{(pid=87346) inner /opt/stack/data/venv/lib/python3.12/site-packages/oslo_concurrency/lockutils.py:511}}
Jul 05 03:30:20.209691 np0000004562 devstack@n-api.service[87346]: DEBUG oslo_concurrency.lockutils [req-bc522d19-a355-47f5-920f-56b06f11c500 req-14376ca8-4f9c-4ceb-93bd-34f212caf123 service nova] Lock "7622597c-bba8-47e1-ac8c-7f0845a174ff" acquired by "nova.context.set_target_cell..get_or_set_cached_cell_and_set_connections" :: waited 0.000s {{(pid=87346) inner /opt/stack/data/venv/lib/python3.12/site-packages/oslo_concurrency/lockutils.py:524}}
Jul 05 03:30:20.209925 np0000004562 devstack@n-api.service[87346]: DEBUG oslo_concurrency.lockutils [req-bc522d19-a355-47f5-920f-56b06f11c500 req-14376ca8-4f9c-4ceb-93bd-34f212caf123 service nova] Lock "7622597c-bba8-47e1-ac8c-7f0845a174ff" "released" by "nova.context.set_target_cell..get_or_set_cached_cell_and_set_connections" :: held 0.000s {{(pid=87346) inner /opt/stack/data/venv/lib/python3.12/site-packages/oslo_concurrency/lockutils.py:543}}
Jul 05 03:30:20.220157 np0000004562 devstack@n-api.service[87346]: INFO nova.api.openstack.compute.server_external_events [req-bc522d19-a355-47f5-920f-56b06f11c500 req-14376ca8-4f9c-4ceb-93bd-34f212caf123 service nova] Creating event network-vif-unplugged:8c91f432-9afa-42c0-95c5-81ebf116e5e9 for instance 56f86925-1417-4995-8ffe-d5c410bc7613 on np0000004562
Jul 05 03:30:20.220745 np0000004562 devstack@n-api.service[87346]: DEBUG nova.compute.rpcapi [req-bc522d19-a355-47f5-920f-56b06f11c500 req-14376ca8-4f9c-4ceb-93bd-34f212caf123 service nova] RPC: Sending the message to topic: compute-alt {{(pid=87346) prepare_for_alt_rpcserver /opt/stack/nova/nova/compute/rpcapi.py:595}}
Jul 05 03:30:20.225733 np0000004562 devstack@n-api.service[87346]: INFO nova.api.openstack.requestlog [req-bc522d19-a355-47f5-920f-56b06f11c500 req-14376ca8-4f9c-4ceb-93bd-34f212caf123 service nova] 10.4.3.249 "POST /compute/v2.1/os-server-external-events" status: 200 len: 185 microversion: 2.1 time: 0.030978
Jul 05 03:30:20.226249 np0000004562 devstack@n-api.service[87346]: [pid: 87346|app: 0|req: 34/141] 10.4.3.249 () {72 vars in 1432 bytes} [Sun Jul 5 03:30:20 2026] POST /compute/v2.1/os-server-external-events => generated 185 bytes in 32 msecs (HTTP/1.1 200) 9 headers in 357 bytes (1 switches on core 0)
Jul 05 03:30:20.378380 np0000004562 devstack@n-api.service[87347]: DEBUG nova.policy [None req-2143f5cb-2aab-4b0e-a5c2-81c584c1b87f tempest-AttachSCSIVolumeTestJSON-594600634 tempest-AttachSCSIVolumeTestJSON-594600634-project-member] Policy check for os_compute_api:os-extended-server-attributes failed with credentials {'is_admin': False, 'user_id': '0fc9d8d23e4a43009ede6e0b2291c365', 'user_domain_id': 'default', 'system_scope': None, 'domain_id': None, 'project_id': '8f15da77ec4e4a65bcdd563097de4c3b', 'project_domain_id': 'default', 'roles': ['reader', 'member'], 'is_admin_project': True, 'service_user_id': None, 'service_user_domain_id': None, 'service_project_id': None, 'service_project_domain_id': None, 'service_roles': []} {{(pid=87347) authorize /opt/stack/nova/nova/policy.py:192}}
Jul 05 03:30:20.388233 np0000004562 devstack@n-api.service[87347]: INFO nova.api.openstack.requestlog [None req-2143f5cb-2aab-4b0e-a5c2-81c584c1b87f tempest-AttachSCSIVolumeTestJSON-594600634 tempest-AttachSCSIVolumeTestJSON-594600634-project-member] 10.4.3.249 "GET /compute/v2.1/servers/dceabcd9-3341-412c-8492-121a739b626d" status: 200 len: 1367 microversion: 2.1 time: 0.264547
Jul 05 03:30:20.388999 np0000004562 devstack@n-api.service[87347]: [pid: 87347|app: 0|req: 38/142] 10.4.3.249 () {66 vars in 1354 bytes} [Sun Jul 5 03:30:20 2026] GET /compute/v2.1/servers/dceabcd9-3341-412c-8492-121a739b626d => generated 1367 bytes in 266 msecs (HTTP/1.1 200) 9 headers in 358 bytes (1 switches on core 0)
Jul 05 03:30:20.591747 np0000004562 devstack@n-api.service[87345]: DEBUG nova.api.openstack.wsgi [None req-acf40d8c-03dc-4f7f-839f-7450c52afa1f tempest-ServerBootFromVolumeStableRescueTest-2049298576 tempest-ServerBootFromVolumeStableRescueTest-2049298576-project-member] Calling method '>' {{(pid=87345) _process_stack /opt/stack/nova/nova/api/openstack/wsgi.py:551}}
Jul 05 03:30:20.592937 np0000004562 devstack@n-api.service[87345]: DEBUG nova.compute.api [None req-acf40d8c-03dc-4f7f-839f-7450c52afa1f tempest-ServerBootFromVolumeStableRescueTest-2049298576 tempest-ServerBootFromVolumeStableRescueTest-2049298576-project-member] [instance: d22f1b3c-5d43-486e-a417-325d749fca25] Fetching instance by UUID {{(pid=87345) get /opt/stack/nova/nova/compute/api.py:3068}}
Jul 05 03:30:20.597393 np0000004562 devstack@n-api.service[87345]: DEBUG oslo_concurrency.lockutils [None req-acf40d8c-03dc-4f7f-839f-7450c52afa1f tempest-ServerBootFromVolumeStableRescueTest-2049298576 tempest-ServerBootFromVolumeStableRescueTest-2049298576-project-member] Acquiring lock "7622597c-bba8-47e1-ac8c-7f0845a174ff" by "nova.context.set_target_cell..get_or_set_cached_cell_and_set_connections" {{(pid=87345) inner /opt/stack/data/venv/lib/python3.12/site-packages/oslo_concurrency/lockutils.py:511}}
Jul 05 03:30:20.597878 np0000004562 devstack@n-api.service[87345]: DEBUG oslo_concurrency.lockutils [None req-acf40d8c-03dc-4f7f-839f-7450c52afa1f tempest-ServerBootFromVolumeStableRescueTest-2049298576 tempest-ServerBootFromVolumeStableRescueTest-2049298576-project-member] Lock "7622597c-bba8-47e1-ac8c-7f0845a174ff" acquired by "nova.context.set_target_cell..get_or_set_cached_cell_and_set_connections" :: waited 0.001s {{(pid=87345) inner /opt/stack/data/venv/lib/python3.12/site-packages/oslo_concurrency/lockutils.py:524}}
Jul 05 03:30:20.598255 np0000004562 devstack@n-api.service[87345]: DEBUG oslo_concurrency.lockutils [None req-acf40d8c-03dc-4f7f-839f-7450c52afa1f tempest-ServerBootFromVolumeStableRescueTest-2049298576 tempest-ServerBootFromVolumeStableRescueTest-2049298576-project-member] Lock "7622597c-bba8-47e1-ac8c-7f0845a174ff" "released" by "nova.context.set_target_cell..get_or_set_cached_cell_and_set_connections" :: held 0.000s {{(pid=87345) inner /opt/stack/data/venv/lib/python3.12/site-packages/oslo_concurrency/lockutils.py:543}}
Jul 05 03:30:20.599007 np0000004562 devstack@n-api.service[87345]: DEBUG oslo_concurrency.lockutils [None req-acf40d8c-03dc-4f7f-839f-7450c52afa1f tempest-ServerBootFromVolumeStableRescueTest-2049298576 tempest-ServerBootFromVolumeStableRescueTest-2049298576-project-member] Acquiring lock "7622597c-bba8-47e1-ac8c-7f0845a174ff" by "nova.context.set_target_cell..get_or_set_cached_cell_and_set_connections" {{(pid=87345) inner /opt/stack/data/venv/lib/python3.12/site-packages/oslo_concurrency/lockutils.py:511}}
Jul 05 03:30:20.599472 np0000004562 devstack@n-api.service[87345]: DEBUG oslo_concurrency.lockutils [None req-acf40d8c-03dc-4f7f-839f-7450c52afa1f tempest-ServerBootFromVolumeStableRescueTest-2049298576 tempest-ServerBootFromVolumeStableRescueTest-2049298576-project-member] Lock "7622597c-bba8-47e1-ac8c-7f0845a174ff" acquired by "nova.context.set_target_cell..get_or_set_cached_cell_and_set_connections" :: waited 0.001s {{(pid=87345) inner /opt/stack/data/venv/lib/python3.12/site-packages/oslo_concurrency/lockutils.py:524}}
Jul 05 03:30:20.599880 np0000004562 devstack@n-api.service[87345]: DEBUG oslo_concurrency.lockutils [None req-acf40d8c-03dc-4f7f-839f-7450c52afa1f tempest-ServerBootFromVolumeStableRescueTest-2049298576 tempest-ServerBootFromVolumeStableRescueTest-2049298576-project-member] Lock "7622597c-bba8-47e1-ac8c-7f0845a174ff" "released" by "nova.context.set_target_cell..get_or_set_cached_cell_and_set_connections" :: held 0.000s {{(pid=87345) inner /opt/stack/data/venv/lib/python3.12/site-packages/oslo_concurrency/lockutils.py:543}}
Jul 05 03:30:20.619743 np0000004562 devstack@n-api.service[87345]: WARNING neutronclient.v2_0.client [None req-acf40d8c-03dc-4f7f-839f-7450c52afa1f tempest-ServerBootFromVolumeStableRescueTest-2049298576 tempest-ServerBootFromVolumeStableRescueTest-2049298576-project-member] The python binding code in neutronclient is deprecated in favor of OpenstackSDK, please use that as this will be removed in a future release.
Jul 05 03:30:20.638673 np0000004562 devstack@n-api.service[87344]: DEBUG nova.api.openstack.wsgi [None req-9bd9a1d9-fb7e-4219-9496-053cafbd100f tempest-ServerActionsTestOtherB-2067268672 tempest-ServerActionsTestOtherB-2067268672-project-member] Calling method '>' {{(pid=87344) _process_stack /opt/stack/nova/nova/api/openstack/wsgi.py:551}}
Jul 05 03:30:20.642115 np0000004562 devstack@n-api.service[87344]: DEBUG nova.compute.api [None req-9bd9a1d9-fb7e-4219-9496-053cafbd100f tempest-ServerActionsTestOtherB-2067268672 tempest-ServerActionsTestOtherB-2067268672-project-member] [instance: 56f86925-1417-4995-8ffe-d5c410bc7613] Fetching instance by UUID {{(pid=87344) get /opt/stack/nova/nova/compute/api.py:3068}}
Jul 05 03:30:20.647037 np0000004562 devstack@n-api.service[87344]: DEBUG oslo_concurrency.lockutils [None req-9bd9a1d9-fb7e-4219-9496-053cafbd100f tempest-ServerActionsTestOtherB-2067268672 tempest-ServerActionsTestOtherB-2067268672-project-member] Acquiring lock "7622597c-bba8-47e1-ac8c-7f0845a174ff" by "nova.context.set_target_cell..get_or_set_cached_cell_and_set_connections" {{(pid=87344) inner /opt/stack/data/venv/lib/python3.12/site-packages/oslo_concurrency/lockutils.py:511}}
Jul 05 03:30:20.647128 np0000004562 devstack@n-api.service[87346]: DEBUG nova.api.openstack.wsgi [None req-623b5b67-d9ab-46d0-88b8-9e2411e28d3c tempest-VolumesAssistedSnapshotsTest-632308792 tempest-VolumesAssistedSnapshotsTest-632308792-project-member] Calling method '>' {{(pid=87346) _process_stack /opt/stack/nova/nova/api/openstack/wsgi.py:551}}
Jul 05 03:30:20.647485 np0000004562 devstack@n-api.service[87344]: DEBUG oslo_concurrency.lockutils [None req-9bd9a1d9-fb7e-4219-9496-053cafbd100f tempest-ServerActionsTestOtherB-2067268672 tempest-ServerActionsTestOtherB-2067268672-project-member] Lock "7622597c-bba8-47e1-ac8c-7f0845a174ff" acquired by "nova.context.set_target_cell..get_or_set_cached_cell_and_set_connections" :: waited 0.000s {{(pid=87344) inner /opt/stack/data/venv/lib/python3.12/site-packages/oslo_concurrency/lockutils.py:524}}
Jul 05 03:30:20.647485 np0000004562 devstack@n-api.service[87344]: DEBUG oslo_concurrency.lockutils [None req-9bd9a1d9-fb7e-4219-9496-053cafbd100f tempest-ServerActionsTestOtherB-2067268672 tempest-ServerActionsTestOtherB-2067268672-project-member] Lock "7622597c-bba8-47e1-ac8c-7f0845a174ff" "released" by "nova.context.set_target_cell..get_or_set_cached_cell_and_set_connections" :: held 0.000s {{(pid=87344) inner /opt/stack/data/venv/lib/python3.12/site-packages/oslo_concurrency/lockutils.py:543}}
Jul 05 03:30:20.648181 np0000004562 devstack@n-api.service[87344]: DEBUG oslo_concurrency.lockutils [None req-9bd9a1d9-fb7e-4219-9496-053cafbd100f tempest-ServerActionsTestOtherB-2067268672 tempest-ServerActionsTestOtherB-2067268672-project-member] Acquiring lock "7622597c-bba8-47e1-ac8c-7f0845a174ff" by "nova.context.set_target_cell..get_or_set_cached_cell_and_set_connections" {{(pid=87344) inner /opt/stack/data/venv/lib/python3.12/site-packages/oslo_concurrency/lockutils.py:511}}
