Jul 05 03:27:37.301362 np0000004562 nova-scheduler[96477]: DEBUG cotyledon.oslo_config_glue [-] profiler.es_doc_type = notification {{(pid=96477) log_opt_values /opt/stack/data/venv/lib/python3.12/site-packages/oslo_config/cfg.py:3253}}
Jul 05 03:27:37.301362 np0000004562 nova-scheduler[96477]: DEBUG cotyledon.oslo_config_glue [-] profiler.es_scroll_size = 10000 {{(pid=96477) log_opt_values /opt/stack/data/venv/lib/python3.12/site-packages/oslo_config/cfg.py:3253}}
Jul 05 03:27:37.301362 np0000004562 nova-scheduler[96477]: DEBUG cotyledon.oslo_config_glue [-] profiler.es_scroll_time = 2m {{(pid=96477) log_opt_values /opt/stack/data/venv/lib/python3.12/site-packages/oslo_config/cfg.py:3253}}
Jul 05 03:27:37.301362 np0000004562 nova-scheduler[96477]: DEBUG cotyledon.oslo_config_glue [-] profiler.filter_error_trace = False {{(pid=96477) log_opt_values /opt/stack/data/venv/lib/python3.12/site-packages/oslo_config/cfg.py:3253}}
Jul 05 03:27:37.301362 np0000004562 nova-scheduler[96477]: DEBUG cotyledon.oslo_config_glue [-] profiler.hmac_keys = **** {{(pid=96477) log_opt_values /opt/stack/data/venv/lib/python3.12/site-packages/oslo_config/cfg.py:3253}}
Jul 05 03:27:37.301362 np0000004562 nova-scheduler[96477]: DEBUG cotyledon.oslo_config_glue [-] profiler.sentinel_service_name = mymaster {{(pid=96477) log_opt_values /opt/stack/data/venv/lib/python3.12/site-packages/oslo_config/cfg.py:3253}}
Jul 05 03:27:37.301362 np0000004562 nova-scheduler[96477]: DEBUG cotyledon.oslo_config_glue [-] profiler.socket_timeout = 0.1 {{(pid=96477) log_opt_values /opt/stack/data/venv/lib/python3.12/site-packages/oslo_config/cfg.py:3253}}
Jul 05 03:27:37.301764 np0000004562 nova-scheduler[96477]: DEBUG cotyledon.oslo_config_glue [-] profiler.trace_requests = False {{(pid=96477) log_opt_values /opt/stack/data/venv/lib/python3.12/site-packages/oslo_config/cfg.py:3253}}
Jul 05 03:27:37.301764 np0000004562 nova-scheduler[96477]: DEBUG cotyledon.oslo_config_glue [-] profiler.trace_sqlalchemy = False {{(pid=96477) log_opt_values /opt/stack/data/venv/lib/python3.12/site-packages/oslo_config/cfg.py:3253}}
Jul 05 03:27:37.301764 np0000004562 nova-scheduler[96477]: DEBUG cotyledon.oslo_config_glue [-] profiler_jaeger.process_tags = {} {{(pid=96477) log_opt_values /opt/stack/data/venv/lib/python3.12/site-packages/oslo_config/cfg.py:3253}}
Jul 05 03:27:37.301764 np0000004562 nova-scheduler[96477]: DEBUG cotyledon.oslo_config_glue [-] profiler_jaeger.service_name_prefix = None {{(pid=96477) log_opt_values /opt/stack/data/venv/lib/python3.12/site-packages/oslo_config/cfg.py:3253}}
Jul 05 03:27:37.301764 np0000004562 nova-scheduler[96477]: DEBUG cotyledon.oslo_config_glue [-] profiler_otlp.service_name_prefix = None {{(pid=96477) log_opt_values /opt/stack/data/venv/lib/python3.12/site-packages/oslo_config/cfg.py:3253}}
Jul 05 03:27:37.301764 np0000004562 nova-scheduler[96477]: DEBUG cotyledon.oslo_config_glue [-] oslo_messaging_rabbit.amqp_auto_delete = False {{(pid=96477) log_opt_values /opt/stack/data/venv/lib/python3.12/site-packages/oslo_config/cfg.py:3253}}
Jul 05 03:27:37.301764 np0000004562 nova-scheduler[96477]: DEBUG cotyledon.oslo_config_glue [-] oslo_messaging_rabbit.amqp_durable_queues = False {{(pid=96477) log_opt_values /opt/stack/data/venv/lib/python3.12/site-packages/oslo_config/cfg.py:3253}}
Jul 05 03:27:37.301764 np0000004562 nova-scheduler[96477]: DEBUG cotyledon.oslo_config_glue [-] oslo_messaging_rabbit.conn_pool_min_size = 2 {{(pid=96477) log_opt_values /opt/stack/data/venv/lib/python3.12/site-packages/oslo_config/cfg.py:3253}}
Jul 05 03:27:37.301764 np0000004562 nova-scheduler[96477]: DEBUG cotyledon.oslo_config_glue [-] oslo_messaging_rabbit.conn_pool_ttl = 1200 {{(pid=96477) log_opt_values /opt/stack/data/venv/lib/python3.12/site-packages/oslo_config/cfg.py:3253}}
Jul 05 03:27:37.302103 np0000004562 nova-scheduler[96477]: DEBUG cotyledon.oslo_config_glue [-] oslo_messaging_rabbit.direct_mandatory_flag = True {{(pid=96477) log_opt_values /opt/stack/data/venv/lib/python3.12/site-packages/oslo_config/cfg.py:3253}}
Jul 05 03:27:37.302103 np0000004562 nova-scheduler[96477]: DEBUG cotyledon.oslo_config_glue [-] oslo_messaging_rabbit.enable_cancel_on_failover = False {{(pid=96477) log_opt_values /opt/stack/data/venv/lib/python3.12/site-packages/oslo_config/cfg.py:3253}}
Jul 05 03:27:37.302103 np0000004562 nova-scheduler[96477]: DEBUG cotyledon.oslo_config_glue [-] oslo_messaging_rabbit.heartbeat_rate = 3 {{(pid=96477) log_opt_values /opt/stack/data/venv/lib/python3.12/site-packages/oslo_config/cfg.py:3253}}
Jul 05 03:27:37.302103 np0000004562 nova-scheduler[96477]: DEBUG cotyledon.oslo_config_glue [-] oslo_messaging_rabbit.heartbeat_timeout_threshold = 60 {{(pid=96477) log_opt_values /opt/stack/data/venv/lib/python3.12/site-packages/oslo_config/cfg.py:3253}}
Jul 05 03:27:37.302103 np0000004562 nova-scheduler[96477]: DEBUG cotyledon.oslo_config_glue [-] oslo_messaging_rabbit.hostname = np0000004562 {{(pid=96477) log_opt_values /opt/stack/data/venv/lib/python3.12/site-packages/oslo_config/cfg.py:3253}}
Jul 05 03:27:37.302103 np0000004562 nova-scheduler[96477]: DEBUG cotyledon.oslo_config_glue [-] oslo_messaging_rabbit.kombu_compression = None {{(pid=96477) log_opt_values /opt/stack/data/venv/lib/python3.12/site-packages/oslo_config/cfg.py:3253}}
Jul 05 03:27:37.302103 np0000004562 nova-scheduler[96477]: DEBUG cotyledon.oslo_config_glue [-] oslo_messaging_rabbit.kombu_failover_strategy = round-robin {{(pid=96477) log_opt_values /opt/stack/data/venv/lib/python3.12/site-packages/oslo_config/cfg.py:3253}}
Jul 05 03:27:37.302103 np0000004562 nova-scheduler[96477]: DEBUG cotyledon.oslo_config_glue [-] oslo_messaging_rabbit.kombu_missing_consumer_retry_timeout = 60 {{(pid=96477) log_opt_values /opt/stack/data/venv/lib/python3.12/site-packages/oslo_config/cfg.py:3253}}
Jul 05 03:27:37.302103 np0000004562 nova-scheduler[96477]: DEBUG cotyledon.oslo_config_glue [-] oslo_messaging_rabbit.kombu_reconnect_delay = 1.0 {{(pid=96477) log_opt_values /opt/stack/data/venv/lib/python3.12/site-packages/oslo_config/cfg.py:3253}}
Jul 05 03:27:37.302461 np0000004562 nova-scheduler[96477]: DEBUG cotyledon.oslo_config_glue [-] oslo_messaging_rabbit.kombu_reconnect_splay = 0.0 {{(pid=96477) log_opt_values /opt/stack/data/venv/lib/python3.12/site-packages/oslo_config/cfg.py:3253}}
Jul 05 03:27:37.302461 np0000004562 nova-scheduler[96477]: DEBUG cotyledon.oslo_config_glue [-] oslo_messaging_rabbit.processname = nova-scheduler {{(pid=96477) log_opt_values /opt/stack/data/venv/lib/python3.12/site-packages/oslo_config/cfg.py:3253}}
Jul 05 03:27:37.302461 np0000004562 nova-scheduler[96477]: DEBUG cotyledon.oslo_config_glue [-] oslo_messaging_rabbit.rabbit_ha_queues = False {{(pid=96477) log_opt_values /opt/stack/data/venv/lib/python3.12/site-packages/oslo_config/cfg.py:3253}}
Jul 05 03:27:37.302461 np0000004562 nova-scheduler[96477]: DEBUG cotyledon.oslo_config_glue [-] oslo_messaging_rabbit.rabbit_interval_max = 30 {{(pid=96477) log_opt_values /opt/stack/data/venv/lib/python3.12/site-packages/oslo_config/cfg.py:3253}}
Jul 05 03:27:37.302461 np0000004562 nova-scheduler[96477]: DEBUG cotyledon.oslo_config_glue [-] oslo_messaging_rabbit.rabbit_login_method = AMQPLAIN {{(pid=96477) log_opt_values /opt/stack/data/venv/lib/python3.12/site-packages/oslo_config/cfg.py:3253}}
Jul 05 03:27:37.302461 np0000004562 nova-scheduler[96477]: DEBUG cotyledon.oslo_config_glue [-] oslo_messaging_rabbit.rabbit_qos_prefetch_count = 0 {{(pid=96477) log_opt_values /opt/stack/data/venv/lib/python3.12/site-packages/oslo_config/cfg.py:3253}}
Jul 05 03:27:37.302461 np0000004562 nova-scheduler[96477]: DEBUG cotyledon.oslo_config_glue [-] oslo_messaging_rabbit.rabbit_quorum_delivery_limit = 0 {{(pid=96477) log_opt_values /opt/stack/data/venv/lib/python3.12/site-packages/oslo_config/cfg.py:3253}}
Jul 05 03:27:37.302461 np0000004562 nova-scheduler[96477]: DEBUG cotyledon.oslo_config_glue [-] oslo_messaging_rabbit.rabbit_quorum_max_memory_bytes = 0 {{(pid=96477) log_opt_values /opt/stack/data/venv/lib/python3.12/site-packages/oslo_config/cfg.py:3253}}
Jul 05 03:27:37.302461 np0000004562 nova-scheduler[96477]: DEBUG cotyledon.oslo_config_glue [-] oslo_messaging_rabbit.rabbit_quorum_max_memory_length = 0 {{(pid=96477) log_opt_values /opt/stack/data/venv/lib/python3.12/site-packages/oslo_config/cfg.py:3253}}
Jul 05 03:27:37.302781 np0000004562 nova-scheduler[96477]: DEBUG cotyledon.oslo_config_glue [-] oslo_messaging_rabbit.rabbit_quorum_queue = False {{(pid=96477) log_opt_values /opt/stack/data/venv/lib/python3.12/site-packages/oslo_config/cfg.py:3253}}
Jul 05 03:27:37.302781 np0000004562 nova-scheduler[96477]: DEBUG cotyledon.oslo_config_glue [-] oslo_messaging_rabbit.rabbit_retry_backoff = 2 {{(pid=96477) log_opt_values /opt/stack/data/venv/lib/python3.12/site-packages/oslo_config/cfg.py:3253}}
Jul 05 03:27:37.302781 np0000004562 nova-scheduler[96477]: DEBUG cotyledon.oslo_config_glue [-] oslo_messaging_rabbit.rabbit_retry_interval = 1 {{(pid=96477) log_opt_values /opt/stack/data/venv/lib/python3.12/site-packages/oslo_config/cfg.py:3253}}
Jul 05 03:27:37.302781 np0000004562 nova-scheduler[96477]: DEBUG cotyledon.oslo_config_glue [-] oslo_messaging_rabbit.rabbit_stream_fanout = False {{(pid=96477) log_opt_values /opt/stack/data/venv/lib/python3.12/site-packages/oslo_config/cfg.py:3253}}
Jul 05 03:27:37.302781 np0000004562 nova-scheduler[96477]: DEBUG cotyledon.oslo_config_glue [-] oslo_messaging_rabbit.rabbit_transient_queues_ttl = 1800 {{(pid=96477) log_opt_values /opt/stack/data/venv/lib/python3.12/site-packages/oslo_config/cfg.py:3253}}
Jul 05 03:27:37.302781 np0000004562 nova-scheduler[96477]: DEBUG cotyledon.oslo_config_glue [-] oslo_messaging_rabbit.rabbit_transient_quorum_queue = False {{(pid=96477) log_opt_values /opt/stack/data/venv/lib/python3.12/site-packages/oslo_config/cfg.py:3253}}
Jul 05 03:27:37.302781 np0000004562 nova-scheduler[96477]: DEBUG cotyledon.oslo_config_glue [-] oslo_messaging_rabbit.rpc_conn_pool_size = 30 {{(pid=96477) log_opt_values /opt/stack/data/venv/lib/python3.12/site-packages/oslo_config/cfg.py:3253}}
Jul 05 03:27:37.302781 np0000004562 nova-scheduler[96477]: DEBUG cotyledon.oslo_config_glue [-] oslo_messaging_rabbit.ssl = False {{(pid=96477) log_opt_values /opt/stack/data/venv/lib/python3.12/site-packages/oslo_config/cfg.py:3253}}
Jul 05 03:27:37.302781 np0000004562 nova-scheduler[96477]: DEBUG cotyledon.oslo_config_glue [-] oslo_messaging_rabbit.ssl_ca_file = {{(pid=96477) log_opt_values /opt/stack/data/venv/lib/python3.12/site-packages/oslo_config/cfg.py:3253}}
Jul 05 03:27:37.303107 np0000004562 nova-scheduler[96477]: DEBUG cotyledon.oslo_config_glue [-] oslo_messaging_rabbit.ssl_cert_file = {{(pid=96477) log_opt_values /opt/stack/data/venv/lib/python3.12/site-packages/oslo_config/cfg.py:3253}}
Jul 05 03:27:37.303107 np0000004562 nova-scheduler[96477]: DEBUG cotyledon.oslo_config_glue [-] oslo_messaging_rabbit.ssl_enforce_fips_mode = False {{(pid=96477) log_opt_values /opt/stack/data/venv/lib/python3.12/site-packages/oslo_config/cfg.py:3253}}
Jul 05 03:27:37.303107 np0000004562 nova-scheduler[96477]: DEBUG cotyledon.oslo_config_glue [-] oslo_messaging_rabbit.ssl_enforce_hostname_verification = True {{(pid=96477) log_opt_values /opt/stack/data/venv/lib/python3.12/site-packages/oslo_config/cfg.py:3253}}
Jul 05 03:27:37.303107 np0000004562 nova-scheduler[96477]: DEBUG cotyledon.oslo_config_glue [-] oslo_messaging_rabbit.ssl_key_file = {{(pid=96477) log_opt_values /opt/stack/data/venv/lib/python3.12/site-packages/oslo_config/cfg.py:3253}}
Jul 05 03:27:37.303107 np0000004562 nova-scheduler[96477]: DEBUG cotyledon.oslo_config_glue [-] oslo_messaging_rabbit.ssl_version = {{(pid=96477) log_opt_values /opt/stack/data/venv/lib/python3.12/site-packages/oslo_config/cfg.py:3253}}
Jul 05 03:27:37.303107 np0000004562 nova-scheduler[96477]: DEBUG cotyledon.oslo_config_glue [-] oslo_messaging_rabbit.use_queue_manager = False {{(pid=96477) log_opt_values /opt/stack/data/venv/lib/python3.12/site-packages/oslo_config/cfg.py:3253}}
Jul 05 03:27:37.303107 np0000004562 nova-scheduler[96477]: DEBUG cotyledon.oslo_config_glue [-] oslo_messaging_notifications.driver = ['messagingv2'] {{(pid=96477) log_opt_values /opt/stack/data/venv/lib/python3.12/site-packages/oslo_config/cfg.py:3253}}
Jul 05 03:27:37.303107 np0000004562 nova-scheduler[96477]: DEBUG cotyledon.oslo_config_glue [-] oslo_messaging_notifications.retry = -1 {{(pid=96477) log_opt_values /opt/stack/data/venv/lib/python3.12/site-packages/oslo_config/cfg.py:3253}}
Jul 05 03:27:37.303107 np0000004562 nova-scheduler[96477]: DEBUG cotyledon.oslo_config_glue [-] oslo_messaging_notifications.topics = ['notifications'] {{(pid=96477) log_opt_values /opt/stack/data/venv/lib/python3.12/site-packages/oslo_config/cfg.py:3253}}
Jul 05 03:27:37.303493 np0000004562 nova-scheduler[96477]: DEBUG cotyledon.oslo_config_glue [-] oslo_messaging_notifications.transport_url = **** {{(pid=96477) log_opt_values /opt/stack/data/venv/lib/python3.12/site-packages/oslo_config/cfg.py:3253}}
Jul 05 03:27:37.303493 np0000004562 nova-scheduler[96477]: DEBUG cotyledon.oslo_config_glue [-] oslo_limit.auth_section = None {{(pid=96477) log_opt_values /opt/stack/data/venv/lib/python3.12/site-packages/oslo_config/cfg.py:3253}}
Jul 05 03:27:37.303493 np0000004562 nova-scheduler[96477]: DEBUG cotyledon.oslo_config_glue [-] oslo_limit.auth_type = None {{(pid=96477) log_opt_values /opt/stack/data/venv/lib/python3.12/site-packages/oslo_config/cfg.py:3253}}
Jul 05 03:27:37.303493 np0000004562 nova-scheduler[96477]: DEBUG cotyledon.oslo_config_glue [-] oslo_limit.cafile = None {{(pid=96477) log_opt_values /opt/stack/data/venv/lib/python3.12/site-packages/oslo_config/cfg.py:3253}}
Jul 05 03:27:37.303493 np0000004562 nova-scheduler[96477]: DEBUG cotyledon.oslo_config_glue [-] oslo_limit.certfile = None {{(pid=96477) log_opt_values /opt/stack/data/venv/lib/python3.12/site-packages/oslo_config/cfg.py:3253}}
Jul 05 03:27:37.303493 np0000004562 nova-scheduler[96477]: DEBUG cotyledon.oslo_config_glue [-] oslo_limit.collect_timing = False {{(pid=96477) log_opt_values /opt/stack/data/venv/lib/python3.12/site-packages/oslo_config/cfg.py:3253}}
Jul 05 03:27:37.303493 np0000004562 nova-scheduler[96477]: DEBUG cotyledon.oslo_config_glue [-] oslo_limit.connect_retries = None {{(pid=96477) log_opt_values /opt/stack/data/venv/lib/python3.12/site-packages/oslo_config/cfg.py:3253}}
Jul 05 03:27:37.303493 np0000004562 nova-scheduler[96477]: DEBUG cotyledon.oslo_config_glue [-] oslo_limit.connect_retry_delay = None {{(pid=96477) log_opt_values /opt/stack/data/venv/lib/python3.12/site-packages/oslo_config/cfg.py:3253}}
Jul 05 03:27:37.303493 np0000004562 nova-scheduler[96477]: DEBUG cotyledon.oslo_config_glue [-] oslo_limit.endpoint_id = None {{(pid=96477) log_opt_values /opt/stack/data/venv/lib/python3.12/site-packages/oslo_config/cfg.py:3253}}
Jul 05 03:27:37.303865 np0000004562 nova-scheduler[96477]: DEBUG cotyledon.oslo_config_glue [-] oslo_limit.endpoint_interface = public {{(pid=96477) log_opt_values /opt/stack/data/venv/lib/python3.12/site-packages/oslo_config/cfg.py:3253}}
Jul 05 03:27:37.303865 np0000004562 nova-scheduler[96477]: DEBUG cotyledon.oslo_config_glue [-] oslo_limit.endpoint_override = None {{(pid=96477) log_opt_values /opt/stack/data/venv/lib/python3.12/site-packages/oslo_config/cfg.py:3253}}
Jul 05 03:27:37.303865 np0000004562 nova-scheduler[96477]: DEBUG cotyledon.oslo_config_glue [-] oslo_limit.endpoint_region_name = None {{(pid=96477) log_opt_values /opt/stack/data/venv/lib/python3.12/site-packages/oslo_config/cfg.py:3253}}
Jul 05 03:27:37.303865 np0000004562 nova-scheduler[96477]: DEBUG cotyledon.oslo_config_glue [-] oslo_limit.endpoint_service_name = None {{(pid=96477) log_opt_values /opt/stack/data/venv/lib/python3.12/site-packages/oslo_config/cfg.py:3253}}
Jul 05 03:27:37.303865 np0000004562 nova-scheduler[96477]: DEBUG cotyledon.oslo_config_glue [-] oslo_limit.endpoint_service_type = None {{(pid=96477) log_opt_values /opt/stack/data/venv/lib/python3.12/site-packages/oslo_config/cfg.py:3253}}
Jul 05 03:27:37.303865 np0000004562 nova-scheduler[96477]: DEBUG cotyledon.oslo_config_glue [-] oslo_limit.insecure = False {{(pid=96477) log_opt_values /opt/stack/data/venv/lib/python3.12/site-packages/oslo_config/cfg.py:3253}}
Jul 05 03:27:37.303865 np0000004562 nova-scheduler[96477]: DEBUG cotyledon.oslo_config_glue [-] oslo_limit.keyfile = None {{(pid=96477) log_opt_values /opt/stack/data/venv/lib/python3.12/site-packages/oslo_config/cfg.py:3253}}
Jul 05 03:27:37.303865 np0000004562 nova-scheduler[96477]: DEBUG cotyledon.oslo_config_glue [-] oslo_limit.max_version = None {{(pid=96477) log_opt_values /opt/stack/data/venv/lib/python3.12/site-packages/oslo_config/cfg.py:3253}}
Jul 05 03:27:37.303865 np0000004562 nova-scheduler[96477]: DEBUG cotyledon.oslo_config_glue [-] oslo_limit.min_version = None {{(pid=96477) log_opt_values /opt/stack/data/venv/lib/python3.12/site-packages/oslo_config/cfg.py:3253}}
Jul 05 03:27:37.304218 np0000004562 nova-scheduler[96477]: DEBUG cotyledon.oslo_config_glue [-] oslo_limit.region_name = None {{(pid=96477) log_opt_values /opt/stack/data/venv/lib/python3.12/site-packages/oslo_config/cfg.py:3253}}
Jul 05 03:27:37.304218 np0000004562 nova-scheduler[96477]: DEBUG cotyledon.oslo_config_glue [-] oslo_limit.retriable_status_codes = None {{(pid=96477) log_opt_values /opt/stack/data/venv/lib/python3.12/site-packages/oslo_config/cfg.py:3253}}
Jul 05 03:27:37.304218 np0000004562 nova-scheduler[96477]: DEBUG cotyledon.oslo_config_glue [-] oslo_limit.service_name = None {{(pid=96477) log_opt_values /opt/stack/data/venv/lib/python3.12/site-packages/oslo_config/cfg.py:3253}}
Jul 05 03:27:37.304218 np0000004562 nova-scheduler[96477]: DEBUG cotyledon.oslo_config_glue [-] oslo_limit.service_type = None {{(pid=96477) log_opt_values /opt/stack/data/venv/lib/python3.12/site-packages/oslo_config/cfg.py:3253}}
Jul 05 03:27:37.304218 np0000004562 nova-scheduler[96477]: DEBUG cotyledon.oslo_config_glue [-] oslo_limit.split_loggers = False {{(pid=96477) log_opt_values /opt/stack/data/venv/lib/python3.12/site-packages/oslo_config/cfg.py:3253}}
Jul 05 03:27:37.304218 np0000004562 nova-scheduler[96477]: DEBUG cotyledon.oslo_config_glue [-] oslo_limit.status_code_retries = None {{(pid=96477) log_opt_values /opt/stack/data/venv/lib/python3.12/site-packages/oslo_config/cfg.py:3253}}
Jul 05 03:27:37.304218 np0000004562 nova-scheduler[96477]: DEBUG cotyledon.oslo_config_glue [-] oslo_limit.status_code_retry_delay = None {{(pid=96477) log_opt_values /opt/stack/data/venv/lib/python3.12/site-packages/oslo_config/cfg.py:3253}}
Jul 05 03:27:37.304218 np0000004562 nova-scheduler[96477]: DEBUG cotyledon.oslo_config_glue [-] oslo_limit.timeout = None {{(pid=96477) log_opt_values /opt/stack/data/venv/lib/python3.12/site-packages/oslo_config/cfg.py:3253}}
Jul 05 03:27:37.304218 np0000004562 nova-scheduler[96477]: DEBUG cotyledon.oslo_config_glue [-] oslo_limit.valid_interfaces = None {{(pid=96477) log_opt_values /opt/stack/data/venv/lib/python3.12/site-packages/oslo_config/cfg.py:3253}}
Jul 05 03:27:37.304603 np0000004562 nova-scheduler[96477]: DEBUG cotyledon.oslo_config_glue [-] oslo_limit.version = None {{(pid=96477) log_opt_values /opt/stack/data/venv/lib/python3.12/site-packages/oslo_config/cfg.py:3253}}
Jul 05 03:27:37.304603 np0000004562 nova-scheduler[96477]: DEBUG cotyledon.oslo_config_glue [-] oslo_reports.file_event_handler = None {{(pid=96477) log_opt_values /opt/stack/data/venv/lib/python3.12/site-packages/oslo_config/cfg.py:3253}}
Jul 05 03:27:37.304603 np0000004562 nova-scheduler[96477]: DEBUG cotyledon.oslo_config_glue [-] oslo_reports.file_event_handler_interval = 1 {{(pid=96477) log_opt_values /opt/stack/data/venv/lib/python3.12/site-packages/oslo_config/cfg.py:3253}}
Jul 05 03:27:37.304772 np0000004562 nova-scheduler[96461]: INFO dbcounter [None req-c6ade78a-58a7-4863-9924-c4980f2bc080 None None] Registered counter for database nova_cell0
Jul 05 03:27:37.304834 np0000004562 nova-scheduler[96477]: DEBUG cotyledon.oslo_config_glue [-] oslo_reports.log_dir = None {{(pid=96477) log_opt_values /opt/stack/data/venv/lib/python3.12/site-packages/oslo_config/cfg.py:3253}}
Jul 05 03:27:37.304834 np0000004562 nova-scheduler[96477]: DEBUG cotyledon.oslo_config_glue [-] ******************************************************************************** {{(pid=96477) log_opt_values /opt/stack/data/venv/lib/python3.12/site-packages/oslo_config/cfg.py:3260}}
Jul 05 03:27:37.304834 np0000004562 nova-scheduler[96477]: DEBUG cotyledon._service_worker [-] Run service ServiceWrapper(3) [96477] {{(pid=96477) wait_forever /opt/stack/data/venv/lib/python3.12/site-packages/cotyledon/_service_worker.py:218}}
Jul 05 03:27:37.304834 np0000004562 nova-scheduler[96477]: INFO nova.service [-] Starting scheduler node (version 33.1.0)
Jul 05 03:27:37.304834 np0000004562 nova-scheduler[96477]: INFO dbcounter [None req-56f4c640-2943-4b6b-8205-b15d9ae60a9b None None] Registered counter for database nova_cell0
Jul 05 03:27:37.305022 np0000004562 nova-scheduler[96454]: DEBUG oslo_db.sqlalchemy.engines [None req-4e05de69-5ea2-4ee4-8b14-2114c59ccb75 None None] MySQL server mode set to STRICT_TRANS_TABLES,STRICT_ALL_TABLES,NO_ZERO_IN_DATE,NO_ZERO_DATE,ERROR_FOR_DIVISION_BY_ZERO,TRADITIONAL,NO_ENGINE_SUBSTITUTION {{(pid=96454) _check_effective_sql_mode /opt/stack/data/venv/lib/python3.12/site-packages/oslo_db/sqlalchemy/engines.py:325}}
Jul 05 03:27:37.305078 np0000004562 nova-scheduler[96420]: DEBUG oslo_db.sqlalchemy.engines [None req-fb05bb6e-1e5e-40b6-8178-9fc5756f0a07 None None] MySQL server mode set to STRICT_TRANS_TABLES,STRICT_ALL_TABLES,NO_ZERO_IN_DATE,NO_ZERO_DATE,ERROR_FOR_DIVISION_BY_ZERO,TRADITIONAL,NO_ENGINE_SUBSTITUTION {{(pid=96420) _check_effective_sql_mode /opt/stack/data/venv/lib/python3.12/site-packages/oslo_db/sqlalchemy/engines.py:325}}
Jul 05 03:27:37.305141 np0000004562 nova-scheduler[96454]: DEBUG dbcounter [-] [96454] Writer thread running {{(pid=96454) stat_writer /opt/stack/data/venv/lib/python3.12/site-packages/dbcounter.py:102}}
Jul 05 03:27:37.305205 np0000004562 nova-scheduler[96461]: DEBUG oslo_db.sqlalchemy.engines [None req-c6ade78a-58a7-4863-9924-c4980f2bc080 None None] MySQL server mode set to STRICT_TRANS_TABLES,STRICT_ALL_TABLES,NO_ZERO_IN_DATE,NO_ZERO_DATE,ERROR_FOR_DIVISION_BY_ZERO,TRADITIONAL,NO_ENGINE_SUBSTITUTION {{(pid=96461) _check_effective_sql_mode /opt/stack/data/venv/lib/python3.12/site-packages/oslo_db/sqlalchemy/engines.py:325}}
Jul 05 03:27:37.305259 np0000004562 nova-scheduler[96420]: DEBUG dbcounter [-] [96420] Writer thread running {{(pid=96420) stat_writer /opt/stack/data/venv/lib/python3.12/site-packages/dbcounter.py:102}}
Jul 05 03:27:37.306004 np0000004562 nova-scheduler[96454]: DEBUG nova.service [None req-4e05de69-5ea2-4ee4-8b14-2114c59ccb75 None None] Creating RPC server for service: nova-scheduler on topic: scheduler {{(pid=96454) start /opt/stack/nova/nova/service.py:196}}
Jul 05 03:27:37.309350 np0000004562 nova-scheduler[96461]: DEBUG dbcounter [-] [96461] Writer thread running {{(pid=96461) stat_writer /opt/stack/data/venv/lib/python3.12/site-packages/dbcounter.py:102}}
Jul 05 03:27:37.316414 np0000004562 nova-scheduler[96420]: DEBUG nova.service [None req-fb05bb6e-1e5e-40b6-8178-9fc5756f0a07 None None] Creating RPC server for service: nova-scheduler on topic: scheduler {{(pid=96420) start /opt/stack/nova/nova/service.py:196}}
Jul 05 03:27:37.316989 np0000004562 nova-scheduler[96461]: DEBUG nova.service [None req-c6ade78a-58a7-4863-9924-c4980f2bc080 None None] Creating RPC server for service: nova-scheduler on topic: scheduler {{(pid=96461) start /opt/stack/nova/nova/service.py:196}}
Jul 05 03:27:37.325256 np0000004562 nova-scheduler[96477]: DEBUG oslo_db.sqlalchemy.engines [None req-56f4c640-2943-4b6b-8205-b15d9ae60a9b None None] MySQL server mode set to STRICT_TRANS_TABLES,STRICT_ALL_TABLES,NO_ZERO_IN_DATE,NO_ZERO_DATE,ERROR_FOR_DIVISION_BY_ZERO,TRADITIONAL,NO_ENGINE_SUBSTITUTION {{(pid=96477) _check_effective_sql_mode /opt/stack/data/venv/lib/python3.12/site-packages/oslo_db/sqlalchemy/engines.py:325}}
Jul 05 03:27:37.339415 np0000004562 nova-scheduler[96477]: DEBUG dbcounter [-] [96477] Writer thread running {{(pid=96477) stat_writer /opt/stack/data/venv/lib/python3.12/site-packages/dbcounter.py:102}}
Jul 05 03:27:37.343793 np0000004562 nova-scheduler[96477]: DEBUG nova.service [None req-56f4c640-2943-4b6b-8205-b15d9ae60a9b None None] Creating RPC server for service: nova-scheduler on topic: scheduler {{(pid=96477) start /opt/stack/nova/nova/service.py:196}}
Jul 05 03:27:37.350426 np0000004562 nova-scheduler[96454]: DEBUG nova.service [None req-4e05de69-5ea2-4ee4-8b14-2114c59ccb75 None None] Join ServiceGroup membership for this service scheduler {{(pid=96454) start /opt/stack/nova/nova/service.py:222}}
Jul 05 03:27:37.350611 np0000004562 nova-scheduler[96454]: DEBUG nova.servicegroup.drivers.db [None req-4e05de69-5ea2-4ee4-8b14-2114c59ccb75 None None] DB_Driver: join new ServiceGroup member np0000004562 to the scheduler group, service = {{(pid=96454) join /opt/stack/nova/nova/servicegroup/drivers/db.py:44}}
Jul 05 03:27:37.356476 np0000004562 nova-scheduler[96461]: DEBUG nova.service [None req-c6ade78a-58a7-4863-9924-c4980f2bc080 None None] Join ServiceGroup membership for this service scheduler {{(pid=96461) start /opt/stack/nova/nova/service.py:222}}
Jul 05 03:27:37.357071 np0000004562 nova-scheduler[96461]: DEBUG nova.servicegroup.drivers.db [None req-c6ade78a-58a7-4863-9924-c4980f2bc080 None None] DB_Driver: join new ServiceGroup member np0000004562 to the scheduler group, service = {{(pid=96461) join /opt/stack/nova/nova/servicegroup/drivers/db.py:44}}
Jul 05 03:27:37.357547 np0000004562 nova-scheduler[96420]: DEBUG nova.service [None req-fb05bb6e-1e5e-40b6-8178-9fc5756f0a07 None None] Join ServiceGroup membership for this service scheduler {{(pid=96420) start /opt/stack/nova/nova/service.py:222}}
Jul 05 03:27:37.358655 np0000004562 nova-scheduler[96420]: DEBUG nova.servicegroup.drivers.db [None req-fb05bb6e-1e5e-40b6-8178-9fc5756f0a07 None None] DB_Driver: join new ServiceGroup member np0000004562 to the scheduler group, service = {{(pid=96420) join /opt/stack/nova/nova/servicegroup/drivers/db.py:44}}
Jul 05 03:27:37.370185 np0000004562 nova-scheduler[96477]: DEBUG nova.service [None req-56f4c640-2943-4b6b-8205-b15d9ae60a9b None None] Join ServiceGroup membership for this service scheduler {{(pid=96477) start /opt/stack/nova/nova/service.py:222}}
Jul 05 03:27:37.370875 np0000004562 nova-scheduler[96477]: DEBUG nova.servicegroup.drivers.db [None req-56f4c640-2943-4b6b-8205-b15d9ae60a9b None None] DB_Driver: join new ServiceGroup member np0000004562 to the scheduler group, service = {{(pid=96477) join /opt/stack/nova/nova/servicegroup/drivers/db.py:44}}
Jul 05 03:27:42.370180 np0000004562 nova-scheduler[96461]: DEBUG oslo.service.backend._threading.loopingcall [-] Fixed interval looping call 'nova.servicegroup.drivers.db.DbDriver._report_state' sleeping for 119.99 seconds {{(pid=96461) _run_loop /opt/stack/data/venv/lib/python3.12/site-packages/oslo_service/backend/_threading/loopingcall.py:125}}
Jul 05 03:27:42.371467 np0000004562 nova-scheduler[96454]: DEBUG oslo.service.backend._threading.loopingcall [-] Fixed interval looping call 'nova.servicegroup.drivers.db.DbDriver._report_state' sleeping for 119.98 seconds {{(pid=96454) _run_loop /opt/stack/data/venv/lib/python3.12/site-packages/oslo_service/backend/_threading/loopingcall.py:125}}
Jul 05 03:27:42.373750 np0000004562 nova-scheduler[96420]: DEBUG oslo.service.backend._threading.loopingcall [-] Fixed interval looping call 'nova.servicegroup.drivers.db.DbDriver._report_state' sleeping for 119.99 seconds {{(pid=96420) _run_loop /opt/stack/data/venv/lib/python3.12/site-packages/oslo_service/backend/_threading/loopingcall.py:125}}
Jul 05 03:27:42.383416 np0000004562 nova-scheduler[96477]: DEBUG oslo.service.backend._threading.loopingcall [-] Fixed interval looping call 'nova.servicegroup.drivers.db.DbDriver._report_state' sleeping for 119.99 seconds {{(pid=96477) _run_loop /opt/stack/data/venv/lib/python3.12/site-packages/oslo_service/backend/_threading/loopingcall.py:125}}
Jul 05 03:27:45.832144 np0000004562 nova-scheduler[95218]: DEBUG dbcounter [-] [95218] Writing DB stats nova_api:SELECT=3 {{(pid=95218) stat_writer /opt/stack/data/venv/lib/python3.12/site-packages/dbcounter.py:115}}
Jul 05 03:27:45.990485 np0000004562 nova-scheduler[95218]: DEBUG dbcounter [-] [95218] Writing DB stats nova_cell1:SELECT=1 {{(pid=95218) stat_writer /opt/stack/data/venv/lib/python3.12/site-packages/dbcounter.py:115}}
Jul 05 03:27:45.997133 np0000004562 nova-scheduler[95218]: DEBUG dbcounter [-] [95218] Writing DB stats nova_cell0:SELECT=1 {{(pid=95218) stat_writer /opt/stack/data/venv/lib/python3.12/site-packages/dbcounter.py:115}}
Jul 05 03:27:52.363803 np0000004562 nova-scheduler[96454]: DEBUG dbcounter [-] [96454] Writing DB stats nova_cell0:SELECT=4,nova_cell0:INSERT=1,nova_cell0:UPDATE=1 {{(pid=96454) stat_writer /opt/stack/data/venv/lib/python3.12/site-packages/dbcounter.py:115}}
Jul 05 03:27:52.364125 np0000004562 nova-scheduler[96420]: DEBUG oslo.service.backend._threading.loopingcall [None req-93a390bd-64e0-4f66-b986-44e840b3c205 None None] Dynamic interval looping call 'nova.service.Service.periodic_tasks' sleeping for 60.00 seconds {{(pid=96420) _run_loop /opt/stack/data/venv/lib/python3.12/site-packages/oslo_service/backend/_threading/loopingcall.py:125}}
Jul 05 03:27:52.368917 np0000004562 nova-scheduler[96461]: DEBUG dbcounter [-] [96461] Writing DB stats nova_cell0:SELECT=3,nova_cell0:UPDATE=1 {{(pid=96461) stat_writer /opt/stack/data/venv/lib/python3.12/site-packages/dbcounter.py:115}}
Jul 05 03:27:52.372219 np0000004562 nova-scheduler[96420]: DEBUG dbcounter [-] [96420] Writing DB stats nova_cell0:SELECT=5,nova_cell0:INSERT=1,nova_cell0:UPDATE=1 {{(pid=96420) stat_writer /opt/stack/data/venv/lib/python3.12/site-packages/dbcounter.py:115}}
Jul 05 03:27:52.380971 np0000004562 nova-scheduler[96477]: DEBUG dbcounter [-] [96477] Writing DB stats nova_cell0:SELECT=3 {{(pid=96477) stat_writer /opt/stack/data/venv/lib/python3.12/site-packages/dbcounter.py:115}}
Jul 05 03:28:06.373616 np0000004562 nova-scheduler[96477]: DEBUG oslo.service.backend._threading.loopingcall [None req-9778a31f-b673-47c6-89af-86f70b45ddb3 None None] Dynamic interval looping call 'nova.service.Service.periodic_tasks' sleeping for 60.00 seconds {{(pid=96477) _run_loop /opt/stack/data/venv/lib/python3.12/site-packages/oslo_service/backend/_threading/loopingcall.py:125}}
Jul 05 03:28:27.359405 np0000004562 nova-scheduler[96461]: DEBUG oslo.service.backend._threading.loopingcall [None req-354e5c34-75d5-494c-8f9a-bf9cc35ae4cd None None] Dynamic interval looping call 'nova.service.Service.periodic_tasks' sleeping for 60.00 seconds {{(pid=96461) _run_loop /opt/stack/data/venv/lib/python3.12/site-packages/oslo_service/backend/_threading/loopingcall.py:125}}
Jul 05 03:28:29.353256 np0000004562 nova-scheduler[96454]: DEBUG oslo.service.backend._threading.loopingcall [None req-8e7ae964-a777-4d5b-bcd8-24352fb34cb0 None None] Dynamic interval looping call 'nova.service.Service.periodic_tasks' sleeping for 60.00 seconds {{(pid=96454) _run_loop /opt/stack/data/venv/lib/python3.12/site-packages/oslo_service/backend/_threading/loopingcall.py:125}}
Jul 05 03:28:52.362961 np0000004562 nova-scheduler[96420]: DEBUG oslo.service.backend._threading.loopingcall [None req-93a390bd-64e0-4f66-b986-44e840b3c205 None None] Dynamic interval looping call 'nova.service.Service.periodic_tasks' sleeping for 60.00 seconds {{(pid=96420) _run_loop /opt/stack/data/venv/lib/python3.12/site-packages/oslo_service/backend/_threading/loopingcall.py:125}}
Jul 05 03:29:06.374135 np0000004562 nova-scheduler[96477]: DEBUG oslo.service.backend._threading.loopingcall [None req-9778a31f-b673-47c6-89af-86f70b45ddb3 None None] Dynamic interval looping call 'nova.service.Service.periodic_tasks' sleeping for 60.00 seconds {{(pid=96477) _run_loop /opt/stack/data/venv/lib/python3.12/site-packages/oslo_service/backend/_threading/loopingcall.py:125}}
Jul 05 03:29:27.359828 np0000004562 nova-scheduler[96461]: DEBUG oslo.service.backend._threading.loopingcall [None req-354e5c34-75d5-494c-8f9a-bf9cc35ae4cd None None] Dynamic interval looping call 'nova.service.Service.periodic_tasks' sleeping for 60.00 seconds {{(pid=96461) _run_loop /opt/stack/data/venv/lib/python3.12/site-packages/oslo_service/backend/_threading/loopingcall.py:125}}
Jul 05 03:29:29.353683 np0000004562 nova-scheduler[96454]: DEBUG oslo.service.backend._threading.loopingcall [None req-8e7ae964-a777-4d5b-bcd8-24352fb34cb0 None None] Dynamic interval looping call 'nova.service.Service.periodic_tasks' sleeping for 60.00 seconds {{(pid=96454) _run_loop /opt/stack/data/venv/lib/python3.12/site-packages/oslo_service/backend/_threading/loopingcall.py:125}}
Jul 05 03:29:42.361635 np0000004562 nova-scheduler[96454]: DEBUG oslo.service.backend._threading.loopingcall [-] Fixed interval looping call 'nova.servicegroup.drivers.db.DbDriver._report_state' sleeping for 119.99 seconds {{(pid=96454) _run_loop /opt/stack/data/venv/lib/python3.12/site-packages/oslo_service/backend/_threading/loopingcall.py:125}}
Jul 05 03:29:42.366699 np0000004562 nova-scheduler[96461]: DEBUG oslo.service.backend._threading.loopingcall [-] Fixed interval looping call 'nova.servicegroup.drivers.db.DbDriver._report_state' sleeping for 119.99 seconds {{(pid=96461) _run_loop /opt/stack/data/venv/lib/python3.12/site-packages/oslo_service/backend/_threading/loopingcall.py:125}}
Jul 05 03:29:42.367992 np0000004562 nova-scheduler[96420]: DEBUG oslo.service.backend._threading.loopingcall [-] Fixed interval looping call 'nova.servicegroup.drivers.db.DbDriver._report_state' sleeping for 120.00 seconds {{(pid=96420) _run_loop /opt/stack/data/venv/lib/python3.12/site-packages/oslo_service/backend/_threading/loopingcall.py:125}}
Jul 05 03:29:42.377187 np0000004562 nova-scheduler[96477]: DEBUG oslo.service.backend._threading.loopingcall [-] Fixed interval looping call 'nova.servicegroup.drivers.db.DbDriver._report_state' sleeping for 120.00 seconds {{(pid=96477) _run_loop /opt/stack/data/venv/lib/python3.12/site-packages/oslo_service/backend/_threading/loopingcall.py:125}}
Jul 05 03:29:49.392583 np0000004562 nova-scheduler[96454]: DEBUG nova.scheduler.manager [None req-5eb0325e-3374-4580-ba97-21ef7f4574f7 tempest-DeleteServersTestJSON-714661285 tempest-DeleteServersTestJSON-714661285-project-member] Starting to schedule for instances: ['449dfef2-349e-4d2f-bf24-c52969269a1c'] {{(pid=96454) select_destinations /opt/stack/nova/nova/scheduler/manager.py:209}}
Jul 05 03:29:49.393228 np0000004562 nova-scheduler[96454]: DEBUG nova.scheduler.request_filter [None req-5eb0325e-3374-4580-ba97-21ef7f4574f7 tempest-DeleteServersTestJSON-714661285 tempest-DeleteServersTestJSON-714661285-project-member] compute_status_filter request filter added forbidden trait COMPUTE_STATUS_DISABLED {{(pid=96454) compute_status_filter /opt/stack/nova/nova/scheduler/request_filter.py:253}}
Jul 05 03:29:49.393353 np0000004562 nova-scheduler[96454]: DEBUG nova.scheduler.request_filter [None req-5eb0325e-3374-4580-ba97-21ef7f4574f7 tempest-DeleteServersTestJSON-714661285 tempest-DeleteServersTestJSON-714661285-project-member] Request filter 'compute_status_filter' took 0.0 seconds {{(pid=96454) wrapper /opt/stack/nova/nova/scheduler/request_filter.py:46}}
Jul 05 03:29:49.393564 np0000004562 nova-scheduler[96454]: DEBUG nova.scheduler.request_filter [None req-5eb0325e-3374-4580-ba97-21ef7f4574f7 tempest-DeleteServersTestJSON-714661285 tempest-DeleteServersTestJSON-714661285-project-member] Request filter 'accelerators_filter' took 0.0 seconds {{(pid=96454) wrapper /opt/stack/nova/nova/scheduler/request_filter.py:46}}
Jul 05 03:29:49.393800 np0000004562 nova-scheduler[96454]: DEBUG nova.scheduler.request_filter [None req-5eb0325e-3374-4580-ba97-21ef7f4574f7 tempest-DeleteServersTestJSON-714661285 tempest-DeleteServersTestJSON-714661285-project-member] Request filter 'packed_virtqueue_filter' took 0.0 seconds {{(pid=96454) wrapper /opt/stack/nova/nova/scheduler/request_filter.py:46}}
Jul 05 03:29:49.394071 np0000004562 nova-scheduler[96454]: DEBUG nova.scheduler.request_filter [None req-5eb0325e-3374-4580-ba97-21ef7f4574f7 tempest-DeleteServersTestJSON-714661285 tempest-DeleteServersTestJSON-714661285-project-member] Request filter 'remote_managed_ports_filter' took 0.0 seconds {{(pid=96454) wrapper /opt/stack/nova/nova/scheduler/request_filter.py:46}}
Jul 05 03:29:49.394242 np0000004562 nova-scheduler[96454]: DEBUG nova.scheduler.request_filter [None req-5eb0325e-3374-4580-ba97-21ef7f4574f7 tempest-DeleteServersTestJSON-714661285 tempest-DeleteServersTestJSON-714661285-project-member] ephemeral_encryption_filter skipped {{(pid=96454) ephemeral_encryption_filter /opt/stack/nova/nova/scheduler/request_filter.py:426}}
Jul 05 03:29:49.394375 np0000004562 nova-scheduler[96454]: DEBUG nova.scheduler.request_filter [None req-5eb0325e-3374-4580-ba97-21ef7f4574f7 tempest-DeleteServersTestJSON-714661285 tempest-DeleteServersTestJSON-714661285-project-member] virtio_sound_filter skipped {{(pid=96454) virtio_sound_filter /opt/stack/nova/nova/scheduler/request_filter.py:460}}
Jul 05 03:29:49.394531 np0000004562 nova-scheduler[96454]: DEBUG nova.scheduler.request_filter [None req-5eb0325e-3374-4580-ba97-21ef7f4574f7 tempest-DeleteServersTestJSON-714661285 tempest-DeleteServersTestJSON-714661285-project-member] tpm_secret_security_filter skipped {{(pid=96454) tpm_secret_security_filter /opt/stack/nova/nova/scheduler/request_filter.py:477}}
Jul 05 03:29:50.003027 np0000004562 nova-scheduler[96454]: INFO nova.utils [None req-5eb0325e-3374-4580-ba97-21ef7f4574f7 tempest-DeleteServersTestJSON-714661285 tempest-DeleteServersTestJSON-714661285-project-member] The cell worker thread pool ForkProcess-2.cell_worker is initialized
Jul 05 03:29:50.003334 np0000004562 nova-scheduler[96454]: DEBUG oslo_concurrency.lockutils [None req-5eb0325e-3374-4580-ba97-21ef7f4574f7 tempest-DeleteServersTestJSON-714661285 tempest-DeleteServersTestJSON-714661285-project-member] Acquiring lock "7622597c-bba8-47e1-ac8c-7f0845a174ff" by "nova.context.set_target_cell..get_or_set_cached_cell_and_set_connections" {{(pid=96454) inner /opt/stack/data/venv/lib/python3.12/site-packages/oslo_concurrency/lockutils.py:511}}
Jul 05 03:29:50.003498 np0000004562 nova-scheduler[96454]: DEBUG oslo_concurrency.lockutils [None req-5eb0325e-3374-4580-ba97-21ef7f4574f7 tempest-DeleteServersTestJSON-714661285 tempest-DeleteServersTestJSON-714661285-project-member] Lock "7622597c-bba8-47e1-ac8c-7f0845a174ff" acquired by "nova.context.set_target_cell..get_or_set_cached_cell_and_set_connections" :: waited 0.000s {{(pid=96454) inner /opt/stack/data/venv/lib/python3.12/site-packages/oslo_concurrency/lockutils.py:524}}
Jul 05 03:29:50.005020 np0000004562 nova-scheduler[96454]: DEBUG oslo_concurrency.lockutils [None req-5eb0325e-3374-4580-ba97-21ef7f4574f7 tempest-DeleteServersTestJSON-714661285 tempest-DeleteServersTestJSON-714661285-project-member] Lock "7622597c-bba8-47e1-ac8c-7f0845a174ff" "released" by "nova.context.set_target_cell..get_or_set_cached_cell_and_set_connections" :: held 0.001s {{(pid=96454) inner /opt/stack/data/venv/lib/python3.12/site-packages/oslo_concurrency/lockutils.py:543}}
Jul 05 03:29:50.006963 np0000004562 nova-scheduler[96454]: INFO dbcounter [None req-5eb0325e-3374-4580-ba97-21ef7f4574f7 tempest-DeleteServersTestJSON-714661285 tempest-DeleteServersTestJSON-714661285-project-member] Registered counter for database nova_cell1
Jul 05 03:29:50.053961 np0000004562 nova-scheduler[96454]: DEBUG oslo_db.sqlalchemy.engines [None req-5eb0325e-3374-4580-ba97-21ef7f4574f7 tempest-DeleteServersTestJSON-714661285 tempest-DeleteServersTestJSON-714661285-project-member] MySQL server mode set to STRICT_TRANS_TABLES,STRICT_ALL_TABLES,NO_ZERO_IN_DATE,NO_ZERO_DATE,ERROR_FOR_DIVISION_BY_ZERO,TRADITIONAL,NO_ENGINE_SUBSTITUTION {{(pid=96454) _check_effective_sql_mode /opt/stack/data/venv/lib/python3.12/site-packages/oslo_db/sqlalchemy/engines.py:325}}
Jul 05 03:29:50.058940 np0000004562 nova-scheduler[96454]: DEBUG dbcounter [-] [96454] Writer thread running {{(pid=96454) stat_writer /opt/stack/data/venv/lib/python3.12/site-packages/dbcounter.py:102}}
Jul 05 03:29:50.079356 np0000004562 nova-scheduler[96454]: DEBUG oslo_db.sqlalchemy.engines [None req-5eb0325e-3374-4580-ba97-21ef7f4574f7 tempest-DeleteServersTestJSON-714661285 tempest-DeleteServersTestJSON-714661285-project-member] Parent process 95218 forked (96454) with an open database connection, which is being discarded and recreated. {{(pid=96454) checkout /opt/stack/data/venv/lib/python3.12/site-packages/oslo_db/sqlalchemy/engines.py:402}}
Jul 05 03:29:50.131380 np0000004562 nova-scheduler[96454]: DEBUG dbcounter [-] [96454] Writer thread running {{(pid=96454) stat_writer /opt/stack/data/venv/lib/python3.12/site-packages/dbcounter.py:102}}
Jul 05 03:29:50.134398 np0000004562 nova-scheduler[96454]: DEBUG oslo_concurrency.lockutils [None req-5eb0325e-3374-4580-ba97-21ef7f4574f7 tempest-DeleteServersTestJSON-714661285 tempest-DeleteServersTestJSON-714661285-project-member] Acquiring lock "7622597c-bba8-47e1-ac8c-7f0845a174ff" by "nova.context.set_target_cell..get_or_set_cached_cell_and_set_connections" {{(pid=96454) inner /opt/stack/data/venv/lib/python3.12/site-packages/oslo_concurrency/lockutils.py:511}}
Jul 05 03:29:50.134398 np0000004562 nova-scheduler[96454]: DEBUG oslo_concurrency.lockutils [None req-5eb0325e-3374-4580-ba97-21ef7f4574f7 tempest-DeleteServersTestJSON-714661285 tempest-DeleteServersTestJSON-714661285-project-member] Lock "7622597c-bba8-47e1-ac8c-7f0845a174ff" acquired by "nova.context.set_target_cell..get_or_set_cached_cell_and_set_connections" :: waited 0.000s {{(pid=96454) inner /opt/stack/data/venv/lib/python3.12/site-packages/oslo_concurrency/lockutils.py:524}}
Jul 05 03:29:50.134398 np0000004562 nova-scheduler[96454]: DEBUG oslo_concurrency.lockutils [None req-5eb0325e-3374-4580-ba97-21ef7f4574f7 tempest-DeleteServersTestJSON-714661285 tempest-DeleteServersTestJSON-714661285-project-member] Lock "7622597c-bba8-47e1-ac8c-7f0845a174ff" "released" by "nova.context.set_target_cell..get_or_set_cached_cell_and_set_connections" :: held 0.000s {{(pid=96454) inner /opt/stack/data/venv/lib/python3.12/site-packages/oslo_concurrency/lockutils.py:543}}
Jul 05 03:29:50.137373 np0000004562 nova-scheduler[96454]: DEBUG oslo_concurrency.lockutils [None req-5eb0325e-3374-4580-ba97-21ef7f4574f7 tempest-DeleteServersTestJSON-714661285 tempest-DeleteServersTestJSON-714661285-project-member] Acquiring lock "np0000004562-np0000004562" by "nova.scheduler.host_manager.HostState.update.._locked_update" {{(pid=96454) inner /opt/stack/data/venv/lib/python3.12/site-packages/oslo_concurrency/lockutils.py:511}}
Jul 05 03:29:50.137690 np0000004562 nova-scheduler[96454]: DEBUG oslo_concurrency.lockutils [None req-5eb0325e-3374-4580-ba97-21ef7f4574f7 tempest-DeleteServersTestJSON-714661285 tempest-DeleteServersTestJSON-714661285-project-member] Lock "np0000004562-np0000004562" acquired by "nova.scheduler.host_manager.HostState.update.._locked_update" :: waited 0.000s {{(pid=96454) inner /opt/stack/data/venv/lib/python3.12/site-packages/oslo_concurrency/lockutils.py:524}}
Jul 05 03:29:50.139222 np0000004562 nova-scheduler[96454]: DEBUG nova.scheduler.host_manager [None req-5eb0325e-3374-4580-ba97-21ef7f4574f7 tempest-DeleteServersTestJSON-714661285 tempest-DeleteServersTestJSON-714661285-project-member] Update host state from compute node: ComputeNode(cpu_allocation_ratio=4.0,cpu_info='{"arch": "x86_64", "model": "EPYC-Milan", "vendor": "AMD", "topology": {"cells": 1, "sockets": 16, "cores": 1, "threads": 1}, "maxphysaddr": {"mode": "emulate", "bits": 40}, "features": ["xsave", "stibp", "rdctl-no", "hypervisor", "sse2", "pclmuldq", "gds-no", "aes", "lfence-always-serializing", "clflushopt", "null-sel-clr-base", "invpcid", "vpclmulqdq", "vgif", "smep", "pge", "arch-capabilities", "adx", "avx2", "tsc-scale", "lm", "bmi2", "mtrr", "cmov", "nx", "npt", "svm", "osvw", "fxsr_opt", "xsaveerptr", "pku", "mmxext", "cmp_legacy", "ssse3", "pse36", "f16c", "cx8", "vme", "xsavec", "cx16", "tsc_adjust", "topoext", "lbrv", "rdpid", "perfctr_core", "pfthreshold", "virt-ssbd", "umip", "msr", "sse4.1", "flushbyasid", "fsrm", "stibp-always-on", "apic", "wbnoinvd", "bmi1", "tsc", "mce", "skip-l1dfl-vmentry", "sep", "amd-psfd", "xsaves", "pdpe1gb", "syscall", "clzero", "v-vmsave-vmload", "amd-stibp", "mca", "fma", "sse4.2", "ibrs", "de", "misalignsse", "arat", "xgetbv1", "no-nested-data-bp", "vmcb-clean", "sse4a", "lahf_lm", "nrip-save", "clwb", "pae", "xsaveopt", "popcnt", "svme-addr-chk", "clflush", "rdrand", "erms", "mmx", "pni", "ssbd", "movbe", "pause-filter", "smap", "amd-ssbd", "ibpb", "pat", "pse", "fsgsbase", "fpu", "vaes", "cr8legacy", "x2apic", "pcid", "rdtscp", "sha-ni", "sse", "avx", "tsc-deadline", "rdseed", "mds-no", "pschange-mc-no", "abm", "fxsr", "3dnowprefetch", "spec-ctrl"]}',created_at=2026-07-05T03:28:03Z,current_workload=0,deleted=False,deleted_at=None,disk_allocation_ratio=1.0,disk_available_least=75,free_disk_gb=95,free_ram_mb=63789,host='np0000004562',host_ip=10.4.3.249,hypervisor_hostname='np0000004562',hypervisor_type='QEMU',hypervisor_version=8002002,id=1,local_gb=95,local_gb_used=0,mapped=1,memory_mb=64301,memory_mb_used=512,metrics='[]',numa_topology='{"nova_object.name": "NUMATopology", "nova_object.namespace": "nova", "nova_object.version": "1.2", "nova_object.data": {"cells": [{"nova_object.name": "NUMACell", "nova_object.namespace": "nova", "nova_object.version": "1.5", "nova_object.data": {"id": 0, "cpuset": [0, 1, 2, 3, 4, 5, 6, 7, 8, 9, 10, 11, 12, 13, 14, 15], "pcpuset": [0, 1, 2, 3, 4, 5, 6, 7, 8, 9, 10, 11, 12, 13, 14, 15], "memory": 64301, "cpu_usage": 0, "memory_usage": 0, "pinned_cpus": [], "siblings": [[6], [12], [2], [15], [5], [11], [8], [14], [4], [1], [7], [10], [0], [13], [3], [9]], "mempages": [{"nova_object.name": "NUMAPagesTopology", "nova_object.namespace": "nova", "nova_object.version": "1.1", "nova_object.data": {"size_kb": 4, "total": 16461068, "used": 0, "reserved": 0}, "nova_object.changes": ["size_kb", "reserved", "used", "total"]}, {"nova_object.name": "NUMAPagesTopology", "nova_object.namespace": "nova", "nova_object.version": "1.1", "nova_object.data": {"size_kb": 2048, "total": 0, "used": 0, "reserved": 0}, "nova_object.changes": ["size_kb", "reserved", "used", "total"]}, {"nova_object.name": "NUMAPagesTopology", "nova_object.namespace": "nova", "nova_object.version": "1.1", "nova_object.data": {"size_kb": 1048576, "total": 0, "used": 0, "reserved": 0}, "nova_object.changes": ["size_kb", "reserved", "used", "total"]}], "network_metadata": {"nova_object.name": "NetworkMetadata", "nova_object.namespace": "nova", "nova_object.version": "1.0", "nova_object.data": {"physnets": [], "tunneled": false}, "nova_object.changes": ["tunneled", "physnets"]}, "socket": null}, "nova_object.changes": ["id", "pinned_cpus", "memory", "network_metadata", "siblings", "pcpuset", "cpu_usage", "memory_usage", "socket", "mempages", "cpuset"]}]}, "nova_object.changes": ["cells"]}',pci_device_pools=PciDevicePoolList,ram_allocation_ratio=1.0,running_vms=0,service_id=3,stats={failed_builds='0',uptime=' 03:28:46 up 25 min, 2 users, load average: 2.03, 1.60, 0.88
Jul 05 03:29:50.139222 np0000004562 nova-scheduler[96454]: '},supported_hv_specs=[HVSpec,HVSpec,HVSpec,HVSpec,HVSpec,HVSpec,HVSpec,HVSpec,HVSpec,HVSpec,HVSpec,HVSpec,HVSpec,HVSpec,HVSpec,HVSpec,HVSpec,HVSpec,HVSpec,HVSpec,HVSpec,HVSpec,HVSpec,HVSpec,HVSpec],updated_at=2026-07-05T03:28:48Z,uuid=555a8dfa-6105-4c91-843c-764798128d3b,vcpus=16,vcpus_used=0) {{(pid=96454) _locked_update /opt/stack/nova/nova/scheduler/host_manager.py:168}}
Jul 05 03:29:50.139222 np0000004562 nova-scheduler[96454]: DEBUG nova.scheduler.host_manager [None req-5eb0325e-3374-4580-ba97-21ef7f4574f7 tempest-DeleteServersTestJSON-714661285 tempest-DeleteServersTestJSON-714661285-project-member] Update host state with aggregates: [] {{(pid=96454) _locked_update /opt/stack/nova/nova/scheduler/host_manager.py:171}}
Jul 05 03:29:50.140168 np0000004562 nova-scheduler[96454]: DEBUG nova.scheduler.host_manager [None req-5eb0325e-3374-4580-ba97-21ef7f4574f7 tempest-DeleteServersTestJSON-714661285 tempest-DeleteServersTestJSON-714661285-project-member] Update host state with service dict: {'id': 3, 'uuid': 'b80acecd-afeb-4ff6-974f-616521558719', 'host': 'np0000004562', 'binary': 'nova-compute', 'topic': 'compute', 'report_count': 1, 'disabled': False, 'disabled_reason': None, 'last_seen_up': datetime.datetime(2026, 7, 5, 3, 28, 11, tzinfo=datetime.timezone.utc), 'forced_down': False, 'version': 72, 'created_at': datetime.datetime(2026, 7, 5, 3, 28, 1, tzinfo=datetime.timezone.utc), 'updated_at': datetime.datetime(2026, 7, 5, 3, 28, 11, tzinfo=datetime.timezone.utc), 'deleted_at': None, 'deleted': False} {{(pid=96454) _locked_update /opt/stack/nova/nova/scheduler/host_manager.py:174}}
Jul 05 03:29:50.140168 np0000004562 nova-scheduler[96454]: DEBUG nova.scheduler.host_manager [None req-5eb0325e-3374-4580-ba97-21ef7f4574f7 tempest-DeleteServersTestJSON-714661285 tempest-DeleteServersTestJSON-714661285-project-member] Update host state with instances: [] {{(pid=96454) _locked_update /opt/stack/nova/nova/scheduler/host_manager.py:177}}
