Jul 05 03:37:37.603355 np0000004562 devstack@placement-api.service[93036]: INFO placement.requestlog [req-b14f2028-b04d-42a9-8e8c-361fa023fb9b req-bd0cdc4d-b754-421a-a2ab-af8ea8302778 service nova] 10.4.3.249 "GET /placement/allocations/77e2049c-32bd-406a-bb27-3fb009477380" status: 200 len: 244 microversion: 1.28
Jul 05 03:37:37.604058 np0000004562 devstack@placement-api.service[93036]: [pid: 93036|app: 0|req: 358/1425] 10.4.3.249 () {68 vars in 1499 bytes} [Sun Jul 5 03:37:37 2026] GET /placement/allocations/77e2049c-32bd-406a-bb27-3fb009477380 => generated 244 bytes in 13 msecs (HTTP/1.1 200) 8 headers in 296 bytes (1 switches on core 0)
Jul 05 03:37:37.646082 np0000004562 devstack@placement-api.service[93038]: DEBUG placement.requestlog [req-b14f2028-b04d-42a9-8e8c-361fa023fb9b req-342d0b5f-a75e-405c-819b-07690af2bf44 None None] Starting request: 10.4.3.249 "GET /placement/allocations/3bbbc0b9-2249-4079-9593-64f1c3ad4218" {{(pid=93038) __call__ /opt/stack/placement/placement/requestlog.py:55}}
Jul 05 03:37:37.653047 np0000004562 devstack@placement-api.service[93038]: INFO placement.requestlog [req-b14f2028-b04d-42a9-8e8c-361fa023fb9b req-342d0b5f-a75e-405c-819b-07690af2bf44 service nova] 10.4.3.249 "GET /placement/allocations/3bbbc0b9-2249-4079-9593-64f1c3ad4218" status: 200 len: 244 microversion: 1.28
Jul 05 03:37:37.653235 np0000004562 devstack@placement-api.service[93038]: [pid: 93038|app: 0|req: 356/1426] 10.4.3.249 () {68 vars in 1499 bytes} [Sun Jul 5 03:37:37 2026] GET /placement/allocations/3bbbc0b9-2249-4079-9593-64f1c3ad4218 => generated 244 bytes in 7 msecs (HTTP/1.1 200) 8 headers in 296 bytes (1 switches on core 0)
Jul 05 03:37:37.687746 np0000004562 devstack@placement-api.service[93039]: DEBUG placement.requestlog [req-b14f2028-b04d-42a9-8e8c-361fa023fb9b req-19249455-ba4e-4daa-a80a-06f5acf81e51 None None] Starting request: 10.4.3.249 "GET /placement/allocations/25e1371d-6866-4ebb-a546-610aadd4e70e" {{(pid=93039) __call__ /opt/stack/placement/placement/requestlog.py:55}}
Jul 05 03:37:37.695134 np0000004562 devstack@placement-api.service[93039]: INFO placement.requestlog [req-b14f2028-b04d-42a9-8e8c-361fa023fb9b req-19249455-ba4e-4daa-a80a-06f5acf81e51 service nova] 10.4.3.249 "GET /placement/allocations/25e1371d-6866-4ebb-a546-610aadd4e70e" status: 200 len: 258 microversion: 1.28
Jul 05 03:37:37.695320 np0000004562 devstack@placement-api.service[93039]: [pid: 93039|app: 0|req: 356/1427] 10.4.3.249 () {68 vars in 1499 bytes} [Sun Jul 5 03:37:37 2026] GET /placement/allocations/25e1371d-6866-4ebb-a546-610aadd4e70e => generated 258 bytes in 8 msecs (HTTP/1.1 200) 8 headers in 296 bytes (1 switches on core 0)
Jul 05 03:37:40.319829 np0000004562 devstack@placement-api.service[93037]: DEBUG placement.requestlog [req-21ba2745-0c65-44b1-9d55-cc10747d85ca req-0ee6d81f-efd1-4321-83c8-f07ebc378abb None None] Starting request: 10.4.3.249 "DELETE /placement/allocations/9f85a623-6d13-42d3-a03c-5ca72330a6d1" {{(pid=93037) __call__ /opt/stack/placement/placement/requestlog.py:55}}
Jul 05 03:37:40.358332 np0000004562 devstack@placement-api.service[93037]: DEBUG placement.handlers.allocation [req-21ba2745-0c65-44b1-9d55-cc10747d85ca req-0ee6d81f-efd1-4321-83c8-f07ebc378abb service nova] Successfully deleted allocations [, , ] {{(pid=93037) delete_allocations /opt/stack/placement/placement/handlers/allocation.py:627}}
Jul 05 03:37:40.358502 np0000004562 devstack@placement-api.service[93037]: INFO placement.requestlog [req-21ba2745-0c65-44b1-9d55-cc10747d85ca req-0ee6d81f-efd1-4321-83c8-f07ebc378abb service nova] 10.4.3.249 "DELETE /placement/allocations/9f85a623-6d13-42d3-a03c-5ca72330a6d1" status: 204 len: 0 microversion: 1.0
Jul 05 03:37:40.358891 np0000004562 devstack@placement-api.service[93037]: [pid: 93037|app: 0|req: 358/1428] 10.4.3.249 () {68 vars in 1477 bytes} [Sun Jul 5 03:37:40 2026] DELETE /placement/allocations/9f85a623-6d13-42d3-a03c-5ca72330a6d1 => generated 0 bytes in 39 msecs (HTTP/1.1 204) 5 headers in 198 bytes (1 switches on core 0)
Jul 05 03:37:40.911786 np0000004562 devstack@placement-api.service[93036]: DEBUG placement.requestlog [req-21ba2745-0c65-44b1-9d55-cc10747d85ca req-f516e029-21fd-4739-a764-f0e2b51cbc7f None None] Starting request: 10.4.3.249 "GET /placement/resource_providers/555a8dfa-6105-4c91-843c-764798128d3b/allocations" {{(pid=93036) __call__ /opt/stack/placement/placement/requestlog.py:55}}
Jul 05 03:37:40.926144 np0000004562 devstack@placement-api.service[93036]: INFO placement.requestlog [req-21ba2745-0c65-44b1-9d55-cc10747d85ca req-f516e029-21fd-4739-a764-f0e2b51cbc7f service nova] 10.4.3.249 "GET /placement/resource_providers/555a8dfa-6105-4c91-843c-764798128d3b/allocations" status: 200 len: 611 microversion: 1.0
Jul 05 03:37:40.926731 np0000004562 devstack@placement-api.service[93036]: [pid: 93036|app: 0|req: 359/1429] 10.4.3.249 () {66 vars in 1512 bytes} [Sun Jul 5 03:37:40 2026] GET /placement/resource_providers/555a8dfa-6105-4c91-843c-764798128d3b/allocations => generated 611 bytes in 15 msecs (HTTP/1.1 200) 6 headers in 224 bytes (1 switches on core 0)
Jul 05 03:37:40.963019 np0000004562 devstack@placement-api.service[93038]: DEBUG placement.requestlog [req-21ba2745-0c65-44b1-9d55-cc10747d85ca req-c1775df1-e334-4836-b830-05bef563b926 None None] Starting request: 10.4.3.249 "GET /placement/allocations/5e2ef932-ebb3-4532-aa04-0c0a7602812a" {{(pid=93038) __call__ /opt/stack/placement/placement/requestlog.py:55}}
Jul 05 03:37:40.974724 np0000004562 devstack@placement-api.service[93038]: INFO placement.requestlog [req-21ba2745-0c65-44b1-9d55-cc10747d85ca req-c1775df1-e334-4836-b830-05bef563b926 service nova] 10.4.3.249 "GET /placement/allocations/5e2ef932-ebb3-4532-aa04-0c0a7602812a" status: 200 len: 244 microversion: 1.28
Jul 05 03:37:40.974948 np0000004562 devstack@placement-api.service[93038]: [pid: 93038|app: 0|req: 357/1430] 10.4.3.249 () {68 vars in 1499 bytes} [Sun Jul 5 03:37:40 2026] GET /placement/allocations/5e2ef932-ebb3-4532-aa04-0c0a7602812a => generated 244 bytes in 12 msecs (HTTP/1.1 200) 8 headers in 296 bytes (1 switches on core 0)
Jul 05 03:37:41.024345 np0000004562 devstack@placement-api.service[93039]: DEBUG placement.requestlog [req-21ba2745-0c65-44b1-9d55-cc10747d85ca req-25fe4580-2360-41df-8023-bd0fc1644da1 None None] Starting request: 10.4.3.249 "GET /placement/allocations/4545e4a4-9131-4c73-989c-aa5e3700ddc1" {{(pid=93039) __call__ /opt/stack/placement/placement/requestlog.py:55}}
Jul 05 03:37:41.039206 np0000004562 devstack@placement-api.service[93039]: INFO placement.requestlog [req-21ba2745-0c65-44b1-9d55-cc10747d85ca req-25fe4580-2360-41df-8023-bd0fc1644da1 service nova] 10.4.3.249 "GET /placement/allocations/4545e4a4-9131-4c73-989c-aa5e3700ddc1" status: 200 len: 258 microversion: 1.28
Jul 05 03:37:41.039508 np0000004562 devstack@placement-api.service[93039]: [pid: 93039|app: 0|req: 357/1431] 10.4.3.249 () {68 vars in 1499 bytes} [Sun Jul 5 03:37:41 2026] GET /placement/allocations/4545e4a4-9131-4c73-989c-aa5e3700ddc1 => generated 258 bytes in 15 msecs (HTTP/1.1 200) 8 headers in 296 bytes (1 switches on core 0)
Jul 05 03:37:41.117129 np0000004562 devstack@placement-api.service[93037]: DEBUG placement.requestlog [req-21ba2745-0c65-44b1-9d55-cc10747d85ca req-100b3eba-c2e7-4f6f-bb1e-286061033193 None None] Starting request: 10.4.3.249 "GET /placement/allocations/a69653e0-4eb5-4708-8db0-5e388fcab234" {{(pid=93037) __call__ /opt/stack/placement/placement/requestlog.py:55}}
Jul 05 03:37:41.132887 np0000004562 devstack@placement-api.service[93037]: INFO placement.requestlog [req-21ba2745-0c65-44b1-9d55-cc10747d85ca req-100b3eba-c2e7-4f6f-bb1e-286061033193 service nova] 10.4.3.249 "GET /placement/allocations/a69653e0-4eb5-4708-8db0-5e388fcab234" status: 200 len: 258 microversion: 1.28
Jul 05 03:37:41.133964 np0000004562 devstack@placement-api.service[93037]: [pid: 93037|app: 0|req: 359/1432] 10.4.3.249 () {68 vars in 1499 bytes} [Sun Jul 5 03:37:41 2026] GET /placement/allocations/a69653e0-4eb5-4708-8db0-5e388fcab234 => generated 258 bytes in 16 msecs (HTTP/1.1 200) 8 headers in 296 bytes (1 switches on core 0)
Jul 05 03:37:41.185103 np0000004562 devstack@placement-api.service[93036]: DEBUG placement.requestlog [req-21ba2745-0c65-44b1-9d55-cc10747d85ca req-f7add961-19ae-4d9f-a097-ae0d225e6c15 None None] Starting request: 10.4.3.249 "GET /placement/allocations/77e2049c-32bd-406a-bb27-3fb009477380" {{(pid=93036) __call__ /opt/stack/placement/placement/requestlog.py:55}}
Jul 05 03:37:41.194631 np0000004562 devstack@placement-api.service[93036]: INFO placement.requestlog [req-21ba2745-0c65-44b1-9d55-cc10747d85ca req-f7add961-19ae-4d9f-a097-ae0d225e6c15 service nova] 10.4.3.249 "GET /placement/allocations/77e2049c-32bd-406a-bb27-3fb009477380" status: 200 len: 244 microversion: 1.28
Jul 05 03:37:41.194631 np0000004562 devstack@placement-api.service[93036]: [pid: 93036|app: 0|req: 360/1433] 10.4.3.249 () {68 vars in 1499 bytes} [Sun Jul 5 03:37:41 2026] GET /placement/allocations/77e2049c-32bd-406a-bb27-3fb009477380 => generated 244 bytes in 10 msecs (HTTP/1.1 200) 8 headers in 296 bytes (1 switches on core 0)
Jul 05 03:37:41.242507 np0000004562 devstack@placement-api.service[93038]: DEBUG placement.requestlog [req-21ba2745-0c65-44b1-9d55-cc10747d85ca req-bb1e159a-345f-46a3-a1cc-1a2965c9d380 None None] Starting request: 10.4.3.249 "GET /placement/allocations/3bbbc0b9-2249-4079-9593-64f1c3ad4218" {{(pid=93038) __call__ /opt/stack/placement/placement/requestlog.py:55}}
Jul 05 03:37:41.256470 np0000004562 devstack@placement-api.service[93038]: INFO placement.requestlog [req-21ba2745-0c65-44b1-9d55-cc10747d85ca req-bb1e159a-345f-46a3-a1cc-1a2965c9d380 service nova] 10.4.3.249 "GET /placement/allocations/3bbbc0b9-2249-4079-9593-64f1c3ad4218" status: 200 len: 244 microversion: 1.28
Jul 05 03:37:41.256762 np0000004562 devstack@placement-api.service[93038]: [pid: 93038|app: 0|req: 358/1434] 10.4.3.249 () {68 vars in 1499 bytes} [Sun Jul 5 03:37:41 2026] GET /placement/allocations/3bbbc0b9-2249-4079-9593-64f1c3ad4218 => generated 244 bytes in 14 msecs (HTTP/1.1 200) 8 headers in 296 bytes (1 switches on core 0)
Jul 05 03:37:41.300327 np0000004562 devstack@placement-api.service[93039]: DEBUG placement.requestlog [req-21ba2745-0c65-44b1-9d55-cc10747d85ca req-80ec140f-c763-4cd1-b7e8-5db18ec14a7e None None] Starting request: 10.4.3.249 "GET /placement/allocations/25e1371d-6866-4ebb-a546-610aadd4e70e" {{(pid=93039) __call__ /opt/stack/placement/placement/requestlog.py:55}}
Jul 05 03:37:41.308991 np0000004562 devstack@placement-api.service[93039]: INFO placement.requestlog [req-21ba2745-0c65-44b1-9d55-cc10747d85ca req-80ec140f-c763-4cd1-b7e8-5db18ec14a7e service nova] 10.4.3.249 "GET /placement/allocations/25e1371d-6866-4ebb-a546-610aadd4e70e" status: 200 len: 258 microversion: 1.28
Jul 05 03:37:41.309220 np0000004562 devstack@placement-api.service[93039]: [pid: 93039|app: 0|req: 358/1435] 10.4.3.249 () {68 vars in 1499 bytes} [Sun Jul 5 03:37:41 2026] GET /placement/allocations/25e1371d-6866-4ebb-a546-610aadd4e70e => generated 258 bytes in 9 msecs (HTTP/1.1 200) 8 headers in 296 bytes (1 switches on core 0)
Jul 05 03:37:42.400438 np0000004562 devstack@placement-api.service[93037]: DEBUG placement.requestlog [req-faae8b64-ba68-4bc8-ae89-69ec5ba6c912 req-a42037d3-cb98-4484-a56b-df34cf800e63 None None] Starting request: 10.4.3.249 "GET /placement/resource_providers/555a8dfa-6105-4c91-843c-764798128d3b/allocations" {{(pid=93037) __call__ /opt/stack/placement/placement/requestlog.py:55}}
Jul 05 03:37:42.422295 np0000004562 devstack@placement-api.service[93037]: INFO placement.requestlog [req-faae8b64-ba68-4bc8-ae89-69ec5ba6c912 req-a42037d3-cb98-4484-a56b-df34cf800e63 service nova] 10.4.3.249 "GET /placement/resource_providers/555a8dfa-6105-4c91-843c-764798128d3b/allocations" status: 200 len: 611 microversion: 1.0
Jul 05 03:37:42.422603 np0000004562 devstack@placement-api.service[93037]: [pid: 93037|app: 0|req: 360/1436] 10.4.3.249 () {66 vars in 1512 bytes} [Sun Jul 5 03:37:42 2026] GET /placement/resource_providers/555a8dfa-6105-4c91-843c-764798128d3b/allocations => generated 611 bytes in 22 msecs (HTTP/1.1 200) 6 headers in 224 bytes (1 switches on core 0)
Jul 05 03:37:42.469739 np0000004562 devstack@placement-api.service[93036]: DEBUG placement.requestlog [req-faae8b64-ba68-4bc8-ae89-69ec5ba6c912 req-aa792763-8828-401f-a722-1cc4f780dff8 None None] Starting request: 10.4.3.249 "GET /placement/allocations/5e2ef932-ebb3-4532-aa04-0c0a7602812a" {{(pid=93036) __call__ /opt/stack/placement/placement/requestlog.py:55}}
Jul 05 03:37:42.475044 np0000004562 devstack@placement-api.service[93038]: DEBUG placement.requestlog [req-827ba7c6-dcda-4e4f-9e95-f62d6f679256 req-2c1b78d7-573d-4b0a-b04b-74425413e8ee None None] Starting request: 10.4.3.249 "GET /placement/allocation_candidates?limit=1000&resources=DISK_GB%3A1%2CMEMORY_MB%3A192%2CVCPU%3A1&root_required=%21COMPUTE_STATUS_DISABLED" {{(pid=93038) __call__ /opt/stack/placement/placement/requestlog.py:55}}
Jul 05 03:37:42.477179 np0000004562 devstack@placement-api.service[93036]: INFO placement.requestlog [req-faae8b64-ba68-4bc8-ae89-69ec5ba6c912 req-aa792763-8828-401f-a722-1cc4f780dff8 service nova] 10.4.3.249 "GET /placement/allocations/5e2ef932-ebb3-4532-aa04-0c0a7602812a" status: 200 len: 244 microversion: 1.28
Jul 05 03:37:42.477430 np0000004562 devstack@placement-api.service[93036]: [pid: 93036|app: 0|req: 361/1437] 10.4.3.249 () {68 vars in 1499 bytes} [Sun Jul 5 03:37:42 2026] GET /placement/allocations/5e2ef932-ebb3-4532-aa04-0c0a7602812a => generated 244 bytes in 10 msecs (HTTP/1.1 200) 8 headers in 296 bytes (1 switches on core 0)
Jul 05 03:37:42.506537 np0000004562 devstack@placement-api.service[93038]: DEBUG placement.objects.research_context [req-827ba7c6-dcda-4e4f-9e95-f62d6f679256 req-2c1b78d7-573d-4b0a-b04b-74425413e8ee service nova] getting providers with 1 DISK_GB {{(pid=93038) __init__ /opt/stack/placement/placement/objects/research_context.py:137}}
Jul 05 03:37:42.510659 np0000004562 devstack@placement-api.service[93038]: DEBUG placement.objects.research_context [req-827ba7c6-dcda-4e4f-9e95-f62d6f679256 req-2c1b78d7-573d-4b0a-b04b-74425413e8ee service nova] getting providers with 192 MEMORY_MB {{(pid=93038) __init__ /opt/stack/placement/placement/objects/research_context.py:137}}
Jul 05 03:37:42.522392 np0000004562 devstack@placement-api.service[93038]: DEBUG placement.objects.research_context [req-827ba7c6-dcda-4e4f-9e95-f62d6f679256 req-2c1b78d7-573d-4b0a-b04b-74425413e8ee service nova] getting providers with 1 VCPU {{(pid=93038) __init__ /opt/stack/placement/placement/objects/research_context.py:137}}
Jul 05 03:37:42.527635 np0000004562 devstack@placement-api.service[93038]: DEBUG placement.objects.research_context [req-827ba7c6-dcda-4e4f-9e95-f62d6f679256 req-2c1b78d7-573d-4b0a-b04b-74425413e8ee service nova] found 1 providers with available 1 DISK_GB {{(pid=93038) get_provider_ids_matching /opt/stack/placement/placement/objects/research_context.py:563}}
Jul 05 03:37:42.527795 np0000004562 devstack@placement-api.service[93038]: DEBUG placement.objects.research_context [req-827ba7c6-dcda-4e4f-9e95-f62d6f679256 req-2c1b78d7-573d-4b0a-b04b-74425413e8ee service nova] found 1 providers with available 192 MEMORY_MB {{(pid=93038) get_provider_ids_matching /opt/stack/placement/placement/objects/research_context.py:563}}
Jul 05 03:37:42.527881 np0000004562 devstack@placement-api.service[93038]: DEBUG placement.objects.research_context [req-827ba7c6-dcda-4e4f-9e95-f62d6f679256 req-2c1b78d7-573d-4b0a-b04b-74425413e8ee service nova] found 1 providers after filtering by previous result {{(pid=93038) get_provider_ids_matching /opt/stack/placement/placement/objects/research_context.py:594}}
Jul 05 03:37:42.527969 np0000004562 devstack@placement-api.service[93038]: DEBUG placement.objects.research_context [req-827ba7c6-dcda-4e4f-9e95-f62d6f679256 req-2c1b78d7-573d-4b0a-b04b-74425413e8ee service nova] found 1 providers with available 1 VCPU {{(pid=93038) get_provider_ids_matching /opt/stack/placement/placement/objects/research_context.py:563}}
Jul 05 03:37:42.528087 np0000004562 devstack@placement-api.service[93038]: DEBUG placement.objects.research_context [req-827ba7c6-dcda-4e4f-9e95-f62d6f679256 req-2c1b78d7-573d-4b0a-b04b-74425413e8ee service nova] found 1 providers after filtering by previous result {{(pid=93038) get_provider_ids_matching /opt/stack/placement/placement/objects/research_context.py:594}}
Jul 05 03:37:42.533650 np0000004562 devstack@placement-api.service[93039]: DEBUG placement.requestlog [req-faae8b64-ba68-4bc8-ae89-69ec5ba6c912 req-e23f5bac-f4e3-4bf3-9de3-eb29d0416e80 None None] Starting request: 10.4.3.249 "GET /placement/allocations/4545e4a4-9131-4c73-989c-aa5e3700ddc1" {{(pid=93039) __call__ /opt/stack/placement/placement/requestlog.py:55}}
Jul 05 03:37:42.537822 np0000004562 devstack@placement-api.service[93038]: DEBUG placement.objects.allocation_candidate [req-827ba7c6-dcda-4e4f-9e95-f62d6f679256 req-2c1b78d7-573d-4b0a-b04b-74425413e8ee service nova] RequestGroup(use_same_provider=False, resources={DISK_GB:1, MEMORY_MB:192, VCPU:1}, traits=(), aggregates=[]) (suffix '') returned 1 matches {{(pid=93038) _get_by_requests /opt/stack/placement/placement/objects/allocation_candidate.py:158}}
Jul 05 03:37:42.538040 np0000004562 devstack@placement-api.service[93038]: DEBUG placement.objects.allocation_candidate [req-827ba7c6-dcda-4e4f-9e95-f62d6f679256 req-2c1b78d7-573d-4b0a-b04b-74425413e8ee service nova] Merging candidates yields 1 allocation requests and 1 provider summaries {{(pid=93038) _merge_candidates /opt/stack/placement/placement/objects/allocation_candidate.py:908}}
Jul 05 03:37:42.539666 np0000004562 devstack@placement-api.service[93038]: INFO placement.requestlog [req-827ba7c6-dcda-4e4f-9e95-f62d6f679256 req-2c1b78d7-573d-4b0a-b04b-74425413e8ee service nova] 10.4.3.249 "GET /placement/allocation_candidates?limit=1000&resources=DISK_GB%3A1%2CMEMORY_MB%3A192%2CVCPU%3A1&root_required=%21COMPUTE_STATUS_DISABLED" status: 200 len: 2493 microversion: 1.36
Jul 05 03:37:42.540757 np0000004562 devstack@placement-api.service[93038]: [pid: 93038|app: 0|req: 359/1438] 10.4.3.249 () {68 vars in 1625 bytes} [Sun Jul 5 03:37:42 2026] GET /placement/allocation_candidates?limit=1000&resources=DISK_GB%3A1%2CMEMORY_MB%3A192%2CVCPU%3A1&root_required=%21COMPUTE_STATUS_DISABLED => generated 2493 bytes in 65 msecs (HTTP/1.1 200) 8 headers in 297 bytes (1 switches on core 0)
Jul 05 03:37:42.542271 np0000004562 devstack@placement-api.service[93039]: INFO placement.requestlog [req-faae8b64-ba68-4bc8-ae89-69ec5ba6c912 req-e23f5bac-f4e3-4bf3-9de3-eb29d0416e80 service nova] 10.4.3.249 "GET /placement/allocations/4545e4a4-9131-4c73-989c-aa5e3700ddc1" status: 200 len: 258 microversion: 1.28
Jul 05 03:37:42.542533 np0000004562 devstack@placement-api.service[93039]: [pid: 93039|app: 0|req: 359/1439] 10.4.3.249 () {68 vars in 1499 bytes} [Sun Jul 5 03:37:42 2026] GET /placement/allocations/4545e4a4-9131-4c73-989c-aa5e3700ddc1 => generated 258 bytes in 9 msecs (HTTP/1.1 200) 8 headers in 296 bytes (1 switches on core 0)
Jul 05 03:37:42.602580 np0000004562 devstack@placement-api.service[93037]: DEBUG placement.requestlog [req-faae8b64-ba68-4bc8-ae89-69ec5ba6c912 req-4cb44d8c-f818-4327-9067-aa2ff625e3fd None None] Starting request: 10.4.3.249 "GET /placement/allocations/a69653e0-4eb5-4708-8db0-5e388fcab234" {{(pid=93037) __call__ /opt/stack/placement/placement/requestlog.py:55}}
Jul 05 03:37:42.610434 np0000004562 devstack@placement-api.service[93036]: DEBUG placement.requestlog [req-827ba7c6-dcda-4e4f-9e95-f62d6f679256 req-a3f88522-a977-4d2f-81ea-22af3debda92 None None] Starting request: 10.4.3.249 "GET /placement/allocations/9f85a623-6d13-42d3-a03c-5ca72330a6d1" {{(pid=93036) __call__ /opt/stack/placement/placement/requestlog.py:55}}
Jul 05 03:37:42.617624 np0000004562 devstack@placement-api.service[93037]: INFO placement.requestlog [req-faae8b64-ba68-4bc8-ae89-69ec5ba6c912 req-4cb44d8c-f818-4327-9067-aa2ff625e3fd service nova] 10.4.3.249 "GET /placement/allocations/a69653e0-4eb5-4708-8db0-5e388fcab234" status: 200 len: 258 microversion: 1.28
Jul 05 03:37:42.617624 np0000004562 devstack@placement-api.service[93037]: [pid: 93037|app: 0|req: 361/1440] 10.4.3.249 () {68 vars in 1499 bytes} [Sun Jul 5 03:37:42 2026] GET /placement/allocations/a69653e0-4eb5-4708-8db0-5e388fcab234 => generated 258 bytes in 13 msecs (HTTP/1.1 200) 8 headers in 296 bytes (1 switches on core 0)
Jul 05 03:37:42.630926 np0000004562 devstack@placement-api.service[93036]: INFO placement.requestlog [req-827ba7c6-dcda-4e4f-9e95-f62d6f679256 req-a3f88522-a977-4d2f-81ea-22af3debda92 service nova] 10.4.3.249 "GET /placement/allocations/9f85a623-6d13-42d3-a03c-5ca72330a6d1" status: 200 len: 19 microversion: 1.28
Jul 05 03:37:42.631229 np0000004562 devstack@placement-api.service[93036]: [pid: 93036|app: 0|req: 362/1441] 10.4.3.249 () {68 vars in 1501 bytes} [Sun Jul 5 03:37:42 2026] GET /placement/allocations/9f85a623-6d13-42d3-a03c-5ca72330a6d1 => generated 19 bytes in 21 msecs (HTTP/1.1 200) 8 headers in 295 bytes (1 switches on core 0)
Jul 05 03:37:42.670399 np0000004562 devstack@placement-api.service[93038]: DEBUG placement.requestlog [req-faae8b64-ba68-4bc8-ae89-69ec5ba6c912 req-c9bf6852-1212-46fc-bcba-4f1d5e55ee80 None None] Starting request: 10.4.3.249 "GET /placement/allocations/77e2049c-32bd-406a-bb27-3fb009477380" {{(pid=93038) __call__ /opt/stack/placement/placement/requestlog.py:55}}
Jul 05 03:37:42.682169 np0000004562 devstack@placement-api.service[93039]: DEBUG placement.requestlog [req-827ba7c6-dcda-4e4f-9e95-f62d6f679256 req-af4cf3a1-2b5a-4bc4-b631-f34b40316ac0 None None] Starting request: 10.4.3.249 "PUT /placement/allocations/9f85a623-6d13-42d3-a03c-5ca72330a6d1" {{(pid=93039) __call__ /opt/stack/placement/placement/requestlog.py:55}}
Jul 05 03:37:42.690743 np0000004562 devstack@placement-api.service[93038]: INFO placement.requestlog [req-faae8b64-ba68-4bc8-ae89-69ec5ba6c912 req-c9bf6852-1212-46fc-bcba-4f1d5e55ee80 service nova] 10.4.3.249 "GET /placement/allocations/77e2049c-32bd-406a-bb27-3fb009477380" status: 200 len: 244 microversion: 1.28
Jul 05 03:37:42.690743 np0000004562 devstack@placement-api.service[93038]: [pid: 93038|app: 0|req: 360/1442] 10.4.3.249 () {68 vars in 1499 bytes} [Sun Jul 5 03:37:42 2026] GET /placement/allocations/77e2049c-32bd-406a-bb27-3fb009477380 => generated 244 bytes in 20 msecs (HTTP/1.1 200) 8 headers in 296 bytes (1 switches on core 0)
Jul 05 03:37:42.741436 np0000004562 devstack@placement-api.service[93037]: DEBUG placement.requestlog [req-faae8b64-ba68-4bc8-ae89-69ec5ba6c912 req-5fc63e0b-80ec-45fc-96b1-dd031b668ab8 None None] Starting request: 10.4.3.249 "GET /placement/allocations/3bbbc0b9-2249-4079-9593-64f1c3ad4218" {{(pid=93037) __call__ /opt/stack/placement/placement/requestlog.py:55}}
Jul 05 03:37:42.746179 np0000004562 devstack@placement-api.service[93037]: INFO placement.requestlog [req-faae8b64-ba68-4bc8-ae89-69ec5ba6c912 req-5fc63e0b-80ec-45fc-96b1-dd031b668ab8 service nova] 10.4.3.249 "GET /placement/allocations/3bbbc0b9-2249-4079-9593-64f1c3ad4218" status: 200 len: 244 microversion: 1.28
Jul 05 03:37:42.746400 np0000004562 devstack@placement-api.service[93037]: [pid: 93037|app: 0|req: 362/1443] 10.4.3.249 () {68 vars in 1499 bytes} [Sun Jul 5 03:37:42 2026] GET /placement/allocations/3bbbc0b9-2249-4079-9593-64f1c3ad4218 => generated 244 bytes in 7 msecs (HTTP/1.1 200) 8 headers in 296 bytes (1 switches on core 0)
Jul 05 03:37:42.756585 np0000004562 devstack@placement-api.service[93039]: DEBUG placement.handlers.allocation [req-827ba7c6-dcda-4e4f-9e95-f62d6f679256 req-af4cf3a1-2b5a-4bc4-b631-f34b40316ac0 service nova] Successfully wrote allocations [, , ] {{(pid=93039) _update_consumers_and_create_allocations /opt/stack/placement/placement/handlers/allocation.py:462}}
Jul 05 03:37:42.761151 np0000004562 devstack@placement-api.service[93039]: INFO placement.requestlog [req-827ba7c6-dcda-4e4f-9e95-f62d6f679256 req-af4cf3a1-2b5a-4bc4-b631-f34b40316ac0 service nova] 10.4.3.249 "PUT /placement/allocations/9f85a623-6d13-42d3-a03c-5ca72330a6d1" status: 204 len: 0 microversion: 1.36
Jul 05 03:37:42.761472 np0000004562 devstack@placement-api.service[93039]: [pid: 93039|app: 0|req: 360/1444] 10.4.3.249 () {72 vars in 1554 bytes} [Sun Jul 5 03:37:42 2026] PUT /placement/allocations/9f85a623-6d13-42d3-a03c-5ca72330a6d1 => generated 0 bytes in 79 msecs (HTTP/1.1 204) 5 headers in 199 bytes (1 switches on core 0)
Jul 05 03:37:42.800753 np0000004562 devstack@placement-api.service[93036]: DEBUG placement.requestlog [req-faae8b64-ba68-4bc8-ae89-69ec5ba6c912 req-0cd398b4-44be-44ad-92fb-17830d7686cc None None] Starting request: 10.4.3.249 "GET /placement/allocations/25e1371d-6866-4ebb-a546-610aadd4e70e" {{(pid=93036) __call__ /opt/stack/placement/placement/requestlog.py:55}}
Jul 05 03:37:42.825195 np0000004562 devstack@placement-api.service[93036]: INFO placement.requestlog [req-faae8b64-ba68-4bc8-ae89-69ec5ba6c912 req-0cd398b4-44be-44ad-92fb-17830d7686cc service nova] 10.4.3.249 "GET /placement/allocations/25e1371d-6866-4ebb-a546-610aadd4e70e" status: 200 len: 258 microversion: 1.28
Jul 05 03:37:42.825195 np0000004562 devstack@placement-api.service[93036]: [pid: 93036|app: 0|req: 363/1445] 10.4.3.249 () {68 vars in 1499 bytes} [Sun Jul 5 03:37:42 2026] GET /placement/allocations/25e1371d-6866-4ebb-a546-610aadd4e70e => generated 258 bytes in 25 msecs (HTTP/1.1 200) 8 headers in 296 bytes (1 switches on core 0)
Jul 05 03:37:43.918369 np0000004562 devstack@placement-api.service[93038]: DEBUG placement.requestlog [req-faae8b64-ba68-4bc8-ae89-69ec5ba6c912 req-5ee7b71a-2889-4cd5-91da-22cef1777b92 None None] Starting request: 10.4.3.249 "DELETE /placement/allocations/a69653e0-4eb5-4708-8db0-5e388fcab234" {{(pid=93038) __call__ /opt/stack/placement/placement/requestlog.py:55}}
Jul 05 03:37:43.920210 np0000004562 devstack@placement-api.service[93037]: DEBUG placement.requestlog [req-8dbfdb4c-2721-4b00-8f00-2727cc4f7d30 req-835c81d2-892d-44c5-b676-049db9acc681 None None] Starting request: 10.4.3.249 "GET /placement/resource_providers/555a8dfa-6105-4c91-843c-764798128d3b/allocations" {{(pid=93037) __call__ /opt/stack/placement/placement/requestlog.py:55}}
Jul 05 03:37:43.930765 np0000004562 devstack@placement-api.service[93037]: INFO placement.requestlog [req-8dbfdb4c-2721-4b00-8f00-2727cc4f7d30 req-835c81d2-892d-44c5-b676-049db9acc681 service nova] 10.4.3.249 "GET /placement/resource_providers/555a8dfa-6105-4c91-843c-764798128d3b/allocations" status: 200 len: 711 microversion: 1.0
Jul 05 03:37:43.931172 np0000004562 devstack@placement-api.service[93037]: [pid: 93037|app: 0|req: 363/1446] 10.4.3.249 () {66 vars in 1512 bytes} [Sun Jul 5 03:37:43 2026] GET /placement/resource_providers/555a8dfa-6105-4c91-843c-764798128d3b/allocations => generated 711 bytes in 11 msecs (HTTP/1.1 200) 6 headers in 224 bytes (1 switches on core 0)
Jul 05 03:37:43.967902 np0000004562 devstack@placement-api.service[93039]: DEBUG placement.requestlog [req-8dbfdb4c-2721-4b00-8f00-2727cc4f7d30 req-9a091318-7831-45e4-986a-86aef00e8246 None None] Starting request: 10.4.3.249 "GET /placement/allocations/5e2ef932-ebb3-4532-aa04-0c0a7602812a" {{(pid=93039) __call__ /opt/stack/placement/placement/requestlog.py:55}}
Jul 05 03:37:43.976985 np0000004562 devstack@placement-api.service[93039]: INFO placement.requestlog [req-8dbfdb4c-2721-4b00-8f00-2727cc4f7d30 req-9a091318-7831-45e4-986a-86aef00e8246 service nova] 10.4.3.249 "GET /placement/allocations/5e2ef932-ebb3-4532-aa04-0c0a7602812a" status: 200 len: 244 microversion: 1.28
Jul 05 03:37:43.977189 np0000004562 devstack@placement-api.service[93039]: [pid: 93039|app: 0|req: 361/1447] 10.4.3.249 () {68 vars in 1499 bytes} [Sun Jul 5 03:37:43 2026] GET /placement/allocations/5e2ef932-ebb3-4532-aa04-0c0a7602812a => generated 244 bytes in 9 msecs (HTTP/1.1 200) 8 headers in 296 bytes (1 switches on core 0)
Jul 05 03:37:43.993344 np0000004562 devstack@placement-api.service[93038]: DEBUG placement.handlers.allocation [req-faae8b64-ba68-4bc8-ae89-69ec5ba6c912 req-5ee7b71a-2889-4cd5-91da-22cef1777b92 service nova] Successfully deleted allocations [, , ] {{(pid=93038) delete_allocations /opt/stack/placement/placement/handlers/allocation.py:627}}
Jul 05 03:37:43.993702 np0000004562 devstack@placement-api.service[93038]: INFO placement.requestlog [req-faae8b64-ba68-4bc8-ae89-69ec5ba6c912 req-5ee7b71a-2889-4cd5-91da-22cef1777b92 service nova] 10.4.3.249 "DELETE /placement/allocations/a69653e0-4eb5-4708-8db0-5e388fcab234" status: 204 len: 0 microversion: 1.0
Jul 05 03:37:43.993942 np0000004562 devstack@placement-api.service[93038]: [pid: 93038|app: 0|req: 361/1448] 10.4.3.249 () {68 vars in 1477 bytes} [Sun Jul 5 03:37:43 2026] DELETE /placement/allocations/a69653e0-4eb5-4708-8db0-5e388fcab234 => generated 0 bytes in 76 msecs (HTTP/1.1 204) 5 headers in 198 bytes (1 switches on core 0)
Jul 05 03:37:44.015414 np0000004562 devstack@placement-api.service[93036]: DEBUG placement.requestlog [req-8dbfdb4c-2721-4b00-8f00-2727cc4f7d30 req-62cc9723-2849-4ae5-be2d-78c413981ca0 None None] Starting request: 10.4.3.249 "GET /placement/allocations/4545e4a4-9131-4c73-989c-aa5e3700ddc1" {{(pid=93036) __call__ /opt/stack/placement/placement/requestlog.py:55}}
Jul 05 03:37:44.025666 np0000004562 devstack@placement-api.service[93036]: INFO placement.requestlog [req-8dbfdb4c-2721-4b00-8f00-2727cc4f7d30 req-62cc9723-2849-4ae5-be2d-78c413981ca0 service nova] 10.4.3.249 "GET /placement/allocations/4545e4a4-9131-4c73-989c-aa5e3700ddc1" status: 200 len: 258 microversion: 1.28
Jul 05 03:37:44.025959 np0000004562 devstack@placement-api.service[93036]: [pid: 93036|app: 0|req: 364/1449] 10.4.3.249 () {68 vars in 1499 bytes} [Sun Jul 5 03:37:44 2026] GET /placement/allocations/4545e4a4-9131-4c73-989c-aa5e3700ddc1 => generated 258 bytes in 11 msecs (HTTP/1.1 200) 8 headers in 296 bytes (1 switches on core 0)
Jul 05 03:37:44.059990 np0000004562 devstack@placement-api.service[93037]: DEBUG placement.requestlog [req-8dbfdb4c-2721-4b00-8f00-2727cc4f7d30 req-9c74f61a-c05e-4224-ae8d-050de8041baf None None] Starting request: 10.4.3.249 "GET /placement/allocations/9f85a623-6d13-42d3-a03c-5ca72330a6d1" {{(pid=93037) __call__ /opt/stack/placement/placement/requestlog.py:55}}
Jul 05 03:37:44.070176 np0000004562 devstack@placement-api.service[93037]: INFO placement.requestlog [req-8dbfdb4c-2721-4b00-8f00-2727cc4f7d30 req-9c74f61a-c05e-4224-ae8d-050de8041baf service nova] 10.4.3.249 "GET /placement/allocations/9f85a623-6d13-42d3-a03c-5ca72330a6d1" status: 200 len: 258 microversion: 1.28
Jul 05 03:37:44.070772 np0000004562 devstack@placement-api.service[93037]: [pid: 93037|app: 0|req: 364/1450] 10.4.3.249 () {68 vars in 1499 bytes} [Sun Jul 5 03:37:44 2026] GET /placement/allocations/9f85a623-6d13-42d3-a03c-5ca72330a6d1 => generated 258 bytes in 11 msecs (HTTP/1.1 200) 8 headers in 296 bytes (1 switches on core 0)
Jul 05 03:37:44.110806 np0000004562 devstack@placement-api.service[93039]: DEBUG placement.requestlog [req-8dbfdb4c-2721-4b00-8f00-2727cc4f7d30 req-31064214-3089-4463-9eaf-dfeb921ed1e5 None None] Starting request: 10.4.3.249 "GET /placement/allocations/a69653e0-4eb5-4708-8db0-5e388fcab234" {{(pid=93039) __call__ /opt/stack/placement/placement/requestlog.py:55}}
Jul 05 03:37:44.122729 np0000004562 devstack@placement-api.service[93039]: INFO placement.requestlog [req-8dbfdb4c-2721-4b00-8f00-2727cc4f7d30 req-31064214-3089-4463-9eaf-dfeb921ed1e5 service nova] 10.4.3.249 "GET /placement/allocations/a69653e0-4eb5-4708-8db0-5e388fcab234" status: 200 len: 19 microversion: 1.28
Jul 05 03:37:44.123094 np0000004562 devstack@placement-api.service[93039]: [pid: 93039|app: 0|req: 362/1451] 10.4.3.249 () {68 vars in 1499 bytes} [Sun Jul 5 03:37:44 2026] GET /placement/allocations/a69653e0-4eb5-4708-8db0-5e388fcab234 => generated 19 bytes in 12 msecs (HTTP/1.1 200) 8 headers in 295 bytes (1 switches on core 0)
Jul 05 03:37:44.171385 np0000004562 devstack@placement-api.service[93038]: DEBUG placement.requestlog [req-8dbfdb4c-2721-4b00-8f00-2727cc4f7d30 req-a97e929b-2431-4adf-8e3f-8933d47dc4c3 None None] Starting request: 10.4.3.249 "GET /placement/allocations/77e2049c-32bd-406a-bb27-3fb009477380" {{(pid=93038) __call__ /opt/stack/placement/placement/requestlog.py:55}}
Jul 05 03:37:44.183974 np0000004562 devstack@placement-api.service[93038]: INFO placement.requestlog [req-8dbfdb4c-2721-4b00-8f00-2727cc4f7d30 req-a97e929b-2431-4adf-8e3f-8933d47dc4c3 service nova] 10.4.3.249 "GET /placement/allocations/77e2049c-32bd-406a-bb27-3fb009477380" status: 200 len: 244 microversion: 1.28
Jul 05 03:37:44.184217 np0000004562 devstack@placement-api.service[93038]: [pid: 93038|app: 0|req: 362/1452] 10.4.3.249 () {68 vars in 1499 bytes} [Sun Jul 5 03:37:44 2026] GET /placement/allocations/77e2049c-32bd-406a-bb27-3fb009477380 => generated 244 bytes in 13 msecs (HTTP/1.1 200) 8 headers in 296 bytes (1 switches on core 0)
Jul 05 03:37:44.243139 np0000004562 devstack@placement-api.service[93036]: DEBUG placement.requestlog [req-8dbfdb4c-2721-4b00-8f00-2727cc4f7d30 req-a2f40af2-b2d7-43c6-a546-cb4f3851a4e5 None None] Starting request: 10.4.3.249 "GET /placement/allocations/3bbbc0b9-2249-4079-9593-64f1c3ad4218" {{(pid=93036) __call__ /opt/stack/placement/placement/requestlog.py:55}}
Jul 05 03:37:44.252751 np0000004562 devstack@placement-api.service[93036]: INFO placement.requestlog [req-8dbfdb4c-2721-4b00-8f00-2727cc4f7d30 req-a2f40af2-b2d7-43c6-a546-cb4f3851a4e5 service nova] 10.4.3.249 "GET /placement/allocations/3bbbc0b9-2249-4079-9593-64f1c3ad4218" status: 200 len: 244 microversion: 1.28
Jul 05 03:37:44.253283 np0000004562 devstack@placement-api.service[93036]: [pid: 93036|app: 0|req: 365/1453] 10.4.3.249 () {68 vars in 1499 bytes} [Sun Jul 5 03:37:44 2026] GET /placement/allocations/3bbbc0b9-2249-4079-9593-64f1c3ad4218 => generated 244 bytes in 10 msecs (HTTP/1.1 200) 8 headers in 296 bytes (1 switches on core 0)
Jul 05 03:37:44.306595 np0000004562 devstack@placement-api.service[93037]: DEBUG placement.requestlog [req-8dbfdb4c-2721-4b00-8f00-2727cc4f7d30 req-ec5e610f-9d22-4a80-9244-f5ebec6f78ac None None] Starting request: 10.4.3.249 "GET /placement/allocations/25e1371d-6866-4ebb-a546-610aadd4e70e" {{(pid=93037) __call__ /opt/stack/placement/placement/requestlog.py:55}}
Jul 05 03:37:44.315766 np0000004562 devstack@placement-api.service[93037]: INFO placement.requestlog [req-8dbfdb4c-2721-4b00-8f00-2727cc4f7d30 req-ec5e610f-9d22-4a80-9244-f5ebec6f78ac service nova] 10.4.3.249 "GET /placement/allocations/25e1371d-6866-4ebb-a546-610aadd4e70e" status: 200 len: 258 microversion: 1.28
Jul 05 03:37:44.315766 np0000004562 devstack@placement-api.service[93037]: [pid: 93037|app: 0|req: 365/1454] 10.4.3.249 () {68 vars in 1499 bytes} [Sun Jul 5 03:37:44 2026] GET /placement/allocations/25e1371d-6866-4ebb-a546-610aadd4e70e => generated 258 bytes in 9 msecs (HTTP/1.1 200) 8 headers in 296 bytes (1 switches on core 0)
Jul 05 03:37:44.890551 np0000004562 devstack@placement-api.service[93039]: DEBUG placement.requestlog [req-827ba7c6-dcda-4e4f-9e95-f62d6f679256 req-8abd9580-c763-49f3-9707-babe2bb179fa None None] Starting request: 10.4.3.249 "GET /placement/allocations/9f85a623-6d13-42d3-a03c-5ca72330a6d1" {{(pid=93039) __call__ /opt/stack/placement/placement/requestlog.py:55}}
Jul 05 03:37:44.901695 np0000004562 devstack@placement-api.service[93039]: INFO placement.requestlog [req-827ba7c6-dcda-4e4f-9e95-f62d6f679256 req-8abd9580-c763-49f3-9707-babe2bb179fa service nova] 10.4.3.249 "GET /placement/allocations/9f85a623-6d13-42d3-a03c-5ca72330a6d1" status: 200 len: 258 microversion: 1.28
Jul 05 03:37:44.901984 np0000004562 devstack@placement-api.service[93039]: [pid: 93039|app: 0|req: 363/1455] 10.4.3.249 () {68 vars in 1499 bytes} [Sun Jul 5 03:37:44 2026] GET /placement/allocations/9f85a623-6d13-42d3-a03c-5ca72330a6d1 => generated 258 bytes in 11 msecs (HTTP/1.1 200) 8 headers in 296 bytes (1 switches on core 0)
Jul 05 03:37:45.392373 np0000004562 devstack@placement-api.service[93038]: DEBUG placement.requestlog [req-8dbfdb4c-2721-4b00-8f00-2727cc4f7d30 req-f9dbf6f0-d666-403b-a5bb-5fdd9abcee02 None None] Starting request: 10.4.3.249 "DELETE /placement/allocations/5e2ef932-ebb3-4532-aa04-0c0a7602812a" {{(pid=93038) __call__ /opt/stack/placement/placement/requestlog.py:55}}
Jul 05 03:37:45.417552 np0000004562 devstack@placement-api.service[93038]: DEBUG placement.handlers.allocation [req-8dbfdb4c-2721-4b00-8f00-2727cc4f7d30 req-f9dbf6f0-d666-403b-a5bb-5fdd9abcee02 service nova] Successfully deleted allocations [, ] {{(pid=93038) delete_allocations /opt/stack/placement/placement/handlers/allocation.py:627}}
Jul 05 03:37:45.417915 np0000004562 devstack@placement-api.service[93038]: INFO placement.requestlog [req-8dbfdb4c-2721-4b00-8f00-2727cc4f7d30 req-f9dbf6f0-d666-403b-a5bb-5fdd9abcee02 service nova] 10.4.3.249 "DELETE /placement/allocations/5e2ef932-ebb3-4532-aa04-0c0a7602812a" status: 204 len: 0 microversion: 1.0
Jul 05 03:37:45.418222 np0000004562 devstack@placement-api.service[93038]: [pid: 93038|app: 0|req: 363/1456] 10.4.3.249 () {68 vars in 1477 bytes} [Sun Jul 5 03:37:45 2026] DELETE /placement/allocations/5e2ef932-ebb3-4532-aa04-0c0a7602812a => generated 0 bytes in 26 msecs (HTTP/1.1 204) 5 headers in 198 bytes (1 switches on core 0)
Jul 05 03:37:47.429730 np0000004562 devstack@placement-api.service[93036]: DEBUG placement.requestlog [req-827ba7c6-dcda-4e4f-9e95-f62d6f679256 req-014514b8-e045-4c6f-a2cb-7b5e1f2c1848 None None] Starting request: 10.4.3.249 "GET /placement/resource_providers/555a8dfa-6105-4c91-843c-764798128d3b/allocations" {{(pid=93036) __call__ /opt/stack/placement/placement/requestlog.py:55}}
Jul 05 03:37:47.443312 np0000004562 devstack@placement-api.service[93036]: INFO placement.requestlog [req-827ba7c6-dcda-4e4f-9e95-f62d6f679256 req-014514b8-e045-4c6f-a2cb-7b5e1f2c1848 service nova] 10.4.3.249 "GET /placement/resource_providers/555a8dfa-6105-4c91-843c-764798128d3b/allocations" status: 200 len: 525 microversion: 1.0
Jul 05 03:37:47.443312 np0000004562 devstack@placement-api.service[93036]: [pid: 93036|app: 0|req: 366/1457] 10.4.3.249 () {66 vars in 1512 bytes} [Sun Jul 5 03:37:47 2026] GET /placement/resource_providers/555a8dfa-6105-4c91-843c-764798128d3b/allocations => generated 525 bytes in 13 msecs (HTTP/1.1 200) 6 headers in 224 bytes (1 switches on core 0)
Jul 05 03:37:47.502998 np0000004562 devstack@placement-api.service[93037]: DEBUG placement.requestlog [req-827ba7c6-dcda-4e4f-9e95-f62d6f679256 req-f778ea10-2227-4025-b251-e6d7674c4d17 None None] Starting request: 10.4.3.249 "GET /placement/allocations/4545e4a4-9131-4c73-989c-aa5e3700ddc1" {{(pid=93037) __call__ /opt/stack/placement/placement/requestlog.py:55}}
Jul 05 03:37:47.514883 np0000004562 devstack@placement-api.service[93037]: INFO placement.requestlog [req-827ba7c6-dcda-4e4f-9e95-f62d6f679256 req-f778ea10-2227-4025-b251-e6d7674c4d17 service nova] 10.4.3.249 "GET /placement/allocations/4545e4a4-9131-4c73-989c-aa5e3700ddc1" status: 200 len: 258 microversion: 1.28
Jul 05 03:37:47.514883 np0000004562 devstack@placement-api.service[93037]: [pid: 93037|app: 0|req: 366/1458] 10.4.3.249 () {68 vars in 1499 bytes} [Sun Jul 5 03:37:47 2026] GET /placement/allocations/4545e4a4-9131-4c73-989c-aa5e3700ddc1 => generated 258 bytes in 12 msecs (HTTP/1.1 200) 8 headers in 296 bytes (1 switches on core 0)
Jul 05 03:37:47.558853 np0000004562 devstack@placement-api.service[93039]: DEBUG placement.requestlog [req-827ba7c6-dcda-4e4f-9e95-f62d6f679256 req-34ac0e62-dc3a-4882-ba53-f39a47259a0b None None] Starting request: 10.4.3.249 "GET /placement/allocations/9f85a623-6d13-42d3-a03c-5ca72330a6d1" {{(pid=93039) __call__ /opt/stack/placement/placement/requestlog.py:55}}
Jul 05 03:37:47.576830 np0000004562 devstack@placement-api.service[93039]: INFO placement.requestlog [req-827ba7c6-dcda-4e4f-9e95-f62d6f679256 req-34ac0e62-dc3a-4882-ba53-f39a47259a0b service nova] 10.4.3.249 "GET /placement/allocations/9f85a623-6d13-42d3-a03c-5ca72330a6d1" status: 200 len: 258 microversion: 1.28
Jul 05 03:37:47.576830 np0000004562 devstack@placement-api.service[93039]: [pid: 93039|app: 0|req: 364/1459] 10.4.3.249 () {68 vars in 1499 bytes} [Sun Jul 5 03:37:47 2026] GET /placement/allocations/9f85a623-6d13-42d3-a03c-5ca72330a6d1 => generated 258 bytes in 17 msecs (HTTP/1.1 200) 8 headers in 296 bytes (1 switches on core 0)
Jul 05 03:37:47.643889 np0000004562 devstack@placement-api.service[93038]: DEBUG placement.requestlog [req-827ba7c6-dcda-4e4f-9e95-f62d6f679256 req-ac129404-ca3d-443d-b6a2-d7bfa35a32da None None] Starting request: 10.4.3.249 "GET /placement/allocations/77e2049c-32bd-406a-bb27-3fb009477380" {{(pid=93038) __call__ /opt/stack/placement/placement/requestlog.py:55}}
Jul 05 03:37:47.652626 np0000004562 devstack@placement-api.service[93038]: INFO placement.requestlog [req-827ba7c6-dcda-4e4f-9e95-f62d6f679256 req-ac129404-ca3d-443d-b6a2-d7bfa35a32da service nova] 10.4.3.249 "GET /placement/allocations/77e2049c-32bd-406a-bb27-3fb009477380" status: 200 len: 244 microversion: 1.28
Jul 05 03:37:47.652873 np0000004562 devstack@placement-api.service[93038]: [pid: 93038|app: 0|req: 364/1460] 10.4.3.249 () {68 vars in 1499 bytes} [Sun Jul 5 03:37:47 2026] GET /placement/allocations/77e2049c-32bd-406a-bb27-3fb009477380 => generated 244 bytes in 20 msecs (HTTP/1.1 200) 8 headers in 296 bytes (2 switches on core 0)
Jul 05 03:37:47.698455 np0000004562 devstack@placement-api.service[93036]: DEBUG placement.requestlog [req-827ba7c6-dcda-4e4f-9e95-f62d6f679256 req-68910ab5-50a4-4703-b306-2aa43a6d30ea None None] Starting request: 10.4.3.249 "GET /placement/allocations/3bbbc0b9-2249-4079-9593-64f1c3ad4218" {{(pid=93036) __call__ /opt/stack/placement/placement/requestlog.py:55}}
Jul 05 03:37:47.714424 np0000004562 devstack@placement-api.service[93036]: INFO placement.requestlog [req-827ba7c6-dcda-4e4f-9e95-f62d6f679256 req-68910ab5-50a4-4703-b306-2aa43a6d30ea service nova] 10.4.3.249 "GET /placement/allocations/3bbbc0b9-2249-4079-9593-64f1c3ad4218" status: 200 len: 244 microversion: 1.28
Jul 05 03:37:47.714424 np0000004562 devstack@placement-api.service[93036]: [pid: 93036|app: 0|req: 367/1461] 10.4.3.249 () {68 vars in 1499 bytes} [Sun Jul 5 03:37:47 2026] GET /placement/allocations/3bbbc0b9-2249-4079-9593-64f1c3ad4218 => generated 244 bytes in 15 msecs (HTTP/1.1 200) 8 headers in 296 bytes (1 switches on core 0)
Jul 05 03:37:47.766919 np0000004562 devstack@placement-api.service[93037]: DEBUG placement.requestlog [req-827ba7c6-dcda-4e4f-9e95-f62d6f679256 req-031afd4e-5983-4c1a-a513-2e6ddcd378ac None None] Starting request: 10.4.3.249 "GET /placement/allocations/25e1371d-6866-4ebb-a546-610aadd4e70e" {{(pid=93037) __call__ /opt/stack/placement/placement/requestlog.py:55}}
Jul 05 03:37:47.776508 np0000004562 devstack@placement-api.service[93039]: DEBUG placement.requestlog [None req-47ea1769-e362-4283-a512-f3d35ff26402 None None] Starting request: 10.4.3.249 "GET /placement/resource_providers/672e5991-d0ab-423a-9e1a-cb9e7b1ec8f4/aggregates" {{(pid=93039) __call__ /opt/stack/placement/placement/requestlog.py:55}}
Jul 05 03:37:47.788959 np0000004562 devstack@placement-api.service[93039]: INFO placement.requestlog [None req-47ea1769-e362-4283-a512-f3d35ff26402 service placement] 10.4.3.249 "GET /placement/resource_providers/672e5991-d0ab-423a-9e1a-cb9e7b1ec8f4/aggregates" status: 404 len: 235 microversion: 1.1
Jul 05 03:37:47.789379 np0000004562 devstack@placement-api.service[93039]: [pid: 93039|app: 0|req: 365/1462] 10.4.3.249 () {66 vars in 1474 bytes} [Sun Jul 5 03:37:47 2026] GET /placement/resource_providers/672e5991-d0ab-423a-9e1a-cb9e7b1ec8f4/aggregates => generated 235 bytes in 16 msecs (HTTP/1.1 404) 5 headers in 202 bytes (1 switches on core 0)
Jul 05 03:37:47.790156 np0000004562 devstack@placement-api.service[93037]: INFO placement.requestlog [req-827ba7c6-dcda-4e4f-9e95-f62d6f679256 req-031afd4e-5983-4c1a-a513-2e6ddcd378ac service nova] 10.4.3.249 "GET /placement/allocations/25e1371d-6866-4ebb-a546-610aadd4e70e" status: 200 len: 258 microversion: 1.28
Jul 05 03:37:47.790586 np0000004562 devstack@placement-api.service[93037]: [pid: 93037|app: 0|req: 367/1463] 10.4.3.249 () {68 vars in 1499 bytes} [Sun Jul 5 03:37:47 2026] GET /placement/allocations/25e1371d-6866-4ebb-a546-610aadd4e70e => generated 258 bytes in 24 msecs (HTTP/1.1 200) 8 headers in 296 bytes (1 switches on core 0)
Jul 05 03:37:47.841081 np0000004562 devstack@placement-api.service[93038]: DEBUG placement.requestlog [None req-dbdfe8e8-8ae2-42a6-be1f-b54588fb6205 None None] Starting request: 10.4.3.249 "DELETE /placement/resource_providers/672e5991-d0ab-423a-9e1a-cb9e7b1ec8f4" {{(pid=93038) __call__ /opt/stack/placement/placement/requestlog.py:55}}
Jul 05 03:37:47.854545 np0000004562 devstack@placement-api.service[93038]: DEBUG placement.wsgi_wrapper [None req-dbdfe8e8-8ae2-42a6-be1f-b54588fb6205 service placement] Placement API returning an error response: No resource provider with uuid 672e5991-d0ab-423a-9e1a-cb9e7b1ec8f4 found for delete {{(pid=93038) call_func /opt/stack/placement/placement/wsgi_wrapper.py:31}}
Jul 05 03:37:47.855123 np0000004562 devstack@placement-api.service[93038]: INFO placement.requestlog [None req-dbdfe8e8-8ae2-42a6-be1f-b54588fb6205 service placement] 10.4.3.249 "DELETE /placement/resource_providers/672e5991-d0ab-423a-9e1a-cb9e7b1ec8f4" status: 404 len: 246 microversion: 1.1
Jul 05 03:37:47.856393 np0000004562 devstack@placement-api.service[93038]: [pid: 93038|app: 0|req: 365/1464] 10.4.3.249 () {68 vars in 1463 bytes} [Sun Jul 5 03:37:47 2026] DELETE /placement/resource_providers/672e5991-d0ab-423a-9e1a-cb9e7b1ec8f4 => generated 246 bytes in 14 msecs (HTTP/1.1 404) 6 headers in 231 bytes (1 switches on core 0)
Jul 05 03:37:49.910011 np0000004562 devstack@placement-api.service[93036]: DEBUG placement.requestlog [None req-d556b63d-56f9-497d-8902-181384ff3e55 None None] Starting request: 10.4.3.249 "GET /placement/resource_providers/382febcf-06e2-4e94-a3df-f5b00a624560/aggregates" {{(pid=93036) __call__ /opt/stack/placement/placement/requestlog.py:55}}
Jul 05 03:37:49.921292 np0000004562 devstack@placement-api.service[93036]: INFO placement.requestlog [None req-d556b63d-56f9-497d-8902-181384ff3e55 service placement] 10.4.3.249 "GET /placement/resource_providers/382febcf-06e2-4e94-a3df-f5b00a624560/aggregates" status: 404 len: 235 microversion: 1.1
Jul 05 03:37:49.921549 np0000004562 devstack@placement-api.service[93036]: [pid: 93036|app: 0|req: 368/1465] 10.4.3.249 () {66 vars in 1474 bytes} [Sun Jul 5 03:37:49 2026] GET /placement/resource_providers/382febcf-06e2-4e94-a3df-f5b00a624560/aggregates => generated 235 bytes in 12 msecs (HTTP/1.1 404) 5 headers in 202 bytes (1 switches on core 0)
Jul 05 03:37:49.988318 np0000004562 devstack@placement-api.service[93039]: DEBUG placement.requestlog [None req-4cce91cc-e745-4564-80a8-8421c2492215 None None] Starting request: 10.4.3.249 "DELETE /placement/resource_providers/382febcf-06e2-4e94-a3df-f5b00a624560" {{(pid=93039) __call__ /opt/stack/placement/placement/requestlog.py:55}}
Jul 05 03:37:49.993971 np0000004562 devstack@placement-api.service[93039]: DEBUG placement.wsgi_wrapper [None req-4cce91cc-e745-4564-80a8-8421c2492215 service placement] Placement API returning an error response: No resource provider with uuid 382febcf-06e2-4e94-a3df-f5b00a624560 found for delete {{(pid=93039) call_func /opt/stack/placement/placement/wsgi_wrapper.py:31}}
Jul 05 03:37:49.993971 np0000004562 devstack@placement-api.service[93039]: INFO placement.requestlog [None req-4cce91cc-e745-4564-80a8-8421c2492215 service placement] 10.4.3.249 "DELETE /placement/resource_providers/382febcf-06e2-4e94-a3df-f5b00a624560" status: 404 len: 246 microversion: 1.1
Jul 05 03:37:49.993971 np0000004562 devstack@placement-api.service[93039]: [pid: 93039|app: 0|req: 366/1466] 10.4.3.249 () {68 vars in 1463 bytes} [Sun Jul 5 03:37:49 2026] DELETE /placement/resource_providers/382febcf-06e2-4e94-a3df-f5b00a624560 => generated 246 bytes in 6 msecs (HTTP/1.1 404) 6 headers in 231 bytes (1 switches on core 0)
Jul 05 03:37:50.147582 np0000004562 devstack@placement-api.service[93037]: DEBUG placement.requestlog [None req-87271d3b-aba9-4c8c-b68f-3e1cea147e4e None None] Starting request: 10.4.3.249 "GET /placement/resource_providers/855f29b6-0a14-4b12-96b2-6e837282a8c3/aggregates" {{(pid=93037) __call__ /opt/stack/placement/placement/requestlog.py:55}}
Jul 05 03:37:50.155824 np0000004562 devstack@placement-api.service[93037]: INFO placement.requestlog [None req-87271d3b-aba9-4c8c-b68f-3e1cea147e4e service placement] 10.4.3.249 "GET /placement/resource_providers/855f29b6-0a14-4b12-96b2-6e837282a8c3/aggregates" status: 404 len: 235 microversion: 1.1
Jul 05 03:37:50.155824 np0000004562 devstack@placement-api.service[93037]: [pid: 93037|app: 0|req: 368/1467] 10.4.3.249 () {66 vars in 1474 bytes} [Sun Jul 5 03:37:50 2026] GET /placement/resource_providers/855f29b6-0a14-4b12-96b2-6e837282a8c3/aggregates => generated 235 bytes in 8 msecs (HTTP/1.1 404) 5 headers in 202 bytes (1 switches on core 0)
Jul 05 03:37:50.200455 np0000004562 devstack@placement-api.service[93038]: DEBUG placement.requestlog [None req-b31239ae-ec31-43ef-a3a5-0e0fed27c1f1 None None] Starting request: 10.4.3.249 "DELETE /placement/resource_providers/855f29b6-0a14-4b12-96b2-6e837282a8c3" {{(pid=93038) __call__ /opt/stack/placement/placement/requestlog.py:55}}
