Jul 19 15:24:27.261213 np0000005438 devstack@c-api.service[100207]: DEBUG cinder.api.openstack.wsgi [None req-bca6615a-4d96-4660-9ad3-e1a407225a7b tempest-GroupsV314Test-1906802363 tempest-GroupsV314Test-1906802363-project-member] Empty body provided in request {{(pid=100207) get_body /opt/stack/cinder/cinder/api/openstack/wsgi.py:725}}
Jul 19 15:24:27.261669 np0000005438 devstack@c-api.service[100207]: DEBUG cinder.api.openstack.wsgi [None req-bca6615a-4d96-4660-9ad3-e1a407225a7b tempest-GroupsV314Test-1906802363 tempest-GroupsV314Test-1906802363-project-member] Calling method 'detail' {{(pid=100207) _process_stack /opt/stack/cinder/cinder/api/openstack/wsgi.py:878}}
Jul 19 15:24:27.263244 np0000005438 devstack@c-api.service[100207]: DEBUG cinder.api.api_utils [None req-bca6615a-4d96-4660-9ad3-e1a407225a7b tempest-GroupsV314Test-1906802363 tempest-GroupsV314Test-1906802363-project-member] Removing options '' from query. {{(pid=100207) remove_invalid_filter_options /opt/stack/cinder/cinder/api/api_utils.py:82}}
Jul 19 15:24:27.263244 np0000005438 devstack@c-api.service[100207]: DEBUG cinder.volume.api [None req-bca6615a-4d96-4660-9ad3-e1a407225a7b tempest-GroupsV314Test-1906802363 tempest-GroupsV314Test-1906802363-project-member] Searching by: MultiDict([('no_migration_targets', True)]). {{(pid=100207) get_all /opt/stack/cinder/cinder/volume/api.py:664}}
Jul 19 15:24:27.276661 np0000005438 devstack@c-api.service[100207]: INFO cinder.volume.api [None req-bca6615a-4d96-4660-9ad3-e1a407225a7b tempest-GroupsV314Test-1906802363 tempest-GroupsV314Test-1906802363-project-member] Get all volumes completed successfully.
Jul 19 15:24:27.278868 np0000005438 devstack@c-api.service[100207]: WARNING stevedore.named [None req-bca6615a-4d96-4660-9ad3-e1a407225a7b tempest-GroupsV314Test-1906802363 tempest-GroupsV314Test-1906802363-project-member] Could not load cinder.keymgr.conf_key_mgr.ConfKeyManager
Jul 19 15:24:27.278868 np0000005438 devstack@c-api.service[100207]: WARNING castellan.key_manager [None req-bca6615a-4d96-4660-9ad3-e1a407225a7b tempest-GroupsV314Test-1906802363 tempest-GroupsV314Test-1906802363-project-member] Deprecation Warning : cinder.keymgr.conf_key_mgr.ConfKeyManager is not a stevedore based driver, trying to load it as a class: stevedore.exception.NoMatches: No 'castellan.drivers' driver found, looking for 'cinder.keymgr.conf_key_mgr.ConfKeyManager'
Jul 19 15:24:27.354946 np0000005438 devstack@c-api.service[100207]: DEBUG oslo_db.sqlalchemy.engines [None req-bca6615a-4d96-4660-9ad3-e1a407225a7b tempest-GroupsV314Test-1906802363 tempest-GroupsV314Test-1906802363-project-member] MySQL server mode set to STRICT_TRANS_TABLES,STRICT_ALL_TABLES,NO_ZERO_IN_DATE,NO_ZERO_DATE,ERROR_FOR_DIVISION_BY_ZERO,TRADITIONAL,NO_ENGINE_SUBSTITUTION {{(pid=100207) _check_effective_sql_mode /opt/stack/data/venv/lib/python3.12/site-packages/oslo_db/sqlalchemy/engines.py:325}}
Jul 19 15:24:27.359735 np0000005438 devstack@c-api.service[100207]: /opt/stack/data/venv/lib/python3.12/site-packages/oslo_context/context.py:102: DeprecationWarning: Policy enforcement is depending on the value of is_admin. This key is deprecated. Please update your policy file to use the standard policy values.
Jul 19 15:24:27.359735 np0000005438 devstack@c-api.service[100207]: warnings.warn(
Jul 19 15:24:27.365016 np0000005438 devstack@c-api.service[100207]: WARNING stevedore.named [None req-bca6615a-4d96-4660-9ad3-e1a407225a7b tempest-GroupsV314Test-1906802363 tempest-GroupsV314Test-1906802363-project-member] Could not load cinder.keymgr.conf_key_mgr.ConfKeyManager
Jul 19 15:24:27.366226 np0000005438 devstack@c-api.service[100207]: WARNING castellan.key_manager [None req-bca6615a-4d96-4660-9ad3-e1a407225a7b tempest-GroupsV314Test-1906802363 tempest-GroupsV314Test-1906802363-project-member] Deprecation Warning : cinder.keymgr.conf_key_mgr.ConfKeyManager is not a stevedore based driver, trying to load it as a class: stevedore.exception.NoMatches: No 'castellan.drivers' driver found, looking for 'cinder.keymgr.conf_key_mgr.ConfKeyManager'
Jul 19 15:24:27.414612 np0000005438 devstack@c-api.service[100207]: DEBUG oslo_db.sqlalchemy.engines [None req-bca6615a-4d96-4660-9ad3-e1a407225a7b tempest-GroupsV314Test-1906802363 tempest-GroupsV314Test-1906802363-project-member] MySQL server mode set to STRICT_TRANS_TABLES,STRICT_ALL_TABLES,NO_ZERO_IN_DATE,NO_ZERO_DATE,ERROR_FOR_DIVISION_BY_ZERO,TRADITIONAL,NO_ENGINE_SUBSTITUTION {{(pid=100207) _check_effective_sql_mode /opt/stack/data/venv/lib/python3.12/site-packages/oslo_db/sqlalchemy/engines.py:325}}
Jul 19 15:24:27.420231 np0000005438 devstack@c-api.service[100207]: /opt/stack/data/venv/lib/python3.12/site-packages/oslo_context/context.py:102: DeprecationWarning: Policy enforcement is depending on the value of is_admin. This key is deprecated. Please update your policy file to use the standard policy values.
Jul 19 15:24:27.420231 np0000005438 devstack@c-api.service[100207]: warnings.warn(
Jul 19 15:24:27.421838 np0000005438 devstack@c-api.service[100209]: DEBUG cinder.api.middleware.request_id [None req-389ff0f4-cc36-411a-bc81-b2d3ab7aa26b None None] RequestId filter calling following filter/app {{(pid=100209) _context_setter /opt/stack/cinder/cinder/api/middleware/request_id.py:62}}
Jul 19 15:24:27.424165 np0000005438 devstack@c-api.service[100209]: INFO cinder.api.openstack.wsgi [None req-389ff0f4-cc36-411a-bc81-b2d3ab7aa26b None None] GET https://10.4.3.125/volume//
Jul 19 15:24:27.424445 np0000005438 devstack@c-api.service[100209]: DEBUG cinder.api.openstack.wsgi [None req-389ff0f4-cc36-411a-bc81-b2d3ab7aa26b None None] Empty body provided in request {{(pid=100209) get_body /opt/stack/cinder/cinder/api/openstack/wsgi.py:725}}
Jul 19 15:24:27.425154 np0000005438 devstack@c-api.service[100209]: DEBUG cinder.api.openstack.wsgi [None req-389ff0f4-cc36-411a-bc81-b2d3ab7aa26b None None] Calling method 'all' {{(pid=100209) _process_stack /opt/stack/cinder/cinder/api/openstack/wsgi.py:878}}
Jul 19 15:24:27.425307 np0000005438 devstack@c-api.service[100209]: INFO cinder.api.openstack.wsgi [None req-389ff0f4-cc36-411a-bc81-b2d3ab7aa26b None None] https://10.4.3.125/volume// returned with HTTP 300
Jul 19 15:24:27.426038 np0000005438 devstack@c-api.service[100209]: [pid: 100209|app: 0|req: 78/316] 10.4.3.125 () {66 vars in 1428 bytes} [Sun Jul 19 15:24:27 2026] GET /volume/ => generated 386 bytes in 5 msecs (HTTP/1.1 300) 7 headers in 299 bytes (1 switches on core 0)
Jul 19 15:24:27.433813 np0000005438 devstack@c-api.service[100207]: INFO cinder.api.openstack.wsgi [None req-bca6615a-4d96-4660-9ad3-e1a407225a7b tempest-GroupsV314Test-1906802363 tempest-GroupsV314Test-1906802363-project-member] https://10.4.3.125/volume/v3/volumes/detail returned with HTTP 200
Jul 19 15:24:27.433934 np0000005438 devstack@c-api.service[100207]: [pid: 100207|app: 0|req: 78/317] 10.4.3.125 () {68 vars in 1299 bytes} [Sun Jul 19 15:24:27 2026] GET /volume/v3/volumes/detail => generated 1825 bytes in 177 msecs (HTTP/1.1 200) 7 headers in 287 bytes (2 switches on core 0)
Jul 19 15:24:27.435026 np0000005438 devstack@c-api.service[100206]: DEBUG cinder.api.middleware.request_id [req-a1e3f48d-3188-4206-8e38-1343cf783aa2 req-8432f8fa-d1c2-4cfd-8a0d-645b71475214 None None] RequestId filter calling following filter/app {{(pid=100206) _context_setter /opt/stack/cinder/cinder/api/middleware/request_id.py:62}}
Jul 19 15:24:27.438916 np0000005438 devstack@c-api.service[100206]: INFO cinder.api.openstack.wsgi [req-a1e3f48d-3188-4206-8e38-1343cf783aa2 req-8432f8fa-d1c2-4cfd-8a0d-645b71475214 tempest-TaggedAttachmentsTest-118316756 tempest-TaggedAttachmentsTest-118316756-project-member] POST https://10.4.3.125/volume/v3/attachments
Jul 19 15:24:27.439400 np0000005438 devstack@c-api.service[100206]: DEBUG cinder.api.openstack.wsgi [req-a1e3f48d-3188-4206-8e38-1343cf783aa2 req-8432f8fa-d1c2-4cfd-8a0d-645b71475214 tempest-TaggedAttachmentsTest-118316756 tempest-TaggedAttachmentsTest-118316756-project-member] Action: 'create', calling method: version_select, body: {"attachment": {"volume_uuid": "af72bea1-6706-411d-860d-e2a0878cbe43", "connector": null, "instance_uuid": "27f4b9ff-b60e-48b9-b390-75120d7ccf66"}} {{(pid=100206) _process_stack /opt/stack/cinder/cinder/api/openstack/wsgi.py:876}}
Jul 19 15:24:27.452855 np0000005438 devstack@c-api.service[100208]: DEBUG cinder.api.middleware.request_id [None req-b44b693e-d415-4c8b-aaaf-9034698c075d None None] RequestId filter calling following filter/app {{(pid=100208) _context_setter /opt/stack/cinder/cinder/api/middleware/request_id.py:62}}
Jul 19 15:24:27.455313 np0000005438 devstack@c-api.service[100208]: INFO cinder.api.openstack.wsgi [None req-b44b693e-d415-4c8b-aaaf-9034698c075d tempest-GroupsV314Test-1906802363 tempest-GroupsV314Test-1906802363-project-member] POST https://10.4.3.125/volume/v3/groups/dc9ac1b0-f1b2-40d7-976a-d5dba9ba1ccb/action
Jul 19 15:24:27.455867 np0000005438 devstack@c-api.service[100208]: DEBUG cinder.api.openstack.wsgi [None req-b44b693e-d415-4c8b-aaaf-9034698c075d tempest-GroupsV314Test-1906802363 tempest-GroupsV314Test-1906802363-project-member] Action body: b'{"delete": {"delete-volumes": true}}' {{(pid=100208) get_method /opt/stack/cinder/cinder/api/openstack/wsgi.py:993}}
Jul 19 15:24:27.456058 np0000005438 devstack@c-api.service[100208]: DEBUG cinder.api.openstack.wsgi [None req-b44b693e-d415-4c8b-aaaf-9034698c075d tempest-GroupsV314Test-1906802363 tempest-GroupsV314Test-1906802363-project-member] Action: 'action', calling method: version_select, body: {"delete": {"delete-volumes": true}} {{(pid=100208) _process_stack /opt/stack/cinder/cinder/api/openstack/wsgi.py:876}}
Jul 19 15:24:27.458186 np0000005438 devstack@c-api.service[100208]: DEBUG cinder.api.v3.groups [None req-b44b693e-d415-4c8b-aaaf-9034698c075d tempest-GroupsV314Test-1906802363 tempest-GroupsV314Test-1906802363-project-member] delete called for group dc9ac1b0-f1b2-40d7-976a-d5dba9ba1ccb {{(pid=100208) _delete /opt/stack/cinder/cinder/api/v3/groups.py:117}}
Jul 19 15:24:27.458409 np0000005438 devstack@c-api.service[100208]: INFO cinder.api.v3.groups [None req-b44b693e-d415-4c8b-aaaf-9034698c075d tempest-GroupsV314Test-1906802363 tempest-GroupsV314Test-1906802363-project-member] Delete group with id: dc9ac1b0-f1b2-40d7-976a-d5dba9ba1ccb
Jul 19 15:24:27.458983 np0000005438 devstack@c-api.service[100206]: /opt/stack/data/venv/lib/python3.12/site-packages/oslo_context/context.py:102: DeprecationWarning: Policy enforcement is depending on the value of is_admin. This key is deprecated. Please update your policy file to use the standard policy values.
Jul 19 15:24:27.458983 np0000005438 devstack@c-api.service[100206]: warnings.warn(
Jul 19 15:24:27.467638 np0000005438 devstack@c-api.service[100208]: /opt/stack/data/venv/lib/python3.12/site-packages/oslo_context/context.py:102: DeprecationWarning: Policy enforcement is depending on the value of is_admin. This key is deprecated. Please update your policy file to use the standard policy values.
Jul 19 15:24:27.467638 np0000005438 devstack@c-api.service[100208]: warnings.warn(
Jul 19 15:24:27.511137 np0000005438 devstack@c-api.service[100206]: INFO cinder.api.openstack.wsgi [req-a1e3f48d-3188-4206-8e38-1343cf783aa2 req-8432f8fa-d1c2-4cfd-8a0d-645b71475214 tempest-TaggedAttachmentsTest-118316756 tempest-TaggedAttachmentsTest-118316756-project-member] https://10.4.3.125/volume/v3/attachments returned with HTTP 200
Jul 19 15:24:27.511715 np0000005438 devstack@c-api.service[100206]: [pid: 100206|app: 0|req: 82/318] 10.4.3.125 () {74 vars in 1594 bytes} [Sun Jul 19 15:24:27 2026] POST /volume/v3/attachments => generated 273 bytes in 77 msecs (HTTP/1.1 200) 7 headers in 286 bytes (1 switches on core 0)
Jul 19 15:24:27.561873 np0000005438 devstack@c-api.service[100209]: DEBUG cinder.api.middleware.request_id [None req-a6922d0c-527d-41a9-af26-ec2de6029019 None None] RequestId filter calling following filter/app {{(pid=100209) _context_setter /opt/stack/cinder/cinder/api/middleware/request_id.py:62}}
Jul 19 15:24:27.562449 np0000005438 devstack@c-api.service[100208]: INFO cinder.api.openstack.wsgi [None req-b44b693e-d415-4c8b-aaaf-9034698c075d tempest-GroupsV314Test-1906802363 tempest-GroupsV314Test-1906802363-project-member] https://10.4.3.125/volume/v3/groups/dc9ac1b0-f1b2-40d7-976a-d5dba9ba1ccb/action returned with HTTP 202
Jul 19 15:24:27.563018 np0000005438 devstack@c-api.service[100208]: [pid: 100208|app: 0|req: 81/319] 10.4.3.125 () {70 vars in 1428 bytes} [Sun Jul 19 15:24:27 2026] POST /volume/v3/groups/dc9ac1b0-f1b2-40d7-976a-d5dba9ba1ccb/action => generated 0 bytes in 111 msecs (HTTP/1.1 202) 6 headers in 234 bytes (1 switches on core 0)
Jul 19 15:24:27.569369 np0000005438 devstack@c-api.service[100209]: INFO cinder.api.openstack.wsgi [None req-a6922d0c-527d-41a9-af26-ec2de6029019 tempest-TaggedAttachmentsTest-118316756 tempest-TaggedAttachmentsTest-118316756-project-member] GET https://10.4.3.125/volume/v3/volumes/af72bea1-6706-411d-860d-e2a0878cbe43
Jul 19 15:24:27.569369 np0000005438 devstack@c-api.service[100209]: DEBUG cinder.api.openstack.wsgi [None req-a6922d0c-527d-41a9-af26-ec2de6029019 tempest-TaggedAttachmentsTest-118316756 tempest-TaggedAttachmentsTest-118316756-project-member] Empty body provided in request {{(pid=100209) get_body /opt/stack/cinder/cinder/api/openstack/wsgi.py:725}}
Jul 19 15:24:27.569369 np0000005438 devstack@c-api.service[100209]: DEBUG cinder.api.openstack.wsgi [None req-a6922d0c-527d-41a9-af26-ec2de6029019 tempest-TaggedAttachmentsTest-118316756 tempest-TaggedAttachmentsTest-118316756-project-member] Calling method 'show' {{(pid=100209) _process_stack /opt/stack/cinder/cinder/api/openstack/wsgi.py:878}}
Jul 19 15:24:27.576557 np0000005438 devstack@c-api.service[100207]: DEBUG cinder.api.middleware.request_id [None req-2d6a723e-3a63-4a40-b551-ea5a3568af6b None None] RequestId filter calling following filter/app {{(pid=100207) _context_setter /opt/stack/cinder/cinder/api/middleware/request_id.py:62}}
Jul 19 15:24:27.581147 np0000005438 devstack@c-api.service[100207]: INFO cinder.api.openstack.wsgi [None req-2d6a723e-3a63-4a40-b551-ea5a3568af6b tempest-GroupsV314Test-1906802363 tempest-GroupsV314Test-1906802363-project-member] GET https://10.4.3.125/volume/v3/volumes/cf256cb1-f90c-4a81-bc13-7d6baccf7466
Jul 19 15:24:27.581478 np0000005438 devstack@c-api.service[100207]: DEBUG cinder.api.openstack.wsgi [None req-2d6a723e-3a63-4a40-b551-ea5a3568af6b tempest-GroupsV314Test-1906802363 tempest-GroupsV314Test-1906802363-project-member] Empty body provided in request {{(pid=100207) get_body /opt/stack/cinder/cinder/api/openstack/wsgi.py:725}}
Jul 19 15:24:27.581786 np0000005438 devstack@c-api.service[100207]: DEBUG cinder.api.openstack.wsgi [None req-2d6a723e-3a63-4a40-b551-ea5a3568af6b tempest-GroupsV314Test-1906802363 tempest-GroupsV314Test-1906802363-project-member] Calling method 'show' {{(pid=100207) _process_stack /opt/stack/cinder/cinder/api/openstack/wsgi.py:878}}
Jul 19 15:24:27.589170 np0000005438 devstack@c-api.service[100209]: /opt/stack/data/venv/lib/python3.12/site-packages/oslo_context/context.py:102: DeprecationWarning: Policy enforcement is depending on the value of is_admin. This key is deprecated. Please update your policy file to use the standard policy values.
Jul 19 15:24:27.589170 np0000005438 devstack@c-api.service[100209]: warnings.warn(
Jul 19 15:24:27.593378 np0000005438 devstack@c-api.service[100206]: DEBUG cinder.api.middleware.request_id [None req-03a608a2-5fdb-43d9-8871-dd62cb423147 None None] RequestId filter calling following filter/app {{(pid=100206) _context_setter /opt/stack/cinder/cinder/api/middleware/request_id.py:62}}
Jul 19 15:24:27.594313 np0000005438 devstack@c-api.service[100209]: INFO cinder.volume.api [None req-a6922d0c-527d-41a9-af26-ec2de6029019 tempest-TaggedAttachmentsTest-118316756 tempest-TaggedAttachmentsTest-118316756-project-member] Volume info retrieved successfully.
Jul 19 15:24:27.594406 np0000005438 devstack@c-api.service[100206]: INFO cinder.api.openstack.wsgi [None req-03a608a2-5fdb-43d9-8871-dd62cb423147 None None] GET https://10.4.3.125/volume//
Jul 19 15:24:27.594516 np0000005438 devstack@c-api.service[100206]: DEBUG cinder.api.openstack.wsgi [None req-03a608a2-5fdb-43d9-8871-dd62cb423147 None None] Empty body provided in request {{(pid=100206) get_body /opt/stack/cinder/cinder/api/openstack/wsgi.py:725}}
Jul 19 15:24:27.594707 np0000005438 devstack@c-api.service[100206]: DEBUG cinder.api.openstack.wsgi [None req-03a608a2-5fdb-43d9-8871-dd62cb423147 None None] Calling method 'all' {{(pid=100206) _process_stack /opt/stack/cinder/cinder/api/openstack/wsgi.py:878}}
Jul 19 15:24:27.594792 np0000005438 devstack@c-api.service[100207]: /opt/stack/data/venv/lib/python3.12/site-packages/oslo_context/context.py:102: DeprecationWarning: Policy enforcement is depending on the value of is_admin. This key is deprecated. Please update your policy file to use the standard policy values.
Jul 19 15:24:27.594792 np0000005438 devstack@c-api.service[100207]: warnings.warn(
Jul 19 15:24:27.595086 np0000005438 devstack@c-api.service[100206]: INFO cinder.api.openstack.wsgi [None req-03a608a2-5fdb-43d9-8871-dd62cb423147 None None] https://10.4.3.125/volume// returned with HTTP 300
Jul 19 15:24:27.598829 np0000005438 devstack@c-api.service[100209]: INFO cinder.api.openstack.wsgi [None req-a6922d0c-527d-41a9-af26-ec2de6029019 tempest-TaggedAttachmentsTest-118316756 tempest-TaggedAttachmentsTest-118316756-project-member] https://10.4.3.125/volume/v3/volumes/af72bea1-6706-411d-860d-e2a0878cbe43 returned with HTTP 200
Jul 19 15:24:27.599387 np0000005438 devstack@c-api.service[100209]: [pid: 100209|app: 0|req: 79/320] 10.4.3.125 () {66 vars in 1348 bytes} [Sun Jul 19 15:24:27 2026] GET /volume/v3/volumes/af72bea1-6706-411d-860d-e2a0878cbe43 => generated 844 bytes in 38 msecs (HTTP/1.1 200) 7 headers in 285 bytes (1 switches on core 0)
Jul 19 15:24:27.599940 np0000005438 devstack@c-api.service[100206]: [pid: 100206|app: 0|req: 83/321] 10.4.3.125 () {66 vars in 1426 bytes} [Sun Jul 19 15:24:27 2026] GET /volume/ => generated 386 bytes in 7 msecs (HTTP/1.1 300) 7 headers in 299 bytes (1 switches on core 0)
Jul 19 15:24:27.604090 np0000005438 devstack@c-api.service[100207]: INFO cinder.volume.api [None req-2d6a723e-3a63-4a40-b551-ea5a3568af6b tempest-GroupsV314Test-1906802363 tempest-GroupsV314Test-1906802363-project-member] Volume info retrieved successfully.
Jul 19 15:24:27.604847 np0000005438 devstack@c-api.service[100207]: WARNING stevedore.named [None req-2d6a723e-3a63-4a40-b551-ea5a3568af6b tempest-GroupsV314Test-1906802363 tempest-GroupsV314Test-1906802363-project-member] Could not load cinder.keymgr.conf_key_mgr.ConfKeyManager
Jul 19 15:24:27.604992 np0000005438 devstack@c-api.service[100207]: WARNING castellan.key_manager [None req-2d6a723e-3a63-4a40-b551-ea5a3568af6b tempest-GroupsV314Test-1906802363 tempest-GroupsV314Test-1906802363-project-member] Deprecation Warning : cinder.keymgr.conf_key_mgr.ConfKeyManager is not a stevedore based driver, trying to load it as a class: stevedore.exception.NoMatches: No 'castellan.drivers' driver found, looking for 'cinder.keymgr.conf_key_mgr.ConfKeyManager'
Jul 19 15:24:27.607533 np0000005438 devstack@c-api.service[100208]: DEBUG cinder.api.middleware.request_id [req-dee3fb2c-17a0-4cdf-bec0-770fc169040a req-bc4b3fd2-981b-4da4-9098-b0d6b21943c6 None None] RequestId filter calling following filter/app {{(pid=100208) _context_setter /opt/stack/cinder/cinder/api/middleware/request_id.py:62}}
Jul 19 15:24:27.613028 np0000005438 devstack@c-api.service[100209]: DEBUG cinder.api.middleware.request_id [req-a1e3f48d-3188-4206-8e38-1343cf783aa2 req-90a124af-00f2-455c-9095-1f00a254984f None None] RequestId filter calling following filter/app {{(pid=100209) _context_setter /opt/stack/cinder/cinder/api/middleware/request_id.py:62}}
Jul 19 15:24:27.614172 np0000005438 devstack@c-api.service[100208]: INFO cinder.api.openstack.wsgi [req-dee3fb2c-17a0-4cdf-bec0-770fc169040a req-bc4b3fd2-981b-4da4-9098-b0d6b21943c6 tempest-AttachVolumeMultiAttachTest-1178433063 tempest-AttachVolumeMultiAttachTest-1178433063-project-member] POST https://10.4.3.125/volume/v3/attachments/22a88143-41d5-4170-9763-dd99994938cd/action
Jul 19 15:24:27.614858 np0000005438 devstack@c-api.service[100208]: DEBUG cinder.api.openstack.wsgi [req-dee3fb2c-17a0-4cdf-bec0-770fc169040a req-bc4b3fd2-981b-4da4-9098-b0d6b21943c6 tempest-AttachVolumeMultiAttachTest-1178433063 tempest-AttachVolumeMultiAttachTest-1178433063-project-member] Action body: b'{"os-complete": null}' {{(pid=100208) get_method /opt/stack/cinder/cinder/api/openstack/wsgi.py:993}}
Jul 19 15:24:27.614858 np0000005438 devstack@c-api.service[100208]: DEBUG cinder.api.openstack.wsgi [req-dee3fb2c-17a0-4cdf-bec0-770fc169040a req-bc4b3fd2-981b-4da4-9098-b0d6b21943c6 tempest-AttachVolumeMultiAttachTest-1178433063 tempest-AttachVolumeMultiAttachTest-1178433063-project-member] Action: 'action', calling method: complete, body: {"os-complete": null} {{(pid=100208) _process_stack /opt/stack/cinder/cinder/api/openstack/wsgi.py:876}}
Jul 19 15:24:27.619631 np0000005438 devstack@c-api.service[100209]: INFO cinder.api.openstack.wsgi [req-a1e3f48d-3188-4206-8e38-1343cf783aa2 req-90a124af-00f2-455c-9095-1f00a254984f tempest-TaggedAttachmentsTest-118316756 tempest-TaggedAttachmentsTest-118316756-project-member] GET https://10.4.3.125/volume/v3/volumes/af72bea1-6706-411d-860d-e2a0878cbe43
Jul 19 15:24:27.619631 np0000005438 devstack@c-api.service[100209]: DEBUG cinder.api.openstack.wsgi [req-a1e3f48d-3188-4206-8e38-1343cf783aa2 req-90a124af-00f2-455c-9095-1f00a254984f tempest-TaggedAttachmentsTest-118316756 tempest-TaggedAttachmentsTest-118316756-project-member] Empty body provided in request {{(pid=100209) get_body /opt/stack/cinder/cinder/api/openstack/wsgi.py:725}}
Jul 19 15:24:27.619919 np0000005438 devstack@c-api.service[100209]: DEBUG cinder.api.openstack.wsgi [req-a1e3f48d-3188-4206-8e38-1343cf783aa2 req-90a124af-00f2-455c-9095-1f00a254984f tempest-TaggedAttachmentsTest-118316756 tempest-TaggedAttachmentsTest-118316756-project-member] Calling method 'show' {{(pid=100209) _process_stack /opt/stack/cinder/cinder/api/openstack/wsgi.py:878}}
Jul 19 15:24:27.628732 np0000005438 devstack@c-api.service[100209]: /opt/stack/data/venv/lib/python3.12/site-packages/oslo_context/context.py:102: DeprecationWarning: Policy enforcement is depending on the value of is_admin. This key is deprecated. Please update your policy file to use the standard policy values.
Jul 19 15:24:27.628732 np0000005438 devstack@c-api.service[100209]: warnings.warn(
Jul 19 15:24:27.633066 np0000005438 devstack@c-api.service[100209]: INFO cinder.volume.api [req-a1e3f48d-3188-4206-8e38-1343cf783aa2 req-90a124af-00f2-455c-9095-1f00a254984f tempest-TaggedAttachmentsTest-118316756 tempest-TaggedAttachmentsTest-118316756-project-member] Volume info retrieved successfully.
Jul 19 15:24:27.635632 np0000005438 devstack@c-api.service[100208]: /opt/stack/data/venv/lib/python3.12/site-packages/oslo_context/context.py:102: DeprecationWarning: Policy enforcement is depending on the value of is_admin. This key is deprecated. Please update your policy file to use the standard policy values.
Jul 19 15:24:27.635632 np0000005438 devstack@c-api.service[100208]: warnings.warn(
Jul 19 15:24:27.638738 np0000005438 devstack@c-api.service[100209]: INFO cinder.api.openstack.wsgi [req-a1e3f48d-3188-4206-8e38-1343cf783aa2 req-90a124af-00f2-455c-9095-1f00a254984f tempest-TaggedAttachmentsTest-118316756 tempest-TaggedAttachmentsTest-118316756-project-member] https://10.4.3.125/volume/v3/volumes/af72bea1-6706-411d-860d-e2a0878cbe43 returned with HTTP 200
Jul 19 15:24:27.639228 np0000005438 devstack@c-api.service[100209]: [pid: 100209|app: 0|req: 80/322] 10.4.3.125 () {70 vars in 1639 bytes} [Sun Jul 19 15:24:27 2026] GET /volume/v3/volumes/af72bea1-6706-411d-860d-e2a0878cbe43 => generated 1024 bytes in 27 msecs (HTTP/1.1 200) 7 headers in 287 bytes (1 switches on core 0)
Jul 19 15:24:27.652747 np0000005438 devstack@c-api.service[100208]: INFO cinder.api.openstack.wsgi [req-dee3fb2c-17a0-4cdf-bec0-770fc169040a req-bc4b3fd2-981b-4da4-9098-b0d6b21943c6 tempest-AttachVolumeMultiAttachTest-1178433063 tempest-AttachVolumeMultiAttachTest-1178433063-project-member] https://10.4.3.125/volume/v3/attachments/22a88143-41d5-4170-9763-dd99994938cd/action returned with HTTP 204
Jul 19 15:24:27.653681 np0000005438 devstack@c-api.service[100208]: [pid: 100208|app: 0|req: 82/323] 10.4.3.125 () {74 vars in 1725 bytes} [Sun Jul 19 15:24:27 2026] POST /volume/v3/attachments/22a88143-41d5-4170-9763-dd99994938cd/action => generated 0 bytes in 47 msecs (HTTP/1.1 204) 7 headers in 292 bytes (1 switches on core 0)
Jul 19 15:24:27.658438 np0000005438 devstack@c-api.service[100207]: DEBUG oslo_db.sqlalchemy.engines [None req-2d6a723e-3a63-4a40-b551-ea5a3568af6b tempest-GroupsV314Test-1906802363 tempest-GroupsV314Test-1906802363-project-member] MySQL server mode set to STRICT_TRANS_TABLES,STRICT_ALL_TABLES,NO_ZERO_IN_DATE,NO_ZERO_DATE,ERROR_FOR_DIVISION_BY_ZERO,TRADITIONAL,NO_ENGINE_SUBSTITUTION {{(pid=100207) _check_effective_sql_mode /opt/stack/data/venv/lib/python3.12/site-packages/oslo_db/sqlalchemy/engines.py:325}}
Jul 19 15:24:27.663294 np0000005438 devstack@c-api.service[100207]: /opt/stack/data/venv/lib/python3.12/site-packages/oslo_context/context.py:102: DeprecationWarning: Policy enforcement is depending on the value of is_admin. This key is deprecated. Please update your policy file to use the standard policy values.
Jul 19 15:24:27.663294 np0000005438 devstack@c-api.service[100207]: warnings.warn(
Jul 19 15:24:27.679202 np0000005438 devstack@c-api.service[100207]: INFO cinder.api.openstack.wsgi [None req-2d6a723e-3a63-4a40-b551-ea5a3568af6b tempest-GroupsV314Test-1906802363 tempest-GroupsV314Test-1906802363-project-member] https://10.4.3.125/volume/v3/volumes/cf256cb1-f90c-4a81-bc13-7d6baccf7466 returned with HTTP 200
Jul 19 15:24:27.679851 np0000005438 devstack@c-api.service[100207]: [pid: 100207|app: 0|req: 79/324] 10.4.3.125 () {68 vars in 1389 bytes} [Sun Jul 19 15:24:27 2026] GET /volume/v3/volumes/cf256cb1-f90c-4a81-bc13-7d6baccf7466 => generated 921 bytes in 104 msecs (HTTP/1.1 200) 7 headers in 286 bytes (1 switches on core 0)
Jul 19 15:24:27.769829 np0000005438 devstack@c-api.service[100206]: DEBUG cinder.api.middleware.request_id [req-a1e3f48d-3188-4206-8e38-1343cf783aa2 req-c5b20be6-4304-48f2-b5f3-cd28c26f799a None None] RequestId filter calling following filter/app {{(pid=100206) _context_setter /opt/stack/cinder/cinder/api/middleware/request_id.py:62}}
Jul 19 15:24:27.776673 np0000005438 devstack@c-api.service[100206]: INFO cinder.api.openstack.wsgi [req-a1e3f48d-3188-4206-8e38-1343cf783aa2 req-c5b20be6-4304-48f2-b5f3-cd28c26f799a tempest-TaggedAttachmentsTest-118316756 tempest-TaggedAttachmentsTest-118316756-project-member] PUT https://10.4.3.125/volume/v3/attachments/686c7001-8b3e-4cba-b985-f3a5e54a034e
Jul 19 15:24:27.776673 np0000005438 devstack@c-api.service[100206]: DEBUG cinder.api.openstack.wsgi [req-a1e3f48d-3188-4206-8e38-1343cf783aa2 req-c5b20be6-4304-48f2-b5f3-cd28c26f799a tempest-TaggedAttachmentsTest-118316756 tempest-TaggedAttachmentsTest-118316756-project-member] Action: 'update', calling method: version_select, body: {"attachment": {"connector": {"platform": "x86_64", "os_type": "linux", "ip": "10.4.3.125", "host": "np0000005438", "multipath": true, "enforce_multipath": true, "initiator": "iqn.2016-04.com.open-iscsi:18c6684a8427", "do_local_attach": false, "uuid": "8515de1c-ba7e-467b-adde-6d9f8a8dbc1f", "system uuid": "b3ea6ad7-d534-4944-a15a-1b5ec3a8a91b", "nvme_native_multipath": false, "mountpoint": "/dev/vdb"}}} {{(pid=100206) _process_stack /opt/stack/cinder/cinder/api/openstack/wsgi.py:876}}
Jul 19 15:24:27.785555 np0000005438 devstack@c-api.service[100206]: DEBUG cinder.coordination [req-a1e3f48d-3188-4206-8e38-1343cf783aa2 req-c5b20be6-4304-48f2-b5f3-cd28c26f799a tempest-TaggedAttachmentsTest-118316756 tempest-TaggedAttachmentsTest-118316756-project-member] Acquiring lock "cinder-attachment_update-af72bea1-6706-411d-860d-e2a0878cbe43-np0000005438" by "attachment_update" {{(pid=100206) __acquire /opt/stack/cinder/cinder/coordination.py:138}}
Jul 19 15:24:27.793520 np0000005438 devstack@c-api.service[100206]: DEBUG cinder.coordination [req-a1e3f48d-3188-4206-8e38-1343cf783aa2 req-c5b20be6-4304-48f2-b5f3-cd28c26f799a tempest-TaggedAttachmentsTest-118316756 tempest-TaggedAttachmentsTest-118316756-project-member] Lock "cinder-attachment_update-af72bea1-6706-411d-860d-e2a0878cbe43-np0000005438" acquired by "attachment_update" :: waited 0.008s {{(pid=100206) __acquire /opt/stack/cinder/cinder/coordination.py:141}}
Jul 19 15:24:27.794919 np0000005438 devstack@c-api.service[100206]: /opt/stack/data/venv/lib/python3.12/site-packages/oslo_context/context.py:102: DeprecationWarning: Policy enforcement is depending on the value of is_admin. This key is deprecated. Please update your policy file to use the standard policy values.
Jul 19 15:24:27.794919 np0000005438 devstack@c-api.service[100206]: warnings.warn(
Jul 19 15:24:27.892312 np0000005438 devstack@c-api.service[100206]: DEBUG cinder.coordination [req-a1e3f48d-3188-4206-8e38-1343cf783aa2 req-c5b20be6-4304-48f2-b5f3-cd28c26f799a tempest-TaggedAttachmentsTest-118316756 tempest-TaggedAttachmentsTest-118316756-project-member] Lock "cinder-attachment_update-af72bea1-6706-411d-860d-e2a0878cbe43-np0000005438" released by "attachment_update" :: held 0.099s {{(pid=100206) __release /opt/stack/cinder/cinder/coordination.py:152}}
Jul 19 15:24:27.892726 np0000005438 devstack@c-api.service[100206]: INFO cinder.api.openstack.wsgi [req-a1e3f48d-3188-4206-8e38-1343cf783aa2 req-c5b20be6-4304-48f2-b5f3-cd28c26f799a tempest-TaggedAttachmentsTest-118316756 tempest-TaggedAttachmentsTest-118316756-project-member] https://10.4.3.125/volume/v3/attachments/686c7001-8b3e-4cba-b985-f3a5e54a034e returned with HTTP 200
Jul 19 15:24:27.893205 np0000005438 devstack@c-api.service[100206]: [pid: 100206|app: 0|req: 84/325] 10.4.3.125 () {74 vars in 1704 bytes} [Sun Jul 19 15:24:27 2026] PUT /volume/v3/attachments/686c7001-8b3e-4cba-b985-f3a5e54a034e => generated 969 bytes in 124 msecs (HTTP/1.1 200) 7 headers in 286 bytes (1 switches on core 0)
Jul 19 15:24:27.907338 np0000005438 devstack@c-api.service[100209]: DEBUG cinder.api.middleware.request_id [None req-50892b38-1dda-4492-b176-01c75bd2b70d None None] RequestId filter calling following filter/app {{(pid=100209) _context_setter /opt/stack/cinder/cinder/api/middleware/request_id.py:62}}
Jul 19 15:24:27.909882 np0000005438 devstack@c-api.service[100209]: INFO cinder.api.openstack.wsgi [None req-50892b38-1dda-4492-b176-01c75bd2b70d tempest-AttachVolumeMultiAttachTest-1178433063 tempest-AttachVolumeMultiAttachTest-1178433063-project-member] GET https://10.4.3.125/volume/v3/volumes/0321ded6-eb3b-4ffb-ab64-d87845201126
Jul 19 15:24:27.910568 np0000005438 devstack@c-api.service[100209]: DEBUG cinder.api.openstack.wsgi [None req-50892b38-1dda-4492-b176-01c75bd2b70d tempest-AttachVolumeMultiAttachTest-1178433063 tempest-AttachVolumeMultiAttachTest-1178433063-project-member] Empty body provided in request {{(pid=100209) get_body /opt/stack/cinder/cinder/api/openstack/wsgi.py:725}}
Jul 19 15:24:27.910568 np0000005438 devstack@c-api.service[100209]: DEBUG cinder.api.openstack.wsgi [None req-50892b38-1dda-4492-b176-01c75bd2b70d tempest-AttachVolumeMultiAttachTest-1178433063 tempest-AttachVolumeMultiAttachTest-1178433063-project-member] Calling method 'show' {{(pid=100209) _process_stack /opt/stack/cinder/cinder/api/openstack/wsgi.py:878}}
Jul 19 15:24:27.927583 np0000005438 devstack@c-api.service[100209]: /opt/stack/data/venv/lib/python3.12/site-packages/oslo_context/context.py:102: DeprecationWarning: Policy enforcement is depending on the value of is_admin. This key is deprecated. Please update your policy file to use the standard policy values.
Jul 19 15:24:27.927583 np0000005438 devstack@c-api.service[100209]: warnings.warn(
Jul 19 15:24:27.932531 np0000005438 devstack@c-api.service[100209]: INFO cinder.volume.api [None req-50892b38-1dda-4492-b176-01c75bd2b70d tempest-AttachVolumeMultiAttachTest-1178433063 tempest-AttachVolumeMultiAttachTest-1178433063-project-member] Volume info retrieved successfully.
Jul 19 15:24:27.938732 np0000005438 devstack@c-api.service[100209]: INFO cinder.api.openstack.wsgi [None req-50892b38-1dda-4492-b176-01c75bd2b70d tempest-AttachVolumeMultiAttachTest-1178433063 tempest-AttachVolumeMultiAttachTest-1178433063-project-member] https://10.4.3.125/volume/v3/volumes/0321ded6-eb3b-4ffb-ab64-d87845201126 returned with HTTP 200
Jul 19 15:24:27.939282 np0000005438 devstack@c-api.service[100209]: [pid: 100209|app: 0|req: 81/326] 10.4.3.125 () {66 vars in 1348 bytes} [Sun Jul 19 15:24:27 2026] GET /volume/v3/volumes/0321ded6-eb3b-4ffb-ab64-d87845201126 => generated 1441 bytes in 33 msecs (HTTP/1.1 200) 7 headers in 286 bytes (1 switches on core 0)
Jul 19 15:24:28.619955 np0000005438 devstack@c-api.service[100208]: DEBUG cinder.api.middleware.request_id [None req-d02367ed-d9c5-4264-a1eb-e57f9127cc51 None None] RequestId filter calling following filter/app {{(pid=100208) _context_setter /opt/stack/cinder/cinder/api/middleware/request_id.py:62}}
Jul 19 15:24:28.622461 np0000005438 devstack@c-api.service[100208]: INFO cinder.api.openstack.wsgi [None req-d02367ed-d9c5-4264-a1eb-e57f9127cc51 tempest-TaggedAttachmentsTest-118316756 tempest-TaggedAttachmentsTest-118316756-project-member] GET https://10.4.3.125/volume/v3/volumes/af72bea1-6706-411d-860d-e2a0878cbe43
Jul 19 15:24:28.622715 np0000005438 devstack@c-api.service[100208]: DEBUG cinder.api.openstack.wsgi [None req-d02367ed-d9c5-4264-a1eb-e57f9127cc51 tempest-TaggedAttachmentsTest-118316756 tempest-TaggedAttachmentsTest-118316756-project-member] Empty body provided in request {{(pid=100208) get_body /opt/stack/cinder/cinder/api/openstack/wsgi.py:725}}
Jul 19 15:24:28.622989 np0000005438 devstack@c-api.service[100208]: DEBUG cinder.api.openstack.wsgi [None req-d02367ed-d9c5-4264-a1eb-e57f9127cc51 tempest-TaggedAttachmentsTest-118316756 tempest-TaggedAttachmentsTest-118316756-project-member] Calling method 'show' {{(pid=100208) _process_stack /opt/stack/cinder/cinder/api/openstack/wsgi.py:878}}
Jul 19 15:24:28.638370 np0000005438 devstack@c-api.service[100208]: /opt/stack/data/venv/lib/python3.12/site-packages/oslo_context/context.py:102: DeprecationWarning: Policy enforcement is depending on the value of is_admin. This key is deprecated. Please update your policy file to use the standard policy values.
Jul 19 15:24:28.638370 np0000005438 devstack@c-api.service[100208]: warnings.warn(
Jul 19 15:24:28.643785 np0000005438 devstack@c-api.service[100208]: INFO cinder.volume.api [None req-d02367ed-d9c5-4264-a1eb-e57f9127cc51 tempest-TaggedAttachmentsTest-118316756 tempest-TaggedAttachmentsTest-118316756-project-member] Volume info retrieved successfully.
Jul 19 15:24:28.650075 np0000005438 devstack@c-api.service[100208]: INFO cinder.api.openstack.wsgi [None req-d02367ed-d9c5-4264-a1eb-e57f9127cc51 tempest-TaggedAttachmentsTest-118316756 tempest-TaggedAttachmentsTest-118316756-project-member] https://10.4.3.125/volume/v3/volumes/af72bea1-6706-411d-860d-e2a0878cbe43 returned with HTTP 200
Jul 19 15:24:28.650604 np0000005438 devstack@c-api.service[100208]: [pid: 100208|app: 0|req: 83/327] 10.4.3.125 () {66 vars in 1348 bytes} [Sun Jul 19 15:24:28 2026] GET /volume/v3/volumes/af72bea1-6706-411d-860d-e2a0878cbe43 => generated 845 bytes in 31 msecs (HTTP/1.1 200) 7 headers in 285 bytes (1 switches on core 0)
Jul 19 15:24:28.698328 np0000005438 devstack@c-api.service[100207]: DEBUG cinder.api.middleware.request_id [None req-1b928388-953a-4dd1-970b-f7be0a1709c8 None None] RequestId filter calling following filter/app {{(pid=100207) _context_setter /opt/stack/cinder/cinder/api/middleware/request_id.py:62}}
Jul 19 15:24:28.706731 np0000005438 devstack@c-api.service[100207]: INFO cinder.api.openstack.wsgi [None req-1b928388-953a-4dd1-970b-f7be0a1709c8 tempest-GroupsV314Test-1906802363 tempest-GroupsV314Test-1906802363-project-member] GET https://10.4.3.125/volume/v3/volumes/cf256cb1-f90c-4a81-bc13-7d6baccf7466
Jul 19 15:24:28.707049 np0000005438 devstack@c-api.service[100207]: DEBUG cinder.api.openstack.wsgi [None req-1b928388-953a-4dd1-970b-f7be0a1709c8 tempest-GroupsV314Test-1906802363 tempest-GroupsV314Test-1906802363-project-member] Empty body provided in request {{(pid=100207) get_body /opt/stack/cinder/cinder/api/openstack/wsgi.py:725}}
Jul 19 15:24:28.707284 np0000005438 devstack@c-api.service[100207]: DEBUG cinder.api.openstack.wsgi [None req-1b928388-953a-4dd1-970b-f7be0a1709c8 tempest-GroupsV314Test-1906802363 tempest-GroupsV314Test-1906802363-project-member] Calling method 'show' {{(pid=100207) _process_stack /opt/stack/cinder/cinder/api/openstack/wsgi.py:878}}
Jul 19 15:24:28.715996 np0000005438 devstack@c-api.service[100207]: INFO cinder.api.openstack.wsgi [None req-1b928388-953a-4dd1-970b-f7be0a1709c8 tempest-GroupsV314Test-1906802363 tempest-GroupsV314Test-1906802363-project-member] https://10.4.3.125/volume/v3/volumes/cf256cb1-f90c-4a81-bc13-7d6baccf7466 returned with HTTP 404
Jul 19 15:24:28.715996 np0000005438 devstack@c-api.service[100207]: [pid: 100207|app: 0|req: 80/328] 10.4.3.125 () {68 vars in 1389 bytes} [Sun Jul 19 15:24:28 2026] GET /volume/v3/volumes/cf256cb1-f90c-4a81-bc13-7d6baccf7466 => generated 109 bytes in 18 msecs (HTTP/1.1 404) 7 headers in 293 bytes (1 switches on core 0)
Jul 19 15:24:28.726135 np0000005438 devstack@c-api.service[100206]: DEBUG cinder.api.middleware.request_id [None req-e17bb0f6-71b2-4007-8f85-28cfc4820c76 None None] RequestId filter calling following filter/app {{(pid=100206) _context_setter /opt/stack/cinder/cinder/api/middleware/request_id.py:62}}
Jul 19 15:24:28.728526 np0000005438 devstack@c-api.service[100206]: INFO cinder.api.openstack.wsgi [None req-e17bb0f6-71b2-4007-8f85-28cfc4820c76 tempest-GroupsV314Test-1906802363 tempest-GroupsV314Test-1906802363-project-member] GET https://10.4.3.125/volume/v3/groups/dc9ac1b0-f1b2-40d7-976a-d5dba9ba1ccb
Jul 19 15:24:28.730300 np0000005438 devstack@c-api.service[100206]: DEBUG cinder.api.openstack.wsgi [None req-e17bb0f6-71b2-4007-8f85-28cfc4820c76 tempest-GroupsV314Test-1906802363 tempest-GroupsV314Test-1906802363-project-member] Empty body provided in request {{(pid=100206) get_body /opt/stack/cinder/cinder/api/openstack/wsgi.py:725}}
Jul 19 15:24:28.730300 np0000005438 devstack@c-api.service[100206]: DEBUG cinder.api.openstack.wsgi [None req-e17bb0f6-71b2-4007-8f85-28cfc4820c76 tempest-GroupsV314Test-1906802363 tempest-GroupsV314Test-1906802363-project-member] Calling method 'version_select' {{(pid=100206) _process_stack /opt/stack/cinder/cinder/api/openstack/wsgi.py:878}}
Jul 19 15:24:28.730300 np0000005438 devstack@c-api.service[100206]: DEBUG cinder.api.v3.groups [None req-e17bb0f6-71b2-4007-8f85-28cfc4820c76 tempest-GroupsV314Test-1906802363 tempest-GroupsV314Test-1906802363-project-member] show called for member dc9ac1b0-f1b2-40d7-976a-d5dba9ba1ccb {{(pid=100206) show /opt/stack/cinder/cinder/api/v3/groups.py:58}}
Jul 19 15:24:28.737756 np0000005438 devstack@c-api.service[100206]: INFO cinder.api.openstack.wsgi [None req-e17bb0f6-71b2-4007-8f85-28cfc4820c76 tempest-GroupsV314Test-1906802363 tempest-GroupsV314Test-1906802363-project-member] https://10.4.3.125/volume/v3/groups/dc9ac1b0-f1b2-40d7-976a-d5dba9ba1ccb returned with HTTP 404
Jul 19 15:24:28.738475 np0000005438 devstack@c-api.service[100206]: [pid: 100206|app: 0|req: 85/329] 10.4.3.125 () {68 vars in 1386 bytes} [Sun Jul 19 15:24:28 2026] GET /volume/v3/groups/dc9ac1b0-f1b2-40d7-976a-d5dba9ba1ccb => generated 108 bytes in 13 msecs (HTTP/1.1 404) 7 headers in 293 bytes (1 switches on core 0)
Jul 19 15:24:28.753556 np0000005438 devstack@c-api.service[100209]: DEBUG cinder.api.middleware.request_id [None req-3f7c69af-5d74-41f9-8dbc-d3e518696af6 None None] RequestId filter calling following filter/app {{(pid=100209) _context_setter /opt/stack/cinder/cinder/api/middleware/request_id.py:62}}
Jul 19 15:24:28.759326 np0000005438 devstack@c-api.service[100209]: INFO cinder.api.openstack.wsgi [None req-3f7c69af-5d74-41f9-8dbc-d3e518696af6 tempest-GroupsV314Test-1906802363 tempest-GroupsV314Test-1906802363-project-member] GET https://10.4.3.125/volume/v3/volumes/detail
Jul 19 15:24:28.759326 np0000005438 devstack@c-api.service[100209]: DEBUG cinder.api.openstack.wsgi [None req-3f7c69af-5d74-41f9-8dbc-d3e518696af6 tempest-GroupsV314Test-1906802363 tempest-GroupsV314Test-1906802363-project-member] Empty body provided in request {{(pid=100209) get_body /opt/stack/cinder/cinder/api/openstack/wsgi.py:725}}
Jul 19 15:24:28.759326 np0000005438 devstack@c-api.service[100209]: DEBUG cinder.api.openstack.wsgi [None req-3f7c69af-5d74-41f9-8dbc-d3e518696af6 tempest-GroupsV314Test-1906802363 tempest-GroupsV314Test-1906802363-project-member] Calling method 'detail' {{(pid=100209) _process_stack /opt/stack/cinder/cinder/api/openstack/wsgi.py:878}}
Jul 19 15:24:28.759578 np0000005438 devstack@c-api.service[100209]: DEBUG cinder.api.api_utils [None req-3f7c69af-5d74-41f9-8dbc-d3e518696af6 tempest-GroupsV314Test-1906802363 tempest-GroupsV314Test-1906802363-project-member] Removing options '' from query. {{(pid=100209) remove_invalid_filter_options /opt/stack/cinder/cinder/api/api_utils.py:82}}
Jul 19 15:24:28.760627 np0000005438 devstack@c-api.service[100209]: DEBUG cinder.volume.api [None req-3f7c69af-5d74-41f9-8dbc-d3e518696af6 tempest-GroupsV314Test-1906802363 tempest-GroupsV314Test-1906802363-project-member] Searching by: MultiDict([('no_migration_targets', True)]). {{(pid=100209) get_all /opt/stack/cinder/cinder/volume/api.py:664}}
Jul 19 15:24:28.818445 np0000005438 devstack@c-api.service[100209]: INFO cinder.volume.api [None req-3f7c69af-5d74-41f9-8dbc-d3e518696af6 tempest-GroupsV314Test-1906802363 tempest-GroupsV314Test-1906802363-project-member] Get all volumes completed successfully.
Jul 19 15:24:28.819326 np0000005438 devstack@c-api.service[100209]: WARNING stevedore.named [None req-3f7c69af-5d74-41f9-8dbc-d3e518696af6 tempest-GroupsV314Test-1906802363 tempest-GroupsV314Test-1906802363-project-member] Could not load cinder.keymgr.conf_key_mgr.ConfKeyManager
Jul 19 15:24:28.819495 np0000005438 devstack@c-api.service[100209]: WARNING castellan.key_manager [None req-3f7c69af-5d74-41f9-8dbc-d3e518696af6 tempest-GroupsV314Test-1906802363 tempest-GroupsV314Test-1906802363-project-member] Deprecation Warning : cinder.keymgr.conf_key_mgr.ConfKeyManager is not a stevedore based driver, trying to load it as a class: stevedore.exception.NoMatches: No 'castellan.drivers' driver found, looking for 'cinder.keymgr.conf_key_mgr.ConfKeyManager'
Jul 19 15:24:28.866047 np0000005438 devstack@c-api.service[100209]: DEBUG oslo_db.sqlalchemy.engines [None req-3f7c69af-5d74-41f9-8dbc-d3e518696af6 tempest-GroupsV314Test-1906802363 tempest-GroupsV314Test-1906802363-project-member] MySQL server mode set to STRICT_TRANS_TABLES,STRICT_ALL_TABLES,NO_ZERO_IN_DATE,NO_ZERO_DATE,ERROR_FOR_DIVISION_BY_ZERO,TRADITIONAL,NO_ENGINE_SUBSTITUTION {{(pid=100209) _check_effective_sql_mode /opt/stack/data/venv/lib/python3.12/site-packages/oslo_db/sqlalchemy/engines.py:325}}
Jul 19 15:24:28.870967 np0000005438 devstack@c-api.service[100209]: /opt/stack/data/venv/lib/python3.12/site-packages/oslo_context/context.py:102: DeprecationWarning: Policy enforcement is depending on the value of is_admin. This key is deprecated. Please update your policy file to use the standard policy values.
Jul 19 15:24:28.870967 np0000005438 devstack@c-api.service[100209]: warnings.warn(
Jul 19 15:24:28.903241 np0000005438 devstack@c-api.service[100209]: INFO cinder.api.openstack.wsgi [None req-3f7c69af-5d74-41f9-8dbc-d3e518696af6 tempest-GroupsV314Test-1906802363 tempest-GroupsV314Test-1906802363-project-member] https://10.4.3.125/volume/v3/volumes/detail returned with HTTP 200
Jul 19 15:24:28.904881 np0000005438 devstack@c-api.service[100209]: [pid: 100209|app: 0|req: 82/330] 10.4.3.125 () {68 vars in 1299 bytes} [Sun Jul 19 15:24:28 2026] GET /volume/v3/volumes/detail => generated 913 bytes in 151 msecs (HTTP/1.1 200) 7 headers in 286 bytes (1 switches on core 0)
Jul 19 15:24:28.920906 np0000005438 devstack@c-api.service[100208]: DEBUG cinder.api.middleware.request_id [None req-e5604d98-bc35-4b81-882e-f20249c14f4c None None] RequestId filter calling following filter/app {{(pid=100208) _context_setter /opt/stack/cinder/cinder/api/middleware/request_id.py:62}}
Jul 19 15:24:28.923411 np0000005438 devstack@c-api.service[100208]: INFO cinder.api.openstack.wsgi [None req-e5604d98-bc35-4b81-882e-f20249c14f4c tempest-GroupsV314Test-1906802363 tempest-GroupsV314Test-1906802363-project-member] POST https://10.4.3.125/volume/v3/groups/d3725b7a-0d38-4290-b1ac-48a0b470aeeb/action
Jul 19 15:24:28.923975 np0000005438 devstack@c-api.service[100208]: DEBUG cinder.api.openstack.wsgi [None req-e5604d98-bc35-4b81-882e-f20249c14f4c tempest-GroupsV314Test-1906802363 tempest-GroupsV314Test-1906802363-project-member] Action body: b'{"delete": {"delete-volumes": true}}' {{(pid=100208) get_method /opt/stack/cinder/cinder/api/openstack/wsgi.py:993}}
Jul 19 15:24:28.924933 np0000005438 devstack@c-api.service[100208]: DEBUG cinder.api.openstack.wsgi [None req-e5604d98-bc35-4b81-882e-f20249c14f4c tempest-GroupsV314Test-1906802363 tempest-GroupsV314Test-1906802363-project-member] Action: 'action', calling method: delete_group, body: {"delete": {"delete-volumes": true}} {{(pid=100208) _process_stack /opt/stack/cinder/cinder/api/openstack/wsgi.py:876}}
Jul 19 15:24:28.927903 np0000005438 devstack@c-api.service[100208]: DEBUG cinder.api.v3.groups [None req-e5604d98-bc35-4b81-882e-f20249c14f4c tempest-GroupsV314Test-1906802363 tempest-GroupsV314Test-1906802363-project-member] delete called for group d3725b7a-0d38-4290-b1ac-48a0b470aeeb {{(pid=100208) _delete /opt/stack/cinder/cinder/api/v3/groups.py:117}}
Jul 19 15:24:28.927903 np0000005438 devstack@c-api.service[100208]: INFO cinder.api.v3.groups [None req-e5604d98-bc35-4b81-882e-f20249c14f4c tempest-GroupsV314Test-1906802363 tempest-GroupsV314Test-1906802363-project-member] Delete group with id: d3725b7a-0d38-4290-b1ac-48a0b470aeeb
Jul 19 15:24:28.930718 np0000005438 devstack@c-api.service[100208]: /opt/stack/data/venv/lib/python3.12/site-packages/oslo_context/context.py:102: DeprecationWarning: Policy enforcement is depending on the value of is_admin. This key is deprecated. Please update your policy file to use the standard policy values.
Jul 19 15:24:28.930718 np0000005438 devstack@c-api.service[100208]: warnings.warn(
Jul 19 15:24:29.000516 np0000005438 devstack@c-api.service[100208]: INFO cinder.api.openstack.wsgi [None req-e5604d98-bc35-4b81-882e-f20249c14f4c tempest-GroupsV314Test-1906802363 tempest-GroupsV314Test-1906802363-project-member] https://10.4.3.125/volume/v3/groups/d3725b7a-0d38-4290-b1ac-48a0b470aeeb/action returned with HTTP 202
Jul 19 15:24:29.000516 np0000005438 devstack@c-api.service[100208]: [pid: 100208|app: 0|req: 84/331] 10.4.3.125 () {70 vars in 1428 bytes} [Sun Jul 19 15:24:28 2026] POST /volume/v3/groups/d3725b7a-0d38-4290-b1ac-48a0b470aeeb/action => generated 0 bytes in 81 msecs (HTTP/1.1 202) 6 headers in 234 bytes (1 switches on core 0)
Jul 19 15:24:29.010516 np0000005438 devstack@c-api.service[100207]: DEBUG cinder.api.middleware.request_id [None req-bfe41308-c619-48e2-aa57-17b400e549ed None None] RequestId filter calling following filter/app {{(pid=100207) _context_setter /opt/stack/cinder/cinder/api/middleware/request_id.py:62}}
Jul 19 15:24:29.013828 np0000005438 devstack@c-api.service[100207]: INFO cinder.api.openstack.wsgi [None req-bfe41308-c619-48e2-aa57-17b400e549ed tempest-GroupsV314Test-1906802363 tempest-GroupsV314Test-1906802363-project-member] GET https://10.4.3.125/volume/v3/volumes/7aead707-4555-4b3d-9aae-963cd0a254a3
Jul 19 15:24:29.014165 np0000005438 devstack@c-api.service[100207]: DEBUG cinder.api.openstack.wsgi [None req-bfe41308-c619-48e2-aa57-17b400e549ed tempest-GroupsV314Test-1906802363 tempest-GroupsV314Test-1906802363-project-member] Empty body provided in request {{(pid=100207) get_body /opt/stack/cinder/cinder/api/openstack/wsgi.py:725}}
Jul 19 15:24:29.014570 np0000005438 devstack@c-api.service[100207]: DEBUG cinder.api.openstack.wsgi [None req-bfe41308-c619-48e2-aa57-17b400e549ed tempest-GroupsV314Test-1906802363 tempest-GroupsV314Test-1906802363-project-member] Calling method 'show' {{(pid=100207) _process_stack /opt/stack/cinder/cinder/api/openstack/wsgi.py:878}}
Jul 19 15:24:29.027153 np0000005438 devstack@c-api.service[100207]: /opt/stack/data/venv/lib/python3.12/site-packages/oslo_context/context.py:102: DeprecationWarning: Policy enforcement is depending on the value of is_admin. This key is deprecated. Please update your policy file to use the standard policy values.
Jul 19 15:24:29.027153 np0000005438 devstack@c-api.service[100207]: warnings.warn(
Jul 19 15:24:29.033010 np0000005438 devstack@c-api.service[100207]: INFO cinder.volume.api [None req-bfe41308-c619-48e2-aa57-17b400e549ed tempest-GroupsV314Test-1906802363 tempest-GroupsV314Test-1906802363-project-member] Volume info retrieved successfully.
Jul 19 15:24:29.034259 np0000005438 devstack@c-api.service[100207]: WARNING stevedore.named [None req-bfe41308-c619-48e2-aa57-17b400e549ed tempest-GroupsV314Test-1906802363 tempest-GroupsV314Test-1906802363-project-member] Could not load cinder.keymgr.conf_key_mgr.ConfKeyManager
