Jul 19 15:24:22.985389 np0000005438 devstack@c-api.service[100207]: /opt/stack/data/venv/lib/python3.12/site-packages/oslo_context/context.py:102: DeprecationWarning: Policy enforcement is depending on the value of is_admin. This key is deprecated. Please update your policy file to use the standard policy values.
Jul 19 15:24:22.985389 np0000005438 devstack@c-api.service[100207]: warnings.warn(
Jul 19 15:24:23.012176 np0000005438 devstack@c-api.service[100207]: INFO cinder.api.openstack.wsgi [None req-f3dc02f3-941a-4252-97fe-7d4789656b84 tempest-GroupsV314Test-1398394998 tempest-GroupsV314Test-1398394998-project-admin] https://10.4.3.125/volume/v3/group_types returned with HTTP 202
Jul 19 15:24:23.012732 np0000005438 devstack@c-api.service[100207]: [pid: 100207|app: 0|req: 72/292] 10.4.3.125 () {70 vars in 1311 bytes} [Sun Jul 19 15:24:22 2026] POST /volume/v3/group_types => generated 176 bytes in 37 msecs (HTTP/1.1 202) 7 headers in 292 bytes (1 switches on core 0)
Jul 19 15:24:23.021933 np0000005438 devstack@c-api.service[100209]: DEBUG cinder.api.middleware.request_id [None req-67f4af0d-9dcb-499d-9a24-a1552804760c None None] RequestId filter calling following filter/app {{(pid=100209) _context_setter /opt/stack/cinder/cinder/api/middleware/request_id.py:62}}
Jul 19 15:24:23.148636 np0000005438 devstack@c-api.service[100206]: DEBUG cinder.api.middleware.request_id [None req-4b334d6f-db03-4c27-a122-34b362a4f59b None None] RequestId filter calling following filter/app {{(pid=100206) _context_setter /opt/stack/cinder/cinder/api/middleware/request_id.py:62}}
Jul 19 15:24:23.152785 np0000005438 devstack@c-api.service[100206]: INFO cinder.api.openstack.wsgi [None req-4b334d6f-db03-4c27-a122-34b362a4f59b tempest-AttachVolumeMultiAttachTest-1178433063 tempest-AttachVolumeMultiAttachTest-1178433063-project-member] GET https://10.4.3.125/volume/v3/volumes/0321ded6-eb3b-4ffb-ab64-d87845201126
Jul 19 15:24:23.153064 np0000005438 devstack@c-api.service[100206]: DEBUG cinder.api.openstack.wsgi [None req-4b334d6f-db03-4c27-a122-34b362a4f59b tempest-AttachVolumeMultiAttachTest-1178433063 tempest-AttachVolumeMultiAttachTest-1178433063-project-member] Empty body provided in request {{(pid=100206) get_body /opt/stack/cinder/cinder/api/openstack/wsgi.py:725}}
Jul 19 15:24:23.153333 np0000005438 devstack@c-api.service[100206]: DEBUG cinder.api.openstack.wsgi [None req-4b334d6f-db03-4c27-a122-34b362a4f59b tempest-AttachVolumeMultiAttachTest-1178433063 tempest-AttachVolumeMultiAttachTest-1178433063-project-member] Calling method 'show' {{(pid=100206) _process_stack /opt/stack/cinder/cinder/api/openstack/wsgi.py:878}}
Jul 19 15:24:23.179796 np0000005438 devstack@c-api.service[100206]: /opt/stack/data/venv/lib/python3.12/site-packages/oslo_context/context.py:102: DeprecationWarning: Policy enforcement is depending on the value of is_admin. This key is deprecated. Please update your policy file to use the standard policy values.
Jul 19 15:24:23.179796 np0000005438 devstack@c-api.service[100206]: warnings.warn(
Jul 19 15:24:23.192562 np0000005438 devstack@c-api.service[100206]: INFO cinder.volume.api [None req-4b334d6f-db03-4c27-a122-34b362a4f59b tempest-AttachVolumeMultiAttachTest-1178433063 tempest-AttachVolumeMultiAttachTest-1178433063-project-member] Volume info retrieved successfully.
Jul 19 15:24:23.200864 np0000005438 devstack@c-api.service[100206]: INFO cinder.api.openstack.wsgi [None req-4b334d6f-db03-4c27-a122-34b362a4f59b tempest-AttachVolumeMultiAttachTest-1178433063 tempest-AttachVolumeMultiAttachTest-1178433063-project-member] https://10.4.3.125/volume/v3/volumes/0321ded6-eb3b-4ffb-ab64-d87845201126 returned with HTTP 200
Jul 19 15:24:23.201637 np0000005438 devstack@c-api.service[100206]: [pid: 100206|app: 0|req: 75/293] 10.4.3.125 () {66 vars in 1348 bytes} [Sun Jul 19 15:24:23 2026] GET /volume/v3/volumes/0321ded6-eb3b-4ffb-ab64-d87845201126 => generated 852 bytes in 53 msecs (HTTP/1.1 200) 7 headers in 285 bytes (1 switches on core 0)
Jul 19 15:24:23.373926 np0000005438 devstack@c-api.service[100209]: INFO cinder.api.openstack.wsgi [None req-67f4af0d-9dcb-499d-9a24-a1552804760c tempest-GroupsV314Test-1906802363 tempest-GroupsV314Test-1906802363-project-member] POST https://10.4.3.125/volume/v3/groups
Jul 19 15:24:23.374429 np0000005438 devstack@c-api.service[100209]: DEBUG cinder.api.openstack.wsgi [None req-67f4af0d-9dcb-499d-9a24-a1552804760c tempest-GroupsV314Test-1906802363 tempest-GroupsV314Test-1906802363-project-member] Action: 'create', calling method: version_select, body: {"group": {"group_type": "7788496e-3ac7-45b0-aa6e-9386ab68c1f0", "volume_types": ["e0d50ee6-4ae6-44c7-bb7d-e7b7b8db30fb"], "name": "tempest-GroupsV314Test-Group-878914970"}} {{(pid=100209) _process_stack /opt/stack/cinder/cinder/api/openstack/wsgi.py:876}}
Jul 19 15:24:23.381000 np0000005438 devstack@c-api.service[100209]: DEBUG cinder.api.v3.groups [None req-67f4af0d-9dcb-499d-9a24-a1552804760c tempest-GroupsV314Test-1906802363 tempest-GroupsV314Test-1906802363-project-member] Creating new group {'group': {'group_type': '7788496e-3ac7-45b0-aa6e-9386ab68c1f0', 'volume_types': ['e0d50ee6-4ae6-44c7-bb7d-e7b7b8db30fb'], 'name': 'tempest-GroupsV314Test-Group-878914970'}} {{(pid=100209) create /opt/stack/cinder/cinder/api/v3/groups.py:190}}
Jul 19 15:24:23.382338 np0000005438 devstack@c-api.service[100209]: DEBUG dbcounter [-] [100209] Writing DB stats cinder:SELECT=290,cinder:INSERT=48,cinder:UPDATE=74 {{(pid=100209) stat_writer /opt/stack/data/venv/lib/python3.12/site-packages/dbcounter.py:115}}
Jul 19 15:24:23.384462 np0000005438 devstack@c-api.service[100209]: INFO cinder.api.v3.groups [None req-67f4af0d-9dcb-499d-9a24-a1552804760c tempest-GroupsV314Test-1906802363 tempest-GroupsV314Test-1906802363-project-member] Creating group tempest-GroupsV314Test-Group-878914970.
Jul 19 15:24:23.411416 np0000005438 devstack@c-api.service[100209]: DEBUG cinder.volume.api [None req-67f4af0d-9dcb-499d-9a24-a1552804760c tempest-GroupsV314Test-1906802363 tempest-GroupsV314Test-1906802363-project-member] Availability zone cache updated, next update will occur around 2026-07-19 16:24:23.410996. {{(pid=100209) list_availability_zones /opt/stack/cinder/cinder/volume/api.py:155}}
Jul 19 15:24:23.411769 np0000005438 devstack@c-api.service[100209]: INFO cinder.volume.api [None req-67f4af0d-9dcb-499d-9a24-a1552804760c tempest-GroupsV314Test-1906802363 tempest-GroupsV314Test-1906802363-project-member] Availability Zones retrieved successfully.
Jul 19 15:24:23.444147 np0000005438 devstack@c-api.service[100209]: DEBUG cinder.quota [None req-67f4af0d-9dcb-499d-9a24-a1552804760c tempest-GroupsV314Test-1906802363 tempest-GroupsV314Test-1906802363-project-member] Created reservations ['7aada683-a216-42ac-9913-d2fcdc9321f0'] {{(pid=100209) reserve /opt/stack/cinder/cinder/quota.py:752}}
Jul 19 15:24:23.490577 np0000005438 devstack@c-api.service[100209]: INFO cinder.api.openstack.wsgi [None req-67f4af0d-9dcb-499d-9a24-a1552804760c tempest-GroupsV314Test-1906802363 tempest-GroupsV314Test-1906802363-project-member] https://10.4.3.125/volume/v3/groups returned with HTTP 202
Jul 19 15:24:23.491141 np0000005438 devstack@c-api.service[100209]: [pid: 100209|app: 0|req: 73/294] 10.4.3.125 () {70 vars in 1297 bytes} [Sun Jul 19 15:24:23 2026] POST /volume/v3/groups => generated 107 bytes in 470 msecs (HTTP/1.1 202) 7 headers in 292 bytes (1 switches on core 0)
Jul 19 15:24:23.506063 np0000005438 devstack@c-api.service[100208]: DEBUG cinder.api.middleware.request_id [None req-6b47ead5-7239-406a-acb3-19b2b084d2c4 None None] RequestId filter calling following filter/app {{(pid=100208) _context_setter /opt/stack/cinder/cinder/api/middleware/request_id.py:62}}
Jul 19 15:24:23.511239 np0000005438 devstack@c-api.service[100208]: INFO cinder.api.openstack.wsgi [None req-6b47ead5-7239-406a-acb3-19b2b084d2c4 tempest-GroupsV314Test-1906802363 tempest-GroupsV314Test-1906802363-project-member] GET https://10.4.3.125/volume/v3/groups/d3725b7a-0d38-4290-b1ac-48a0b470aeeb
Jul 19 15:24:23.515195 np0000005438 devstack@c-api.service[100208]: DEBUG cinder.api.openstack.wsgi [None req-6b47ead5-7239-406a-acb3-19b2b084d2c4 tempest-GroupsV314Test-1906802363 tempest-GroupsV314Test-1906802363-project-member] Empty body provided in request {{(pid=100208) get_body /opt/stack/cinder/cinder/api/openstack/wsgi.py:725}}
Jul 19 15:24:23.515195 np0000005438 devstack@c-api.service[100208]: DEBUG cinder.api.openstack.wsgi [None req-6b47ead5-7239-406a-acb3-19b2b084d2c4 tempest-GroupsV314Test-1906802363 tempest-GroupsV314Test-1906802363-project-member] Calling method 'version_select' {{(pid=100208) _process_stack /opt/stack/cinder/cinder/api/openstack/wsgi.py:878}}
Jul 19 15:24:23.515195 np0000005438 devstack@c-api.service[100208]: DEBUG cinder.api.v3.groups [None req-6b47ead5-7239-406a-acb3-19b2b084d2c4 tempest-GroupsV314Test-1906802363 tempest-GroupsV314Test-1906802363-project-member] show called for member d3725b7a-0d38-4290-b1ac-48a0b470aeeb {{(pid=100208) show /opt/stack/cinder/cinder/api/v3/groups.py:58}}
Jul 19 15:24:23.523608 np0000005438 devstack@c-api.service[100208]: /opt/stack/data/venv/lib/python3.12/site-packages/oslo_context/context.py:102: DeprecationWarning: Policy enforcement is depending on the value of is_admin. This key is deprecated. Please update your policy file to use the standard policy values.
Jul 19 15:24:23.523608 np0000005438 devstack@c-api.service[100208]: warnings.warn(
Jul 19 15:24:23.585249 np0000005438 devstack@c-api.service[100208]: INFO cinder.api.openstack.wsgi [None req-6b47ead5-7239-406a-acb3-19b2b084d2c4 tempest-GroupsV314Test-1906802363 tempest-GroupsV314Test-1906802363-project-member] https://10.4.3.125/volume/v3/groups/d3725b7a-0d38-4290-b1ac-48a0b470aeeb returned with HTTP 200
Jul 19 15:24:23.585721 np0000005438 devstack@c-api.service[100208]: [pid: 100208|app: 0|req: 75/295] 10.4.3.125 () {68 vars in 1386 bytes} [Sun Jul 19 15:24:23 2026] GET /volume/v3/groups/d3725b7a-0d38-4290-b1ac-48a0b470aeeb => generated 387 bytes in 82 msecs (HTTP/1.1 200) 7 headers in 286 bytes (1 switches on core 0)
Jul 19 15:24:23.844064 np0000005438 devstack@c-api.service[100207]: DEBUG cinder.api.middleware.request_id [req-06983e99-b9d6-4aa1-a746-0cb7f046dbcc req-cdc42397-d4ad-406a-8214-4d85aa270505 None None] RequestId filter calling following filter/app {{(pid=100207) _context_setter /opt/stack/cinder/cinder/api/middleware/request_id.py:62}}
Jul 19 15:24:23.850295 np0000005438 devstack@c-api.service[100207]: INFO cinder.api.openstack.wsgi [req-06983e99-b9d6-4aa1-a746-0cb7f046dbcc req-cdc42397-d4ad-406a-8214-4d85aa270505 tempest-AttachVolumeMultiAttachTest-1178433063 tempest-AttachVolumeMultiAttachTest-1178433063-project-member] POST https://10.4.3.125/volume/v3/attachments/f96ebf10-a255-4907-a436-de4317940f4c/action
Jul 19 15:24:23.850764 np0000005438 devstack@c-api.service[100207]: DEBUG cinder.api.openstack.wsgi [req-06983e99-b9d6-4aa1-a746-0cb7f046dbcc req-cdc42397-d4ad-406a-8214-4d85aa270505 tempest-AttachVolumeMultiAttachTest-1178433063 tempest-AttachVolumeMultiAttachTest-1178433063-project-member] Action body: b'{"os-complete": null}' {{(pid=100207) get_method /opt/stack/cinder/cinder/api/openstack/wsgi.py:993}}
Jul 19 15:24:23.850949 np0000005438 devstack@c-api.service[100207]: DEBUG cinder.api.openstack.wsgi [req-06983e99-b9d6-4aa1-a746-0cb7f046dbcc req-cdc42397-d4ad-406a-8214-4d85aa270505 tempest-AttachVolumeMultiAttachTest-1178433063 tempest-AttachVolumeMultiAttachTest-1178433063-project-member] Action: 'action', calling method: complete, body: {"os-complete": null} {{(pid=100207) _process_stack /opt/stack/cinder/cinder/api/openstack/wsgi.py:876}}
Jul 19 15:24:23.883342 np0000005438 devstack@c-api.service[100207]: /opt/stack/data/venv/lib/python3.12/site-packages/oslo_context/context.py:102: DeprecationWarning: Policy enforcement is depending on the value of is_admin. This key is deprecated. Please update your policy file to use the standard policy values.
Jul 19 15:24:23.883342 np0000005438 devstack@c-api.service[100207]: warnings.warn(
Jul 19 15:24:23.904439 np0000005438 devstack@c-api.service[100207]: INFO cinder.api.openstack.wsgi [req-06983e99-b9d6-4aa1-a746-0cb7f046dbcc req-cdc42397-d4ad-406a-8214-4d85aa270505 tempest-AttachVolumeMultiAttachTest-1178433063 tempest-AttachVolumeMultiAttachTest-1178433063-project-member] https://10.4.3.125/volume/v3/attachments/f96ebf10-a255-4907-a436-de4317940f4c/action returned with HTTP 204
Jul 19 15:24:23.904439 np0000005438 devstack@c-api.service[100207]: [pid: 100207|app: 0|req: 73/296] 10.4.3.125 () {74 vars in 1725 bytes} [Sun Jul 19 15:24:23 2026] POST /volume/v3/attachments/f96ebf10-a255-4907-a436-de4317940f4c/action => generated 0 bytes in 60 msecs (HTTP/1.1 204) 7 headers in 292 bytes (1 switches on core 0)
Jul 19 15:24:24.218902 np0000005438 devstack@c-api.service[100206]: DEBUG cinder.api.middleware.request_id [None req-9e1e462e-9570-471c-8f54-8030f4097134 None None] RequestId filter calling following filter/app {{(pid=100206) _context_setter /opt/stack/cinder/cinder/api/middleware/request_id.py:62}}
Jul 19 15:24:24.222865 np0000005438 devstack@c-api.service[100206]: INFO cinder.api.openstack.wsgi [None req-9e1e462e-9570-471c-8f54-8030f4097134 tempest-AttachVolumeMultiAttachTest-1178433063 tempest-AttachVolumeMultiAttachTest-1178433063-project-member] GET https://10.4.3.125/volume/v3/volumes/0321ded6-eb3b-4ffb-ab64-d87845201126
Jul 19 15:24:24.223054 np0000005438 devstack@c-api.service[100206]: DEBUG cinder.api.openstack.wsgi [None req-9e1e462e-9570-471c-8f54-8030f4097134 tempest-AttachVolumeMultiAttachTest-1178433063 tempest-AttachVolumeMultiAttachTest-1178433063-project-member] Empty body provided in request {{(pid=100206) get_body /opt/stack/cinder/cinder/api/openstack/wsgi.py:725}}
Jul 19 15:24:24.223313 np0000005438 devstack@c-api.service[100206]: DEBUG cinder.api.openstack.wsgi [None req-9e1e462e-9570-471c-8f54-8030f4097134 tempest-AttachVolumeMultiAttachTest-1178433063 tempest-AttachVolumeMultiAttachTest-1178433063-project-member] Calling method 'show' {{(pid=100206) _process_stack /opt/stack/cinder/cinder/api/openstack/wsgi.py:878}}
Jul 19 15:24:24.245627 np0000005438 devstack@c-api.service[100206]: /opt/stack/data/venv/lib/python3.12/site-packages/oslo_context/context.py:102: DeprecationWarning: Policy enforcement is depending on the value of is_admin. This key is deprecated. Please update your policy file to use the standard policy values.
Jul 19 15:24:24.245627 np0000005438 devstack@c-api.service[100206]: warnings.warn(
Jul 19 15:24:24.253826 np0000005438 devstack@c-api.service[100206]: INFO cinder.volume.api [None req-9e1e462e-9570-471c-8f54-8030f4097134 tempest-AttachVolumeMultiAttachTest-1178433063 tempest-AttachVolumeMultiAttachTest-1178433063-project-member] Volume info retrieved successfully.
Jul 19 15:24:24.263017 np0000005438 devstack@c-api.service[100206]: INFO cinder.api.openstack.wsgi [None req-9e1e462e-9570-471c-8f54-8030f4097134 tempest-AttachVolumeMultiAttachTest-1178433063 tempest-AttachVolumeMultiAttachTest-1178433063-project-member] https://10.4.3.125/volume/v3/volumes/0321ded6-eb3b-4ffb-ab64-d87845201126 returned with HTTP 200
Jul 19 15:24:24.263017 np0000005438 devstack@c-api.service[100206]: [pid: 100206|app: 0|req: 76/297] 10.4.3.125 () {66 vars in 1348 bytes} [Sun Jul 19 15:24:24 2026] GET /volume/v3/volumes/0321ded6-eb3b-4ffb-ab64-d87845201126 => generated 1144 bytes in 44 msecs (HTTP/1.1 200) 7 headers in 286 bytes (1 switches on core 0)
Jul 19 15:24:24.331404 np0000005438 devstack@c-api.service[100209]: DEBUG cinder.api.middleware.request_id [req-dee3fb2c-17a0-4cdf-bec0-770fc169040a req-ecf62f3e-4693-42cd-9162-a9514da28a07 None None] RequestId filter calling following filter/app {{(pid=100209) _context_setter /opt/stack/cinder/cinder/api/middleware/request_id.py:62}}
Jul 19 15:24:24.334287 np0000005438 devstack@c-api.service[100209]: INFO cinder.api.openstack.wsgi [req-dee3fb2c-17a0-4cdf-bec0-770fc169040a req-ecf62f3e-4693-42cd-9162-a9514da28a07 tempest-AttachVolumeMultiAttachTest-1178433063 tempest-AttachVolumeMultiAttachTest-1178433063-project-member] GET https://10.4.3.125/volume/v3/volumes/0321ded6-eb3b-4ffb-ab64-d87845201126
Jul 19 15:24:24.334513 np0000005438 devstack@c-api.service[100209]: DEBUG cinder.api.openstack.wsgi [req-dee3fb2c-17a0-4cdf-bec0-770fc169040a req-ecf62f3e-4693-42cd-9162-a9514da28a07 tempest-AttachVolumeMultiAttachTest-1178433063 tempest-AttachVolumeMultiAttachTest-1178433063-project-member] Empty body provided in request {{(pid=100209) get_body /opt/stack/cinder/cinder/api/openstack/wsgi.py:725}}
Jul 19 15:24:24.334784 np0000005438 devstack@c-api.service[100209]: DEBUG cinder.api.openstack.wsgi [req-dee3fb2c-17a0-4cdf-bec0-770fc169040a req-ecf62f3e-4693-42cd-9162-a9514da28a07 tempest-AttachVolumeMultiAttachTest-1178433063 tempest-AttachVolumeMultiAttachTest-1178433063-project-member] Calling method 'show' {{(pid=100209) _process_stack /opt/stack/cinder/cinder/api/openstack/wsgi.py:878}}
Jul 19 15:24:24.351324 np0000005438 devstack@c-api.service[100209]: /opt/stack/data/venv/lib/python3.12/site-packages/oslo_context/context.py:102: DeprecationWarning: Policy enforcement is depending on the value of is_admin. This key is deprecated. Please update your policy file to use the standard policy values.
Jul 19 15:24:24.351324 np0000005438 devstack@c-api.service[100209]: warnings.warn(
Jul 19 15:24:24.354584 np0000005438 devstack@c-api.service[100209]: INFO cinder.volume.api [req-dee3fb2c-17a0-4cdf-bec0-770fc169040a req-ecf62f3e-4693-42cd-9162-a9514da28a07 tempest-AttachVolumeMultiAttachTest-1178433063 tempest-AttachVolumeMultiAttachTest-1178433063-project-member] Volume info retrieved successfully.
Jul 19 15:24:24.361110 np0000005438 devstack@c-api.service[100209]: INFO cinder.api.openstack.wsgi [req-dee3fb2c-17a0-4cdf-bec0-770fc169040a req-ecf62f3e-4693-42cd-9162-a9514da28a07 tempest-AttachVolumeMultiAttachTest-1178433063 tempest-AttachVolumeMultiAttachTest-1178433063-project-member] https://10.4.3.125/volume/v3/volumes/0321ded6-eb3b-4ffb-ab64-d87845201126 returned with HTTP 200
Jul 19 15:24:24.362084 np0000005438 devstack@c-api.service[100209]: [pid: 100209|app: 0|req: 74/298] 10.4.3.125 () {68 vars in 1598 bytes} [Sun Jul 19 15:24:24 2026] GET /volume/v3/volumes/0321ded6-eb3b-4ffb-ab64-d87845201126 => generated 1144 bytes in 31 msecs (HTTP/1.1 200) 7 headers in 286 bytes (1 switches on core 0)
Jul 19 15:24:24.540646 np0000005438 devstack@c-api.service[100208]: DEBUG cinder.api.middleware.request_id [None req-be0fb6a3-6189-4b5a-818e-aaca5c0e1f4f None None] RequestId filter calling following filter/app {{(pid=100208) _context_setter /opt/stack/cinder/cinder/api/middleware/request_id.py:62}}
Jul 19 15:24:24.541019 np0000005438 devstack@c-api.service[100208]: INFO cinder.api.openstack.wsgi [None req-be0fb6a3-6189-4b5a-818e-aaca5c0e1f4f None None] GET https://10.4.3.125/volume//
Jul 19 15:24:24.541258 np0000005438 devstack@c-api.service[100208]: DEBUG cinder.api.openstack.wsgi [None req-be0fb6a3-6189-4b5a-818e-aaca5c0e1f4f None None] Empty body provided in request {{(pid=100208) get_body /opt/stack/cinder/cinder/api/openstack/wsgi.py:725}}
Jul 19 15:24:24.541561 np0000005438 devstack@c-api.service[100208]: DEBUG cinder.api.openstack.wsgi [None req-be0fb6a3-6189-4b5a-818e-aaca5c0e1f4f None None] Calling method 'all' {{(pid=100208) _process_stack /opt/stack/cinder/cinder/api/openstack/wsgi.py:878}}
Jul 19 15:24:24.541896 np0000005438 devstack@c-api.service[100208]: INFO cinder.api.openstack.wsgi [None req-be0fb6a3-6189-4b5a-818e-aaca5c0e1f4f None None] https://10.4.3.125/volume// returned with HTTP 300
Jul 19 15:24:24.542256 np0000005438 devstack@c-api.service[100208]: [pid: 100208|app: 0|req: 76/299] 10.4.3.125 () {66 vars in 1428 bytes} [Sun Jul 19 15:24:24 2026] GET /volume/ => generated 386 bytes in 2 msecs (HTTP/1.1 300) 7 headers in 299 bytes (1 switches on core 0)
Jul 19 15:24:24.556931 np0000005438 devstack@c-api.service[100207]: DEBUG cinder.api.middleware.request_id [req-dee3fb2c-17a0-4cdf-bec0-770fc169040a req-2d4dd2db-67aa-44be-84de-53f45c85474d None None] RequestId filter calling following filter/app {{(pid=100207) _context_setter /opt/stack/cinder/cinder/api/middleware/request_id.py:62}}
Jul 19 15:24:24.562024 np0000005438 devstack@c-api.service[100207]: INFO cinder.api.openstack.wsgi [req-dee3fb2c-17a0-4cdf-bec0-770fc169040a req-2d4dd2db-67aa-44be-84de-53f45c85474d tempest-AttachVolumeMultiAttachTest-1178433063 tempest-AttachVolumeMultiAttachTest-1178433063-project-member] POST https://10.4.3.125/volume/v3/attachments
Jul 19 15:24:24.562824 np0000005438 devstack@c-api.service[100207]: DEBUG cinder.api.openstack.wsgi [req-dee3fb2c-17a0-4cdf-bec0-770fc169040a req-2d4dd2db-67aa-44be-84de-53f45c85474d tempest-AttachVolumeMultiAttachTest-1178433063 tempest-AttachVolumeMultiAttachTest-1178433063-project-member] Action: 'create', calling method: version_select, body: {"attachment": {"volume_uuid": "0321ded6-eb3b-4ffb-ab64-d87845201126", "connector": null, "instance_uuid": "b5f60887-b9c7-45d2-a0cd-18137734dd3e"}} {{(pid=100207) _process_stack /opt/stack/cinder/cinder/api/openstack/wsgi.py:876}}
Jul 19 15:24:24.584364 np0000005438 devstack@c-api.service[100207]: /opt/stack/data/venv/lib/python3.12/site-packages/oslo_context/context.py:102: DeprecationWarning: Policy enforcement is depending on the value of is_admin. This key is deprecated. Please update your policy file to use the standard policy values.
Jul 19 15:24:24.584364 np0000005438 devstack@c-api.service[100207]: warnings.warn(
Jul 19 15:24:24.604178 np0000005438 devstack@c-api.service[100206]: DEBUG cinder.api.middleware.request_id [None req-16f47481-48b2-4d93-8b68-d1608f49d64f None None] RequestId filter calling following filter/app {{(pid=100206) _context_setter /opt/stack/cinder/cinder/api/middleware/request_id.py:62}}
Jul 19 15:24:24.610788 np0000005438 devstack@c-api.service[100206]: INFO cinder.api.openstack.wsgi [None req-16f47481-48b2-4d93-8b68-d1608f49d64f tempest-GroupsV314Test-1906802363 tempest-GroupsV314Test-1906802363-project-member] GET https://10.4.3.125/volume/v3/groups/d3725b7a-0d38-4290-b1ac-48a0b470aeeb
Jul 19 15:24:24.610788 np0000005438 devstack@c-api.service[100206]: DEBUG cinder.api.openstack.wsgi [None req-16f47481-48b2-4d93-8b68-d1608f49d64f tempest-GroupsV314Test-1906802363 tempest-GroupsV314Test-1906802363-project-member] Empty body provided in request {{(pid=100206) get_body /opt/stack/cinder/cinder/api/openstack/wsgi.py:725}}
Jul 19 15:24:24.613119 np0000005438 devstack@c-api.service[100206]: DEBUG cinder.api.openstack.wsgi [None req-16f47481-48b2-4d93-8b68-d1608f49d64f tempest-GroupsV314Test-1906802363 tempest-GroupsV314Test-1906802363-project-member] Calling method 'version_select' {{(pid=100206) _process_stack /opt/stack/cinder/cinder/api/openstack/wsgi.py:878}}
Jul 19 15:24:24.613119 np0000005438 devstack@c-api.service[100206]: DEBUG cinder.api.v3.groups [None req-16f47481-48b2-4d93-8b68-d1608f49d64f tempest-GroupsV314Test-1906802363 tempest-GroupsV314Test-1906802363-project-member] show called for member d3725b7a-0d38-4290-b1ac-48a0b470aeeb {{(pid=100206) show /opt/stack/cinder/cinder/api/v3/groups.py:58}}
Jul 19 15:24:24.625213 np0000005438 devstack@c-api.service[100206]: /opt/stack/data/venv/lib/python3.12/site-packages/oslo_context/context.py:102: DeprecationWarning: Policy enforcement is depending on the value of is_admin. This key is deprecated. Please update your policy file to use the standard policy values.
Jul 19 15:24:24.625213 np0000005438 devstack@c-api.service[100206]: warnings.warn(
Jul 19 15:24:24.647670 np0000005438 devstack@c-api.service[100207]: INFO cinder.api.openstack.wsgi [req-dee3fb2c-17a0-4cdf-bec0-770fc169040a req-2d4dd2db-67aa-44be-84de-53f45c85474d tempest-AttachVolumeMultiAttachTest-1178433063 tempest-AttachVolumeMultiAttachTest-1178433063-project-member] https://10.4.3.125/volume/v3/attachments returned with HTTP 200
Jul 19 15:24:24.648167 np0000005438 devstack@c-api.service[100207]: [pid: 100207|app: 0|req: 74/300] 10.4.3.125 () {74 vars in 1594 bytes} [Sun Jul 19 15:24:24 2026] POST /volume/v3/attachments => generated 273 bytes in 92 msecs (HTTP/1.1 200) 7 headers in 286 bytes (1 switches on core 0)
Jul 19 15:24:24.652650 np0000005438 devstack@c-api.service[100206]: INFO cinder.api.openstack.wsgi [None req-16f47481-48b2-4d93-8b68-d1608f49d64f tempest-GroupsV314Test-1906802363 tempest-GroupsV314Test-1906802363-project-member] https://10.4.3.125/volume/v3/groups/d3725b7a-0d38-4290-b1ac-48a0b470aeeb returned with HTTP 200
Jul 19 15:24:24.653306 np0000005438 devstack@c-api.service[100206]: [pid: 100206|app: 0|req: 77/301] 10.4.3.125 () {68 vars in 1386 bytes} [Sun Jul 19 15:24:24 2026] GET /volume/v3/groups/d3725b7a-0d38-4290-b1ac-48a0b470aeeb => generated 388 bytes in 50 msecs (HTTP/1.1 200) 7 headers in 286 bytes (1 switches on core 0)
Jul 19 15:24:24.667847 np0000005438 devstack@c-api.service[100209]: DEBUG cinder.api.middleware.request_id [None req-fb72ae88-b3eb-44ba-9851-1d1402fd336f None None] RequestId filter calling following filter/app {{(pid=100209) _context_setter /opt/stack/cinder/cinder/api/middleware/request_id.py:62}}
Jul 19 15:24:24.671647 np0000005438 devstack@c-api.service[100209]: INFO cinder.api.openstack.wsgi [None req-fb72ae88-b3eb-44ba-9851-1d1402fd336f tempest-GroupsV314Test-1906802363 tempest-GroupsV314Test-1906802363-project-member] POST https://10.4.3.125/volume/v3/volumes
Jul 19 15:24:24.672245 np0000005438 devstack@c-api.service[100209]: DEBUG cinder.api.openstack.wsgi [None req-fb72ae88-b3eb-44ba-9851-1d1402fd336f tempest-GroupsV314Test-1906802363 tempest-GroupsV314Test-1906802363-project-member] Action: 'create', calling method: create, body: {"volume": {"name": "tempest-volume-351925832", "volume_type": "e0d50ee6-4ae6-44c7-bb7d-e7b7b8db30fb", "group_id": "d3725b7a-0d38-4290-b1ac-48a0b470aeeb", "size": 1}} {{(pid=100209) _process_stack /opt/stack/cinder/cinder/api/openstack/wsgi.py:876}}
Jul 19 15:24:24.675479 np0000005438 devstack@c-api.service[100209]: DEBUG cinder.api.v3.volumes [None req-fb72ae88-b3eb-44ba-9851-1d1402fd336f tempest-GroupsV314Test-1906802363 tempest-GroupsV314Test-1906802363-project-member] Create volume request body: {'volume': {'name': 'tempest-volume-351925832', 'volume_type': 'e0d50ee6-4ae6-44c7-bb7d-e7b7b8db30fb', 'group_id': 'd3725b7a-0d38-4290-b1ac-48a0b470aeeb', 'size': 1}} {{(pid=100209) create /opt/stack/cinder/cinder/api/v3/volumes.py:368}}
Jul 19 15:24:24.688134 np0000005438 devstack@c-api.service[100209]: /opt/stack/data/venv/lib/python3.12/site-packages/oslo_context/context.py:102: DeprecationWarning: Policy enforcement is depending on the value of is_admin. This key is deprecated. Please update your policy file to use the standard policy values.
Jul 19 15:24:24.688134 np0000005438 devstack@c-api.service[100209]: warnings.warn(
Jul 19 15:24:24.689047 np0000005438 devstack@c-api.service[100209]: INFO cinder.api.v3.volumes [None req-fb72ae88-b3eb-44ba-9851-1d1402fd336f tempest-GroupsV314Test-1906802363 tempest-GroupsV314Test-1906802363-project-member] Create volume of 1 GB
Jul 19 15:24:24.705736 np0000005438 devstack@c-api.service[100208]: DEBUG cinder.api.middleware.request_id [None req-ba2720ce-7657-4ac5-a974-81fa778c0db3 None None] RequestId filter calling following filter/app {{(pid=100208) _context_setter /opt/stack/cinder/cinder/api/middleware/request_id.py:62}}
Jul 19 15:24:24.708173 np0000005438 devstack@c-api.service[100209]: INFO cinder.volume.api [None req-fb72ae88-b3eb-44ba-9851-1d1402fd336f tempest-GroupsV314Test-1906802363 tempest-GroupsV314Test-1906802363-project-member] Availability Zones retrieved successfully.
Jul 19 15:24:24.716211 np0000005438 devstack@c-api.service[100208]: INFO cinder.api.openstack.wsgi [None req-ba2720ce-7657-4ac5-a974-81fa778c0db3 tempest-AttachVolumeMultiAttachTest-1178433063 tempest-AttachVolumeMultiAttachTest-1178433063-project-member] GET https://10.4.3.125/volume/v3/volumes/0321ded6-eb3b-4ffb-ab64-d87845201126
Jul 19 15:24:24.716211 np0000005438 devstack@c-api.service[100208]: DEBUG cinder.api.openstack.wsgi [None req-ba2720ce-7657-4ac5-a974-81fa778c0db3 tempest-AttachVolumeMultiAttachTest-1178433063 tempest-AttachVolumeMultiAttachTest-1178433063-project-member] Empty body provided in request {{(pid=100208) get_body /opt/stack/cinder/cinder/api/openstack/wsgi.py:725}}
Jul 19 15:24:24.716211 np0000005438 devstack@c-api.service[100208]: DEBUG cinder.api.openstack.wsgi [None req-ba2720ce-7657-4ac5-a974-81fa778c0db3 tempest-AttachVolumeMultiAttachTest-1178433063 tempest-AttachVolumeMultiAttachTest-1178433063-project-member] Calling method 'show' {{(pid=100208) _process_stack /opt/stack/cinder/cinder/api/openstack/wsgi.py:878}}
Jul 19 15:24:24.716426 np0000005438 devstack@c-api.service[100209]: DEBUG cinder.volume.api [None req-fb72ae88-b3eb-44ba-9851-1d1402fd336f tempest-GroupsV314Test-1906802363 tempest-GroupsV314Test-1906802363-project-member] Flow 'volume_create_api' (caf50a16-285b-4171-af44-a93d46fc73a4) transitioned into state 'RUNNING' from state 'PENDING' {{(pid=100209) _flow_receiver /opt/stack/data/venv/lib/python3.12/site-packages/taskflow/listeners/logging.py:160}}
Jul 19 15:24:24.716612 np0000005438 devstack@c-api.service[100209]: DEBUG cinder.volume.api [None req-fb72ae88-b3eb-44ba-9851-1d1402fd336f tempest-GroupsV314Test-1906802363 tempest-GroupsV314Test-1906802363-project-member] Task 'cinder.volume.flows.api.create_volume.ExtractVolumeRequestTask;volume:create' (7698b774-26ea-4f09-93c3-c3900595f9f0) transitioned into state 'RUNNING' from state 'PENDING' {{(pid=100209) _task_receiver /opt/stack/data/venv/lib/python3.12/site-packages/taskflow/listeners/logging.py:242}}
Jul 19 15:24:24.719432 np0000005438 devstack@c-api.service[100209]: /opt/stack/data/venv/lib/python3.12/site-packages/oslo_context/context.py:102: DeprecationWarning: Policy enforcement is depending on the value of is_admin. This key is deprecated. Please update your policy file to use the standard policy values.
Jul 19 15:24:24.719432 np0000005438 devstack@c-api.service[100209]: warnings.warn(
Jul 19 15:24:24.719432 np0000005438 devstack@c-api.service[100209]: DEBUG cinder.volume.flows.api.create_volume [None req-fb72ae88-b3eb-44ba-9851-1d1402fd336f tempest-GroupsV314Test-1906802363 tempest-GroupsV314Test-1906802363-project-member] Validating volume size '1' using validate_int {{(pid=100209) _extract_size /opt/stack/cinder/cinder/volume/flows/api/create_volume.py:226}}
Jul 19 15:24:24.749822 np0000005438 devstack@c-api.service[100208]: /opt/stack/data/venv/lib/python3.12/site-packages/oslo_context/context.py:102: DeprecationWarning: Policy enforcement is depending on the value of is_admin. This key is deprecated. Please update your policy file to use the standard policy values.
Jul 19 15:24:24.749822 np0000005438 devstack@c-api.service[100208]: warnings.warn(
Jul 19 15:24:24.754649 np0000005438 devstack@c-api.service[100208]: INFO cinder.volume.api [None req-ba2720ce-7657-4ac5-a974-81fa778c0db3 tempest-AttachVolumeMultiAttachTest-1178433063 tempest-AttachVolumeMultiAttachTest-1178433063-project-member] Volume info retrieved successfully.
Jul 19 15:24:24.760381 np0000005438 devstack@c-api.service[100209]: DEBUG cinder.volume.api [None req-fb72ae88-b3eb-44ba-9851-1d1402fd336f tempest-GroupsV314Test-1906802363 tempest-GroupsV314Test-1906802363-project-member] Task 'cinder.volume.flows.api.create_volume.ExtractVolumeRequestTask;volume:create' (7698b774-26ea-4f09-93c3-c3900595f9f0) transitioned into state 'SUCCESS' from state 'RUNNING' with result '{'size': 1, 'snapshot_id': None, 'source_volid': None, 'volume_type': VolumeType(created_at=2026-07-19T15:24:23Z,deleted=False,deleted_at=None,description=None,extra_specs={},id=e0d50ee6-4ae6-44c7-bb7d-e7b7b8db30fb,is_public=True,name='tempest-GroupsV314Test-volume-type-326222637',projects=[],qos_specs=,qos_specs_id=None,updated_at=None), 'volume_type_id': 'e0d50ee6-4ae6-44c7-bb7d-e7b7b8db30fb', 'encryption_key_id': None, 'qos_specs': None, 'consistencygroup_id': None, 'cgsnapshot_id': None, 'group_id': 'd3725b7a-0d38-4290-b1ac-48a0b470aeeb', 'replication_status': 'disabled', 'refresh_az': False, 'backup_id': None, 'multiattach': False, 'availability_zones': ['nova']}' {{(pid=100209) _task_receiver /opt/stack/data/venv/lib/python3.12/site-packages/taskflow/listeners/logging.py:218}}
Jul 19 15:24:24.761283 np0000005438 devstack@c-api.service[100209]: DEBUG cinder.volume.api [None req-fb72ae88-b3eb-44ba-9851-1d1402fd336f tempest-GroupsV314Test-1906802363 tempest-GroupsV314Test-1906802363-project-member] Task 'cinder.volume.flows.api.create_volume.QuotaReserveTask;volume:create' (f20afcc2-0b5e-415e-8db1-b3a9f59f0c4b) transitioned into state 'RUNNING' from state 'PENDING' {{(pid=100209) _task_receiver /opt/stack/data/venv/lib/python3.12/site-packages/taskflow/listeners/logging.py:242}}
Jul 19 15:24:24.762414 np0000005438 devstack@c-api.service[100208]: INFO cinder.api.openstack.wsgi [None req-ba2720ce-7657-4ac5-a974-81fa778c0db3 tempest-AttachVolumeMultiAttachTest-1178433063 tempest-AttachVolumeMultiAttachTest-1178433063-project-member] https://10.4.3.125/volume/v3/volumes/0321ded6-eb3b-4ffb-ab64-d87845201126 returned with HTTP 200
Jul 19 15:24:24.762414 np0000005438 devstack@c-api.service[100208]: [pid: 100208|app: 0|req: 77/302] 10.4.3.125 () {66 vars in 1348 bytes} [Sun Jul 19 15:24:24 2026] GET /volume/v3/volumes/0321ded6-eb3b-4ffb-ab64-d87845201126 => generated 1146 bytes in 58 msecs (HTTP/1.1 200) 7 headers in 286 bytes (1 switches on core 0)
Jul 19 15:24:24.773424 np0000005438 devstack@c-api.service[100207]: DEBUG cinder.api.middleware.request_id [None req-1c246373-50f5-45c9-b3ff-9fb68e67257e None None] RequestId filter calling following filter/app {{(pid=100207) _context_setter /opt/stack/cinder/cinder/api/middleware/request_id.py:62}}
Jul 19 15:24:24.773424 np0000005438 devstack@c-api.service[100207]: INFO cinder.api.openstack.wsgi [None req-1c246373-50f5-45c9-b3ff-9fb68e67257e None None] GET https://10.4.3.125/volume//
Jul 19 15:24:24.773602 np0000005438 devstack@c-api.service[100207]: DEBUG cinder.api.openstack.wsgi [None req-1c246373-50f5-45c9-b3ff-9fb68e67257e None None] Empty body provided in request {{(pid=100207) get_body /opt/stack/cinder/cinder/api/openstack/wsgi.py:725}}
Jul 19 15:24:24.773890 np0000005438 devstack@c-api.service[100207]: DEBUG cinder.api.openstack.wsgi [None req-1c246373-50f5-45c9-b3ff-9fb68e67257e None None] Calling method 'all' {{(pid=100207) _process_stack /opt/stack/cinder/cinder/api/openstack/wsgi.py:878}}
Jul 19 15:24:24.774481 np0000005438 devstack@c-api.service[100207]: INFO cinder.api.openstack.wsgi [None req-1c246373-50f5-45c9-b3ff-9fb68e67257e None None] https://10.4.3.125/volume// returned with HTTP 300
Jul 19 15:24:24.774641 np0000005438 devstack@c-api.service[100207]: [pid: 100207|app: 0|req: 75/303] 10.4.3.125 () {66 vars in 1426 bytes} [Sun Jul 19 15:24:24 2026] GET /volume/ => generated 386 bytes in 2 msecs (HTTP/1.1 300) 7 headers in 299 bytes (1 switches on core 0)
Jul 19 15:24:24.796598 np0000005438 devstack@c-api.service[100206]: DEBUG cinder.api.middleware.request_id [req-dee3fb2c-17a0-4cdf-bec0-770fc169040a req-7babe132-f1ee-4ec3-baab-076eb879efd7 None None] RequestId filter calling following filter/app {{(pid=100206) _context_setter /opt/stack/cinder/cinder/api/middleware/request_id.py:62}}
Jul 19 15:24:24.804837 np0000005438 devstack@c-api.service[100206]: INFO cinder.api.openstack.wsgi [req-dee3fb2c-17a0-4cdf-bec0-770fc169040a req-7babe132-f1ee-4ec3-baab-076eb879efd7 tempest-AttachVolumeMultiAttachTest-1178433063 tempest-AttachVolumeMultiAttachTest-1178433063-project-member] GET https://10.4.3.125/volume/v3/volumes/0321ded6-eb3b-4ffb-ab64-d87845201126
Jul 19 15:24:24.805101 np0000005438 devstack@c-api.service[100206]: DEBUG cinder.api.openstack.wsgi [req-dee3fb2c-17a0-4cdf-bec0-770fc169040a req-7babe132-f1ee-4ec3-baab-076eb879efd7 tempest-AttachVolumeMultiAttachTest-1178433063 tempest-AttachVolumeMultiAttachTest-1178433063-project-member] Empty body provided in request {{(pid=100206) get_body /opt/stack/cinder/cinder/api/openstack/wsgi.py:725}}
Jul 19 15:24:24.805308 np0000005438 devstack@c-api.service[100206]: DEBUG cinder.api.openstack.wsgi [req-dee3fb2c-17a0-4cdf-bec0-770fc169040a req-7babe132-f1ee-4ec3-baab-076eb879efd7 tempest-AttachVolumeMultiAttachTest-1178433063 tempest-AttachVolumeMultiAttachTest-1178433063-project-member] Calling method 'show' {{(pid=100206) _process_stack /opt/stack/cinder/cinder/api/openstack/wsgi.py:878}}
Jul 19 15:24:24.826231 np0000005438 devstack@c-api.service[100209]: WARNING cinder.quota [None req-fb72ae88-b3eb-44ba-9851-1d1402fd336f tempest-GroupsV314Test-1906802363 tempest-GroupsV314Test-1906802363-project-member] Deprecated: Default quota for resource: volumes_tempest-GroupsV314Test-volume-type-326222637 is set by the default quota flag: quota_volumes_tempest-GroupsV314Test-volume-type-326222637, it is now deprecated. Please use the default quota class for default quota.
Jul 19 15:24:24.826635 np0000005438 devstack@c-api.service[100209]: WARNING cinder.quota [None req-fb72ae88-b3eb-44ba-9851-1d1402fd336f tempest-GroupsV314Test-1906802363 tempest-GroupsV314Test-1906802363-project-member] Deprecated: Default quota for resource: gigabytes_tempest-GroupsV314Test-volume-type-326222637 is set by the default quota flag: quota_gigabytes_tempest-GroupsV314Test-volume-type-326222637, it is now deprecated. Please use the default quota class for default quota.
Jul 19 15:24:24.838182 np0000005438 devstack@c-api.service[100206]: /opt/stack/data/venv/lib/python3.12/site-packages/oslo_context/context.py:102: DeprecationWarning: Policy enforcement is depending on the value of is_admin. This key is deprecated. Please update your policy file to use the standard policy values.
Jul 19 15:24:24.838182 np0000005438 devstack@c-api.service[100206]: warnings.warn(
Jul 19 15:24:24.860948 np0000005438 devstack@c-api.service[100206]: INFO cinder.volume.api [req-dee3fb2c-17a0-4cdf-bec0-770fc169040a req-7babe132-f1ee-4ec3-baab-076eb879efd7 tempest-AttachVolumeMultiAttachTest-1178433063 tempest-AttachVolumeMultiAttachTest-1178433063-project-member] Volume info retrieved successfully.
Jul 19 15:24:24.867783 np0000005438 devstack@c-api.service[100206]: INFO cinder.api.openstack.wsgi [req-dee3fb2c-17a0-4cdf-bec0-770fc169040a req-7babe132-f1ee-4ec3-baab-076eb879efd7 tempest-AttachVolumeMultiAttachTest-1178433063 tempest-AttachVolumeMultiAttachTest-1178433063-project-member] https://10.4.3.125/volume/v3/volumes/0321ded6-eb3b-4ffb-ab64-d87845201126 returned with HTTP 200
Jul 19 15:24:24.868385 np0000005438 devstack@c-api.service[100206]: [pid: 100206|app: 0|req: 78/304] 10.4.3.125 () {70 vars in 1639 bytes} [Sun Jul 19 15:24:24 2026] GET /volume/v3/volumes/0321ded6-eb3b-4ffb-ab64-d87845201126 => generated 1326 bytes in 73 msecs (HTTP/1.1 200) 7 headers in 287 bytes (1 switches on core 0)
Jul 19 15:24:24.916046 np0000005438 devstack@c-api.service[100209]: DEBUG cinder.quota [None req-fb72ae88-b3eb-44ba-9851-1d1402fd336f tempest-GroupsV314Test-1906802363 tempest-GroupsV314Test-1906802363-project-member] Created reservations ['65412285-c409-46b4-9e0c-6cda5c72a361', 'b8bf17b4-d56f-47db-9b70-1dcea9341d23', 'f8589d34-4803-4c57-974f-375488027d86', '4f157e3f-941d-4a3c-bf3f-3529b050d2d5'] {{(pid=100209) reserve /opt/stack/cinder/cinder/quota.py:752}}
Jul 19 15:24:24.917567 np0000005438 devstack@c-api.service[100209]: DEBUG cinder.volume.api [None req-fb72ae88-b3eb-44ba-9851-1d1402fd336f tempest-GroupsV314Test-1906802363 tempest-GroupsV314Test-1906802363-project-member] Task 'cinder.volume.flows.api.create_volume.QuotaReserveTask;volume:create' (f20afcc2-0b5e-415e-8db1-b3a9f59f0c4b) transitioned into state 'SUCCESS' from state 'RUNNING' with result '{'reservations': ['65412285-c409-46b4-9e0c-6cda5c72a361', 'b8bf17b4-d56f-47db-9b70-1dcea9341d23', 'f8589d34-4803-4c57-974f-375488027d86', '4f157e3f-941d-4a3c-bf3f-3529b050d2d5']}' {{(pid=100209) _task_receiver /opt/stack/data/venv/lib/python3.12/site-packages/taskflow/listeners/logging.py:218}}
Jul 19 15:24:24.920906 np0000005438 devstack@c-api.service[100209]: DEBUG cinder.volume.api [None req-fb72ae88-b3eb-44ba-9851-1d1402fd336f tempest-GroupsV314Test-1906802363 tempest-GroupsV314Test-1906802363-project-member] Task 'cinder.volume.flows.api.create_volume.EntryCreateTask;volume:create' (53e0a694-e853-47f8-994a-250c8fc0d6de) transitioned into state 'RUNNING' from state 'PENDING' {{(pid=100209) _task_receiver /opt/stack/data/venv/lib/python3.12/site-packages/taskflow/listeners/logging.py:242}}
Jul 19 15:24:24.962324 np0000005438 devstack@c-api.service[100209]: DEBUG cinder.volume.api [None req-fb72ae88-b3eb-44ba-9851-1d1402fd336f tempest-GroupsV314Test-1906802363 tempest-GroupsV314Test-1906802363-project-member] Task 'cinder.volume.flows.api.create_volume.EntryCreateTask;volume:create' (53e0a694-e853-47f8-994a-250c8fc0d6de) transitioned into state 'SUCCESS' from state 'RUNNING' with result '{'volume_id': '7aead707-4555-4b3d-9aae-963cd0a254a3', 'volume_properties': VolumeProperties(attach_status='detached',availability_zone='nova',cgsnapshot_id=None,consistencygroup_id=None,display_description=None,display_name='tempest-volume-351925832',encryption_key_id=None,group_id=d3725b7a-0d38-4290-b1ac-48a0b470aeeb,group_type_id=,metadata={},multiattach=False,project_id='eb01c2fd2a084befa32493dd2808c097',qos_specs=None,replication_status=,reservations=['65412285-c409-46b4-9e0c-6cda5c72a361','b8bf17b4-d56f-47db-9b70-1dcea9341d23','f8589d34-4803-4c57-974f-375488027d86','4f157e3f-941d-4a3c-bf3f-3529b050d2d5'],size=1,snapshot_id=None,source_replicaid=,source_volid=None,status='creating',user_id='5fb0f41e42384a78abc9c7658ae0d8e8',volume_type_id=e0d50ee6-4ae6-44c7-bb7d-e7b7b8db30fb), 'volume': Volume(_name_id=None,admin_metadata=,attach_status='detached',availability_zone='nova',bootable=False,cluster=,cluster_name=None,consistencygroup=,consistencygroup_id=None,created_at=2026-07-19T15:24:24Z,deleted=False,deleted_at=None,display_description=None,display_name='tempest-volume-351925832',ec2_id=None,encryption_key_id=None,glance_metadata=,group=,group_id=d3725b7a-0d38-4290-b1ac-48a0b470aeeb,host=None,id=7aead707-4555-4b3d-9aae-963cd0a254a3,launched_at=None,metadata={},migration_status=None,multiattach=False,previous_status=None,project_id='eb01c2fd2a084befa32493dd2808c097',provider_auth=None,provider_geometry=None,provider_id=None,provider_location=None,replication_driver_data=None,replication_extended_status=None,replication_status=None,scheduled_at=None,service_uuid=None,shared_targets=True,size=1,snapshot_id=None,snapshots=,source_volid=None,status='creating',terminated_at=None,updated_at=None,use_quota=True,user_id='5fb0f41e42384a78abc9c7658ae0d8e8',volume_attachment=VolumeAttachmentList,volume_type=VolumeType(e0d50ee6-4ae6-44c7-bb7d-e7b7b8db30fb),volume_type_id=e0d50ee6-4ae6-44c7-bb7d-e7b7b8db30fb)}' {{(pid=100209) _task_receiver /opt/stack/data/venv/lib/python3.12/site-packages/taskflow/listeners/logging.py:218}}
Jul 19 15:24:24.963831 np0000005438 devstack@c-api.service[100209]: DEBUG cinder.volume.api [None req-fb72ae88-b3eb-44ba-9851-1d1402fd336f tempest-GroupsV314Test-1906802363 tempest-GroupsV314Test-1906802363-project-member] Task 'cinder.volume.flows.api.create_volume.QuotaCommitTask;volume:create' (f8d854d7-c719-43e2-be05-1a7198f0975d) transitioned into state 'RUNNING' from state 'PENDING' {{(pid=100209) _task_receiver /opt/stack/data/venv/lib/python3.12/site-packages/taskflow/listeners/logging.py:242}}
Jul 19 15:24:25.001841 np0000005438 devstack@c-api.service[100208]: DEBUG cinder.api.middleware.request_id [req-dee3fb2c-17a0-4cdf-bec0-770fc169040a req-a64980c9-ec63-4d48-bde6-b149a450cd98 None None] RequestId filter calling following filter/app {{(pid=100208) _context_setter /opt/stack/cinder/cinder/api/middleware/request_id.py:62}}
Jul 19 15:24:25.008559 np0000005438 devstack@c-api.service[100208]: INFO cinder.api.openstack.wsgi [req-dee3fb2c-17a0-4cdf-bec0-770fc169040a req-a64980c9-ec63-4d48-bde6-b149a450cd98 tempest-AttachVolumeMultiAttachTest-1178433063 tempest-AttachVolumeMultiAttachTest-1178433063-project-member] PUT https://10.4.3.125/volume/v3/attachments/22a88143-41d5-4170-9763-dd99994938cd
Jul 19 15:24:25.008559 np0000005438 devstack@c-api.service[100208]: DEBUG cinder.api.openstack.wsgi [req-dee3fb2c-17a0-4cdf-bec0-770fc169040a req-a64980c9-ec63-4d48-bde6-b149a450cd98 tempest-AttachVolumeMultiAttachTest-1178433063 tempest-AttachVolumeMultiAttachTest-1178433063-project-member] Action: 'update', calling method: version_select, body: {"attachment": {"connector": {"platform": "x86_64", "os_type": "linux", "ip": "10.4.3.125", "host": "np0000005438", "multipath": true, "enforce_multipath": true, "initiator": "iqn.2016-04.com.open-iscsi:18c6684a8427", "do_local_attach": false, "uuid": "8515de1c-ba7e-467b-adde-6d9f8a8dbc1f", "system uuid": "b3ea6ad7-d534-4944-a15a-1b5ec3a8a91b", "nvme_native_multipath": false, "mountpoint": "/dev/vdb"}}} {{(pid=100208) _process_stack /opt/stack/cinder/cinder/api/openstack/wsgi.py:876}}
Jul 19 15:24:25.013420 np0000005438 devstack@c-api.service[100209]: DEBUG cinder.volume.api [None req-fb72ae88-b3eb-44ba-9851-1d1402fd336f tempest-GroupsV314Test-1906802363 tempest-GroupsV314Test-1906802363-project-member] Task 'cinder.volume.flows.api.create_volume.QuotaCommitTask;volume:create' (f8d854d7-c719-43e2-be05-1a7198f0975d) transitioned into state 'SUCCESS' from state 'RUNNING' with result '{'volume_properties': VolumeProperties(attach_status='detached',availability_zone='nova',cgsnapshot_id=None,consistencygroup_id=None,display_description=None,display_name='tempest-volume-351925832',encryption_key_id=None,group_id=d3725b7a-0d38-4290-b1ac-48a0b470aeeb,group_type_id=,metadata={},multiattach=False,project_id='eb01c2fd2a084befa32493dd2808c097',qos_specs=None,replication_status=,reservations=['65412285-c409-46b4-9e0c-6cda5c72a361','b8bf17b4-d56f-47db-9b70-1dcea9341d23','f8589d34-4803-4c57-974f-375488027d86','4f157e3f-941d-4a3c-bf3f-3529b050d2d5'],size=1,snapshot_id=None,source_replicaid=,source_volid=None,status='creating',user_id='5fb0f41e42384a78abc9c7658ae0d8e8',volume_type_id=e0d50ee6-4ae6-44c7-bb7d-e7b7b8db30fb)}' {{(pid=100209) _task_receiver /opt/stack/data/venv/lib/python3.12/site-packages/taskflow/listeners/logging.py:218}}
Jul 19 15:24:25.016650 np0000005438 devstack@c-api.service[100209]: DEBUG cinder.volume.api [None req-fb72ae88-b3eb-44ba-9851-1d1402fd336f tempest-GroupsV314Test-1906802363 tempest-GroupsV314Test-1906802363-project-member] Task 'cinder.volume.flows.api.create_volume.VolumeCastTask;volume:create' (f120167b-9076-44c8-9739-e1d6fc9753d4) transitioned into state 'RUNNING' from state 'PENDING' {{(pid=100209) _task_receiver /opt/stack/data/venv/lib/python3.12/site-packages/taskflow/listeners/logging.py:242}}
Jul 19 15:24:25.023169 np0000005438 devstack@c-api.service[100208]: DEBUG cinder.coordination [req-dee3fb2c-17a0-4cdf-bec0-770fc169040a req-a64980c9-ec63-4d48-bde6-b149a450cd98 tempest-AttachVolumeMultiAttachTest-1178433063 tempest-AttachVolumeMultiAttachTest-1178433063-project-member] Acquiring lock "cinder-attachment_update-0321ded6-eb3b-4ffb-ab64-d87845201126-np0000005438" by "attachment_update" {{(pid=100208) __acquire /opt/stack/cinder/cinder/coordination.py:138}}
Jul 19 15:24:25.032668 np0000005438 devstack@c-api.service[100208]: DEBUG cinder.coordination [req-dee3fb2c-17a0-4cdf-bec0-770fc169040a req-a64980c9-ec63-4d48-bde6-b149a450cd98 tempest-AttachVolumeMultiAttachTest-1178433063 tempest-AttachVolumeMultiAttachTest-1178433063-project-member] Lock "cinder-attachment_update-0321ded6-eb3b-4ffb-ab64-d87845201126-np0000005438" acquired by "attachment_update" :: waited 0.009s {{(pid=100208) __acquire /opt/stack/cinder/cinder/coordination.py:141}}
Jul 19 15:24:25.033929 np0000005438 devstack@c-api.service[100208]: /opt/stack/data/venv/lib/python3.12/site-packages/oslo_context/context.py:102: DeprecationWarning: Policy enforcement is depending on the value of is_admin. This key is deprecated. Please update your policy file to use the standard policy values.
Jul 19 15:24:25.033929 np0000005438 devstack@c-api.service[100208]: warnings.warn(
Jul 19 15:24:25.042086 np0000005438 devstack@c-api.service[100209]: DEBUG cinder.volume.api [None req-fb72ae88-b3eb-44ba-9851-1d1402fd336f tempest-GroupsV314Test-1906802363 tempest-GroupsV314Test-1906802363-project-member] Task 'cinder.volume.flows.api.create_volume.VolumeCastTask;volume:create' (f120167b-9076-44c8-9739-e1d6fc9753d4) transitioned into state 'SUCCESS' from state 'RUNNING' with result 'None' {{(pid=100209) _task_receiver /opt/stack/data/venv/lib/python3.12/site-packages/taskflow/listeners/logging.py:218}}
Jul 19 15:24:25.042521 np0000005438 devstack@c-api.service[100209]: DEBUG cinder.volume.api [None req-fb72ae88-b3eb-44ba-9851-1d1402fd336f tempest-GroupsV314Test-1906802363 tempest-GroupsV314Test-1906802363-project-member] Flow 'volume_create_api' (caf50a16-285b-4171-af44-a93d46fc73a4) transitioned into state 'SUCCESS' from state 'RUNNING' {{(pid=100209) _flow_receiver /opt/stack/data/venv/lib/python3.12/site-packages/taskflow/listeners/logging.py:160}}
Jul 19 15:24:25.043400 np0000005438 devstack@c-api.service[100209]: INFO cinder.volume.api [None req-fb72ae88-b3eb-44ba-9851-1d1402fd336f tempest-GroupsV314Test-1906802363 tempest-GroupsV314Test-1906802363-project-member] Create volume request issued successfully.
Jul 19 15:24:25.043987 np0000005438 devstack@c-api.service[100209]: WARNING stevedore.named [None req-fb72ae88-b3eb-44ba-9851-1d1402fd336f tempest-GroupsV314Test-1906802363 tempest-GroupsV314Test-1906802363-project-member] Could not load cinder.keymgr.conf_key_mgr.ConfKeyManager
