Jul 19 15:28:27.670300 np0000005438 devstack@g-api.service[102970]: DEBUG glance.api.middleware.version_negotiation [None req-c74c5d2d-fe25-47eb-8604-1033db8271e8 tempest-VolumesActionsTest-1005324998 tempest-VolumesActionsTest-1005324998-project-member] new path /v2/images/728be776-6305-4154-b12f-bf2ea5b3c2ed {{(pid=102970) process_request /opt/stack/glance/glance/api/middleware/version_negotiation.py:70}}
Jul 19 15:28:27.683588 np0000005438 devstack@g-api.service[102970]: [pid: 102970|app: 0|req: 100/387] 127.0.0.1 () {40 vars in 838 bytes} [Sun Jul 19 15:28:27 2026] GET /v2/images/728be776-6305-4154-b12f-bf2ea5b3c2ed => generated 648 bytes in 14 msecs (HTTP/1.1 200) 4 headers in 157 bytes (1 switches on core 0)
Jul 19 15:28:28.691439 np0000005438 devstack@g-api.service[102971]: DEBUG glance.api.middleware.version_negotiation [None req-c74c5d2d-fe25-47eb-8604-1033db8271e8 tempest-VolumesActionsTest-1005324998 tempest-VolumesActionsTest-1005324998-project-member] Determining version of request: GET /v2/images/728be776-6305-4154-b12f-bf2ea5b3c2ed Accept: application/json {{(pid=102971) process_request /opt/stack/glance/glance/api/middleware/version_negotiation.py:44}}
Jul 19 15:28:28.691852 np0000005438 devstack@g-api.service[102971]: DEBUG glance.api.middleware.version_negotiation [None req-c74c5d2d-fe25-47eb-8604-1033db8271e8 tempest-VolumesActionsTest-1005324998 tempest-VolumesActionsTest-1005324998-project-member] Using url versioning {{(pid=102971) process_request /opt/stack/glance/glance/api/middleware/version_negotiation.py:57}}
Jul 19 15:28:28.692067 np0000005438 devstack@g-api.service[102971]: DEBUG glance.api.middleware.version_negotiation [None req-c74c5d2d-fe25-47eb-8604-1033db8271e8 tempest-VolumesActionsTest-1005324998 tempest-VolumesActionsTest-1005324998-project-member] Matched version: v2 {{(pid=102971) process_request /opt/stack/glance/glance/api/middleware/version_negotiation.py:69}}
Jul 19 15:28:28.692213 np0000005438 devstack@g-api.service[102971]: DEBUG glance.api.middleware.version_negotiation [None req-c74c5d2d-fe25-47eb-8604-1033db8271e8 tempest-VolumesActionsTest-1005324998 tempest-VolumesActionsTest-1005324998-project-member] new path /v2/images/728be776-6305-4154-b12f-bf2ea5b3c2ed {{(pid=102971) process_request /opt/stack/glance/glance/api/middleware/version_negotiation.py:70}}
Jul 19 15:28:28.704765 np0000005438 devstack@g-api.service[102971]: [pid: 102971|app: 0|req: 94/388] 127.0.0.1 () {40 vars in 838 bytes} [Sun Jul 19 15:28:28 2026] GET /v2/images/728be776-6305-4154-b12f-bf2ea5b3c2ed => generated 648 bytes in 14 msecs (HTTP/1.1 200) 4 headers in 157 bytes (1 switches on core 0)
Jul 19 15:28:28.934495 np0000005438 devstack@g-api.service[102973]: DEBUG glance.api.middleware.version_negotiation [None req-c432254d-9fda-44fc-be73-672dc0fda0d7 tempest-VolumesActionsTest-1005324998 tempest-VolumesActionsTest-1005324998-project-member] Determining version of request: PUT /v2/images/728be776-6305-4154-b12f-bf2ea5b3c2ed/file Accept: */* {{(pid=102973) process_request /opt/stack/glance/glance/api/middleware/version_negotiation.py:44}}
Jul 19 15:28:28.934933 np0000005438 devstack@g-api.service[102973]: DEBUG glance.api.middleware.version_negotiation [None req-c432254d-9fda-44fc-be73-672dc0fda0d7 tempest-VolumesActionsTest-1005324998 tempest-VolumesActionsTest-1005324998-project-member] Using url versioning {{(pid=102973) process_request /opt/stack/glance/glance/api/middleware/version_negotiation.py:57}}
Jul 19 15:28:28.934933 np0000005438 devstack@g-api.service[102973]: DEBUG glance.api.middleware.version_negotiation [None req-c432254d-9fda-44fc-be73-672dc0fda0d7 tempest-VolumesActionsTest-1005324998 tempest-VolumesActionsTest-1005324998-project-member] Matched version: v2 {{(pid=102973) process_request /opt/stack/glance/glance/api/middleware/version_negotiation.py:69}}
Jul 19 15:28:28.934933 np0000005438 devstack@g-api.service[102973]: DEBUG glance.api.middleware.version_negotiation [None req-c432254d-9fda-44fc-be73-672dc0fda0d7 tempest-VolumesActionsTest-1005324998 tempest-VolumesActionsTest-1005324998-project-member] new path /v2/images/728be776-6305-4154-b12f-bf2ea5b3c2ed/file {{(pid=102973) process_request /opt/stack/glance/glance/api/middleware/version_negotiation.py:70}}
Jul 19 15:28:29.530446 np0000005438 devstack@g-api.service[102973]: INFO glance.api.v2.image_data [None req-c74c5d2d-fe25-47eb-8604-1033db8271e8 tempest-VolumesActionsTest-1005324998 tempest-VolumesActionsTest-1005324998-project-member] Unable to create trust: no such option collect_timing in group [keystone_authtoken] Use the existing user token.
Jul 19 15:28:29.717835 np0000005438 devstack@g-api.service[102972]: DEBUG glance.api.middleware.version_negotiation [None req-84cebf8e-52b9-48c5-824d-d95789345189 tempest-VolumesActionsTest-1005324998 tempest-VolumesActionsTest-1005324998-project-member] Determining version of request: GET /v2/images/728be776-6305-4154-b12f-bf2ea5b3c2ed Accept: application/json {{(pid=102972) process_request /opt/stack/glance/glance/api/middleware/version_negotiation.py:44}}
Jul 19 15:28:29.718290 np0000005438 devstack@g-api.service[102972]: DEBUG glance.api.middleware.version_negotiation [None req-84cebf8e-52b9-48c5-824d-d95789345189 tempest-VolumesActionsTest-1005324998 tempest-VolumesActionsTest-1005324998-project-member] Using url versioning {{(pid=102972) process_request /opt/stack/glance/glance/api/middleware/version_negotiation.py:57}}
Jul 19 15:28:29.718290 np0000005438 devstack@g-api.service[102972]: DEBUG glance.api.middleware.version_negotiation [None req-84cebf8e-52b9-48c5-824d-d95789345189 tempest-VolumesActionsTest-1005324998 tempest-VolumesActionsTest-1005324998-project-member] Matched version: v2 {{(pid=102972) process_request /opt/stack/glance/glance/api/middleware/version_negotiation.py:69}}
Jul 19 15:28:29.718290 np0000005438 devstack@g-api.service[102972]: DEBUG glance.api.middleware.version_negotiation [None req-84cebf8e-52b9-48c5-824d-d95789345189 tempest-VolumesActionsTest-1005324998 tempest-VolumesActionsTest-1005324998-project-member] new path /v2/images/728be776-6305-4154-b12f-bf2ea5b3c2ed {{(pid=102972) process_request /opt/stack/glance/glance/api/middleware/version_negotiation.py:70}}
Jul 19 15:28:29.739145 np0000005438 devstack@g-api.service[102972]: [pid: 102972|app: 0|req: 97/389] 127.0.0.1 () {40 vars in 838 bytes} [Sun Jul 19 15:28:29 2026] GET /v2/images/728be776-6305-4154-b12f-bf2ea5b3c2ed => generated 648 bytes in 21 msecs (HTTP/1.1 200) 4 headers in 157 bytes (1 switches on core 0)
Jul 19 15:28:30.065408 np0000005438 devstack@g-api.service[102973]: DEBUG glance.location [None req-c74c5d2d-fe25-47eb-8604-1033db8271e8 tempest-VolumesActionsTest-1005324998 tempest-VolumesActionsTest-1005324998-project-member] Enabling in-flight format inspection for raw {{(pid=102973) set_data /opt/stack/glance/glance/location.py:596}}
Jul 19 15:28:30.065904 np0000005438 devstack@g-api.service[102973]: DEBUG glance_store.backend [None req-c74c5d2d-fe25-47eb-8604-1033db8271e8 tempest-VolumesActionsTest-1005324998 tempest-VolumesActionsTest-1005324998-project-member] Attempting to import store swift {{(pid=102973) _load_store /opt/stack/data/venv/lib/python3.12/site-packages/glance_store/backend.py:215}}
Jul 19 15:28:30.067166 np0000005438 devstack@g-api.service[102973]: DEBUG glance_store.capabilities [None req-c74c5d2d-fe25-47eb-8604-1033db8271e8 tempest-VolumesActionsTest-1005324998 tempest-VolumesActionsTest-1005324998-project-member] Store glance_store._drivers.swift.store.SingleTenantStore doesn't support updating dynamic storage capabilities. Please overwrite 'update_capabilities' method of the store to implement updating logics if needed. {{(pid=102973) update_capabilities /opt/stack/data/venv/lib/python3.12/site-packages/glance_store/capabilities.py:91}}
Jul 19 15:28:30.067274 np0000005438 devstack@g-api.service[102973]: DEBUG glance_store.driver [None req-c74c5d2d-fe25-47eb-8604-1033db8271e8 tempest-VolumesActionsTest-1005324998 tempest-VolumesActionsTest-1005324998-project-member] Late loading location class glance_store._drivers.swift.store.StoreLocation {{(pid=102973) get_store_location_class /opt/stack/data/venv/lib/python3.12/site-packages/glance_store/driver.py:134}}
Jul 19 15:28:30.067407 np0000005438 devstack@g-api.service[102973]: DEBUG glance_store.location [None req-c74c5d2d-fe25-47eb-8604-1033db8271e8 tempest-VolumesActionsTest-1005324998 tempest-VolumesActionsTest-1005324998-project-member] Registering scheme swift+https with {'store': , 'location_class': , 'store_entry': 'swift'} {{(pid=102973) register_scheme_map /opt/stack/data/venv/lib/python3.12/site-packages/glance_store/location.py:146}}
Jul 19 15:28:30.067529 np0000005438 devstack@g-api.service[102973]: DEBUG glance_store.location [None req-c74c5d2d-fe25-47eb-8604-1033db8271e8 tempest-VolumesActionsTest-1005324998 tempest-VolumesActionsTest-1005324998-project-member] Registering scheme swift+https with {'store': , 'location_class': , 'store_entry': 'swift'} {{(pid=102973) register_scheme_map /opt/stack/data/venv/lib/python3.12/site-packages/glance_store/location.py:146}}
Jul 19 15:28:30.067640 np0000005438 devstack@g-api.service[102973]: DEBUG glance_store.location [None req-c74c5d2d-fe25-47eb-8604-1033db8271e8 tempest-VolumesActionsTest-1005324998 tempest-VolumesActionsTest-1005324998-project-member] Registering scheme swift with {'store': , 'location_class': , 'store_entry': 'swift'} {{(pid=102973) register_scheme_map /opt/stack/data/venv/lib/python3.12/site-packages/glance_store/location.py:146}}
Jul 19 15:28:30.067762 np0000005438 devstack@g-api.service[102973]: DEBUG glance_store.location [None req-c74c5d2d-fe25-47eb-8604-1033db8271e8 tempest-VolumesActionsTest-1005324998 tempest-VolumesActionsTest-1005324998-project-member] Registering scheme swift+https with {'store': , 'location_class': , 'store_entry': 'swift'} {{(pid=102973) register_scheme_map /opt/stack/data/venv/lib/python3.12/site-packages/glance_store/location.py:146}}
Jul 19 15:28:30.067888 np0000005438 devstack@g-api.service[102973]: DEBUG glance_store.location [None req-c74c5d2d-fe25-47eb-8604-1033db8271e8 tempest-VolumesActionsTest-1005324998 tempest-VolumesActionsTest-1005324998-project-member] Registering scheme swift with {'store': , 'location_class': , 'store_entry': 'swift'} {{(pid=102973) register_scheme_map /opt/stack/data/venv/lib/python3.12/site-packages/glance_store/location.py:146}}
Jul 19 15:28:30.067994 np0000005438 devstack@g-api.service[102973]: DEBUG glance_store.location [None req-c74c5d2d-fe25-47eb-8604-1033db8271e8 tempest-VolumesActionsTest-1005324998 tempest-VolumesActionsTest-1005324998-project-member] Registering scheme swift+http with {'store': , 'location_class': , 'store_entry': 'swift'} {{(pid=102973) register_scheme_map /opt/stack/data/venv/lib/python3.12/site-packages/glance_store/location.py:146}}
Jul 19 15:28:30.068116 np0000005438 devstack@g-api.service[102973]: DEBUG glance_store.location [None req-c74c5d2d-fe25-47eb-8604-1033db8271e8 tempest-VolumesActionsTest-1005324998 tempest-VolumesActionsTest-1005324998-project-member] Registering scheme swift+https with {'store': , 'location_class': , 'store_entry': 'swift'} {{(pid=102973) register_scheme_map /opt/stack/data/venv/lib/python3.12/site-packages/glance_store/location.py:146}}
Jul 19 15:28:30.068227 np0000005438 devstack@g-api.service[102973]: DEBUG glance_store.location [None req-c74c5d2d-fe25-47eb-8604-1033db8271e8 tempest-VolumesActionsTest-1005324998 tempest-VolumesActionsTest-1005324998-project-member] Registering scheme swift with {'store': , 'location_class': , 'store_entry': 'swift'} {{(pid=102973) register_scheme_map /opt/stack/data/venv/lib/python3.12/site-packages/glance_store/location.py:146}}
Jul 19 15:28:30.068335 np0000005438 devstack@g-api.service[102973]: DEBUG glance_store.location [None req-c74c5d2d-fe25-47eb-8604-1033db8271e8 tempest-VolumesActionsTest-1005324998 tempest-VolumesActionsTest-1005324998-project-member] Registering scheme swift+http with {'store': , 'location_class': , 'store_entry': 'swift'} {{(pid=102973) register_scheme_map /opt/stack/data/venv/lib/python3.12/site-packages/glance_store/location.py:146}}
Jul 19 15:28:30.068443 np0000005438 devstack@g-api.service[102973]: DEBUG glance_store.location [None req-c74c5d2d-fe25-47eb-8604-1033db8271e8 tempest-VolumesActionsTest-1005324998 tempest-VolumesActionsTest-1005324998-project-member] Registering scheme swift+config with {'store': , 'location_class': , 'store_entry': 'swift'} {{(pid=102973) register_scheme_map /opt/stack/data/venv/lib/python3.12/site-packages/glance_store/location.py:146}}
Jul 19 15:28:30.240105 np0000005438 devstack@g-api.service[102973]: DEBUG swiftclient [None req-c74c5d2d-fe25-47eb-8604-1033db8271e8 tempest-VolumesActionsTest-1005324998 tempest-VolumesActionsTest-1005324998-project-member] REQ: curl -i https://10.4.3.125:8080/v1/AUTH_8ff580b812ee41b0b481ec50fdf91c93/glance -I -H "X-Auth-Token: gAAAAABqXO0ecdem..." {{(pid=102973) http_log /opt/stack/data/venv/lib/python3.12/site-packages/swiftclient/client.py:160}}
Jul 19 15:28:30.240253 np0000005438 devstack@g-api.service[102973]: DEBUG swiftclient [None req-c74c5d2d-fe25-47eb-8604-1033db8271e8 tempest-VolumesActionsTest-1005324998 tempest-VolumesActionsTest-1005324998-project-member] RESP STATUS: 204 No Content {{(pid=102973) http_log /opt/stack/data/venv/lib/python3.12/site-packages/swiftclient/client.py:161}}
Jul 19 15:28:30.240477 np0000005438 devstack@g-api.service[102973]: DEBUG swiftclient [None req-c74c5d2d-fe25-47eb-8604-1033db8271e8 tempest-VolumesActionsTest-1005324998 tempest-VolumesActionsTest-1005324998-project-member] RESP HEADERS: {'Date': 'Sun, 19 Jul 2026 15:28:30 GMT', 'Server': 'Apache/2.4.58 (Ubuntu)', 'Content-Type': 'text/plain; charset=utf-8', 'X-Container-Object-Count': '3', 'X-Container-Bytes-Used': '64356352', 'X-Timestamp': '1784474450.15851', 'Last-Modified': 'Sun, 19 Jul 2026 15:20:51 GMT', 'Accept-Ranges': 'bytes', 'X-Storage-Policy': 'Policy-0', 'X-Container-Sharding': 'False', 'Vary': 'Accept', 'X-Trans-Id': 'txc09c96b19924410f8b4a0-006a5ced1e', 'X-Openstack-Request-Id': 'txc09c96b19924410f8b4a0-006a5ced1e', 'Connection': 'close'} {{(pid=102973) http_log /opt/stack/data/venv/lib/python3.12/site-packages/swiftclient/client.py:162}}
Jul 19 15:28:30.240972 np0000005438 devstack@g-api.service[102973]: DEBUG glance_store._drivers.swift.store [None req-c74c5d2d-fe25-47eb-8604-1033db8271e8 tempest-VolumesActionsTest-1005324998 tempest-VolumesActionsTest-1005324998-project-member] Adding image object '728be776-6305-4154-b12f-bf2ea5b3c2ed' to Swift {{(pid=102973) add /opt/stack/data/venv/lib/python3.12/site-packages/glance_store/_drivers/swift/store.py:970}}
Jul 19 15:28:30.240972 np0000005438 devstack@g-api.service[102973]: DEBUG glance_store._drivers.swift.store [None req-c74c5d2d-fe25-47eb-8604-1033db8271e8 tempest-VolumesActionsTest-1005324998 tempest-VolumesActionsTest-1005324998-project-member] Cannot determine image size because it is either not provided in the request or chunked-transfer encoding is used. Adding image as a segmented object to Swift. {{(pid=102973) add /opt/stack/data/venv/lib/python3.12/site-packages/glance_store/_drivers/swift/store.py:994}}
Jul 19 15:28:30.246885 np0000005438 devstack@g-api.service[102973]: DEBUG oslo_utils.imageutils.format_inspector [None req-c74c5d2d-fe25-47eb-8604-1033db8271e8 tempest-VolumesActionsTest-1005324998 tempest-VolumesActionsTest-1005324998-project-member] Format inspector for vmdk does not match, excluding from consideration (Signature KDMV not found: b'\x00\x00\x00\x00') {{(pid=102973) _process_chunk /opt/stack/data/venv/lib/python3.12/site-packages/oslo_utils/imageutils/format_inspector.py:1758}}
Jul 19 15:28:30.249723 np0000005438 devstack@g-api.service[102973]: DEBUG oslo_utils.imageutils.format_inspector [None req-c74c5d2d-fe25-47eb-8604-1033db8271e8 tempest-VolumesActionsTest-1005324998 tempest-VolumesActionsTest-1005324998-project-member] Format inspector for vhdx does not match, excluding from consideration (Region signature not found at 30000) {{(pid=102973) _process_chunk /opt/stack/data/venv/lib/python3.12/site-packages/oslo_utils/imageutils/format_inspector.py:1758}}
Jul 19 15:28:30.747926 np0000005438 devstack@g-api.service[102970]: DEBUG glance.api.middleware.version_negotiation [None req-dea3b921-1d82-4eca-8b69-a404b08b442c tempest-VolumesActionsTest-1005324998 tempest-VolumesActionsTest-1005324998-project-member] Determining version of request: GET /v2/images/728be776-6305-4154-b12f-bf2ea5b3c2ed Accept: application/json {{(pid=102970) process_request /opt/stack/glance/glance/api/middleware/version_negotiation.py:44}}
Jul 19 15:28:30.748231 np0000005438 devstack@g-api.service[102970]: DEBUG glance.api.middleware.version_negotiation [None req-dea3b921-1d82-4eca-8b69-a404b08b442c tempest-VolumesActionsTest-1005324998 tempest-VolumesActionsTest-1005324998-project-member] Using url versioning {{(pid=102970) process_request /opt/stack/glance/glance/api/middleware/version_negotiation.py:57}}
Jul 19 15:28:30.748296 np0000005438 devstack@g-api.service[102970]: DEBUG glance.api.middleware.version_negotiation [None req-dea3b921-1d82-4eca-8b69-a404b08b442c tempest-VolumesActionsTest-1005324998 tempest-VolumesActionsTest-1005324998-project-member] Matched version: v2 {{(pid=102970) process_request /opt/stack/glance/glance/api/middleware/version_negotiation.py:69}}
Jul 19 15:28:30.748432 np0000005438 devstack@g-api.service[102970]: DEBUG glance.api.middleware.version_negotiation [None req-dea3b921-1d82-4eca-8b69-a404b08b442c tempest-VolumesActionsTest-1005324998 tempest-VolumesActionsTest-1005324998-project-member] new path /v2/images/728be776-6305-4154-b12f-bf2ea5b3c2ed {{(pid=102970) process_request /opt/stack/glance/glance/api/middleware/version_negotiation.py:70}}
Jul 19 15:28:30.765639 np0000005438 devstack@g-api.service[102970]: [pid: 102970|app: 0|req: 101/390] 127.0.0.1 () {40 vars in 838 bytes} [Sun Jul 19 15:28:30 2026] GET /v2/images/728be776-6305-4154-b12f-bf2ea5b3c2ed => generated 648 bytes in 18 msecs (HTTP/1.1 200) 4 headers in 157 bytes (1 switches on core 0)
Jul 19 15:28:31.776488 np0000005438 devstack@g-api.service[102971]: DEBUG glance.api.middleware.version_negotiation [None req-f2378ed2-36bf-4914-9226-d181d0718aba tempest-VolumesActionsTest-1005324998 tempest-VolumesActionsTest-1005324998-project-member] Determining version of request: GET /v2/images/728be776-6305-4154-b12f-bf2ea5b3c2ed Accept: application/json {{(pid=102971) process_request /opt/stack/glance/glance/api/middleware/version_negotiation.py:44}}
Jul 19 15:28:31.777021 np0000005438 devstack@g-api.service[102971]: DEBUG glance.api.middleware.version_negotiation [None req-f2378ed2-36bf-4914-9226-d181d0718aba tempest-VolumesActionsTest-1005324998 tempest-VolumesActionsTest-1005324998-project-member] Using url versioning {{(pid=102971) process_request /opt/stack/glance/glance/api/middleware/version_negotiation.py:57}}
Jul 19 15:28:31.777021 np0000005438 devstack@g-api.service[102971]: DEBUG glance.api.middleware.version_negotiation [None req-f2378ed2-36bf-4914-9226-d181d0718aba tempest-VolumesActionsTest-1005324998 tempest-VolumesActionsTest-1005324998-project-member] Matched version: v2 {{(pid=102971) process_request /opt/stack/glance/glance/api/middleware/version_negotiation.py:69}}
Jul 19 15:28:31.777229 np0000005438 devstack@g-api.service[102971]: DEBUG glance.api.middleware.version_negotiation [None req-f2378ed2-36bf-4914-9226-d181d0718aba tempest-VolumesActionsTest-1005324998 tempest-VolumesActionsTest-1005324998-project-member] new path /v2/images/728be776-6305-4154-b12f-bf2ea5b3c2ed {{(pid=102971) process_request /opt/stack/glance/glance/api/middleware/version_negotiation.py:70}}
Jul 19 15:28:31.791919 np0000005438 devstack@g-api.service[102971]: [pid: 102971|app: 0|req: 95/391] 127.0.0.1 () {40 vars in 838 bytes} [Sun Jul 19 15:28:31 2026] GET /v2/images/728be776-6305-4154-b12f-bf2ea5b3c2ed => generated 648 bytes in 16 msecs (HTTP/1.1 200) 4 headers in 157 bytes (1 switches on core 0)
Jul 19 15:28:32.496923 np0000005438 devstack@g-api.service[102972]: DEBUG glance.api.middleware.version_negotiation [None req-b9d60e6b-6e05-4afe-afb4-16975dc9b2dc tempest-VolumesActionsTest-1005324998 tempest-VolumesActionsTest-1005324998-project-member] Determining version of request: GET /v2/images/f0c3957b-6e4b-4100-9684-2bab8cc062ad Accept: */* {{(pid=102972) process_request /opt/stack/glance/glance/api/middleware/version_negotiation.py:44}}
Jul 19 15:28:32.499888 np0000005438 devstack@g-api.service[102972]: DEBUG glance.api.middleware.version_negotiation [None req-b9d60e6b-6e05-4afe-afb4-16975dc9b2dc tempest-VolumesActionsTest-1005324998 tempest-VolumesActionsTest-1005324998-project-member] Using url versioning {{(pid=102972) process_request /opt/stack/glance/glance/api/middleware/version_negotiation.py:57}}
Jul 19 15:28:32.499888 np0000005438 devstack@g-api.service[102972]: DEBUG glance.api.middleware.version_negotiation [None req-b9d60e6b-6e05-4afe-afb4-16975dc9b2dc tempest-VolumesActionsTest-1005324998 tempest-VolumesActionsTest-1005324998-project-member] Matched version: v2 {{(pid=102972) process_request /opt/stack/glance/glance/api/middleware/version_negotiation.py:69}}
Jul 19 15:28:32.499888 np0000005438 devstack@g-api.service[102972]: DEBUG glance.api.middleware.version_negotiation [None req-b9d60e6b-6e05-4afe-afb4-16975dc9b2dc tempest-VolumesActionsTest-1005324998 tempest-VolumesActionsTest-1005324998-project-member] new path /v2/images/f0c3957b-6e4b-4100-9684-2bab8cc062ad {{(pid=102972) process_request /opt/stack/glance/glance/api/middleware/version_negotiation.py:70}}
Jul 19 15:28:32.527974 np0000005438 devstack@g-api.service[102972]: [pid: 102972|app: 0|req: 98/392] 127.0.0.1 () {44 vars in 1115 bytes} [Sun Jul 19 15:28:32 2026] GET /v2/images/f0c3957b-6e4b-4100-9684-2bab8cc062ad => generated 1044 bytes in 31 msecs (HTTP/1.1 200) 4 headers in 158 bytes (1 switches on core 0)
Jul 19 15:28:32.576339 np0000005438 devstack@g-api.service[102970]: DEBUG glance.api.middleware.version_negotiation [None req-5102273d-5016-42e1-be43-519f66bb1583 tempest-VolumesActionsTest-1005324998 tempest-VolumesActionsTest-1005324998-project-member] Determining version of request: GET /v2/schemas/image Accept: */* {{(pid=102970) process_request /opt/stack/glance/glance/api/middleware/version_negotiation.py:44}}
Jul 19 15:28:32.576339 np0000005438 devstack@g-api.service[102970]: DEBUG glance.api.middleware.version_negotiation [None req-5102273d-5016-42e1-be43-519f66bb1583 tempest-VolumesActionsTest-1005324998 tempest-VolumesActionsTest-1005324998-project-member] Using url versioning {{(pid=102970) process_request /opt/stack/glance/glance/api/middleware/version_negotiation.py:57}}
Jul 19 15:28:32.576339 np0000005438 devstack@g-api.service[102970]: DEBUG glance.api.middleware.version_negotiation [None req-5102273d-5016-42e1-be43-519f66bb1583 tempest-VolumesActionsTest-1005324998 tempest-VolumesActionsTest-1005324998-project-member] Matched version: v2 {{(pid=102970) process_request /opt/stack/glance/glance/api/middleware/version_negotiation.py:69}}
Jul 19 15:28:32.576339 np0000005438 devstack@g-api.service[102970]: DEBUG glance.api.middleware.version_negotiation [None req-5102273d-5016-42e1-be43-519f66bb1583 tempest-VolumesActionsTest-1005324998 tempest-VolumesActionsTest-1005324998-project-member] new path /v2/schemas/image {{(pid=102970) process_request /opt/stack/glance/glance/api/middleware/version_negotiation.py:70}}
Jul 19 15:28:32.578176 np0000005438 devstack@g-api.service[102970]: [pid: 102970|app: 0|req: 102/393] 127.0.0.1 () {44 vars in 1055 bytes} [Sun Jul 19 15:28:32 2026] GET /v2/schemas/image => generated 6083 bytes in 3 msecs (HTTP/1.1 200) 4 headers in 158 bytes (1 switches on core 0)
Jul 19 15:28:32.802519 np0000005438 devstack@g-api.service[102971]: DEBUG glance.api.middleware.version_negotiation [None req-635f3f90-0f92-43ab-9461-c8d62d34c557 tempest-VolumesActionsTest-1005324998 tempest-VolumesActionsTest-1005324998-project-member] Determining version of request: GET /v2/images/728be776-6305-4154-b12f-bf2ea5b3c2ed Accept: application/json {{(pid=102971) process_request /opt/stack/glance/glance/api/middleware/version_negotiation.py:44}}
Jul 19 15:28:32.802933 np0000005438 devstack@g-api.service[102971]: DEBUG glance.api.middleware.version_negotiation [None req-635f3f90-0f92-43ab-9461-c8d62d34c557 tempest-VolumesActionsTest-1005324998 tempest-VolumesActionsTest-1005324998-project-member] Using url versioning {{(pid=102971) process_request /opt/stack/glance/glance/api/middleware/version_negotiation.py:57}}
Jul 19 15:28:32.802933 np0000005438 devstack@g-api.service[102971]: DEBUG glance.api.middleware.version_negotiation [None req-635f3f90-0f92-43ab-9461-c8d62d34c557 tempest-VolumesActionsTest-1005324998 tempest-VolumesActionsTest-1005324998-project-member] Matched version: v2 {{(pid=102971) process_request /opt/stack/glance/glance/api/middleware/version_negotiation.py:69}}
Jul 19 15:28:32.803034 np0000005438 devstack@g-api.service[102971]: DEBUG glance.api.middleware.version_negotiation [None req-635f3f90-0f92-43ab-9461-c8d62d34c557 tempest-VolumesActionsTest-1005324998 tempest-VolumesActionsTest-1005324998-project-member] new path /v2/images/728be776-6305-4154-b12f-bf2ea5b3c2ed {{(pid=102971) process_request /opt/stack/glance/glance/api/middleware/version_negotiation.py:70}}
Jul 19 15:28:32.811584 np0000005438 devstack@g-api.service[102971]: [pid: 102971|app: 0|req: 96/394] 127.0.0.1 () {40 vars in 838 bytes} [Sun Jul 19 15:28:32 2026] GET /v2/images/728be776-6305-4154-b12f-bf2ea5b3c2ed => generated 648 bytes in 9 msecs (HTTP/1.1 200) 4 headers in 157 bytes (1 switches on core 0)
Jul 19 15:28:32.816365 np0000005438 devstack@g-api.service[102973]: DEBUG swiftclient [None req-c74c5d2d-fe25-47eb-8604-1033db8271e8 tempest-VolumesActionsTest-1005324998 tempest-VolumesActionsTest-1005324998-project-member] REQ: curl -i https://10.4.3.125:8080/v1/AUTH_8ff580b812ee41b0b481ec50fdf91c93/glance/728be776-6305-4154-b12f-bf2ea5b3c2ed-00001 -X PUT -H "X-Auth-Token: gAAAAABqXO0ecdem..." {{(pid=102973) http_log /opt/stack/data/venv/lib/python3.12/site-packages/swiftclient/client.py:160}}
Jul 19 15:28:32.816665 np0000005438 devstack@g-api.service[102973]: DEBUG swiftclient [None req-c74c5d2d-fe25-47eb-8604-1033db8271e8 tempest-VolumesActionsTest-1005324998 tempest-VolumesActionsTest-1005324998-project-member] RESP STATUS: 201 Created {{(pid=102973) http_log /opt/stack/data/venv/lib/python3.12/site-packages/swiftclient/client.py:161}}
Jul 19 15:28:32.816665 np0000005438 devstack@g-api.service[102973]: DEBUG swiftclient [None req-c74c5d2d-fe25-47eb-8604-1033db8271e8 tempest-VolumesActionsTest-1005324998 tempest-VolumesActionsTest-1005324998-project-member] RESP HEADERS: {'Date': 'Sun, 19 Jul 2026 15:28:32 GMT', 'Server': 'Apache/2.4.58 (Ubuntu)', 'Content-Type': 'text/html; charset=UTF-8', 'Content-Length': '0', 'Etag': 'eda9a9889837ac4bc81d6387d92c1bec', 'Last-Modified': 'Sun, 19 Jul 2026 15:28:31 GMT', 'X-Trans-Id': 'txc118c5b13a2e433b9f91c-006a5ced1e', 'X-Openstack-Request-Id': 'txc118c5b13a2e433b9f91c-006a5ced1e', 'Connection': 'close'} {{(pid=102973) http_log /opt/stack/data/venv/lib/python3.12/site-packages/swiftclient/client.py:162}}
Jul 19 15:28:32.816845 np0000005438 devstack@g-api.service[102973]: DEBUG glance_store._drivers.swift.store [None req-c74c5d2d-fe25-47eb-8604-1033db8271e8 tempest-VolumesActionsTest-1005324998 tempest-VolumesActionsTest-1005324998-project-member] Wrote chunk 728be776-6305-4154-b12f-bf2ea5b3c2ed-00001 (1/?) of length 204800000 to Swift returning MD5 of content: eda9a9889837ac4bc81d6387d92c1bec {{(pid=102973) add /opt/stack/data/venv/lib/python3.12/site-packages/glance_store/_drivers/swift/store.py:1059}}
Jul 19 15:28:33.821667 np0000005438 devstack@g-api.service[102972]: DEBUG glance.api.middleware.version_negotiation [None req-a5576954-09b9-4740-bd21-482e49691163 tempest-ServerRescueNegativeTestJSON-1183899006 tempest-ServerRescueNegativeTestJSON-1183899006-project-member] Determining version of request: GET /v2/images/728be776-6305-4154-b12f-bf2ea5b3c2ed Accept: application/json {{(pid=102972) process_request /opt/stack/glance/glance/api/middleware/version_negotiation.py:44}}
Jul 19 15:28:33.822028 np0000005438 devstack@g-api.service[102972]: DEBUG glance.api.middleware.version_negotiation [None req-a5576954-09b9-4740-bd21-482e49691163 tempest-ServerRescueNegativeTestJSON-1183899006 tempest-ServerRescueNegativeTestJSON-1183899006-project-member] Using url versioning {{(pid=102972) process_request /opt/stack/glance/glance/api/middleware/version_negotiation.py:57}}
Jul 19 15:28:33.822028 np0000005438 devstack@g-api.service[102972]: DEBUG glance.api.middleware.version_negotiation [None req-a5576954-09b9-4740-bd21-482e49691163 tempest-ServerRescueNegativeTestJSON-1183899006 tempest-ServerRescueNegativeTestJSON-1183899006-project-member] Matched version: v2 {{(pid=102972) process_request /opt/stack/glance/glance/api/middleware/version_negotiation.py:69}}
Jul 19 15:28:33.822363 np0000005438 devstack@g-api.service[102972]: DEBUG glance.api.middleware.version_negotiation [None req-a5576954-09b9-4740-bd21-482e49691163 tempest-ServerRescueNegativeTestJSON-1183899006 tempest-ServerRescueNegativeTestJSON-1183899006-project-member] new path /v2/images/728be776-6305-4154-b12f-bf2ea5b3c2ed {{(pid=102972) process_request /opt/stack/glance/glance/api/middleware/version_negotiation.py:70}}
Jul 19 15:28:33.842222 np0000005438 devstack@g-api.service[102972]: [pid: 102972|app: 0|req: 99/395] 127.0.0.1 () {40 vars in 838 bytes} [Sun Jul 19 15:28:33 2026] GET /v2/images/728be776-6305-4154-b12f-bf2ea5b3c2ed => generated 648 bytes in 21 msecs (HTTP/1.1 200) 4 headers in 157 bytes (1 switches on core 0)
Jul 19 15:28:34.855212 np0000005438 devstack@g-api.service[102970]: DEBUG glance.api.middleware.version_negotiation [None req-a5576954-09b9-4740-bd21-482e49691163 tempest-ServerRescueNegativeTestJSON-1183899006 tempest-ServerRescueNegativeTestJSON-1183899006-project-member] Determining version of request: GET /v2/images/728be776-6305-4154-b12f-bf2ea5b3c2ed Accept: application/json {{(pid=102970) process_request /opt/stack/glance/glance/api/middleware/version_negotiation.py:44}}
Jul 19 15:28:34.855594 np0000005438 devstack@g-api.service[102970]: DEBUG glance.api.middleware.version_negotiation [None req-a5576954-09b9-4740-bd21-482e49691163 tempest-ServerRescueNegativeTestJSON-1183899006 tempest-ServerRescueNegativeTestJSON-1183899006-project-member] Using url versioning {{(pid=102970) process_request /opt/stack/glance/glance/api/middleware/version_negotiation.py:57}}
Jul 19 15:28:34.855594 np0000005438 devstack@g-api.service[102970]: DEBUG glance.api.middleware.version_negotiation [None req-a5576954-09b9-4740-bd21-482e49691163 tempest-ServerRescueNegativeTestJSON-1183899006 tempest-ServerRescueNegativeTestJSON-1183899006-project-member] Matched version: v2 {{(pid=102970) process_request /opt/stack/glance/glance/api/middleware/version_negotiation.py:69}}
Jul 19 15:28:34.855594 np0000005438 devstack@g-api.service[102970]: DEBUG glance.api.middleware.version_negotiation [None req-a5576954-09b9-4740-bd21-482e49691163 tempest-ServerRescueNegativeTestJSON-1183899006 tempest-ServerRescueNegativeTestJSON-1183899006-project-member] new path /v2/images/728be776-6305-4154-b12f-bf2ea5b3c2ed {{(pid=102970) process_request /opt/stack/glance/glance/api/middleware/version_negotiation.py:70}}
Jul 19 15:28:34.866298 np0000005438 devstack@g-api.service[102970]: [pid: 102970|app: 0|req: 103/396] 127.0.0.1 () {40 vars in 838 bytes} [Sun Jul 19 15:28:34 2026] GET /v2/images/728be776-6305-4154-b12f-bf2ea5b3c2ed => generated 648 bytes in 11 msecs (HTTP/1.1 200) 4 headers in 157 bytes (1 switches on core 0)
Jul 19 15:28:34.936760 np0000005438 devstack@g-api.service[102973]: DEBUG swiftclient [None req-c74c5d2d-fe25-47eb-8604-1033db8271e8 tempest-VolumesActionsTest-1005324998 tempest-VolumesActionsTest-1005324998-project-member] REQ: curl -i https://10.4.3.125:8080/v1/AUTH_8ff580b812ee41b0b481ec50fdf91c93/glance/728be776-6305-4154-b12f-bf2ea5b3c2ed-00002 -X PUT -H "X-Auth-Token: gAAAAABqXO0ecdem..." {{(pid=102973) http_log /opt/stack/data/venv/lib/python3.12/site-packages/swiftclient/client.py:160}}
Jul 19 15:28:34.936997 np0000005438 devstack@g-api.service[102973]: DEBUG swiftclient [None req-c74c5d2d-fe25-47eb-8604-1033db8271e8 tempest-VolumesActionsTest-1005324998 tempest-VolumesActionsTest-1005324998-project-member] RESP STATUS: 201 Created {{(pid=102973) http_log /opt/stack/data/venv/lib/python3.12/site-packages/swiftclient/client.py:161}}
Jul 19 15:28:34.936997 np0000005438 devstack@g-api.service[102973]: DEBUG swiftclient [None req-c74c5d2d-fe25-47eb-8604-1033db8271e8 tempest-VolumesActionsTest-1005324998 tempest-VolumesActionsTest-1005324998-project-member] RESP HEADERS: {'Date': 'Sun, 19 Jul 2026 15:28:34 GMT', 'Server': 'Apache/2.4.58 (Ubuntu)', 'Content-Type': 'text/html; charset=UTF-8', 'Content-Length': '0', 'Etag': 'eda9a9889837ac4bc81d6387d92c1bec', 'Last-Modified': 'Sun, 19 Jul 2026 15:28:33 GMT', 'X-Trans-Id': 'tx7d97fb030f414fe7a009d-006a5ced20', 'X-Openstack-Request-Id': 'tx7d97fb030f414fe7a009d-006a5ced20', 'Connection': 'close'} {{(pid=102973) http_log /opt/stack/data/venv/lib/python3.12/site-packages/swiftclient/client.py:162}}
Jul 19 15:28:34.937087 np0000005438 devstack@g-api.service[102973]: DEBUG glance_store._drivers.swift.store [None req-c74c5d2d-fe25-47eb-8604-1033db8271e8 tempest-VolumesActionsTest-1005324998 tempest-VolumesActionsTest-1005324998-project-member] Wrote chunk 728be776-6305-4154-b12f-bf2ea5b3c2ed-00002 (2/?) of length 204800000 to Swift returning MD5 of content: eda9a9889837ac4bc81d6387d92c1bec {{(pid=102973) add /opt/stack/data/venv/lib/python3.12/site-packages/glance_store/_drivers/swift/store.py:1059}}
Jul 19 15:28:35.886809 np0000005438 devstack@g-api.service[102971]: DEBUG glance.api.middleware.version_negotiation [None req-5be8606f-4f44-4c5f-ab98-a8acd63b5625 tempest-VolumesActionsTest-1005324998 tempest-VolumesActionsTest-1005324998-project-member] Determining version of request: GET /v2/images/728be776-6305-4154-b12f-bf2ea5b3c2ed Accept: application/json {{(pid=102971) process_request /opt/stack/glance/glance/api/middleware/version_negotiation.py:44}}
Jul 19 15:28:35.886809 np0000005438 devstack@g-api.service[102971]: DEBUG glance.api.middleware.version_negotiation [None req-5be8606f-4f44-4c5f-ab98-a8acd63b5625 tempest-VolumesActionsTest-1005324998 tempest-VolumesActionsTest-1005324998-project-member] Using url versioning {{(pid=102971) process_request /opt/stack/glance/glance/api/middleware/version_negotiation.py:57}}
Jul 19 15:28:35.887417 np0000005438 devstack@g-api.service[102971]: DEBUG glance.api.middleware.version_negotiation [None req-5be8606f-4f44-4c5f-ab98-a8acd63b5625 tempest-VolumesActionsTest-1005324998 tempest-VolumesActionsTest-1005324998-project-member] Matched version: v2 {{(pid=102971) process_request /opt/stack/glance/glance/api/middleware/version_negotiation.py:69}}
Jul 19 15:28:35.887417 np0000005438 devstack@g-api.service[102971]: DEBUG glance.api.middleware.version_negotiation [None req-5be8606f-4f44-4c5f-ab98-a8acd63b5625 tempest-VolumesActionsTest-1005324998 tempest-VolumesActionsTest-1005324998-project-member] new path /v2/images/728be776-6305-4154-b12f-bf2ea5b3c2ed {{(pid=102971) process_request /opt/stack/glance/glance/api/middleware/version_negotiation.py:70}}
Jul 19 15:28:35.905766 np0000005438 devstack@g-api.service[102971]: [pid: 102971|app: 0|req: 97/397] 127.0.0.1 () {40 vars in 838 bytes} [Sun Jul 19 15:28:35 2026] GET /v2/images/728be776-6305-4154-b12f-bf2ea5b3c2ed => generated 648 bytes in 22 msecs (HTTP/1.1 200) 4 headers in 157 bytes (1 switches on core 0)
Jul 19 15:28:36.918566 np0000005438 devstack@g-api.service[102972]: DEBUG glance.api.middleware.version_negotiation [None req-77ae6e3f-f1f7-4995-8e0f-c54d77a019db tempest-VolumesActionsTest-1005324998 tempest-VolumesActionsTest-1005324998-project-member] Determining version of request: GET /v2/images/728be776-6305-4154-b12f-bf2ea5b3c2ed Accept: application/json {{(pid=102972) process_request /opt/stack/glance/glance/api/middleware/version_negotiation.py:44}}
Jul 19 15:28:36.919040 np0000005438 devstack@g-api.service[102972]: DEBUG glance.api.middleware.version_negotiation [None req-77ae6e3f-f1f7-4995-8e0f-c54d77a019db tempest-VolumesActionsTest-1005324998 tempest-VolumesActionsTest-1005324998-project-member] Using url versioning {{(pid=102972) process_request /opt/stack/glance/glance/api/middleware/version_negotiation.py:57}}
Jul 19 15:28:36.919040 np0000005438 devstack@g-api.service[102972]: DEBUG glance.api.middleware.version_negotiation [None req-77ae6e3f-f1f7-4995-8e0f-c54d77a019db tempest-VolumesActionsTest-1005324998 tempest-VolumesActionsTest-1005324998-project-member] Matched version: v2 {{(pid=102972) process_request /opt/stack/glance/glance/api/middleware/version_negotiation.py:69}}
Jul 19 15:28:36.919231 np0000005438 devstack@g-api.service[102972]: DEBUG glance.api.middleware.version_negotiation [None req-77ae6e3f-f1f7-4995-8e0f-c54d77a019db tempest-VolumesActionsTest-1005324998 tempest-VolumesActionsTest-1005324998-project-member] new path /v2/images/728be776-6305-4154-b12f-bf2ea5b3c2ed {{(pid=102972) process_request /opt/stack/glance/glance/api/middleware/version_negotiation.py:70}}
Jul 19 15:28:36.937672 np0000005438 devstack@g-api.service[102972]: [pid: 102972|app: 0|req: 100/398] 127.0.0.1 () {40 vars in 838 bytes} [Sun Jul 19 15:28:36 2026] GET /v2/images/728be776-6305-4154-b12f-bf2ea5b3c2ed => generated 648 bytes in 18 msecs (HTTP/1.1 200) 4 headers in 157 bytes (1 switches on core 0)
Jul 19 15:28:37.311385 np0000005438 devstack@g-api.service[102973]: DEBUG swiftclient [None req-c74c5d2d-fe25-47eb-8604-1033db8271e8 tempest-VolumesActionsTest-1005324998 tempest-VolumesActionsTest-1005324998-project-member] REQ: curl -i https://10.4.3.125:8080/v1/AUTH_8ff580b812ee41b0b481ec50fdf91c93/glance/728be776-6305-4154-b12f-bf2ea5b3c2ed-00003 -X PUT -H "X-Auth-Token: gAAAAABqXO0ecdem..." {{(pid=102973) http_log /opt/stack/data/venv/lib/python3.12/site-packages/swiftclient/client.py:160}}
Jul 19 15:28:37.311977 np0000005438 devstack@g-api.service[102973]: DEBUG swiftclient [None req-c74c5d2d-fe25-47eb-8604-1033db8271e8 tempest-VolumesActionsTest-1005324998 tempest-VolumesActionsTest-1005324998-project-member] RESP STATUS: 201 Created {{(pid=102973) http_log /opt/stack/data/venv/lib/python3.12/site-packages/swiftclient/client.py:161}}
Jul 19 15:28:37.311977 np0000005438 devstack@g-api.service[102973]: DEBUG swiftclient [None req-c74c5d2d-fe25-47eb-8604-1033db8271e8 tempest-VolumesActionsTest-1005324998 tempest-VolumesActionsTest-1005324998-project-member] RESP HEADERS: {'Date': 'Sun, 19 Jul 2026 15:28:37 GMT', 'Server': 'Apache/2.4.58 (Ubuntu)', 'Content-Type': 'text/html; charset=UTF-8', 'Content-Length': '0', 'Etag': 'eda9a9889837ac4bc81d6387d92c1bec', 'Last-Modified': 'Sun, 19 Jul 2026 15:28:35 GMT', 'X-Trans-Id': 'txac03db772c0e4c63a3fd7-006a5ced22', 'X-Openstack-Request-Id': 'txac03db772c0e4c63a3fd7-006a5ced22', 'Connection': 'close'} {{(pid=102973) http_log /opt/stack/data/venv/lib/python3.12/site-packages/swiftclient/client.py:162}}
Jul 19 15:28:37.311977 np0000005438 devstack@g-api.service[102973]: DEBUG glance_store._drivers.swift.store [None req-c74c5d2d-fe25-47eb-8604-1033db8271e8 tempest-VolumesActionsTest-1005324998 tempest-VolumesActionsTest-1005324998-project-member] Wrote chunk 728be776-6305-4154-b12f-bf2ea5b3c2ed-00003 (3/?) of length 204800000 to Swift returning MD5 of content: eda9a9889837ac4bc81d6387d92c1bec {{(pid=102973) add /opt/stack/data/venv/lib/python3.12/site-packages/glance_store/_drivers/swift/store.py:1059}}
Jul 19 15:28:37.949604 np0000005438 devstack@g-api.service[102970]: DEBUG glance.api.middleware.version_negotiation [None req-60aa53c7-9ea8-4e45-af16-b2cec36674bf tempest-VolumesActionsTest-1005324998 tempest-VolumesActionsTest-1005324998-project-member] Determining version of request: GET /v2/images/728be776-6305-4154-b12f-bf2ea5b3c2ed Accept: application/json {{(pid=102970) process_request /opt/stack/glance/glance/api/middleware/version_negotiation.py:44}}
Jul 19 15:28:37.949604 np0000005438 devstack@g-api.service[102970]: DEBUG glance.api.middleware.version_negotiation [None req-60aa53c7-9ea8-4e45-af16-b2cec36674bf tempest-VolumesActionsTest-1005324998 tempest-VolumesActionsTest-1005324998-project-member] Using url versioning {{(pid=102970) process_request /opt/stack/glance/glance/api/middleware/version_negotiation.py:57}}
Jul 19 15:28:37.950730 np0000005438 devstack@g-api.service[102970]: DEBUG glance.api.middleware.version_negotiation [None req-60aa53c7-9ea8-4e45-af16-b2cec36674bf tempest-VolumesActionsTest-1005324998 tempest-VolumesActionsTest-1005324998-project-member] Matched version: v2 {{(pid=102970) process_request /opt/stack/glance/glance/api/middleware/version_negotiation.py:69}}
Jul 19 15:28:37.950730 np0000005438 devstack@g-api.service[102970]: DEBUG glance.api.middleware.version_negotiation [None req-60aa53c7-9ea8-4e45-af16-b2cec36674bf tempest-VolumesActionsTest-1005324998 tempest-VolumesActionsTest-1005324998-project-member] new path /v2/images/728be776-6305-4154-b12f-bf2ea5b3c2ed {{(pid=102970) process_request /opt/stack/glance/glance/api/middleware/version_negotiation.py:70}}
Jul 19 15:28:37.966176 np0000005438 devstack@g-api.service[102970]: [pid: 102970|app: 0|req: 104/399] 127.0.0.1 () {40 vars in 838 bytes} [Sun Jul 19 15:28:37 2026] GET /v2/images/728be776-6305-4154-b12f-bf2ea5b3c2ed => generated 648 bytes in 18 msecs (HTTP/1.1 200) 4 headers in 157 bytes (1 switches on core 0)
Jul 19 15:28:38.979838 np0000005438 devstack@g-api.service[102971]: DEBUG glance.api.middleware.version_negotiation [None req-59a84f58-d714-4372-af91-78afd5671f35 tempest-VolumesActionsTest-1005324998 tempest-VolumesActionsTest-1005324998-project-member] Determining version of request: GET /v2/images/728be776-6305-4154-b12f-bf2ea5b3c2ed Accept: application/json {{(pid=102971) process_request /opt/stack/glance/glance/api/middleware/version_negotiation.py:44}}
Jul 19 15:28:38.980724 np0000005438 devstack@g-api.service[102971]: DEBUG glance.api.middleware.version_negotiation [None req-59a84f58-d714-4372-af91-78afd5671f35 tempest-VolumesActionsTest-1005324998 tempest-VolumesActionsTest-1005324998-project-member] Using url versioning {{(pid=102971) process_request /opt/stack/glance/glance/api/middleware/version_negotiation.py:57}}
Jul 19 15:28:38.980724 np0000005438 devstack@g-api.service[102971]: DEBUG glance.api.middleware.version_negotiation [None req-59a84f58-d714-4372-af91-78afd5671f35 tempest-VolumesActionsTest-1005324998 tempest-VolumesActionsTest-1005324998-project-member] Matched version: v2 {{(pid=102971) process_request /opt/stack/glance/glance/api/middleware/version_negotiation.py:69}}
Jul 19 15:28:38.980724 np0000005438 devstack@g-api.service[102971]: DEBUG glance.api.middleware.version_negotiation [None req-59a84f58-d714-4372-af91-78afd5671f35 tempest-VolumesActionsTest-1005324998 tempest-VolumesActionsTest-1005324998-project-member] new path /v2/images/728be776-6305-4154-b12f-bf2ea5b3c2ed {{(pid=102971) process_request /opt/stack/glance/glance/api/middleware/version_negotiation.py:70}}
Jul 19 15:28:38.992914 np0000005438 devstack@g-api.service[102971]: [pid: 102971|app: 0|req: 98/400] 127.0.0.1 () {40 vars in 838 bytes} [Sun Jul 19 15:28:38 2026] GET /v2/images/728be776-6305-4154-b12f-bf2ea5b3c2ed => generated 648 bytes in 13 msecs (HTTP/1.1 200) 4 headers in 157 bytes (1 switches on core 0)
Jul 19 15:28:39.430629 np0000005438 devstack@g-api.service[102973]: DEBUG swiftclient [None req-c74c5d2d-fe25-47eb-8604-1033db8271e8 tempest-VolumesActionsTest-1005324998 tempest-VolumesActionsTest-1005324998-project-member] REQ: curl -i https://10.4.3.125:8080/v1/AUTH_8ff580b812ee41b0b481ec50fdf91c93/glance/728be776-6305-4154-b12f-bf2ea5b3c2ed-00004 -X PUT -H "X-Auth-Token: gAAAAABqXO0ecdem..." {{(pid=102973) http_log /opt/stack/data/venv/lib/python3.12/site-packages/swiftclient/client.py:160}}
Jul 19 15:28:39.430952 np0000005438 devstack@g-api.service[102973]: DEBUG swiftclient [None req-c74c5d2d-fe25-47eb-8604-1033db8271e8 tempest-VolumesActionsTest-1005324998 tempest-VolumesActionsTest-1005324998-project-member] RESP STATUS: 201 Created {{(pid=102973) http_log /opt/stack/data/venv/lib/python3.12/site-packages/swiftclient/client.py:161}}
Jul 19 15:28:39.430952 np0000005438 devstack@g-api.service[102973]: DEBUG swiftclient [None req-c74c5d2d-fe25-47eb-8604-1033db8271e8 tempest-VolumesActionsTest-1005324998 tempest-VolumesActionsTest-1005324998-project-member] RESP HEADERS: {'Date': 'Sun, 19 Jul 2026 15:28:39 GMT', 'Server': 'Apache/2.4.58 (Ubuntu)', 'Content-Type': 'text/html; charset=UTF-8', 'Content-Length': '0', 'Etag': 'eda9a9889837ac4bc81d6387d92c1bec', 'Last-Modified': 'Sun, 19 Jul 2026 15:28:38 GMT', 'X-Trans-Id': 'txfcd0faebfa8c45e5953f7-006a5ced25', 'X-Openstack-Request-Id': 'txfcd0faebfa8c45e5953f7-006a5ced25', 'Connection': 'close'} {{(pid=102973) http_log /opt/stack/data/venv/lib/python3.12/site-packages/swiftclient/client.py:162}}
Jul 19 15:28:39.431120 np0000005438 devstack@g-api.service[102973]: DEBUG glance_store._drivers.swift.store [None req-c74c5d2d-fe25-47eb-8604-1033db8271e8 tempest-VolumesActionsTest-1005324998 tempest-VolumesActionsTest-1005324998-project-member] Wrote chunk 728be776-6305-4154-b12f-bf2ea5b3c2ed-00004 (4/?) of length 204800000 to Swift returning MD5 of content: eda9a9889837ac4bc81d6387d92c1bec {{(pid=102973) add /opt/stack/data/venv/lib/python3.12/site-packages/glance_store/_drivers/swift/store.py:1059}}
Jul 19 15:28:40.008575 np0000005438 devstack@g-api.service[102972]: DEBUG glance.api.middleware.version_negotiation [None req-8bc0318f-5885-4d49-aede-908e105e0f02 tempest-VolumesActionsTest-1005324998 tempest-VolumesActionsTest-1005324998-project-member] Determining version of request: GET /v2/images/728be776-6305-4154-b12f-bf2ea5b3c2ed Accept: application/json {{(pid=102972) process_request /opt/stack/glance/glance/api/middleware/version_negotiation.py:44}}
Jul 19 15:28:40.009064 np0000005438 devstack@g-api.service[102972]: DEBUG glance.api.middleware.version_negotiation [None req-8bc0318f-5885-4d49-aede-908e105e0f02 tempest-VolumesActionsTest-1005324998 tempest-VolumesActionsTest-1005324998-project-member] Using url versioning {{(pid=102972) process_request /opt/stack/glance/glance/api/middleware/version_negotiation.py:57}}
Jul 19 15:28:40.009064 np0000005438 devstack@g-api.service[102972]: DEBUG glance.api.middleware.version_negotiation [None req-8bc0318f-5885-4d49-aede-908e105e0f02 tempest-VolumesActionsTest-1005324998 tempest-VolumesActionsTest-1005324998-project-member] Matched version: v2 {{(pid=102972) process_request /opt/stack/glance/glance/api/middleware/version_negotiation.py:69}}
Jul 19 15:28:40.009171 np0000005438 devstack@g-api.service[102972]: DEBUG glance.api.middleware.version_negotiation [None req-8bc0318f-5885-4d49-aede-908e105e0f02 tempest-VolumesActionsTest-1005324998 tempest-VolumesActionsTest-1005324998-project-member] new path /v2/images/728be776-6305-4154-b12f-bf2ea5b3c2ed {{(pid=102972) process_request /opt/stack/glance/glance/api/middleware/version_negotiation.py:70}}
Jul 19 15:28:40.027950 np0000005438 devstack@g-api.service[102972]: [pid: 102972|app: 0|req: 101/401] 127.0.0.1 () {40 vars in 838 bytes} [Sun Jul 19 15:28:40 2026] GET /v2/images/728be776-6305-4154-b12f-bf2ea5b3c2ed => generated 648 bytes in 19 msecs (HTTP/1.1 200) 4 headers in 157 bytes (1 switches on core 0)
Jul 19 15:28:40.064297 np0000005438 devstack@g-api.service[102973]: DEBUG dbcounter [-] [102973] Writing DB stats glance:SELECT=14,glance:UPDATE=1 {{(pid=102973) stat_writer /opt/stack/data/venv/lib/python3.12/site-packages/dbcounter.py:115}}
Jul 19 15:28:41.040602 np0000005438 devstack@g-api.service[102970]: DEBUG glance.api.middleware.version_negotiation [None req-ad46fc7c-16ad-494e-b904-0de0152bc623 tempest-VolumesActionsTest-1005324998 tempest-VolumesActionsTest-1005324998-project-member] Determining version of request: GET /v2/images/728be776-6305-4154-b12f-bf2ea5b3c2ed Accept: application/json {{(pid=102970) process_request /opt/stack/glance/glance/api/middleware/version_negotiation.py:44}}
Jul 19 15:28:41.041327 np0000005438 devstack@g-api.service[102970]: DEBUG glance.api.middleware.version_negotiation [None req-ad46fc7c-16ad-494e-b904-0de0152bc623 tempest-VolumesActionsTest-1005324998 tempest-VolumesActionsTest-1005324998-project-member] Using url versioning {{(pid=102970) process_request /opt/stack/glance/glance/api/middleware/version_negotiation.py:57}}
Jul 19 15:28:41.041327 np0000005438 devstack@g-api.service[102970]: DEBUG glance.api.middleware.version_negotiation [None req-ad46fc7c-16ad-494e-b904-0de0152bc623 tempest-VolumesActionsTest-1005324998 tempest-VolumesActionsTest-1005324998-project-member] Matched version: v2 {{(pid=102970) process_request /opt/stack/glance/glance/api/middleware/version_negotiation.py:69}}
Jul 19 15:28:41.041327 np0000005438 devstack@g-api.service[102970]: DEBUG glance.api.middleware.version_negotiation [None req-ad46fc7c-16ad-494e-b904-0de0152bc623 tempest-VolumesActionsTest-1005324998 tempest-VolumesActionsTest-1005324998-project-member] new path /v2/images/728be776-6305-4154-b12f-bf2ea5b3c2ed {{(pid=102970) process_request /opt/stack/glance/glance/api/middleware/version_negotiation.py:70}}
