Jul 19 15:26:14.247022 np0000005438 devstack@placement-api.service[93147]: [pid: 93147|app: 0|req: 190/763] 10.4.3.125 () {68 vars in 1501 bytes} [Sun Jul 19 15:26:14 2026] GET /placement/allocations/1d16f733-f6ac-4fb5-a59c-ad8d96ab0a68 => generated 258 bytes in 26 msecs (HTTP/1.1 200) 8 headers in 296 bytes (1 switches on core 0)
Jul 19 15:26:14.279268 np0000005438 devstack@placement-api.service[93149]: DEBUG placement.requestlog [req-6198f0ef-dd04-4d01-b556-a6bc691fbcdf req-74d31f12-4f70-4c11-b91b-103c3cef0164 None None] Starting request: 10.4.3.125 "GET /placement/allocations/ca686e82-bc07-4242-a30c-ba01a39eef85" {{(pid=93149) __call__ /opt/stack/placement/placement/requestlog.py:55}}
Jul 19 15:26:14.298071 np0000005438 devstack@placement-api.service[93149]: INFO placement.requestlog [req-6198f0ef-dd04-4d01-b556-a6bc691fbcdf req-74d31f12-4f70-4c11-b91b-103c3cef0164 service nova] 10.4.3.125 "GET /placement/allocations/ca686e82-bc07-4242-a30c-ba01a39eef85" status: 200 len: 258 microversion: 1.28
Jul 19 15:26:14.300915 np0000005438 devstack@placement-api.service[93149]: [pid: 93149|app: 0|req: 193/764] 10.4.3.125 () {68 vars in 1499 bytes} [Sun Jul 19 15:26:14 2026] GET /placement/allocations/ca686e82-bc07-4242-a30c-ba01a39eef85 => generated 258 bytes in 19 msecs (HTTP/1.1 200) 8 headers in 296 bytes (1 switches on core 0)
Jul 19 15:26:14.305590 np0000005438 devstack@placement-api.service[93146]: DEBUG placement.requestlog [req-ea741e6c-0665-4a7f-882a-3327b78753a4 req-ca180524-f034-43a0-b0f3-f940b9492785 None None] Starting request: 10.4.3.125 "GET /placement/allocations/447cc3c0-cf1c-4480-9c05-4649a53bc125" {{(pid=93146) __call__ /opt/stack/placement/placement/requestlog.py:55}}
Jul 19 15:26:14.313019 np0000005438 devstack@placement-api.service[93146]: INFO placement.requestlog [req-ea741e6c-0665-4a7f-882a-3327b78753a4 req-ca180524-f034-43a0-b0f3-f940b9492785 service nova] 10.4.3.125 "GET /placement/allocations/447cc3c0-cf1c-4480-9c05-4649a53bc125" status: 200 len: 19 microversion: 1.28
Jul 19 15:26:14.313659 np0000005438 devstack@placement-api.service[93146]: [pid: 93146|app: 0|req: 191/765] 10.4.3.125 () {68 vars in 1501 bytes} [Sun Jul 19 15:26:14 2026] GET /placement/allocations/447cc3c0-cf1c-4480-9c05-4649a53bc125 => generated 19 bytes in 8 msecs (HTTP/1.1 200) 8 headers in 295 bytes (1 switches on core 0)
Jul 19 15:26:14.347472 np0000005438 devstack@placement-api.service[93148]: DEBUG placement.requestlog [req-ea741e6c-0665-4a7f-882a-3327b78753a4 req-cd67cb71-dbad-4565-ab42-d933078aae4f None None] Starting request: 10.4.3.125 "POST /placement/allocations" {{(pid=93148) __call__ /opt/stack/placement/placement/requestlog.py:55}}
Jul 19 15:26:14.351752 np0000005438 devstack@placement-api.service[93147]: DEBUG placement.requestlog [req-6198f0ef-dd04-4d01-b556-a6bc691fbcdf req-d1395119-f396-486f-bbf4-9ee75a9e1a8b None None] Starting request: 10.4.3.125 "GET /placement/allocations/73e78436-1789-428b-a786-afe378d88ac7" {{(pid=93147) __call__ /opt/stack/placement/placement/requestlog.py:55}}
Jul 19 15:26:14.367299 np0000005438 devstack@placement-api.service[93147]: INFO placement.requestlog [req-6198f0ef-dd04-4d01-b556-a6bc691fbcdf req-d1395119-f396-486f-bbf4-9ee75a9e1a8b service nova] 10.4.3.125 "GET /placement/allocations/73e78436-1789-428b-a786-afe378d88ac7" status: 200 len: 244 microversion: 1.28
Jul 19 15:26:14.367580 np0000005438 devstack@placement-api.service[93147]: [pid: 93147|app: 0|req: 191/766] 10.4.3.125 () {68 vars in 1499 bytes} [Sun Jul 19 15:26:14 2026] GET /placement/allocations/73e78436-1789-428b-a786-afe378d88ac7 => generated 244 bytes in 16 msecs (HTTP/1.1 200) 8 headers in 296 bytes (1 switches on core 0)
Jul 19 15:26:14.408149 np0000005438 devstack@placement-api.service[93149]: DEBUG placement.requestlog [req-6198f0ef-dd04-4d01-b556-a6bc691fbcdf req-c810dc67-5c9f-4598-ad3e-4e2470b44b40 None None] Starting request: 10.4.3.125 "GET /placement/allocations/2271734d-8d43-429d-b740-5b1037178fa6" {{(pid=93149) __call__ /opt/stack/placement/placement/requestlog.py:55}}
Jul 19 15:26:14.409215 np0000005438 devstack@placement-api.service[93148]: DEBUG placement.handlers.allocation [req-ea741e6c-0665-4a7f-882a-3327b78753a4 req-cd67cb71-dbad-4565-ab42-d933078aae4f service nova] Successfully wrote allocations [, , , , , ] {{(pid=93148) _update_consumers_and_create_allocations /opt/stack/placement/placement/handlers/allocation.py:572}}
Jul 19 15:26:14.421838 np0000005438 devstack@placement-api.service[93149]: INFO placement.requestlog [req-6198f0ef-dd04-4d01-b556-a6bc691fbcdf req-c810dc67-5c9f-4598-ad3e-4e2470b44b40 service nova] 10.4.3.125 "GET /placement/allocations/2271734d-8d43-429d-b740-5b1037178fa6" status: 200 len: 258 microversion: 1.28
Jul 19 15:26:14.422420 np0000005438 devstack@placement-api.service[93149]: [pid: 93149|app: 0|req: 194/767] 10.4.3.125 () {68 vars in 1499 bytes} [Sun Jul 19 15:26:14 2026] GET /placement/allocations/2271734d-8d43-429d-b740-5b1037178fa6 => generated 258 bytes in 14 msecs (HTTP/1.1 200) 8 headers in 296 bytes (1 switches on core 0)
Jul 19 15:26:14.422792 np0000005438 devstack@placement-api.service[93148]: INFO placement.requestlog [req-ea741e6c-0665-4a7f-882a-3327b78753a4 req-cd67cb71-dbad-4565-ab42-d933078aae4f service nova] 10.4.3.125 "POST /placement/allocations" status: 204 len: 0 microversion: 1.28
Jul 19 15:26:14.423015 np0000005438 devstack@placement-api.service[93148]: [pid: 93148|app: 0|req: 192/768] 10.4.3.125 () {72 vars in 1444 bytes} [Sun Jul 19 15:26:14 2026] POST /placement/allocations => generated 0 bytes in 76 msecs (HTTP/1.1 204) 5 headers in 199 bytes (1 switches on core 0)
Jul 19 15:26:14.473016 np0000005438 devstack@placement-api.service[93146]: DEBUG placement.requestlog [req-6198f0ef-dd04-4d01-b556-a6bc691fbcdf req-0d903258-0309-4484-aa03-eb348d2190fc None None] Starting request: 10.4.3.125 "GET /placement/allocations/113c0765-4483-439a-a9f7-5668f4595490" {{(pid=93146) __call__ /opt/stack/placement/placement/requestlog.py:55}}
Jul 19 15:26:14.483875 np0000005438 devstack@placement-api.service[93146]: INFO placement.requestlog [req-6198f0ef-dd04-4d01-b556-a6bc691fbcdf req-0d903258-0309-4484-aa03-eb348d2190fc service nova] 10.4.3.125 "GET /placement/allocations/113c0765-4483-439a-a9f7-5668f4595490" status: 200 len: 258 microversion: 1.28
Jul 19 15:26:14.484193 np0000005438 devstack@placement-api.service[93146]: [pid: 93146|app: 0|req: 192/769] 10.4.3.125 () {68 vars in 1499 bytes} [Sun Jul 19 15:26:14 2026] GET /placement/allocations/113c0765-4483-439a-a9f7-5668f4595490 => generated 258 bytes in 11 msecs (HTTP/1.1 200) 8 headers in 296 bytes (1 switches on core 0)
Jul 19 15:26:14.520644 np0000005438 devstack@placement-api.service[93147]: DEBUG placement.requestlog [req-6198f0ef-dd04-4d01-b556-a6bc691fbcdf req-aa1457ba-0e88-4337-896d-f54752b02d82 None None] Starting request: 10.4.3.125 "GET /placement/allocations/58fe45c8-1a8f-4008-8609-7d2301572342" {{(pid=93147) __call__ /opt/stack/placement/placement/requestlog.py:55}}
Jul 19 15:26:14.538299 np0000005438 devstack@placement-api.service[93147]: INFO placement.requestlog [req-6198f0ef-dd04-4d01-b556-a6bc691fbcdf req-aa1457ba-0e88-4337-896d-f54752b02d82 service nova] 10.4.3.125 "GET /placement/allocations/58fe45c8-1a8f-4008-8609-7d2301572342" status: 200 len: 258 microversion: 1.28
Jul 19 15:26:14.538299 np0000005438 devstack@placement-api.service[93147]: [pid: 93147|app: 0|req: 192/770] 10.4.3.125 () {68 vars in 1499 bytes} [Sun Jul 19 15:26:14 2026] GET /placement/allocations/58fe45c8-1a8f-4008-8609-7d2301572342 => generated 258 bytes in 18 msecs (HTTP/1.1 200) 8 headers in 296 bytes (1 switches on core 0)
Jul 19 15:26:14.595539 np0000005438 devstack@placement-api.service[93149]: DEBUG placement.requestlog [req-6198f0ef-dd04-4d01-b556-a6bc691fbcdf req-fa5e5a76-fb29-42c4-95ba-b9f8bc8f020b None None] Starting request: 10.4.3.125 "GET /placement/allocations/c444cc40-3047-48cc-9de3-4d6efc5a40eb" {{(pid=93149) __call__ /opt/stack/placement/placement/requestlog.py:55}}
Jul 19 15:26:14.595724 np0000005438 devstack@placement-api.service[93148]: DEBUG placement.requestlog [req-4bd1b22b-053d-4ede-a343-cc21494ec94f req-f536f528-a529-4fec-bccf-9eeb127ebe64 None None] Starting request: 10.4.3.125 "GET /placement/allocation_candidates?limit=1000&resources=DISK_GB%3A1%2CMEMORY_MB%3A192%2CVCPU%3A1&root_required=%21COMPUTE_STATUS_DISABLED" {{(pid=93148) __call__ /opt/stack/placement/placement/requestlog.py:55}}
Jul 19 15:26:14.619465 np0000005438 devstack@placement-api.service[93149]: INFO placement.requestlog [req-6198f0ef-dd04-4d01-b556-a6bc691fbcdf req-fa5e5a76-fb29-42c4-95ba-b9f8bc8f020b service nova] 10.4.3.125 "GET /placement/allocations/c444cc40-3047-48cc-9de3-4d6efc5a40eb" status: 200 len: 258 microversion: 1.28
Jul 19 15:26:14.619792 np0000005438 devstack@placement-api.service[93149]: [pid: 93149|app: 0|req: 195/771] 10.4.3.125 () {68 vars in 1499 bytes} [Sun Jul 19 15:26:14 2026] GET /placement/allocations/c444cc40-3047-48cc-9de3-4d6efc5a40eb => generated 258 bytes in 24 msecs (HTTP/1.1 200) 8 headers in 296 bytes (1 switches on core 0)
Jul 19 15:26:14.632045 np0000005438 devstack@placement-api.service[93148]: DEBUG placement.objects.research_context [req-4bd1b22b-053d-4ede-a343-cc21494ec94f req-f536f528-a529-4fec-bccf-9eeb127ebe64 service nova] getting providers with 1 DISK_GB {{(pid=93148) __init__ /opt/stack/placement/placement/objects/research_context.py:137}}
Jul 19 15:26:14.636372 np0000005438 devstack@placement-api.service[93148]: DEBUG placement.objects.research_context [req-4bd1b22b-053d-4ede-a343-cc21494ec94f req-f536f528-a529-4fec-bccf-9eeb127ebe64 service nova] getting providers with 192 MEMORY_MB {{(pid=93148) __init__ /opt/stack/placement/placement/objects/research_context.py:137}}
Jul 19 15:26:14.640797 np0000005438 devstack@placement-api.service[93148]: DEBUG placement.objects.research_context [req-4bd1b22b-053d-4ede-a343-cc21494ec94f req-f536f528-a529-4fec-bccf-9eeb127ebe64 service nova] getting providers with 1 VCPU {{(pid=93148) __init__ /opt/stack/placement/placement/objects/research_context.py:137}}
Jul 19 15:26:14.645379 np0000005438 devstack@placement-api.service[93148]: DEBUG placement.objects.research_context [req-4bd1b22b-053d-4ede-a343-cc21494ec94f req-f536f528-a529-4fec-bccf-9eeb127ebe64 service nova] found 1 providers with available 1 DISK_GB {{(pid=93148) get_provider_ids_matching /opt/stack/placement/placement/objects/research_context.py:563}}
Jul 19 15:26:14.645546 np0000005438 devstack@placement-api.service[93148]: DEBUG placement.objects.research_context [req-4bd1b22b-053d-4ede-a343-cc21494ec94f req-f536f528-a529-4fec-bccf-9eeb127ebe64 service nova] found 1 providers with available 192 MEMORY_MB {{(pid=93148) get_provider_ids_matching /opt/stack/placement/placement/objects/research_context.py:563}}
Jul 19 15:26:14.645652 np0000005438 devstack@placement-api.service[93148]: DEBUG placement.objects.research_context [req-4bd1b22b-053d-4ede-a343-cc21494ec94f req-f536f528-a529-4fec-bccf-9eeb127ebe64 service nova] found 1 providers after filtering by previous result {{(pid=93148) get_provider_ids_matching /opt/stack/placement/placement/objects/research_context.py:594}}
Jul 19 15:26:14.645833 np0000005438 devstack@placement-api.service[93148]: DEBUG placement.objects.research_context [req-4bd1b22b-053d-4ede-a343-cc21494ec94f req-f536f528-a529-4fec-bccf-9eeb127ebe64 service nova] found 1 providers with available 1 VCPU {{(pid=93148) get_provider_ids_matching /opt/stack/placement/placement/objects/research_context.py:563}}
Jul 19 15:26:14.646147 np0000005438 devstack@placement-api.service[93148]: DEBUG placement.objects.research_context [req-4bd1b22b-053d-4ede-a343-cc21494ec94f req-f536f528-a529-4fec-bccf-9eeb127ebe64 service nova] found 1 providers after filtering by previous result {{(pid=93148) get_provider_ids_matching /opt/stack/placement/placement/objects/research_context.py:594}}
Jul 19 15:26:14.656135 np0000005438 devstack@placement-api.service[93148]: DEBUG placement.objects.allocation_candidate [req-4bd1b22b-053d-4ede-a343-cc21494ec94f req-f536f528-a529-4fec-bccf-9eeb127ebe64 service nova] RequestGroup(use_same_provider=False, resources={DISK_GB:1, MEMORY_MB:192, VCPU:1}, traits=(), aggregates=[]) (suffix '') returned 1 matches {{(pid=93148) _get_by_requests /opt/stack/placement/placement/objects/allocation_candidate.py:158}}
Jul 19 15:26:14.656367 np0000005438 devstack@placement-api.service[93148]: DEBUG placement.objects.allocation_candidate [req-4bd1b22b-053d-4ede-a343-cc21494ec94f req-f536f528-a529-4fec-bccf-9eeb127ebe64 service nova] Merging candidates yields 1 allocation requests and 1 provider summaries {{(pid=93148) _merge_candidates /opt/stack/placement/placement/objects/allocation_candidate.py:908}}
Jul 19 15:26:14.660209 np0000005438 devstack@placement-api.service[93148]: INFO placement.requestlog [req-4bd1b22b-053d-4ede-a343-cc21494ec94f req-f536f528-a529-4fec-bccf-9eeb127ebe64 service nova] 10.4.3.125 "GET /placement/allocation_candidates?limit=1000&resources=DISK_GB%3A1%2CMEMORY_MB%3A192%2CVCPU%3A1&root_required=%21COMPUTE_STATUS_DISABLED" status: 200 len: 2494 microversion: 1.36
Jul 19 15:26:14.660363 np0000005438 devstack@placement-api.service[93148]: [pid: 93148|app: 0|req: 193/772] 10.4.3.125 () {68 vars in 1625 bytes} [Sun Jul 19 15:26:14 2026] GET /placement/allocation_candidates?limit=1000&resources=DISK_GB%3A1%2CMEMORY_MB%3A192%2CVCPU%3A1&root_required=%21COMPUTE_STATUS_DISABLED => generated 2494 bytes in 65 msecs (HTTP/1.1 200) 8 headers in 297 bytes (1 switches on core 0)
Jul 19 15:26:14.674837 np0000005438 devstack@placement-api.service[93146]: DEBUG placement.requestlog [req-6198f0ef-dd04-4d01-b556-a6bc691fbcdf req-838d30d7-5ef7-4526-b540-d9a4aa5c7852 None None] Starting request: 10.4.3.125 "GET /placement/allocations/3775a0c5-b4c2-4151-930a-be8e1890db57" {{(pid=93146) __call__ /opt/stack/placement/placement/requestlog.py:55}}
Jul 19 15:26:14.687249 np0000005438 devstack@placement-api.service[93146]: INFO placement.requestlog [req-6198f0ef-dd04-4d01-b556-a6bc691fbcdf req-838d30d7-5ef7-4526-b540-d9a4aa5c7852 service nova] 10.4.3.125 "GET /placement/allocations/3775a0c5-b4c2-4151-930a-be8e1890db57" status: 200 len: 244 microversion: 1.28
Jul 19 15:26:14.687509 np0000005438 devstack@placement-api.service[93146]: [pid: 93146|app: 0|req: 193/773] 10.4.3.125 () {68 vars in 1499 bytes} [Sun Jul 19 15:26:14 2026] GET /placement/allocations/3775a0c5-b4c2-4151-930a-be8e1890db57 => generated 244 bytes in 13 msecs (HTTP/1.1 200) 8 headers in 296 bytes (1 switches on core 0)
Jul 19 15:26:14.710001 np0000005438 devstack@placement-api.service[93147]: DEBUG placement.requestlog [req-ea741e6c-0665-4a7f-882a-3327b78753a4 req-0c1ae894-c982-40c2-a85f-71aed6dceb3a None None] Starting request: 10.4.3.125 "GET /placement/allocation_candidates?limit=1000&resources=DISK_GB%3A1%2CMEMORY_MB%3A256%2CVCPU%3A1&root_required=%21COMPUTE_STATUS_DISABLED" {{(pid=93147) __call__ /opt/stack/placement/placement/requestlog.py:55}}
Jul 19 15:26:14.736327 np0000005438 devstack@placement-api.service[93149]: DEBUG placement.requestlog [req-4bd1b22b-053d-4ede-a343-cc21494ec94f req-f0c7b9b0-0206-49cb-9406-1754f14de86e None None] Starting request: 10.4.3.125 "GET /placement/allocations/1684bc09-f547-48b4-9134-6e67e8bb2066" {{(pid=93149) __call__ /opt/stack/placement/placement/requestlog.py:55}}
Jul 19 15:26:14.739483 np0000005438 devstack@placement-api.service[93147]: DEBUG placement.objects.research_context [req-ea741e6c-0665-4a7f-882a-3327b78753a4 req-0c1ae894-c982-40c2-a85f-71aed6dceb3a service nova] getting providers with 1 DISK_GB {{(pid=93147) __init__ /opt/stack/placement/placement/objects/research_context.py:137}}
Jul 19 15:26:14.743839 np0000005438 devstack@placement-api.service[93147]: DEBUG placement.objects.research_context [req-ea741e6c-0665-4a7f-882a-3327b78753a4 req-0c1ae894-c982-40c2-a85f-71aed6dceb3a service nova] getting providers with 256 MEMORY_MB {{(pid=93147) __init__ /opt/stack/placement/placement/objects/research_context.py:137}}
Jul 19 15:26:14.746937 np0000005438 devstack@placement-api.service[93148]: DEBUG placement.requestlog [req-6198f0ef-dd04-4d01-b556-a6bc691fbcdf req-601b5e29-8906-453e-9428-06a938c859b1 None None] Starting request: 10.4.3.125 "GET /placement/allocations/66954b36-9d68-4cb9-8a87-355cd330e6d8" {{(pid=93148) __call__ /opt/stack/placement/placement/requestlog.py:55}}
Jul 19 15:26:14.748199 np0000005438 devstack@placement-api.service[93147]: DEBUG placement.objects.research_context [req-ea741e6c-0665-4a7f-882a-3327b78753a4 req-0c1ae894-c982-40c2-a85f-71aed6dceb3a service nova] getting providers with 1 VCPU {{(pid=93147) __init__ /opt/stack/placement/placement/objects/research_context.py:137}}
Jul 19 15:26:14.750883 np0000005438 devstack@placement-api.service[93149]: INFO placement.requestlog [req-4bd1b22b-053d-4ede-a343-cc21494ec94f req-f0c7b9b0-0206-49cb-9406-1754f14de86e service nova] 10.4.3.125 "GET /placement/allocations/1684bc09-f547-48b4-9134-6e67e8bb2066" status: 200 len: 19 microversion: 1.28
Jul 19 15:26:14.751238 np0000005438 devstack@placement-api.service[93149]: [pid: 93149|app: 0|req: 196/774] 10.4.3.125 () {68 vars in 1501 bytes} [Sun Jul 19 15:26:14 2026] GET /placement/allocations/1684bc09-f547-48b4-9134-6e67e8bb2066 => generated 19 bytes in 15 msecs (HTTP/1.1 200) 8 headers in 295 bytes (1 switches on core 0)
Jul 19 15:26:14.751300 np0000005438 devstack@placement-api.service[93147]: DEBUG placement.objects.research_context [req-ea741e6c-0665-4a7f-882a-3327b78753a4 req-0c1ae894-c982-40c2-a85f-71aed6dceb3a service nova] found 1 providers with available 1 DISK_GB {{(pid=93147) get_provider_ids_matching /opt/stack/placement/placement/objects/research_context.py:563}}
Jul 19 15:26:14.751425 np0000005438 devstack@placement-api.service[93147]: DEBUG placement.objects.research_context [req-ea741e6c-0665-4a7f-882a-3327b78753a4 req-0c1ae894-c982-40c2-a85f-71aed6dceb3a service nova] found 1 providers with available 256 MEMORY_MB {{(pid=93147) get_provider_ids_matching /opt/stack/placement/placement/objects/research_context.py:563}}
Jul 19 15:26:14.751542 np0000005438 devstack@placement-api.service[93147]: DEBUG placement.objects.research_context [req-ea741e6c-0665-4a7f-882a-3327b78753a4 req-0c1ae894-c982-40c2-a85f-71aed6dceb3a service nova] found 1 providers after filtering by previous result {{(pid=93147) get_provider_ids_matching /opt/stack/placement/placement/objects/research_context.py:594}}
Jul 19 15:26:14.751657 np0000005438 devstack@placement-api.service[93147]: DEBUG placement.objects.research_context [req-ea741e6c-0665-4a7f-882a-3327b78753a4 req-0c1ae894-c982-40c2-a85f-71aed6dceb3a service nova] found 1 providers with available 1 VCPU {{(pid=93147) get_provider_ids_matching /opt/stack/placement/placement/objects/research_context.py:563}}
Jul 19 15:26:14.751808 np0000005438 devstack@placement-api.service[93147]: DEBUG placement.objects.research_context [req-ea741e6c-0665-4a7f-882a-3327b78753a4 req-0c1ae894-c982-40c2-a85f-71aed6dceb3a service nova] found 1 providers after filtering by previous result {{(pid=93147) get_provider_ids_matching /opt/stack/placement/placement/objects/research_context.py:594}}
Jul 19 15:26:14.757076 np0000005438 devstack@placement-api.service[93148]: INFO placement.requestlog [req-6198f0ef-dd04-4d01-b556-a6bc691fbcdf req-601b5e29-8906-453e-9428-06a938c859b1 service nova] 10.4.3.125 "GET /placement/allocations/66954b36-9d68-4cb9-8a87-355cd330e6d8" status: 200 len: 258 microversion: 1.28
Jul 19 15:26:14.757382 np0000005438 devstack@placement-api.service[93148]: [pid: 93148|app: 0|req: 194/775] 10.4.3.125 () {68 vars in 1499 bytes} [Sun Jul 19 15:26:14 2026] GET /placement/allocations/66954b36-9d68-4cb9-8a87-355cd330e6d8 => generated 258 bytes in 11 msecs (HTTP/1.1 200) 8 headers in 296 bytes (1 switches on core 0)
Jul 19 15:26:14.761168 np0000005438 devstack@placement-api.service[93147]: DEBUG placement.objects.allocation_candidate [req-ea741e6c-0665-4a7f-882a-3327b78753a4 req-0c1ae894-c982-40c2-a85f-71aed6dceb3a service nova] RequestGroup(use_same_provider=False, resources={DISK_GB:1, MEMORY_MB:256, VCPU:1}, traits=(), aggregates=[]) (suffix '') returned 1 matches {{(pid=93147) _get_by_requests /opt/stack/placement/placement/objects/allocation_candidate.py:158}}
Jul 19 15:26:14.761350 np0000005438 devstack@placement-api.service[93147]: DEBUG placement.objects.allocation_candidate [req-ea741e6c-0665-4a7f-882a-3327b78753a4 req-0c1ae894-c982-40c2-a85f-71aed6dceb3a service nova] Merging candidates yields 1 allocation requests and 1 provider summaries {{(pid=93147) _merge_candidates /opt/stack/placement/placement/objects/allocation_candidate.py:908}}
Jul 19 15:26:14.762441 np0000005438 devstack@placement-api.service[93147]: INFO placement.requestlog [req-ea741e6c-0665-4a7f-882a-3327b78753a4 req-0c1ae894-c982-40c2-a85f-71aed6dceb3a service nova] 10.4.3.125 "GET /placement/allocation_candidates?limit=1000&resources=DISK_GB%3A1%2CMEMORY_MB%3A256%2CVCPU%3A1&root_required=%21COMPUTE_STATUS_DISABLED" status: 200 len: 2494 microversion: 1.36
Jul 19 15:26:14.762707 np0000005438 devstack@placement-api.service[93147]: [pid: 93147|app: 0|req: 193/776] 10.4.3.125 () {68 vars in 1625 bytes} [Sun Jul 19 15:26:14 2026] GET /placement/allocation_candidates?limit=1000&resources=DISK_GB%3A1%2CMEMORY_MB%3A256%2CVCPU%3A1&root_required=%21COMPUTE_STATUS_DISABLED => generated 2494 bytes in 53 msecs (HTTP/1.1 200) 8 headers in 297 bytes (1 switches on core 0)
Jul 19 15:26:14.801293 np0000005438 devstack@placement-api.service[93146]: DEBUG placement.requestlog [req-6198f0ef-dd04-4d01-b556-a6bc691fbcdf req-7b84cf4a-712a-4884-bdf9-57037b7f8087 None None] Starting request: 10.4.3.125 "GET /placement/allocations/593b5872-51c6-4ac3-a33e-df353e3b4a13" {{(pid=93146) __call__ /opt/stack/placement/placement/requestlog.py:55}}
Jul 19 15:26:14.804448 np0000005438 devstack@placement-api.service[93149]: DEBUG placement.requestlog [req-4bd1b22b-053d-4ede-a343-cc21494ec94f req-c63c6800-4b00-4295-9aaa-fb18d8a19c14 None None] Starting request: 10.4.3.125 "PUT /placement/allocations/1684bc09-f547-48b4-9134-6e67e8bb2066" {{(pid=93149) __call__ /opt/stack/placement/placement/requestlog.py:55}}
Jul 19 15:26:14.811248 np0000005438 devstack@placement-api.service[93146]: INFO placement.requestlog [req-6198f0ef-dd04-4d01-b556-a6bc691fbcdf req-7b84cf4a-712a-4884-bdf9-57037b7f8087 service nova] 10.4.3.125 "GET /placement/allocations/593b5872-51c6-4ac3-a33e-df353e3b4a13" status: 200 len: 244 microversion: 1.28
Jul 19 15:26:14.811490 np0000005438 devstack@placement-api.service[93146]: [pid: 93146|app: 0|req: 194/777] 10.4.3.125 () {68 vars in 1499 bytes} [Sun Jul 19 15:26:14 2026] GET /placement/allocations/593b5872-51c6-4ac3-a33e-df353e3b4a13 => generated 244 bytes in 10 msecs (HTTP/1.1 200) 8 headers in 296 bytes (1 switches on core 0)
Jul 19 15:26:14.850535 np0000005438 devstack@placement-api.service[93148]: DEBUG placement.requestlog [req-ea741e6c-0665-4a7f-882a-3327b78753a4 req-46b8665e-c48b-42e3-b579-23c279626fbb None None] Starting request: 10.4.3.125 "GET /placement/allocations/1d16f733-f6ac-4fb5-a59c-ad8d96ab0a68" {{(pid=93148) __call__ /opt/stack/placement/placement/requestlog.py:55}}
Jul 19 15:26:14.859243 np0000005438 devstack@placement-api.service[93147]: DEBUG placement.requestlog [req-6198f0ef-dd04-4d01-b556-a6bc691fbcdf req-622f1362-9f8a-4f9d-9f8f-c585c8e909db None None] Starting request: 10.4.3.125 "GET /placement/allocations/1d16f733-f6ac-4fb5-a59c-ad8d96ab0a68" {{(pid=93147) __call__ /opt/stack/placement/placement/requestlog.py:55}}
Jul 19 15:26:14.862042 np0000005438 devstack@placement-api.service[93148]: INFO placement.requestlog [req-ea741e6c-0665-4a7f-882a-3327b78753a4 req-46b8665e-c48b-42e3-b579-23c279626fbb service nova] 10.4.3.125 "GET /placement/allocations/1d16f733-f6ac-4fb5-a59c-ad8d96ab0a68" status: 200 len: 19 microversion: 1.28
Jul 19 15:26:14.862503 np0000005438 devstack@placement-api.service[93148]: [pid: 93148|app: 0|req: 195/778] 10.4.3.125 () {68 vars in 1501 bytes} [Sun Jul 19 15:26:14 2026] GET /placement/allocations/1d16f733-f6ac-4fb5-a59c-ad8d96ab0a68 => generated 19 bytes in 12 msecs (HTTP/1.1 200) 8 headers in 295 bytes (1 switches on core 0)
Jul 19 15:26:14.866548 np0000005438 devstack@placement-api.service[93147]: INFO placement.requestlog [req-6198f0ef-dd04-4d01-b556-a6bc691fbcdf req-622f1362-9f8a-4f9d-9f8f-c585c8e909db service nova] 10.4.3.125 "GET /placement/allocations/1d16f733-f6ac-4fb5-a59c-ad8d96ab0a68" status: 200 len: 19 microversion: 1.28
Jul 19 15:26:14.866548 np0000005438 devstack@placement-api.service[93147]: [pid: 93147|app: 0|req: 194/779] 10.4.3.125 () {68 vars in 1499 bytes} [Sun Jul 19 15:26:14 2026] GET /placement/allocations/1d16f733-f6ac-4fb5-a59c-ad8d96ab0a68 => generated 19 bytes in 7 msecs (HTTP/1.1 200) 8 headers in 295 bytes (1 switches on core 0)
Jul 19 15:26:14.891596 np0000005438 devstack@placement-api.service[93149]: DEBUG placement.handlers.allocation [req-4bd1b22b-053d-4ede-a343-cc21494ec94f req-c63c6800-4b00-4295-9aaa-fb18d8a19c14 service nova] Successfully wrote allocations [, , ] {{(pid=93149) _update_consumers_and_create_allocations /opt/stack/placement/placement/handlers/allocation.py:462}}
Jul 19 15:26:14.899631 np0000005438 devstack@placement-api.service[93149]: INFO placement.requestlog [req-4bd1b22b-053d-4ede-a343-cc21494ec94f req-c63c6800-4b00-4295-9aaa-fb18d8a19c14 service nova] 10.4.3.125 "PUT /placement/allocations/1684bc09-f547-48b4-9134-6e67e8bb2066" status: 204 len: 0 microversion: 1.36
Jul 19 15:26:14.899631 np0000005438 devstack@placement-api.service[93149]: [pid: 93149|app: 0|req: 197/780] 10.4.3.125 () {72 vars in 1554 bytes} [Sun Jul 19 15:26:14 2026] PUT /placement/allocations/1684bc09-f547-48b4-9134-6e67e8bb2066 => generated 0 bytes in 95 msecs (HTTP/1.1 204) 5 headers in 199 bytes (1 switches on core 0)
Jul 19 15:26:14.908009 np0000005438 devstack@placement-api.service[93146]: DEBUG placement.requestlog [req-ea741e6c-0665-4a7f-882a-3327b78753a4 req-c6da1c1f-38d6-4de2-ae41-2738ceba8ca2 None None] Starting request: 10.4.3.125 "PUT /placement/allocations/1d16f733-f6ac-4fb5-a59c-ad8d96ab0a68" {{(pid=93146) __call__ /opt/stack/placement/placement/requestlog.py:55}}
Jul 19 15:26:14.973113 np0000005438 devstack@placement-api.service[93146]: DEBUG placement.handlers.allocation [req-ea741e6c-0665-4a7f-882a-3327b78753a4 req-c6da1c1f-38d6-4de2-ae41-2738ceba8ca2 service nova] Successfully wrote allocations [, , ] {{(pid=93146) _update_consumers_and_create_allocations /opt/stack/placement/placement/handlers/allocation.py:462}}
Jul 19 15:26:14.978858 np0000005438 devstack@placement-api.service[93146]: INFO placement.requestlog [req-ea741e6c-0665-4a7f-882a-3327b78753a4 req-c6da1c1f-38d6-4de2-ae41-2738ceba8ca2 service nova] 10.4.3.125 "PUT /placement/allocations/1d16f733-f6ac-4fb5-a59c-ad8d96ab0a68" status: 204 len: 0 microversion: 1.36
Jul 19 15:26:14.979215 np0000005438 devstack@placement-api.service[93146]: [pid: 93146|app: 0|req: 195/781] 10.4.3.125 () {72 vars in 1554 bytes} [Sun Jul 19 15:26:14 2026] PUT /placement/allocations/1d16f733-f6ac-4fb5-a59c-ad8d96ab0a68 => generated 0 bytes in 72 msecs (HTTP/1.1 204) 5 headers in 199 bytes (1 switches on core 0)
Jul 19 15:26:15.183123 np0000005438 devstack@placement-api.service[93148]: DEBUG placement.requestlog [req-ea741e6c-0665-4a7f-882a-3327b78753a4 req-a652d596-7b78-44a4-9d49-934ca061d684 None None] Starting request: 10.4.3.125 "GET /placement/allocations/1d16f733-f6ac-4fb5-a59c-ad8d96ab0a68" {{(pid=93148) __call__ /opt/stack/placement/placement/requestlog.py:55}}
Jul 19 15:26:15.206140 np0000005438 devstack@placement-api.service[93148]: INFO placement.requestlog [req-ea741e6c-0665-4a7f-882a-3327b78753a4 req-a652d596-7b78-44a4-9d49-934ca061d684 service nova] 10.4.3.125 "GET /placement/allocations/1d16f733-f6ac-4fb5-a59c-ad8d96ab0a68" status: 200 len: 258 microversion: 1.28
Jul 19 15:26:15.206140 np0000005438 devstack@placement-api.service[93148]: [pid: 93148|app: 0|req: 196/782] 10.4.3.125 () {68 vars in 1499 bytes} [Sun Jul 19 15:26:15 2026] GET /placement/allocations/1d16f733-f6ac-4fb5-a59c-ad8d96ab0a68 => generated 258 bytes in 23 msecs (HTTP/1.1 200) 8 headers in 296 bytes (1 switches on core 0)
Jul 19 15:26:15.249156 np0000005438 devstack@placement-api.service[93147]: DEBUG placement.requestlog [req-4bd1b22b-053d-4ede-a343-cc21494ec94f req-5ec844be-b51a-4cf9-8f27-c649d3ded596 None None] Starting request: 10.4.3.125 "GET /placement/allocations/1684bc09-f547-48b4-9134-6e67e8bb2066" {{(pid=93147) __call__ /opt/stack/placement/placement/requestlog.py:55}}
Jul 19 15:26:15.259545 np0000005438 devstack@placement-api.service[93147]: INFO placement.requestlog [req-4bd1b22b-053d-4ede-a343-cc21494ec94f req-5ec844be-b51a-4cf9-8f27-c649d3ded596 service nova] 10.4.3.125 "GET /placement/allocations/1684bc09-f547-48b4-9134-6e67e8bb2066" status: 200 len: 258 microversion: 1.28
Jul 19 15:26:15.259879 np0000005438 devstack@placement-api.service[93147]: [pid: 93147|app: 0|req: 195/783] 10.4.3.125 () {68 vars in 1499 bytes} [Sun Jul 19 15:26:15 2026] GET /placement/allocations/1684bc09-f547-48b4-9134-6e67e8bb2066 => generated 258 bytes in 11 msecs (HTTP/1.1 200) 8 headers in 296 bytes (1 switches on core 0)
Jul 19 15:26:15.321603 np0000005438 devstack@placement-api.service[93149]: DEBUG placement.requestlog [req-ea741e6c-0665-4a7f-882a-3327b78753a4 req-d699c27a-3c64-4949-be06-a02b532fc6f3 None None] Starting request: 10.4.3.125 "GET /placement/resource_providers/abebc3b3-c123-4c69-8759-3812511000fe/allocations" {{(pid=93149) __call__ /opt/stack/placement/placement/requestlog.py:55}}
Jul 19 15:26:15.344906 np0000005438 devstack@placement-api.service[93149]: INFO placement.requestlog [req-ea741e6c-0665-4a7f-882a-3327b78753a4 req-d699c27a-3c64-4949-be06-a02b532fc6f3 service nova] 10.4.3.125 "GET /placement/resource_providers/abebc3b3-c123-4c69-8759-3812511000fe/allocations" status: 200 len: 1411 microversion: 1.0
Jul 19 15:26:15.345198 np0000005438 devstack@placement-api.service[93149]: [pid: 93149|app: 0|req: 198/784] 10.4.3.125 () {66 vars in 1512 bytes} [Sun Jul 19 15:26:15 2026] GET /placement/resource_providers/abebc3b3-c123-4c69-8759-3812511000fe/allocations => generated 1411 bytes in 24 msecs (HTTP/1.1 200) 6 headers in 225 bytes (1 switches on core 0)
Jul 19 15:26:15.397661 np0000005438 devstack@placement-api.service[93146]: DEBUG placement.requestlog [req-ea741e6c-0665-4a7f-882a-3327b78753a4 req-f7070f55-afdd-4ee0-b8f3-f5246b2381d6 None None] Starting request: 10.4.3.125 "GET /placement/allocations/08f86c78-9734-4ace-98a5-b58b51497e2a" {{(pid=93146) __call__ /opt/stack/placement/placement/requestlog.py:55}}
Jul 19 15:26:15.406039 np0000005438 devstack@placement-api.service[93146]: INFO placement.requestlog [req-ea741e6c-0665-4a7f-882a-3327b78753a4 req-f7070f55-afdd-4ee0-b8f3-f5246b2381d6 service nova] 10.4.3.125 "GET /placement/allocations/08f86c78-9734-4ace-98a5-b58b51497e2a" status: 200 len: 258 microversion: 1.28
Jul 19 15:26:15.406275 np0000005438 devstack@placement-api.service[93146]: [pid: 93146|app: 0|req: 196/785] 10.4.3.125 () {68 vars in 1499 bytes} [Sun Jul 19 15:26:15 2026] GET /placement/allocations/08f86c78-9734-4ace-98a5-b58b51497e2a => generated 258 bytes in 9 msecs (HTTP/1.1 200) 8 headers in 296 bytes (1 switches on core 0)
Jul 19 15:26:15.453047 np0000005438 devstack@placement-api.service[93148]: DEBUG placement.requestlog [req-ea741e6c-0665-4a7f-882a-3327b78753a4 req-3b38f9f6-8f59-45d0-9cdd-55ebda9d12a3 None None] Starting request: 10.4.3.125 "GET /placement/allocations/b5f60887-b9c7-45d2-a0cd-18137734dd3e" {{(pid=93148) __call__ /opt/stack/placement/placement/requestlog.py:55}}
Jul 19 15:26:15.466780 np0000005438 devstack@placement-api.service[93148]: INFO placement.requestlog [req-ea741e6c-0665-4a7f-882a-3327b78753a4 req-3b38f9f6-8f59-45d0-9cdd-55ebda9d12a3 service nova] 10.4.3.125 "GET /placement/allocations/b5f60887-b9c7-45d2-a0cd-18137734dd3e" status: 200 len: 258 microversion: 1.28
Jul 19 15:26:15.467372 np0000005438 devstack@placement-api.service[93148]: [pid: 93148|app: 0|req: 197/786] 10.4.3.125 () {68 vars in 1499 bytes} [Sun Jul 19 15:26:15 2026] GET /placement/allocations/b5f60887-b9c7-45d2-a0cd-18137734dd3e => generated 258 bytes in 15 msecs (HTTP/1.1 200) 8 headers in 296 bytes (1 switches on core 0)
Jul 19 15:26:15.510625 np0000005438 devstack@placement-api.service[93147]: DEBUG placement.requestlog [req-ea741e6c-0665-4a7f-882a-3327b78753a4 req-5e692556-8174-48c2-b512-d63344d93019 None None] Starting request: 10.4.3.125 "GET /placement/allocations/1684bc09-f547-48b4-9134-6e67e8bb2066" {{(pid=93147) __call__ /opt/stack/placement/placement/requestlog.py:55}}
Jul 19 15:26:15.523594 np0000005438 devstack@placement-api.service[93147]: INFO placement.requestlog [req-ea741e6c-0665-4a7f-882a-3327b78753a4 req-5e692556-8174-48c2-b512-d63344d93019 service nova] 10.4.3.125 "GET /placement/allocations/1684bc09-f547-48b4-9134-6e67e8bb2066" status: 200 len: 258 microversion: 1.28
Jul 19 15:26:15.523855 np0000005438 devstack@placement-api.service[93147]: [pid: 93147|app: 0|req: 196/787] 10.4.3.125 () {68 vars in 1499 bytes} [Sun Jul 19 15:26:15 2026] GET /placement/allocations/1684bc09-f547-48b4-9134-6e67e8bb2066 => generated 258 bytes in 13 msecs (HTTP/1.1 200) 8 headers in 296 bytes (1 switches on core 0)
Jul 19 15:26:15.582092 np0000005438 devstack@placement-api.service[93149]: DEBUG placement.requestlog [req-ea741e6c-0665-4a7f-882a-3327b78753a4 req-964f4257-efb1-45d7-8b3b-fcbe1998a968 None None] Starting request: 10.4.3.125 "GET /placement/allocations/ca686e82-bc07-4242-a30c-ba01a39eef85" {{(pid=93149) __call__ /opt/stack/placement/placement/requestlog.py:55}}
Jul 19 15:26:15.601252 np0000005438 devstack@placement-api.service[93149]: INFO placement.requestlog [req-ea741e6c-0665-4a7f-882a-3327b78753a4 req-964f4257-efb1-45d7-8b3b-fcbe1998a968 service nova] 10.4.3.125 "GET /placement/allocations/ca686e82-bc07-4242-a30c-ba01a39eef85" status: 200 len: 258 microversion: 1.28
Jul 19 15:26:15.601777 np0000005438 devstack@placement-api.service[93149]: [pid: 93149|app: 0|req: 199/788] 10.4.3.125 () {68 vars in 1499 bytes} [Sun Jul 19 15:26:15 2026] GET /placement/allocations/ca686e82-bc07-4242-a30c-ba01a39eef85 => generated 258 bytes in 20 msecs (HTTP/1.1 200) 8 headers in 296 bytes (1 switches on core 0)
Jul 19 15:26:15.660216 np0000005438 devstack@placement-api.service[93146]: DEBUG placement.requestlog [req-ea741e6c-0665-4a7f-882a-3327b78753a4 req-d7c01d2a-d71c-4f44-91b4-57e338dc405b None None] Starting request: 10.4.3.125 "GET /placement/allocations/73e78436-1789-428b-a786-afe378d88ac7" {{(pid=93146) __call__ /opt/stack/placement/placement/requestlog.py:55}}
Jul 19 15:26:15.671792 np0000005438 devstack@placement-api.service[93146]: INFO placement.requestlog [req-ea741e6c-0665-4a7f-882a-3327b78753a4 req-d7c01d2a-d71c-4f44-91b4-57e338dc405b service nova] 10.4.3.125 "GET /placement/allocations/73e78436-1789-428b-a786-afe378d88ac7" status: 200 len: 244 microversion: 1.28
Jul 19 15:26:15.671792 np0000005438 devstack@placement-api.service[93146]: [pid: 93146|app: 0|req: 197/789] 10.4.3.125 () {68 vars in 1499 bytes} [Sun Jul 19 15:26:15 2026] GET /placement/allocations/73e78436-1789-428b-a786-afe378d88ac7 => generated 244 bytes in 11 msecs (HTTP/1.1 200) 8 headers in 296 bytes (1 switches on core 0)
Jul 19 15:26:15.717590 np0000005438 devstack@placement-api.service[93148]: DEBUG placement.requestlog [req-ea741e6c-0665-4a7f-882a-3327b78753a4 req-51c5dff8-1555-4dfc-8050-ae7e1cd5058b None None] Starting request: 10.4.3.125 "GET /placement/allocations/2271734d-8d43-429d-b740-5b1037178fa6" {{(pid=93148) __call__ /opt/stack/placement/placement/requestlog.py:55}}
Jul 19 15:26:15.727595 np0000005438 devstack@placement-api.service[93148]: INFO placement.requestlog [req-ea741e6c-0665-4a7f-882a-3327b78753a4 req-51c5dff8-1555-4dfc-8050-ae7e1cd5058b service nova] 10.4.3.125 "GET /placement/allocations/2271734d-8d43-429d-b740-5b1037178fa6" status: 200 len: 258 microversion: 1.28
Jul 19 15:26:15.728018 np0000005438 devstack@placement-api.service[93148]: [pid: 93148|app: 0|req: 198/790] 10.4.3.125 () {68 vars in 1499 bytes} [Sun Jul 19 15:26:15 2026] GET /placement/allocations/2271734d-8d43-429d-b740-5b1037178fa6 => generated 258 bytes in 11 msecs (HTTP/1.1 200) 8 headers in 296 bytes (1 switches on core 0)
Jul 19 15:26:15.781881 np0000005438 devstack@placement-api.service[93147]: DEBUG placement.requestlog [req-ea741e6c-0665-4a7f-882a-3327b78753a4 req-dbbc09a1-5c8f-4003-b756-9b454c6bbd97 None None] Starting request: 10.4.3.125 "GET /placement/allocations/113c0765-4483-439a-a9f7-5668f4595490" {{(pid=93147) __call__ /opt/stack/placement/placement/requestlog.py:55}}
Jul 19 15:26:15.792260 np0000005438 devstack@placement-api.service[93147]: INFO placement.requestlog [req-ea741e6c-0665-4a7f-882a-3327b78753a4 req-dbbc09a1-5c8f-4003-b756-9b454c6bbd97 service nova] 10.4.3.125 "GET /placement/allocations/113c0765-4483-439a-a9f7-5668f4595490" status: 200 len: 258 microversion: 1.28
Jul 19 15:26:15.792455 np0000005438 devstack@placement-api.service[93147]: [pid: 93147|app: 0|req: 197/791] 10.4.3.125 () {68 vars in 1499 bytes} [Sun Jul 19 15:26:15 2026] GET /placement/allocations/113c0765-4483-439a-a9f7-5668f4595490 => generated 258 bytes in 11 msecs (HTTP/1.1 200) 8 headers in 296 bytes (1 switches on core 0)
Jul 19 15:26:15.841611 np0000005438 devstack@placement-api.service[93149]: DEBUG placement.requestlog [req-ea741e6c-0665-4a7f-882a-3327b78753a4 req-73b65cc5-eca0-4ba6-b661-fc3e2d98b4ce None None] Starting request: 10.4.3.125 "GET /placement/allocations/58fe45c8-1a8f-4008-8609-7d2301572342" {{(pid=93149) __call__ /opt/stack/placement/placement/requestlog.py:55}}
Jul 19 15:26:15.851356 np0000005438 devstack@placement-api.service[93149]: INFO placement.requestlog [req-ea741e6c-0665-4a7f-882a-3327b78753a4 req-73b65cc5-eca0-4ba6-b661-fc3e2d98b4ce service nova] 10.4.3.125 "GET /placement/allocations/58fe45c8-1a8f-4008-8609-7d2301572342" status: 200 len: 258 microversion: 1.28
Jul 19 15:26:15.851599 np0000005438 devstack@placement-api.service[93149]: [pid: 93149|app: 0|req: 200/792] 10.4.3.125 () {68 vars in 1499 bytes} [Sun Jul 19 15:26:15 2026] GET /placement/allocations/58fe45c8-1a8f-4008-8609-7d2301572342 => generated 258 bytes in 10 msecs (HTTP/1.1 200) 8 headers in 296 bytes (1 switches on core 0)
Jul 19 15:26:15.868464 np0000005438 devstack@placement-api.service[93146]: DEBUG placement.requestlog [req-dd603974-058d-4b4d-9de9-775bfc30d16d req-62e60af3-39ed-4963-837a-c8b4680e7ac4 None None] Starting request: 10.4.3.125 "GET /placement/allocation_candidates?limit=1000&resources=DISK_GB%3A1%2CMEMORY_MB%3A192%2CVCPU%3A1&root_required=%21COMPUTE_STATUS_DISABLED" {{(pid=93146) __call__ /opt/stack/placement/placement/requestlog.py:55}}
Jul 19 15:26:15.898188 np0000005438 devstack@placement-api.service[93146]: DEBUG placement.objects.research_context [req-dd603974-058d-4b4d-9de9-775bfc30d16d req-62e60af3-39ed-4963-837a-c8b4680e7ac4 service nova] getting providers with 1 DISK_GB {{(pid=93146) __init__ /opt/stack/placement/placement/objects/research_context.py:137}}
Jul 19 15:26:15.901454 np0000005438 devstack@placement-api.service[93148]: DEBUG placement.requestlog [req-ea741e6c-0665-4a7f-882a-3327b78753a4 req-51a60bca-eb48-4cd6-baec-bcfee868870f None None] Starting request: 10.4.3.125 "GET /placement/allocations/c444cc40-3047-48cc-9de3-4d6efc5a40eb" {{(pid=93148) __call__ /opt/stack/placement/placement/requestlog.py:55}}
Jul 19 15:26:15.901856 np0000005438 devstack@placement-api.service[93146]: DEBUG placement.objects.research_context [req-dd603974-058d-4b4d-9de9-775bfc30d16d req-62e60af3-39ed-4963-837a-c8b4680e7ac4 service nova] getting providers with 192 MEMORY_MB {{(pid=93146) __init__ /opt/stack/placement/placement/objects/research_context.py:137}}
Jul 19 15:26:15.906049 np0000005438 devstack@placement-api.service[93146]: DEBUG placement.objects.research_context [req-dd603974-058d-4b4d-9de9-775bfc30d16d req-62e60af3-39ed-4963-837a-c8b4680e7ac4 service nova] getting providers with 1 VCPU {{(pid=93146) __init__ /opt/stack/placement/placement/objects/research_context.py:137}}
Jul 19 15:26:15.910250 np0000005438 devstack@placement-api.service[93146]: DEBUG placement.objects.research_context [req-dd603974-058d-4b4d-9de9-775bfc30d16d req-62e60af3-39ed-4963-837a-c8b4680e7ac4 service nova] found 1 providers with available 1 DISK_GB {{(pid=93146) get_provider_ids_matching /opt/stack/placement/placement/objects/research_context.py:563}}
Jul 19 15:26:15.910396 np0000005438 devstack@placement-api.service[93146]: DEBUG placement.objects.research_context [req-dd603974-058d-4b4d-9de9-775bfc30d16d req-62e60af3-39ed-4963-837a-c8b4680e7ac4 service nova] found 1 providers with available 192 MEMORY_MB {{(pid=93146) get_provider_ids_matching /opt/stack/placement/placement/objects/research_context.py:563}}
Jul 19 15:26:15.910453 np0000005438 devstack@placement-api.service[93148]: INFO placement.requestlog [req-ea741e6c-0665-4a7f-882a-3327b78753a4 req-51a60bca-eb48-4cd6-baec-bcfee868870f service nova] 10.4.3.125 "GET /placement/allocations/c444cc40-3047-48cc-9de3-4d6efc5a40eb" status: 200 len: 258 microversion: 1.28
Jul 19 15:26:15.910634 np0000005438 devstack@placement-api.service[93146]: DEBUG placement.objects.research_context [req-dd603974-058d-4b4d-9de9-775bfc30d16d req-62e60af3-39ed-4963-837a-c8b4680e7ac4 service nova] found 1 providers after filtering by previous result {{(pid=93146) get_provider_ids_matching /opt/stack/placement/placement/objects/research_context.py:594}}
Jul 19 15:26:15.910707 np0000005438 devstack@placement-api.service[93148]: [pid: 93148|app: 0|req: 199/793] 10.4.3.125 () {68 vars in 1499 bytes} [Sun Jul 19 15:26:15 2026] GET /placement/allocations/c444cc40-3047-48cc-9de3-4d6efc5a40eb => generated 258 bytes in 9 msecs (HTTP/1.1 200) 8 headers in 296 bytes (1 switches on core 0)
Jul 19 15:26:15.910786 np0000005438 devstack@placement-api.service[93146]: DEBUG placement.objects.research_context [req-dd603974-058d-4b4d-9de9-775bfc30d16d req-62e60af3-39ed-4963-837a-c8b4680e7ac4 service nova] found 1 providers with available 1 VCPU {{(pid=93146) get_provider_ids_matching /opt/stack/placement/placement/objects/research_context.py:563}}
Jul 19 15:26:15.910893 np0000005438 devstack@placement-api.service[93146]: DEBUG placement.objects.research_context [req-dd603974-058d-4b4d-9de9-775bfc30d16d req-62e60af3-39ed-4963-837a-c8b4680e7ac4 service nova] found 1 providers after filtering by previous result {{(pid=93146) get_provider_ids_matching /opt/stack/placement/placement/objects/research_context.py:594}}
Jul 19 15:26:15.918475 np0000005438 devstack@placement-api.service[93146]: DEBUG placement.objects.allocation_candidate [req-dd603974-058d-4b4d-9de9-775bfc30d16d req-62e60af3-39ed-4963-837a-c8b4680e7ac4 service nova] RequestGroup(use_same_provider=False, resources={DISK_GB:1, MEMORY_MB:192, VCPU:1}, traits=(), aggregates=[]) (suffix '') returned 1 matches {{(pid=93146) _get_by_requests /opt/stack/placement/placement/objects/allocation_candidate.py:158}}
Jul 19 15:26:15.918824 np0000005438 devstack@placement-api.service[93146]: DEBUG placement.objects.allocation_candidate [req-dd603974-058d-4b4d-9de9-775bfc30d16d req-62e60af3-39ed-4963-837a-c8b4680e7ac4 service nova] Merging candidates yields 1 allocation requests and 1 provider summaries {{(pid=93146) _merge_candidates /opt/stack/placement/placement/objects/allocation_candidate.py:908}}
Jul 19 15:26:15.919956 np0000005438 devstack@placement-api.service[93146]: INFO placement.requestlog [req-dd603974-058d-4b4d-9de9-775bfc30d16d req-62e60af3-39ed-4963-837a-c8b4680e7ac4 service nova] 10.4.3.125 "GET /placement/allocation_candidates?limit=1000&resources=DISK_GB%3A1%2CMEMORY_MB%3A192%2CVCPU%3A1&root_required=%21COMPUTE_STATUS_DISABLED" status: 200 len: 2495 microversion: 1.36
Jul 19 15:26:15.920247 np0000005438 devstack@placement-api.service[93146]: [pid: 93146|app: 0|req: 198/794] 10.4.3.125 () {68 vars in 1625 bytes} [Sun Jul 19 15:26:15 2026] GET /placement/allocation_candidates?limit=1000&resources=DISK_GB%3A1%2CMEMORY_MB%3A192%2CVCPU%3A1&root_required=%21COMPUTE_STATUS_DISABLED => generated 2495 bytes in 52 msecs (HTTP/1.1 200) 8 headers in 297 bytes (1 switches on core 0)
Jul 19 15:26:15.965301 np0000005438 devstack@placement-api.service[93147]: DEBUG placement.requestlog [req-ea741e6c-0665-4a7f-882a-3327b78753a4 req-0390bb09-911e-4012-b739-b4e149e9aa36 None None] Starting request: 10.4.3.125 "GET /placement/allocations/3775a0c5-b4c2-4151-930a-be8e1890db57" {{(pid=93147) __call__ /opt/stack/placement/placement/requestlog.py:55}}
Jul 19 15:26:15.973615 np0000005438 devstack@placement-api.service[93147]: INFO placement.requestlog [req-ea741e6c-0665-4a7f-882a-3327b78753a4 req-0390bb09-911e-4012-b739-b4e149e9aa36 service nova] 10.4.3.125 "GET /placement/allocations/3775a0c5-b4c2-4151-930a-be8e1890db57" status: 200 len: 244 microversion: 1.28
Jul 19 15:26:15.974042 np0000005438 devstack@placement-api.service[93147]: [pid: 93147|app: 0|req: 198/795] 10.4.3.125 () {68 vars in 1499 bytes} [Sun Jul 19 15:26:15 2026] GET /placement/allocations/3775a0c5-b4c2-4151-930a-be8e1890db57 => generated 244 bytes in 9 msecs (HTTP/1.1 200) 8 headers in 296 bytes (1 switches on core 0)
Jul 19 15:26:15.991867 np0000005438 devstack@placement-api.service[93149]: DEBUG placement.requestlog [req-dd603974-058d-4b4d-9de9-775bfc30d16d req-95c0832e-b378-4844-a197-e973f708bbbf None None] Starting request: 10.4.3.125 "GET /placement/allocations/72921834-457e-4b44-95ed-ea54f5437b98" {{(pid=93149) __call__ /opt/stack/placement/placement/requestlog.py:55}}
Jul 19 15:26:15.998997 np0000005438 devstack@placement-api.service[93149]: INFO placement.requestlog [req-dd603974-058d-4b4d-9de9-775bfc30d16d req-95c0832e-b378-4844-a197-e973f708bbbf service nova] 10.4.3.125 "GET /placement/allocations/72921834-457e-4b44-95ed-ea54f5437b98" status: 200 len: 19 microversion: 1.28
Jul 19 15:26:15.999183 np0000005438 devstack@placement-api.service[93149]: [pid: 93149|app: 0|req: 201/796] 10.4.3.125 () {68 vars in 1501 bytes} [Sun Jul 19 15:26:15 2026] GET /placement/allocations/72921834-457e-4b44-95ed-ea54f5437b98 => generated 19 bytes in 7 msecs (HTTP/1.1 200) 8 headers in 295 bytes (1 switches on core 0)
Jul 19 15:26:16.025079 np0000005438 devstack@placement-api.service[93148]: DEBUG placement.requestlog [req-ea741e6c-0665-4a7f-882a-3327b78753a4 req-8ed5fbde-dbd1-4c2b-b995-bfcd0a60a5d6 None None] Starting request: 10.4.3.125 "GET /placement/allocations/447cc3c0-cf1c-4480-9c05-4649a53bc125" {{(pid=93148) __call__ /opt/stack/placement/placement/requestlog.py:55}}
Jul 19 15:26:16.038366 np0000005438 devstack@placement-api.service[93148]: INFO placement.requestlog [req-ea741e6c-0665-4a7f-882a-3327b78753a4 req-8ed5fbde-dbd1-4c2b-b995-bfcd0a60a5d6 service nova] 10.4.3.125 "GET /placement/allocations/447cc3c0-cf1c-4480-9c05-4649a53bc125" status: 200 len: 258 microversion: 1.28
Jul 19 15:26:16.039100 np0000005438 devstack@placement-api.service[93148]: [pid: 93148|app: 0|req: 200/797] 10.4.3.125 () {68 vars in 1499 bytes} [Sun Jul 19 15:26:16 2026] GET /placement/allocations/447cc3c0-cf1c-4480-9c05-4649a53bc125 => generated 258 bytes in 14 msecs (HTTP/1.1 200) 8 headers in 296 bytes (1 switches on core 0)
Jul 19 15:26:16.052097 np0000005438 devstack@placement-api.service[93146]: DEBUG placement.requestlog [req-dd603974-058d-4b4d-9de9-775bfc30d16d req-a7b6d079-4b6c-49eb-a537-95c2d71cea7f None None] Starting request: 10.4.3.125 "PUT /placement/allocations/72921834-457e-4b44-95ed-ea54f5437b98" {{(pid=93146) __call__ /opt/stack/placement/placement/requestlog.py:55}}
Jul 19 15:26:16.078968 np0000005438 devstack@placement-api.service[93147]: DEBUG placement.requestlog [req-ea741e6c-0665-4a7f-882a-3327b78753a4 req-7b207766-035f-4a0d-a454-02efce3dfc2c None None] Starting request: 10.4.3.125 "GET /placement/allocations/66954b36-9d68-4cb9-8a87-355cd330e6d8" {{(pid=93147) __call__ /opt/stack/placement/placement/requestlog.py:55}}
Jul 19 15:26:16.094891 np0000005438 devstack@placement-api.service[93147]: INFO placement.requestlog [req-ea741e6c-0665-4a7f-882a-3327b78753a4 req-7b207766-035f-4a0d-a454-02efce3dfc2c service nova] 10.4.3.125 "GET /placement/allocations/66954b36-9d68-4cb9-8a87-355cd330e6d8" status: 200 len: 258 microversion: 1.28
Jul 19 15:26:16.095113 np0000005438 devstack@placement-api.service[93147]: [pid: 93147|app: 0|req: 199/798] 10.4.3.125 () {68 vars in 1499 bytes} [Sun Jul 19 15:26:16 2026] GET /placement/allocations/66954b36-9d68-4cb9-8a87-355cd330e6d8 => generated 258 bytes in 16 msecs (HTTP/1.1 200) 8 headers in 296 bytes (1 switches on core 0)
Jul 19 15:26:16.111634 np0000005438 devstack@placement-api.service[93146]: DEBUG placement.handlers.allocation [req-dd603974-058d-4b4d-9de9-775bfc30d16d req-a7b6d079-4b6c-49eb-a537-95c2d71cea7f service nova] Successfully wrote allocations [, , ] {{(pid=93146) _update_consumers_and_create_allocations /opt/stack/placement/placement/handlers/allocation.py:462}}
Jul 19 15:26:16.114752 np0000005438 devstack@placement-api.service[93146]: INFO placement.requestlog [req-dd603974-058d-4b4d-9de9-775bfc30d16d req-a7b6d079-4b6c-49eb-a537-95c2d71cea7f service nova] 10.4.3.125 "PUT /placement/allocations/72921834-457e-4b44-95ed-ea54f5437b98" status: 204 len: 0 microversion: 1.36
Jul 19 15:26:16.115443 np0000005438 devstack@placement-api.service[93146]: [pid: 93146|app: 0|req: 199/799] 10.4.3.125 () {72 vars in 1554 bytes} [Sun Jul 19 15:26:16 2026] PUT /placement/allocations/72921834-457e-4b44-95ed-ea54f5437b98 => generated 0 bytes in 63 msecs (HTTP/1.1 204) 5 headers in 199 bytes (1 switches on core 0)
