Jun 28 00:55:39.706097 np0000003857 devstack@g-api.service[99494]: DEBUG glance.api.middleware.version_negotiation [None req-1da1cc1b-5529-47f3-a3f7-bce360c93175 tempest-TestStampPattern-502357590 tempest-TestStampPattern-502357590-project-member] Determining version of request: GET /v2/images/84ff93ce-6c22-4d7c-9daa-a89f170c55aa Accept: */* {{(pid=99494) process_request /opt/stack/glance/glance/api/middleware/version_negotiation.py:44}}
Jun 28 00:55:39.706243 np0000003857 devstack@g-api.service[99494]: DEBUG glance.api.middleware.version_negotiation [None req-1da1cc1b-5529-47f3-a3f7-bce360c93175 tempest-TestStampPattern-502357590 tempest-TestStampPattern-502357590-project-member] Using url versioning {{(pid=99494) process_request /opt/stack/glance/glance/api/middleware/version_negotiation.py:57}}
Jun 28 00:55:39.706419 np0000003857 devstack@g-api.service[99494]: DEBUG glance.api.middleware.version_negotiation [None req-1da1cc1b-5529-47f3-a3f7-bce360c93175 tempest-TestStampPattern-502357590 tempest-TestStampPattern-502357590-project-member] Matched version: v2 {{(pid=99494) process_request /opt/stack/glance/glance/api/middleware/version_negotiation.py:69}}
Jun 28 00:55:39.706547 np0000003857 devstack@g-api.service[99494]: DEBUG glance.api.middleware.version_negotiation [None req-1da1cc1b-5529-47f3-a3f7-bce360c93175 tempest-TestStampPattern-502357590 tempest-TestStampPattern-502357590-project-member] new path /v2/images/84ff93ce-6c22-4d7c-9daa-a89f170c55aa {{(pid=99494) process_request /opt/stack/glance/glance/api/middleware/version_negotiation.py:70}}
Jun 28 00:55:39.733568 np0000003857 devstack@g-api.service[99494]: [pid: 99494|app: 0|req: 152/448] 127.0.0.1 () {44 vars in 1115 bytes} [Sun Jun 28 00:55:39 2026] GET /v2/images/84ff93ce-6c22-4d7c-9daa-a89f170c55aa => generated 1410 bytes in 27 msecs (HTTP/1.1 200) 4 headers in 158 bytes (1 switches on core 0)
Jun 28 00:55:39.779292 np0000003857 devstack@g-api.service[99493]: DEBUG glance.api.middleware.version_negotiation [None req-1da1cc1b-5529-47f3-a3f7-bce360c93175 tempest-TestStampPattern-502357590 tempest-TestStampPattern-502357590-project-member] Determining version of request: PUT /v2/images/84ff93ce-6c22-4d7c-9daa-a89f170c55aa/file Accept: */* {{(pid=99493) process_request /opt/stack/glance/glance/api/middleware/version_negotiation.py:44}}
Jun 28 00:55:39.779465 np0000003857 devstack@g-api.service[99493]: DEBUG glance.api.middleware.version_negotiation [None req-1da1cc1b-5529-47f3-a3f7-bce360c93175 tempest-TestStampPattern-502357590 tempest-TestStampPattern-502357590-project-member] Using url versioning {{(pid=99493) process_request /opt/stack/glance/glance/api/middleware/version_negotiation.py:57}}
Jun 28 00:55:39.779553 np0000003857 devstack@g-api.service[99493]: DEBUG glance.api.middleware.version_negotiation [None req-1da1cc1b-5529-47f3-a3f7-bce360c93175 tempest-TestStampPattern-502357590 tempest-TestStampPattern-502357590-project-member] Matched version: v2 {{(pid=99493) process_request /opt/stack/glance/glance/api/middleware/version_negotiation.py:69}}
Jun 28 00:55:39.779811 np0000003857 devstack@g-api.service[99493]: DEBUG glance.api.middleware.version_negotiation [None req-1da1cc1b-5529-47f3-a3f7-bce360c93175 tempest-TestStampPattern-502357590 tempest-TestStampPattern-502357590-project-member] new path /v2/images/84ff93ce-6c22-4d7c-9daa-a89f170c55aa/file {{(pid=99493) process_request /opt/stack/glance/glance/api/middleware/version_negotiation.py:70}}
Jun 28 00:55:40.027858 np0000003857 devstack@g-api.service[99492]: DEBUG glance.image_cache.drivers.centralized_db [None req-ab7cc5d2-101c-4e14-9204-f19cc1ca68b7 tempest-AttachVolumeShelveTestJSON-8929768 tempest-AttachVolumeShelveTestJSON-8929768-project-member] Fetch finished, moving '/opt/stack/data/glance/cache/incomplete/e34780ab-d7e4-4a3f-892e-60eab947779d' to '/opt/stack/data/glance/cache/e34780ab-d7e4-4a3f-892e-60eab947779d' {{(pid=99492) commit /opt/stack/glance/glance/image_cache/drivers/centralized_db.py:243}}
Jun 28 00:55:40.043869 np0000003857 devstack@g-api.service[99492]: DEBUG glance.image_cache.drivers.centralized_db [None req-ab7cc5d2-101c-4e14-9204-f19cc1ca68b7 tempest-AttachVolumeShelveTestJSON-8929768 tempest-AttachVolumeShelveTestJSON-8929768-project-member] Image cached successfully. {{(pid=99492) commit /opt/stack/glance/glance/image_cache/drivers/centralized_db.py:258}}
Jun 28 00:55:40.044188 np0000003857 devstack@g-api.service[99492]: [pid: 99492|app: 0|req: 148/449] 127.0.0.1 () {44 vars in 1125 bytes} [Sun Jun 28 00:55:39 2026] GET /v2/images/e34780ab-d7e4-4a3f-892e-60eab947779d/file => generated 53608448 bytes in 696 msecs (HTTP/1.1 200) 4 headers in 191 bytes (819 switches on core 0)
Jun 28 00:55:40.143109 np0000003857 devstack@g-api.service[99494]: DEBUG glance.api.middleware.version_negotiation [None req-1da1cc1b-5529-47f3-a3f7-bce360c93175 tempest-TestStampPattern-502357590 tempest-TestStampPattern-502357590-project-member] Determining version of request: GET /v2/images/84ff93ce-6c22-4d7c-9daa-a89f170c55aa Accept: application/json {{(pid=99494) process_request /opt/stack/glance/glance/api/middleware/version_negotiation.py:44}}
Jun 28 00:55:40.143270 np0000003857 devstack@g-api.service[99494]: DEBUG glance.api.middleware.version_negotiation [None req-1da1cc1b-5529-47f3-a3f7-bce360c93175 tempest-TestStampPattern-502357590 tempest-TestStampPattern-502357590-project-member] Using url versioning {{(pid=99494) process_request /opt/stack/glance/glance/api/middleware/version_negotiation.py:57}}
Jun 28 00:55:40.143539 np0000003857 devstack@g-api.service[99494]: DEBUG glance.api.middleware.version_negotiation [None req-1da1cc1b-5529-47f3-a3f7-bce360c93175 tempest-TestStampPattern-502357590 tempest-TestStampPattern-502357590-project-member] Matched version: v2 {{(pid=99494) process_request /opt/stack/glance/glance/api/middleware/version_negotiation.py:69}}
Jun 28 00:55:40.143706 np0000003857 devstack@g-api.service[99494]: DEBUG glance.api.middleware.version_negotiation [None req-1da1cc1b-5529-47f3-a3f7-bce360c93175 tempest-TestStampPattern-502357590 tempest-TestStampPattern-502357590-project-member] new path /v2/images/84ff93ce-6c22-4d7c-9daa-a89f170c55aa {{(pid=99494) process_request /opt/stack/glance/glance/api/middleware/version_negotiation.py:70}}
Jun 28 00:55:40.183835 np0000003857 devstack@g-api.service[99494]: [pid: 99494|app: 0|req: 153/450] 127.0.0.1 () {40 vars in 838 bytes} [Sun Jun 28 00:55:40 2026] GET /v2/images/84ff93ce-6c22-4d7c-9daa-a89f170c55aa => generated 1410 bytes in 40 msecs (HTTP/1.1 200) 4 headers in 158 bytes (1 switches on core 0)
Jun 28 00:55:40.254896 np0000003857 devstack@g-api.service[99492]: DEBUG glance.api.middleware.version_negotiation [None req-ab7cc5d2-101c-4e14-9204-f19cc1ca68b7 tempest-AttachVolumeShelveTestJSON-8929768 tempest-AttachVolumeShelveTestJSON-8929768-project-member] Determining version of request: GET /v2/images/e34780ab-d7e4-4a3f-892e-60eab947779d Accept: */* {{(pid=99492) process_request /opt/stack/glance/glance/api/middleware/version_negotiation.py:44}}
Jun 28 00:55:40.255363 np0000003857 devstack@g-api.service[99492]: DEBUG glance.api.middleware.version_negotiation [None req-ab7cc5d2-101c-4e14-9204-f19cc1ca68b7 tempest-AttachVolumeShelveTestJSON-8929768 tempest-AttachVolumeShelveTestJSON-8929768-project-member] Using url versioning {{(pid=99492) process_request /opt/stack/glance/glance/api/middleware/version_negotiation.py:57}}
Jun 28 00:55:40.255579 np0000003857 devstack@g-api.service[99492]: DEBUG glance.api.middleware.version_negotiation [None req-ab7cc5d2-101c-4e14-9204-f19cc1ca68b7 tempest-AttachVolumeShelveTestJSON-8929768 tempest-AttachVolumeShelveTestJSON-8929768-project-member] Matched version: v2 {{(pid=99492) process_request /opt/stack/glance/glance/api/middleware/version_negotiation.py:69}}
Jun 28 00:55:40.255769 np0000003857 devstack@g-api.service[99492]: DEBUG glance.api.middleware.version_negotiation [None req-ab7cc5d2-101c-4e14-9204-f19cc1ca68b7 tempest-AttachVolumeShelveTestJSON-8929768 tempest-AttachVolumeShelveTestJSON-8929768-project-member] new path /v2/images/e34780ab-d7e4-4a3f-892e-60eab947779d {{(pid=99492) process_request /opt/stack/glance/glance/api/middleware/version_negotiation.py:70}}
Jun 28 00:55:40.270888 np0000003857 devstack@g-api.service[99492]: [pid: 99492|app: 0|req: 149/451] 127.0.0.1 () {44 vars in 1115 bytes} [Sun Jun 28 00:55:40 2026] GET /v2/images/e34780ab-d7e4-4a3f-892e-60eab947779d => generated 1614 bytes in 16 msecs (HTTP/1.1 200) 4 headers in 158 bytes (1 switches on core 0)
Jun 28 00:55:40.310752 np0000003857 devstack@g-api.service[99494]: DEBUG glance.api.middleware.version_negotiation [None req-fd5b64c8-e10a-45b5-ac41-86389d8fd580 tempest-TestStampPattern-502357590 tempest-TestStampPattern-502357590-project-member] Determining version of request: GET /v2/schemas/image Accept: */* {{(pid=99494) process_request /opt/stack/glance/glance/api/middleware/version_negotiation.py:44}}
Jun 28 00:55:40.310752 np0000003857 devstack@g-api.service[99494]: DEBUG glance.api.middleware.version_negotiation [None req-fd5b64c8-e10a-45b5-ac41-86389d8fd580 tempest-TestStampPattern-502357590 tempest-TestStampPattern-502357590-project-member] Using url versioning {{(pid=99494) process_request /opt/stack/glance/glance/api/middleware/version_negotiation.py:57}}
Jun 28 00:55:40.310752 np0000003857 devstack@g-api.service[99494]: DEBUG glance.api.middleware.version_negotiation [None req-fd5b64c8-e10a-45b5-ac41-86389d8fd580 tempest-TestStampPattern-502357590 tempest-TestStampPattern-502357590-project-member] Matched version: v2 {{(pid=99494) process_request /opt/stack/glance/glance/api/middleware/version_negotiation.py:69}}
Jun 28 00:55:40.310752 np0000003857 devstack@g-api.service[99494]: DEBUG glance.api.middleware.version_negotiation [None req-fd5b64c8-e10a-45b5-ac41-86389d8fd580 tempest-TestStampPattern-502357590 tempest-TestStampPattern-502357590-project-member] new path /v2/schemas/image {{(pid=99494) process_request /opt/stack/glance/glance/api/middleware/version_negotiation.py:70}}
Jun 28 00:55:40.313937 np0000003857 devstack@g-api.service[99494]: [pid: 99494|app: 0|req: 154/452] 127.0.0.1 () {44 vars in 1055 bytes} [Sun Jun 28 00:55:40 2026] GET /v2/schemas/image => generated 6083 bytes in 4 msecs (HTTP/1.1 200) 4 headers in 158 bytes (1 switches on core 0)
Jun 28 00:55:40.383918 np0000003857 devstack@g-api.service[99493]: INFO glance.api.v2.image_data [None req-1da1cc1b-5529-47f3-a3f7-bce360c93175 tempest-TestStampPattern-502357590 tempest-TestStampPattern-502357590-project-member] Unable to create trust: no such option collect_timing in group [keystone_authtoken] Use the existing user token.
Jun 28 00:55:40.881351 np0000003857 devstack@g-api.service[99493]: DEBUG glance.location [None req-1da1cc1b-5529-47f3-a3f7-bce360c93175 tempest-TestStampPattern-502357590 tempest-TestStampPattern-502357590-project-member] Enabling in-flight format inspection for qcow2 {{(pid=99493) set_data /opt/stack/glance/glance/location.py:616}}
Jun 28 00:55:40.881713 np0000003857 devstack@g-api.service[99493]: DEBUG glance_store.backend [None req-1da1cc1b-5529-47f3-a3f7-bce360c93175 tempest-TestStampPattern-502357590 tempest-TestStampPattern-502357590-project-member] Attempting to import store swift {{(pid=99493) _load_store /opt/stack/data/venv/lib/python3.12/site-packages/glance_store/backend.py:215}}
Jun 28 00:55:40.883119 np0000003857 devstack@g-api.service[99493]: DEBUG glance_store.capabilities [None req-1da1cc1b-5529-47f3-a3f7-bce360c93175 tempest-TestStampPattern-502357590 tempest-TestStampPattern-502357590-project-member] Store glance_store._drivers.swift.store.SingleTenantStore doesn't support updating dynamic storage capabilities. Please overwrite 'update_capabilities' method of the store to implement updating logics if needed. {{(pid=99493) update_capabilities /opt/stack/data/venv/lib/python3.12/site-packages/glance_store/capabilities.py:91}}
Jun 28 00:55:40.883223 np0000003857 devstack@g-api.service[99493]: DEBUG glance_store.driver [None req-1da1cc1b-5529-47f3-a3f7-bce360c93175 tempest-TestStampPattern-502357590 tempest-TestStampPattern-502357590-project-member] Late loading location class glance_store._drivers.swift.store.StoreLocation {{(pid=99493) get_store_location_class /opt/stack/data/venv/lib/python3.12/site-packages/glance_store/driver.py:134}}
Jun 28 00:55:40.883297 np0000003857 devstack@g-api.service[99493]: DEBUG glance_store.location [None req-1da1cc1b-5529-47f3-a3f7-bce360c93175 tempest-TestStampPattern-502357590 tempest-TestStampPattern-502357590-project-member] Registering scheme swift+https with {'store': , 'location_class': , 'store_entry': 'swift'} {{(pid=99493) register_scheme_map /opt/stack/data/venv/lib/python3.12/site-packages/glance_store/location.py:146}}
Jun 28 00:55:40.883420 np0000003857 devstack@g-api.service[99493]: DEBUG glance_store.location [None req-1da1cc1b-5529-47f3-a3f7-bce360c93175 tempest-TestStampPattern-502357590 tempest-TestStampPattern-502357590-project-member] Registering scheme swift+https with {'store': , 'location_class': , 'store_entry': 'swift'} {{(pid=99493) register_scheme_map /opt/stack/data/venv/lib/python3.12/site-packages/glance_store/location.py:146}}
Jun 28 00:55:40.883480 np0000003857 devstack@g-api.service[99493]: DEBUG glance_store.location [None req-1da1cc1b-5529-47f3-a3f7-bce360c93175 tempest-TestStampPattern-502357590 tempest-TestStampPattern-502357590-project-member] Registering scheme swift with {'store': , 'location_class': , 'store_entry': 'swift'} {{(pid=99493) register_scheme_map /opt/stack/data/venv/lib/python3.12/site-packages/glance_store/location.py:146}}
Jun 28 00:55:40.883595 np0000003857 devstack@g-api.service[99493]: DEBUG glance_store.location [None req-1da1cc1b-5529-47f3-a3f7-bce360c93175 tempest-TestStampPattern-502357590 tempest-TestStampPattern-502357590-project-member] Registering scheme swift+https with {'store': , 'location_class': , 'store_entry': 'swift'} {{(pid=99493) register_scheme_map /opt/stack/data/venv/lib/python3.12/site-packages/glance_store/location.py:146}}
Jun 28 00:55:40.883649 np0000003857 devstack@g-api.service[99493]: DEBUG glance_store.location [None req-1da1cc1b-5529-47f3-a3f7-bce360c93175 tempest-TestStampPattern-502357590 tempest-TestStampPattern-502357590-project-member] Registering scheme swift with {'store': , 'location_class': , 'store_entry': 'swift'} {{(pid=99493) register_scheme_map /opt/stack/data/venv/lib/python3.12/site-packages/glance_store/location.py:146}}
Jun 28 00:55:40.883752 np0000003857 devstack@g-api.service[99493]: DEBUG glance_store.location [None req-1da1cc1b-5529-47f3-a3f7-bce360c93175 tempest-TestStampPattern-502357590 tempest-TestStampPattern-502357590-project-member] Registering scheme swift+http with {'store': , 'location_class': , 'store_entry': 'swift'} {{(pid=99493) register_scheme_map /opt/stack/data/venv/lib/python3.12/site-packages/glance_store/location.py:146}}
Jun 28 00:55:40.883834 np0000003857 devstack@g-api.service[99493]: DEBUG glance_store.location [None req-1da1cc1b-5529-47f3-a3f7-bce360c93175 tempest-TestStampPattern-502357590 tempest-TestStampPattern-502357590-project-member] Registering scheme swift+https with {'store': , 'location_class': , 'store_entry': 'swift'} {{(pid=99493) register_scheme_map /opt/stack/data/venv/lib/python3.12/site-packages/glance_store/location.py:146}}
Jun 28 00:55:40.883929 np0000003857 devstack@g-api.service[99493]: DEBUG glance_store.location [None req-1da1cc1b-5529-47f3-a3f7-bce360c93175 tempest-TestStampPattern-502357590 tempest-TestStampPattern-502357590-project-member] Registering scheme swift with {'store': , 'location_class': , 'store_entry': 'swift'} {{(pid=99493) register_scheme_map /opt/stack/data/venv/lib/python3.12/site-packages/glance_store/location.py:146}}
Jun 28 00:55:40.884064 np0000003857 devstack@g-api.service[99493]: DEBUG glance_store.location [None req-1da1cc1b-5529-47f3-a3f7-bce360c93175 tempest-TestStampPattern-502357590 tempest-TestStampPattern-502357590-project-member] Registering scheme swift+http with {'store': , 'location_class': , 'store_entry': 'swift'} {{(pid=99493) register_scheme_map /opt/stack/data/venv/lib/python3.12/site-packages/glance_store/location.py:146}}
Jun 28 00:55:40.884146 np0000003857 devstack@g-api.service[99493]: DEBUG glance_store.location [None req-1da1cc1b-5529-47f3-a3f7-bce360c93175 tempest-TestStampPattern-502357590 tempest-TestStampPattern-502357590-project-member] Registering scheme swift+config with {'store': , 'location_class': , 'store_entry': 'swift'} {{(pid=99493) register_scheme_map /opt/stack/data/venv/lib/python3.12/site-packages/glance_store/location.py:146}}
Jun 28 00:55:40.971251 np0000003857 devstack@g-api.service[99493]: DEBUG swiftclient [None req-1da1cc1b-5529-47f3-a3f7-bce360c93175 tempest-TestStampPattern-502357590 tempest-TestStampPattern-502357590-project-member] REQ: curl -i https://10.4.3.102:8080/v1/AUTH_bcf021d07af54b3f81a352f128a981fa/glance -I -H "X-Auth-Token: gAAAAABqQHEMak01..." {{(pid=99493) http_log /opt/stack/data/venv/lib/python3.12/site-packages/swiftclient/client.py:160}}
Jun 28 00:55:40.971330 np0000003857 devstack@g-api.service[99493]: DEBUG swiftclient [None req-1da1cc1b-5529-47f3-a3f7-bce360c93175 tempest-TestStampPattern-502357590 tempest-TestStampPattern-502357590-project-member] RESP STATUS: 204 No Content {{(pid=99493) http_log /opt/stack/data/venv/lib/python3.12/site-packages/swiftclient/client.py:161}}
Jun 28 00:55:40.971495 np0000003857 devstack@g-api.service[99493]: DEBUG swiftclient [None req-1da1cc1b-5529-47f3-a3f7-bce360c93175 tempest-TestStampPattern-502357590 tempest-TestStampPattern-502357590-project-member] RESP HEADERS: {'Date': 'Sun, 28 Jun 2026 00:55:40 GMT', 'Server': 'Apache/2.4.58 (Ubuntu)', 'Content-Type': 'text/plain; charset=utf-8', 'X-Container-Object-Count': '7', 'X-Container-Bytes-Used': '171573248', 'X-Timestamp': '1782607517.57613', 'Last-Modified': 'Sun, 28 Jun 2026 00:45:18 GMT', 'Accept-Ranges': 'bytes', 'X-Storage-Policy': 'Policy-0', 'X-Container-Sharding': 'False', 'Vary': 'Accept', 'X-Trans-Id': 'tx9d46517774804f23b569c-006a40710c', 'X-Openstack-Request-Id': 'tx9d46517774804f23b569c-006a40710c', 'Connection': 'close'} {{(pid=99493) http_log /opt/stack/data/venv/lib/python3.12/site-packages/swiftclient/client.py:162}}
Jun 28 00:55:40.971682 np0000003857 devstack@g-api.service[99493]: DEBUG glance_store._drivers.swift.store [None req-1da1cc1b-5529-47f3-a3f7-bce360c93175 tempest-TestStampPattern-502357590 tempest-TestStampPattern-502357590-project-member] Adding image object '84ff93ce-6c22-4d7c-9daa-a89f170c55aa' to Swift {{(pid=99493) add /opt/stack/data/venv/lib/python3.12/site-packages/glance_store/_drivers/swift/store.py:970}}
Jun 28 00:55:40.971741 np0000003857 devstack@g-api.service[99493]: DEBUG glance_store._drivers.swift.store [None req-1da1cc1b-5529-47f3-a3f7-bce360c93175 tempest-TestStampPattern-502357590 tempest-TestStampPattern-502357590-project-member] Cannot determine image size because it is either not provided in the request or chunked-transfer encoding is used. Adding image as a segmented object to Swift. {{(pid=99493) add /opt/stack/data/venv/lib/python3.12/site-packages/glance_store/_drivers/swift/store.py:994}}
Jun 28 00:55:40.977192 np0000003857 devstack@g-api.service[99493]: DEBUG oslo_utils.imageutils.format_inspector [None req-1da1cc1b-5529-47f3-a3f7-bce360c93175 tempest-TestStampPattern-502357590 tempest-TestStampPattern-502357590-project-member] Format inspector for vmdk does not match, excluding from consideration (Signature KDMV not found: b'QFI\xfb') {{(pid=99493) _process_chunk /opt/stack/data/venv/lib/python3.12/site-packages/oslo_utils/imageutils/format_inspector.py:1758}}
Jun 28 00:55:40.979838 np0000003857 devstack@g-api.service[99493]: DEBUG oslo_utils.imageutils.format_inspector [None req-1da1cc1b-5529-47f3-a3f7-bce360c93175 tempest-TestStampPattern-502357590 tempest-TestStampPattern-502357590-project-member] Format inspector for vhdx does not match, excluding from consideration (Region signature not found at 30000) {{(pid=99493) _process_chunk /opt/stack/data/venv/lib/python3.12/site-packages/oslo_utils/imageutils/format_inspector.py:1758}}
Jun 28 00:55:40.999595 np0000003857 devstack@g-api.service[99492]: DEBUG glance.api.middleware.version_negotiation [None req-ab7cc5d2-101c-4e14-9204-f19cc1ca68b7 tempest-AttachVolumeShelveTestJSON-8929768 tempest-AttachVolumeShelveTestJSON-8929768-project-member] Determining version of request: GET /v2/images/e7779bff-c799-43cc-bda4-6fc061109324 Accept: */* {{(pid=99492) process_request /opt/stack/glance/glance/api/middleware/version_negotiation.py:44}}
Jun 28 00:55:40.999922 np0000003857 devstack@g-api.service[99492]: DEBUG glance.api.middleware.version_negotiation [None req-ab7cc5d2-101c-4e14-9204-f19cc1ca68b7 tempest-AttachVolumeShelveTestJSON-8929768 tempest-AttachVolumeShelveTestJSON-8929768-project-member] Using url versioning {{(pid=99492) process_request /opt/stack/glance/glance/api/middleware/version_negotiation.py:57}}
Jun 28 00:55:41.000313 np0000003857 devstack@g-api.service[99492]: DEBUG glance.api.middleware.version_negotiation [None req-ab7cc5d2-101c-4e14-9204-f19cc1ca68b7 tempest-AttachVolumeShelveTestJSON-8929768 tempest-AttachVolumeShelveTestJSON-8929768-project-member] Matched version: v2 {{(pid=99492) process_request /opt/stack/glance/glance/api/middleware/version_negotiation.py:69}}
Jun 28 00:55:41.000530 np0000003857 devstack@g-api.service[99492]: DEBUG glance.api.middleware.version_negotiation [None req-ab7cc5d2-101c-4e14-9204-f19cc1ca68b7 tempest-AttachVolumeShelveTestJSON-8929768 tempest-AttachVolumeShelveTestJSON-8929768-project-member] new path /v2/images/e7779bff-c799-43cc-bda4-6fc061109324 {{(pid=99492) process_request /opt/stack/glance/glance/api/middleware/version_negotiation.py:70}}
Jun 28 00:55:41.012848 np0000003857 devstack@g-api.service[99492]: [pid: 99492|app: 0|req: 150/453] 127.0.0.1 () {44 vars in 1115 bytes} [Sun Jun 28 00:55:40 2026] GET /v2/images/e7779bff-c799-43cc-bda4-6fc061109324 => generated 1044 bytes in 13 msecs (HTTP/1.1 200) 4 headers in 158 bytes (1 switches on core 0)
Jun 28 00:55:41.022985 np0000003857 devstack@g-api.service[99494]: DEBUG glance.api.middleware.version_negotiation [None req-ab7cc5d2-101c-4e14-9204-f19cc1ca68b7 tempest-AttachVolumeShelveTestJSON-8929768 tempest-AttachVolumeShelveTestJSON-8929768-project-member] Determining version of request: GET /v2/schemas/image Accept: */* {{(pid=99494) process_request /opt/stack/glance/glance/api/middleware/version_negotiation.py:44}}
Jun 28 00:55:41.022985 np0000003857 devstack@g-api.service[99494]: DEBUG glance.api.middleware.version_negotiation [None req-ab7cc5d2-101c-4e14-9204-f19cc1ca68b7 tempest-AttachVolumeShelveTestJSON-8929768 tempest-AttachVolumeShelveTestJSON-8929768-project-member] Using url versioning {{(pid=99494) process_request /opt/stack/glance/glance/api/middleware/version_negotiation.py:57}}
Jun 28 00:55:41.022985 np0000003857 devstack@g-api.service[99494]: DEBUG glance.api.middleware.version_negotiation [None req-ab7cc5d2-101c-4e14-9204-f19cc1ca68b7 tempest-AttachVolumeShelveTestJSON-8929768 tempest-AttachVolumeShelveTestJSON-8929768-project-member] Matched version: v2 {{(pid=99494) process_request /opt/stack/glance/glance/api/middleware/version_negotiation.py:69}}
Jun 28 00:55:41.022985 np0000003857 devstack@g-api.service[99494]: DEBUG glance.api.middleware.version_negotiation [None req-ab7cc5d2-101c-4e14-9204-f19cc1ca68b7 tempest-AttachVolumeShelveTestJSON-8929768 tempest-AttachVolumeShelveTestJSON-8929768-project-member] new path /v2/schemas/image {{(pid=99494) process_request /opt/stack/glance/glance/api/middleware/version_negotiation.py:70}}
Jun 28 00:55:41.024621 np0000003857 devstack@g-api.service[99494]: [pid: 99494|app: 0|req: 155/454] 127.0.0.1 () {44 vars in 1055 bytes} [Sun Jun 28 00:55:41 2026] GET /v2/schemas/image => generated 6083 bytes in 4 msecs (HTTP/1.1 200) 4 headers in 158 bytes (1 switches on core 0)
Jun 28 00:55:41.034293 np0000003857 devstack@g-api.service[99492]: DEBUG glance.api.middleware.version_negotiation [None req-650958b0-2cfd-430f-a74e-a73c6752595a tempest-ServerActionsTestOtherA-1784512794 tempest-ServerActionsTestOtherA-1784512794-project-member] Determining version of request: GET /v2/schemas/image Accept: */* {{(pid=99492) process_request /opt/stack/glance/glance/api/middleware/version_negotiation.py:44}}
Jun 28 00:55:41.034835 np0000003857 devstack@g-api.service[99492]: DEBUG glance.api.middleware.version_negotiation [None req-650958b0-2cfd-430f-a74e-a73c6752595a tempest-ServerActionsTestOtherA-1784512794 tempest-ServerActionsTestOtherA-1784512794-project-member] Using url versioning {{(pid=99492) process_request /opt/stack/glance/glance/api/middleware/version_negotiation.py:57}}
Jun 28 00:55:41.035263 np0000003857 devstack@g-api.service[99492]: DEBUG glance.api.middleware.version_negotiation [None req-650958b0-2cfd-430f-a74e-a73c6752595a tempest-ServerActionsTestOtherA-1784512794 tempest-ServerActionsTestOtherA-1784512794-project-member] Matched version: v2 {{(pid=99492) process_request /opt/stack/glance/glance/api/middleware/version_negotiation.py:69}}
Jun 28 00:55:41.035450 np0000003857 devstack@g-api.service[99492]: DEBUG glance.api.middleware.version_negotiation [None req-650958b0-2cfd-430f-a74e-a73c6752595a tempest-ServerActionsTestOtherA-1784512794 tempest-ServerActionsTestOtherA-1784512794-project-member] new path /v2/schemas/image {{(pid=99492) process_request /opt/stack/glance/glance/api/middleware/version_negotiation.py:70}}
Jun 28 00:55:41.038788 np0000003857 devstack@g-api.service[99492]: [pid: 99492|app: 0|req: 151/455] 127.0.0.1 () {44 vars in 1055 bytes} [Sun Jun 28 00:55:41 2026] GET /v2/schemas/image => generated 6083 bytes in 5 msecs (HTTP/1.1 200) 4 headers in 158 bytes (1 switches on core 0)
Jun 28 00:55:41.052075 np0000003857 devstack@g-api.service[99494]: DEBUG glance.api.middleware.version_negotiation [None req-650958b0-2cfd-430f-a74e-a73c6752595a tempest-ServerActionsTestOtherA-1784512794 tempest-ServerActionsTestOtherA-1784512794-project-member] Determining version of request: GET /v2/images/e7779bff-c799-43cc-bda4-6fc061109324 Accept: */* {{(pid=99494) process_request /opt/stack/glance/glance/api/middleware/version_negotiation.py:44}}
Jun 28 00:55:41.052253 np0000003857 devstack@g-api.service[99494]: DEBUG glance.api.middleware.version_negotiation [None req-650958b0-2cfd-430f-a74e-a73c6752595a tempest-ServerActionsTestOtherA-1784512794 tempest-ServerActionsTestOtherA-1784512794-project-member] Using url versioning {{(pid=99494) process_request /opt/stack/glance/glance/api/middleware/version_negotiation.py:57}}
Jun 28 00:55:41.052323 np0000003857 devstack@g-api.service[99494]: DEBUG glance.api.middleware.version_negotiation [None req-650958b0-2cfd-430f-a74e-a73c6752595a tempest-ServerActionsTestOtherA-1784512794 tempest-ServerActionsTestOtherA-1784512794-project-member] Matched version: v2 {{(pid=99494) process_request /opt/stack/glance/glance/api/middleware/version_negotiation.py:69}}
Jun 28 00:55:41.052442 np0000003857 devstack@g-api.service[99494]: DEBUG glance.api.middleware.version_negotiation [None req-650958b0-2cfd-430f-a74e-a73c6752595a tempest-ServerActionsTestOtherA-1784512794 tempest-ServerActionsTestOtherA-1784512794-project-member] new path /v2/images/e7779bff-c799-43cc-bda4-6fc061109324 {{(pid=99494) process_request /opt/stack/glance/glance/api/middleware/version_negotiation.py:70}}
Jun 28 00:55:41.064981 np0000003857 devstack@g-api.service[99494]: [pid: 99494|app: 0|req: 156/456] 127.0.0.1 () {44 vars in 1115 bytes} [Sun Jun 28 00:55:41 2026] GET /v2/images/e7779bff-c799-43cc-bda4-6fc061109324 => generated 1044 bytes in 11 msecs (HTTP/1.1 200) 4 headers in 158 bytes (1 switches on core 0)
Jun 28 00:55:41.070858 np0000003857 devstack@g-api.service[99492]: DEBUG glance.api.middleware.version_negotiation [None req-650958b0-2cfd-430f-a74e-a73c6752595a tempest-ServerActionsTestOtherA-1784512794 tempest-ServerActionsTestOtherA-1784512794-project-member] Determining version of request: GET /v2/schemas/image Accept: */* {{(pid=99492) process_request /opt/stack/glance/glance/api/middleware/version_negotiation.py:44}}
Jun 28 00:55:41.070992 np0000003857 devstack@g-api.service[99492]: DEBUG glance.api.middleware.version_negotiation [None req-650958b0-2cfd-430f-a74e-a73c6752595a tempest-ServerActionsTestOtherA-1784512794 tempest-ServerActionsTestOtherA-1784512794-project-member] Using url versioning {{(pid=99492) process_request /opt/stack/glance/glance/api/middleware/version_negotiation.py:57}}
Jun 28 00:55:41.071105 np0000003857 devstack@g-api.service[99492]: DEBUG glance.api.middleware.version_negotiation [None req-650958b0-2cfd-430f-a74e-a73c6752595a tempest-ServerActionsTestOtherA-1784512794 tempest-ServerActionsTestOtherA-1784512794-project-member] Matched version: v2 {{(pid=99492) process_request /opt/stack/glance/glance/api/middleware/version_negotiation.py:69}}
Jun 28 00:55:41.071191 np0000003857 devstack@g-api.service[99492]: DEBUG glance.api.middleware.version_negotiation [None req-650958b0-2cfd-430f-a74e-a73c6752595a tempest-ServerActionsTestOtherA-1784512794 tempest-ServerActionsTestOtherA-1784512794-project-member] new path /v2/schemas/image {{(pid=99492) process_request /opt/stack/glance/glance/api/middleware/version_negotiation.py:70}}
Jun 28 00:55:41.073419 np0000003857 devstack@g-api.service[99492]: [pid: 99492|app: 0|req: 152/457] 127.0.0.1 () {44 vars in 1055 bytes} [Sun Jun 28 00:55:41 2026] GET /v2/schemas/image => generated 6083 bytes in 3 msecs (HTTP/1.1 200) 4 headers in 158 bytes (1 switches on core 0)
Jun 28 00:55:41.082986 np0000003857 devstack@g-api.service[99494]: DEBUG glance.api.middleware.version_negotiation [None req-650958b0-2cfd-430f-a74e-a73c6752595a tempest-ServerActionsTestOtherA-1784512794 tempest-ServerActionsTestOtherA-1784512794-project-member] Determining version of request: GET /v2/schemas/image Accept: */* {{(pid=99494) process_request /opt/stack/glance/glance/api/middleware/version_negotiation.py:44}}
Jun 28 00:55:41.083190 np0000003857 devstack@g-api.service[99494]: DEBUG glance.api.middleware.version_negotiation [None req-650958b0-2cfd-430f-a74e-a73c6752595a tempest-ServerActionsTestOtherA-1784512794 tempest-ServerActionsTestOtherA-1784512794-project-member] Using url versioning {{(pid=99494) process_request /opt/stack/glance/glance/api/middleware/version_negotiation.py:57}}
Jun 28 00:55:41.083359 np0000003857 devstack@g-api.service[99494]: DEBUG glance.api.middleware.version_negotiation [None req-650958b0-2cfd-430f-a74e-a73c6752595a tempest-ServerActionsTestOtherA-1784512794 tempest-ServerActionsTestOtherA-1784512794-project-member] Matched version: v2 {{(pid=99494) process_request /opt/stack/glance/glance/api/middleware/version_negotiation.py:69}}
Jun 28 00:55:41.083498 np0000003857 devstack@g-api.service[99494]: DEBUG glance.api.middleware.version_negotiation [None req-650958b0-2cfd-430f-a74e-a73c6752595a tempest-ServerActionsTestOtherA-1784512794 tempest-ServerActionsTestOtherA-1784512794-project-member] new path /v2/schemas/image {{(pid=99494) process_request /opt/stack/glance/glance/api/middleware/version_negotiation.py:70}}
Jun 28 00:55:41.086837 np0000003857 devstack@g-api.service[99494]: [pid: 99494|app: 0|req: 157/458] 127.0.0.1 () {44 vars in 1055 bytes} [Sun Jun 28 00:55:41 2026] GET /v2/schemas/image => generated 6083 bytes in 4 msecs (HTTP/1.1 200) 4 headers in 158 bytes (1 switches on core 0)
Jun 28 00:55:41.116506 np0000003857 devstack@g-api.service[99492]: DEBUG glance.api.middleware.version_negotiation [None req-650958b0-2cfd-430f-a74e-a73c6752595a tempest-ServerActionsTestOtherA-1784512794 tempest-ServerActionsTestOtherA-1784512794-project-member] Determining version of request: GET /v2/images/e7779bff-c799-43cc-bda4-6fc061109324 Accept: */* {{(pid=99492) process_request /opt/stack/glance/glance/api/middleware/version_negotiation.py:44}}
Jun 28 00:55:41.116732 np0000003857 devstack@g-api.service[99492]: DEBUG glance.api.middleware.version_negotiation [None req-650958b0-2cfd-430f-a74e-a73c6752595a tempest-ServerActionsTestOtherA-1784512794 tempest-ServerActionsTestOtherA-1784512794-project-member] Using url versioning {{(pid=99492) process_request /opt/stack/glance/glance/api/middleware/version_negotiation.py:57}}
Jun 28 00:55:41.117102 np0000003857 devstack@g-api.service[99492]: DEBUG glance.api.middleware.version_negotiation [None req-650958b0-2cfd-430f-a74e-a73c6752595a tempest-ServerActionsTestOtherA-1784512794 tempest-ServerActionsTestOtherA-1784512794-project-member] Matched version: v2 {{(pid=99492) process_request /opt/stack/glance/glance/api/middleware/version_negotiation.py:69}}
Jun 28 00:55:41.117164 np0000003857 devstack@g-api.service[99492]: DEBUG glance.api.middleware.version_negotiation [None req-650958b0-2cfd-430f-a74e-a73c6752595a tempest-ServerActionsTestOtherA-1784512794 tempest-ServerActionsTestOtherA-1784512794-project-member] new path /v2/images/e7779bff-c799-43cc-bda4-6fc061109324 {{(pid=99492) process_request /opt/stack/glance/glance/api/middleware/version_negotiation.py:70}}
Jun 28 00:55:41.129097 np0000003857 devstack@g-api.service[99492]: [pid: 99492|app: 0|req: 153/459] 127.0.0.1 () {44 vars in 1115 bytes} [Sun Jun 28 00:55:41 2026] GET /v2/images/e7779bff-c799-43cc-bda4-6fc061109324 => generated 1044 bytes in 13 msecs (HTTP/1.1 200) 4 headers in 158 bytes (1 switches on core 0)
Jun 28 00:55:41.140513 np0000003857 devstack@g-api.service[99494]: DEBUG glance.api.middleware.version_negotiation [None req-650958b0-2cfd-430f-a74e-a73c6752595a tempest-ServerActionsTestOtherA-1784512794 tempest-ServerActionsTestOtherA-1784512794-project-member] Determining version of request: GET /v2/schemas/image Accept: */* {{(pid=99494) process_request /opt/stack/glance/glance/api/middleware/version_negotiation.py:44}}
Jun 28 00:55:41.140942 np0000003857 devstack@g-api.service[99494]: DEBUG glance.api.middleware.version_negotiation [None req-650958b0-2cfd-430f-a74e-a73c6752595a tempest-ServerActionsTestOtherA-1784512794 tempest-ServerActionsTestOtherA-1784512794-project-member] Using url versioning {{(pid=99494) process_request /opt/stack/glance/glance/api/middleware/version_negotiation.py:57}}
Jun 28 00:55:41.141098 np0000003857 devstack@g-api.service[99494]: DEBUG glance.api.middleware.version_negotiation [None req-650958b0-2cfd-430f-a74e-a73c6752595a tempest-ServerActionsTestOtherA-1784512794 tempest-ServerActionsTestOtherA-1784512794-project-member] Matched version: v2 {{(pid=99494) process_request /opt/stack/glance/glance/api/middleware/version_negotiation.py:69}}
Jun 28 00:55:41.141228 np0000003857 devstack@g-api.service[99494]: DEBUG glance.api.middleware.version_negotiation [None req-650958b0-2cfd-430f-a74e-a73c6752595a tempest-ServerActionsTestOtherA-1784512794 tempest-ServerActionsTestOtherA-1784512794-project-member] new path /v2/schemas/image {{(pid=99494) process_request /opt/stack/glance/glance/api/middleware/version_negotiation.py:70}}
Jun 28 00:55:41.145137 np0000003857 devstack@g-api.service[99494]: [pid: 99494|app: 0|req: 158/460] 127.0.0.1 () {44 vars in 1055 bytes} [Sun Jun 28 00:55:41 2026] GET /v2/schemas/image => generated 6083 bytes in 5 msecs (HTTP/1.1 200) 4 headers in 158 bytes (1 switches on core 0)
Jun 28 00:55:41.195298 np0000003857 devstack@g-api.service[99492]: DEBUG glance.api.middleware.version_negotiation [None req-650958b0-2cfd-430f-a74e-a73c6752595a tempest-ServerActionsTestOtherA-1784512794 tempest-ServerActionsTestOtherA-1784512794-project-member] Determining version of request: GET /v2/images/84ff93ce-6c22-4d7c-9daa-a89f170c55aa Accept: application/json {{(pid=99492) process_request /opt/stack/glance/glance/api/middleware/version_negotiation.py:44}}
Jun 28 00:55:41.195582 np0000003857 devstack@g-api.service[99492]: DEBUG glance.api.middleware.version_negotiation [None req-650958b0-2cfd-430f-a74e-a73c6752595a tempest-ServerActionsTestOtherA-1784512794 tempest-ServerActionsTestOtherA-1784512794-project-member] Using url versioning {{(pid=99492) process_request /opt/stack/glance/glance/api/middleware/version_negotiation.py:57}}
Jun 28 00:55:41.195823 np0000003857 devstack@g-api.service[99492]: DEBUG glance.api.middleware.version_negotiation [None req-650958b0-2cfd-430f-a74e-a73c6752595a tempest-ServerActionsTestOtherA-1784512794 tempest-ServerActionsTestOtherA-1784512794-project-member] Matched version: v2 {{(pid=99492) process_request /opt/stack/glance/glance/api/middleware/version_negotiation.py:69}}
Jun 28 00:55:41.196023 np0000003857 devstack@g-api.service[99492]: DEBUG glance.api.middleware.version_negotiation [None req-650958b0-2cfd-430f-a74e-a73c6752595a tempest-ServerActionsTestOtherA-1784512794 tempest-ServerActionsTestOtherA-1784512794-project-member] new path /v2/images/84ff93ce-6c22-4d7c-9daa-a89f170c55aa {{(pid=99492) process_request /opt/stack/glance/glance/api/middleware/version_negotiation.py:70}}
Jun 28 00:55:41.209986 np0000003857 devstack@g-api.service[99492]: [pid: 99492|app: 0|req: 154/461] 127.0.0.1 () {40 vars in 838 bytes} [Sun Jun 28 00:55:41 2026] GET /v2/images/84ff93ce-6c22-4d7c-9daa-a89f170c55aa => generated 1410 bytes in 15 msecs (HTTP/1.1 200) 4 headers in 158 bytes (1 switches on core 0)
Jun 28 00:55:41.510856 np0000003857 devstack@g-api.service[99493]: DEBUG swiftclient [None req-1da1cc1b-5529-47f3-a3f7-bce360c93175 tempest-TestStampPattern-502357590 tempest-TestStampPattern-502357590-project-member] REQ: curl -i https://10.4.3.102:8080/v1/AUTH_bcf021d07af54b3f81a352f128a981fa/glance/84ff93ce-6c22-4d7c-9daa-a89f170c55aa-00001 -X PUT -H "X-Auth-Token: gAAAAABqQHEMak01..." {{(pid=99493) http_log /opt/stack/data/venv/lib/python3.12/site-packages/swiftclient/client.py:160}}
Jun 28 00:55:41.511286 np0000003857 devstack@g-api.service[99493]: DEBUG swiftclient [None req-1da1cc1b-5529-47f3-a3f7-bce360c93175 tempest-TestStampPattern-502357590 tempest-TestStampPattern-502357590-project-member] RESP STATUS: 201 Created {{(pid=99493) http_log /opt/stack/data/venv/lib/python3.12/site-packages/swiftclient/client.py:161}}
Jun 28 00:55:41.511286 np0000003857 devstack@g-api.service[99493]: DEBUG swiftclient [None req-1da1cc1b-5529-47f3-a3f7-bce360c93175 tempest-TestStampPattern-502357590 tempest-TestStampPattern-502357590-project-member] RESP HEADERS: {'Date': 'Sun, 28 Jun 2026 00:55:41 GMT', 'Server': 'Apache/2.4.58 (Ubuntu)', 'Content-Type': 'text/html; charset=UTF-8', 'Content-Length': '0', 'Etag': 'ed6c2e56fa1968a4ef2177d7f4f4fe3a', 'Last-Modified': 'Sun, 28 Jun 2026 00:55:41 GMT', 'X-Trans-Id': 'tx966f10aea4244cd6845bd-006a40710c', 'X-Openstack-Request-Id': 'tx966f10aea4244cd6845bd-006a40710c', 'Connection': 'close'} {{(pid=99493) http_log /opt/stack/data/venv/lib/python3.12/site-packages/swiftclient/client.py:162}}
Jun 28 00:55:41.511286 np0000003857 devstack@g-api.service[99493]: DEBUG glance_store._drivers.swift.store [None req-1da1cc1b-5529-47f3-a3f7-bce360c93175 tempest-TestStampPattern-502357590 tempest-TestStampPattern-502357590-project-member] Wrote chunk 84ff93ce-6c22-4d7c-9daa-a89f170c55aa-00001 (1/?) of length 53739520 to Swift returning MD5 of content: ed6c2e56fa1968a4ef2177d7f4f4fe3a {{(pid=99493) add /opt/stack/data/venv/lib/python3.12/site-packages/glance_store/_drivers/swift/store.py:1059}}
Jun 28 00:55:41.513253 np0000003857 devstack@g-api.service[99493]: DEBUG glance_store._drivers.swift.store [None req-1da1cc1b-5529-47f3-a3f7-bce360c93175 tempest-TestStampPattern-502357590 tempest-TestStampPattern-502357590-project-member] Not writing zero-length chunk. {{(pid=99493) add /opt/stack/data/venv/lib/python3.12/site-packages/glance_store/_drivers/swift/store.py:1028}}
Jun 28 00:55:41.528110 np0000003857 devstack@g-api.service[99494]: DEBUG glance.api.middleware.version_negotiation [None req-650958b0-2cfd-430f-a74e-a73c6752595a tempest-ServerActionsTestOtherA-1784512794 tempest-ServerActionsTestOtherA-1784512794-project-member] Determining version of request: GET /versions Accept: */* {{(pid=99494) process_request /opt/stack/glance/glance/api/middleware/version_negotiation.py:44}}
Jun 28 00:55:41.528893 np0000003857 devstack@g-api.service[99494]: [pid: 99494|app: 0|req: 159/462] 127.0.0.1 () {44 vars in 1039 bytes} [Sun Jun 28 00:55:41 2026] GET /versions => generated 1407 bytes in 1 msecs (HTTP/1.1 200) 3 headers in 92 bytes (1 switches on core 0)
Jun 28 00:55:41.537905 np0000003857 devstack@g-api.service[99492]: DEBUG glance.api.middleware.version_negotiation [None req-d51632cf-e559-446f-9ff8-ed0f4bd2a511 tempest-TestStampPattern-502357590 tempest-TestStampPattern-502357590-project-member] Determining version of request: GET /v2/images/e7779bff-c799-43cc-bda4-6fc061109324/locations Accept: */* {{(pid=99492) process_request /opt/stack/glance/glance/api/middleware/version_negotiation.py:44}}
Jun 28 00:55:41.538243 np0000003857 devstack@g-api.service[99492]: DEBUG glance.api.middleware.version_negotiation [None req-d51632cf-e559-446f-9ff8-ed0f4bd2a511 tempest-TestStampPattern-502357590 tempest-TestStampPattern-502357590-project-member] Using url versioning {{(pid=99492) process_request /opt/stack/glance/glance/api/middleware/version_negotiation.py:57}}
Jun 28 00:55:41.538287 np0000003857 devstack@g-api.service[99492]: DEBUG glance.api.middleware.version_negotiation [None req-d51632cf-e559-446f-9ff8-ed0f4bd2a511 tempest-TestStampPattern-502357590 tempest-TestStampPattern-502357590-project-member] Matched version: v2 {{(pid=99492) process_request /opt/stack/glance/glance/api/middleware/version_negotiation.py:69}}
Jun 28 00:55:41.538397 np0000003857 devstack@g-api.service[99492]: DEBUG glance.api.middleware.version_negotiation [None req-d51632cf-e559-446f-9ff8-ed0f4bd2a511 tempest-TestStampPattern-502357590 tempest-TestStampPattern-502357590-project-member] new path /v2/images/e7779bff-c799-43cc-bda4-6fc061109324/locations {{(pid=99492) process_request /opt/stack/glance/glance/api/middleware/version_negotiation.py:70}}
Jun 28 00:55:41.544014 np0000003857 devstack@g-api.service[99493]: DEBUG swiftclient [None req-1da1cc1b-5529-47f3-a3f7-bce360c93175 tempest-TestStampPattern-502357590 tempest-TestStampPattern-502357590-project-member] REQ: curl -i https://10.4.3.102:8080/v1/AUTH_bcf021d07af54b3f81a352f128a981fa/glance/84ff93ce-6c22-4d7c-9daa-a89f170c55aa -X PUT -H "X-Object-Manifest: glance/84ff93ce-6c22-4d7c-9daa-a89f170c55aa-" -H "X-Auth-Token: gAAAAABqQHEMak01..." -H "Content-Length: 0" {{(pid=99493) http_log /opt/stack/data/venv/lib/python3.12/site-packages/swiftclient/client.py:160}}
Jun 28 00:55:41.544170 np0000003857 devstack@g-api.service[99493]: DEBUG swiftclient [None req-1da1cc1b-5529-47f3-a3f7-bce360c93175 tempest-TestStampPattern-502357590 tempest-TestStampPattern-502357590-project-member] RESP STATUS: 201 Created {{(pid=99493) http_log /opt/stack/data/venv/lib/python3.12/site-packages/swiftclient/client.py:161}}
Jun 28 00:55:41.544338 np0000003857 devstack@g-api.service[99493]: DEBUG swiftclient [None req-1da1cc1b-5529-47f3-a3f7-bce360c93175 tempest-TestStampPattern-502357590 tempest-TestStampPattern-502357590-project-member] RESP HEADERS: {'Date': 'Sun, 28 Jun 2026 00:55:41 GMT', 'Server': 'Apache/2.4.58 (Ubuntu)', 'Content-Type': 'text/html; charset=UTF-8', 'Content-Length': '0', 'Etag': 'd41d8cd98f00b204e9800998ecf8427e', 'Last-Modified': 'Sun, 28 Jun 2026 00:55:42 GMT', 'X-Trans-Id': 'tx8472498e4313492299e7c-006a40710d', 'X-Openstack-Request-Id': 'tx8472498e4313492299e7c-006a40710d', 'Connection': 'close'} {{(pid=99493) http_log /opt/stack/data/venv/lib/python3.12/site-packages/swiftclient/client.py:162}}
Jun 28 00:55:41.544756 np0000003857 devstack@g-api.service[99493]: INFO glance.location [None req-1da1cc1b-5529-47f3-a3f7-bce360c93175 tempest-TestStampPattern-502357590 tempest-TestStampPattern-502357590-project-member] Image format matched and virtual size computed: 1073741824
Jun 28 00:55:41.583592 np0000003857 devstack@g-api.service[99492]: [pid: 99492|app: 0|req: 155/463] 127.0.0.1 () {44 vars in 1135 bytes} [Sun Jun 28 00:55:41 2026] GET /v2/images/e7779bff-c799-43cc-bda4-6fc061109324/locations => generated 92 bytes in 46 msecs (HTTP/1.1 200) 4 headers in 156 bytes (1 switches on core 0)
Jun 28 00:55:41.589788 np0000003857 devstack@g-api.service[99493]: DEBUG glance_store.backend [None req-1da1cc1b-5529-47f3-a3f7-bce360c93175 tempest-TestStampPattern-502357590 tempest-TestStampPattern-502357590-project-member] Attempting to import store swift {{(pid=99493) _load_store /opt/stack/data/venv/lib/python3.12/site-packages/glance_store/backend.py:215}}
Jun 28 00:55:41.592280 np0000003857 devstack@g-api.service[99493]: DEBUG glance_store.capabilities [None req-1da1cc1b-5529-47f3-a3f7-bce360c93175 tempest-TestStampPattern-502357590 tempest-TestStampPattern-502357590-project-member] Store glance_store._drivers.swift.store.SingleTenantStore doesn't support updating dynamic storage capabilities. Please overwrite 'update_capabilities' method of the store to implement updating logics if needed. {{(pid=99493) update_capabilities /opt/stack/data/venv/lib/python3.12/site-packages/glance_store/capabilities.py:91}}
Jun 28 00:55:41.592280 np0000003857 devstack@g-api.service[99493]: DEBUG glance_store.driver [None req-1da1cc1b-5529-47f3-a3f7-bce360c93175 tempest-TestStampPattern-502357590 tempest-TestStampPattern-502357590-project-member] Late loading location class glance_store._drivers.swift.store.StoreLocation {{(pid=99493) get_store_location_class /opt/stack/data/venv/lib/python3.12/site-packages/glance_store/driver.py:134}}
Jun 28 00:55:41.592280 np0000003857 devstack@g-api.service[99493]: DEBUG glance_store.location [None req-1da1cc1b-5529-47f3-a3f7-bce360c93175 tempest-TestStampPattern-502357590 tempest-TestStampPattern-502357590-project-member] Registering scheme swift+https with {'store': , 'location_class': , 'store_entry': 'swift'} {{(pid=99493) register_scheme_map /opt/stack/data/venv/lib/python3.12/site-packages/glance_store/location.py:146}}
Jun 28 00:55:41.592280 np0000003857 devstack@g-api.service[99493]: DEBUG glance_store.location [None req-1da1cc1b-5529-47f3-a3f7-bce360c93175 tempest-TestStampPattern-502357590 tempest-TestStampPattern-502357590-project-member] Registering scheme swift+https with {'store': , 'location_class': , 'store_entry': 'swift'} {{(pid=99493) register_scheme_map /opt/stack/data/venv/lib/python3.12/site-packages/glance_store/location.py:146}}
Jun 28 00:55:41.592280 np0000003857 devstack@g-api.service[99493]: DEBUG glance_store.location [None req-1da1cc1b-5529-47f3-a3f7-bce360c93175 tempest-TestStampPattern-502357590 tempest-TestStampPattern-502357590-project-member] Registering scheme swift with {'store': , 'location_class': , 'store_entry': 'swift'} {{(pid=99493) register_scheme_map /opt/stack/data/venv/lib/python3.12/site-packages/glance_store/location.py:146}}
Jun 28 00:55:41.592280 np0000003857 devstack@g-api.service[99493]: DEBUG glance_store.location [None req-1da1cc1b-5529-47f3-a3f7-bce360c93175 tempest-TestStampPattern-502357590 tempest-TestStampPattern-502357590-project-member] Registering scheme swift+https with {'store': , 'location_class': , 'store_entry': 'swift'} {{(pid=99493) register_scheme_map /opt/stack/data/venv/lib/python3.12/site-packages/glance_store/location.py:146}}
Jun 28 00:55:41.592280 np0000003857 devstack@g-api.service[99493]: DEBUG glance_store.location [None req-1da1cc1b-5529-47f3-a3f7-bce360c93175 tempest-TestStampPattern-502357590 tempest-TestStampPattern-502357590-project-member] Registering scheme swift with {'store': , 'location_class': , 'store_entry': 'swift'} {{(pid=99493) register_scheme_map /opt/stack/data/venv/lib/python3.12/site-packages/glance_store/location.py:146}}
Jun 28 00:55:41.592280 np0000003857 devstack@g-api.service[99493]: DEBUG glance_store.location [None req-1da1cc1b-5529-47f3-a3f7-bce360c93175 tempest-TestStampPattern-502357590 tempest-TestStampPattern-502357590-project-member] Registering scheme swift+http with {'store': , 'location_class': , 'store_entry': 'swift'} {{(pid=99493) register_scheme_map /opt/stack/data/venv/lib/python3.12/site-packages/glance_store/location.py:146}}
Jun 28 00:55:41.592280 np0000003857 devstack@g-api.service[99493]: DEBUG glance_store.location [None req-1da1cc1b-5529-47f3-a3f7-bce360c93175 tempest-TestStampPattern-502357590 tempest-TestStampPattern-502357590-project-member] Registering scheme swift+https with {'store': , 'location_class': , 'store_entry': 'swift'} {{(pid=99493) register_scheme_map /opt/stack/data/venv/lib/python3.12/site-packages/glance_store/location.py:146}}
Jun 28 00:55:41.592280 np0000003857 devstack@g-api.service[99493]: DEBUG glance_store.location [None req-1da1cc1b-5529-47f3-a3f7-bce360c93175 tempest-TestStampPattern-502357590 tempest-TestStampPattern-502357590-project-member] Registering scheme swift with {'store': , 'location_class': , 'store_entry': 'swift'} {{(pid=99493) register_scheme_map /opt/stack/data/venv/lib/python3.12/site-packages/glance_store/location.py:146}}
Jun 28 00:55:41.593240 np0000003857 devstack@g-api.service[99493]: DEBUG glance_store.location [None req-1da1cc1b-5529-47f3-a3f7-bce360c93175 tempest-TestStampPattern-502357590 tempest-TestStampPattern-502357590-project-member] Registering scheme swift+http with {'store': , 'location_class': , 'store_entry': 'swift'} {{(pid=99493) register_scheme_map /opt/stack/data/venv/lib/python3.12/site-packages/glance_store/location.py:146}}
