Jun 28 00:44:48.055343 np0000003857 nova-scheduler[93204]: DEBUG cotyledon.oslo_config_glue [-] oslo_limit.certfile = None {{(pid=93204) log_opt_values /opt/stack/data/venv/lib/python3.12/site-packages/oslo_config/cfg.py:3253}}
Jun 28 00:44:48.055343 np0000003857 nova-scheduler[93204]: DEBUG cotyledon.oslo_config_glue [-] oslo_limit.collect_timing = False {{(pid=93204) log_opt_values /opt/stack/data/venv/lib/python3.12/site-packages/oslo_config/cfg.py:3253}}
Jun 28 00:44:48.055343 np0000003857 nova-scheduler[93204]: DEBUG cotyledon.oslo_config_glue [-] oslo_limit.connect_retries = None {{(pid=93204) log_opt_values /opt/stack/data/venv/lib/python3.12/site-packages/oslo_config/cfg.py:3253}}
Jun 28 00:44:48.055343 np0000003857 nova-scheduler[93204]: DEBUG cotyledon.oslo_config_glue [-] oslo_limit.connect_retry_delay = None {{(pid=93204) log_opt_values /opt/stack/data/venv/lib/python3.12/site-packages/oslo_config/cfg.py:3253}}
Jun 28 00:44:48.055609 np0000003857 nova-scheduler[93204]: DEBUG cotyledon.oslo_config_glue [-] oslo_limit.endpoint_id = None {{(pid=93204) log_opt_values /opt/stack/data/venv/lib/python3.12/site-packages/oslo_config/cfg.py:3253}}
Jun 28 00:44:48.055609 np0000003857 nova-scheduler[93204]: DEBUG cotyledon.oslo_config_glue [-] oslo_limit.endpoint_interface = public {{(pid=93204) log_opt_values /opt/stack/data/venv/lib/python3.12/site-packages/oslo_config/cfg.py:3253}}
Jun 28 00:44:48.055609 np0000003857 nova-scheduler[93204]: DEBUG cotyledon.oslo_config_glue [-] oslo_limit.endpoint_override = None {{(pid=93204) log_opt_values /opt/stack/data/venv/lib/python3.12/site-packages/oslo_config/cfg.py:3253}}
Jun 28 00:44:48.055609 np0000003857 nova-scheduler[93204]: DEBUG cotyledon.oslo_config_glue [-] oslo_limit.endpoint_region_name = None {{(pid=93204) log_opt_values /opt/stack/data/venv/lib/python3.12/site-packages/oslo_config/cfg.py:3253}}
Jun 28 00:44:48.055609 np0000003857 nova-scheduler[93204]: DEBUG cotyledon.oslo_config_glue [-] oslo_limit.endpoint_service_name = None {{(pid=93204) log_opt_values /opt/stack/data/venv/lib/python3.12/site-packages/oslo_config/cfg.py:3253}}
Jun 28 00:44:48.055609 np0000003857 nova-scheduler[93204]: DEBUG cotyledon.oslo_config_glue [-] oslo_limit.endpoint_service_type = None {{(pid=93204) log_opt_values /opt/stack/data/venv/lib/python3.12/site-packages/oslo_config/cfg.py:3253}}
Jun 28 00:44:48.055609 np0000003857 nova-scheduler[93204]: DEBUG cotyledon.oslo_config_glue [-] oslo_limit.insecure = False {{(pid=93204) log_opt_values /opt/stack/data/venv/lib/python3.12/site-packages/oslo_config/cfg.py:3253}}
Jun 28 00:44:48.055609 np0000003857 nova-scheduler[93204]: DEBUG cotyledon.oslo_config_glue [-] oslo_limit.keyfile = None {{(pid=93204) log_opt_values /opt/stack/data/venv/lib/python3.12/site-packages/oslo_config/cfg.py:3253}}
Jun 28 00:44:48.055609 np0000003857 nova-scheduler[93204]: DEBUG cotyledon.oslo_config_glue [-] oslo_limit.max_version = None {{(pid=93204) log_opt_values /opt/stack/data/venv/lib/python3.12/site-packages/oslo_config/cfg.py:3253}}
Jun 28 00:44:48.055881 np0000003857 nova-scheduler[93204]: DEBUG cotyledon.oslo_config_glue [-] oslo_limit.min_version = None {{(pid=93204) log_opt_values /opt/stack/data/venv/lib/python3.12/site-packages/oslo_config/cfg.py:3253}}
Jun 28 00:44:48.055881 np0000003857 nova-scheduler[93204]: DEBUG cotyledon.oslo_config_glue [-] oslo_limit.region_name = None {{(pid=93204) log_opt_values /opt/stack/data/venv/lib/python3.12/site-packages/oslo_config/cfg.py:3253}}
Jun 28 00:44:48.055881 np0000003857 nova-scheduler[93204]: DEBUG cotyledon.oslo_config_glue [-] oslo_limit.retriable_status_codes = None {{(pid=93204) log_opt_values /opt/stack/data/venv/lib/python3.12/site-packages/oslo_config/cfg.py:3253}}
Jun 28 00:44:48.055881 np0000003857 nova-scheduler[93204]: DEBUG cotyledon.oslo_config_glue [-] oslo_limit.service_name = None {{(pid=93204) log_opt_values /opt/stack/data/venv/lib/python3.12/site-packages/oslo_config/cfg.py:3253}}
Jun 28 00:44:48.055881 np0000003857 nova-scheduler[93204]: DEBUG cotyledon.oslo_config_glue [-] oslo_limit.service_type = None {{(pid=93204) log_opt_values /opt/stack/data/venv/lib/python3.12/site-packages/oslo_config/cfg.py:3253}}
Jun 28 00:44:48.055881 np0000003857 nova-scheduler[93204]: DEBUG cotyledon.oslo_config_glue [-] oslo_limit.split_loggers = False {{(pid=93204) log_opt_values /opt/stack/data/venv/lib/python3.12/site-packages/oslo_config/cfg.py:3253}}
Jun 28 00:44:48.055881 np0000003857 nova-scheduler[93204]: DEBUG cotyledon.oslo_config_glue [-] oslo_limit.status_code_retries = None {{(pid=93204) log_opt_values /opt/stack/data/venv/lib/python3.12/site-packages/oslo_config/cfg.py:3253}}
Jun 28 00:44:48.055881 np0000003857 nova-scheduler[93204]: DEBUG cotyledon.oslo_config_glue [-] oslo_limit.status_code_retry_delay = None {{(pid=93204) log_opt_values /opt/stack/data/venv/lib/python3.12/site-packages/oslo_config/cfg.py:3253}}
Jun 28 00:44:48.055881 np0000003857 nova-scheduler[93204]: DEBUG cotyledon.oslo_config_glue [-] oslo_limit.timeout = None {{(pid=93204) log_opt_values /opt/stack/data/venv/lib/python3.12/site-packages/oslo_config/cfg.py:3253}}
Jun 28 00:44:48.056163 np0000003857 nova-scheduler[93204]: DEBUG cotyledon.oslo_config_glue [-] oslo_limit.valid_interfaces = None {{(pid=93204) log_opt_values /opt/stack/data/venv/lib/python3.12/site-packages/oslo_config/cfg.py:3253}}
Jun 28 00:44:48.056163 np0000003857 nova-scheduler[93204]: DEBUG cotyledon.oslo_config_glue [-] oslo_limit.version = None {{(pid=93204) log_opt_values /opt/stack/data/venv/lib/python3.12/site-packages/oslo_config/cfg.py:3253}}
Jun 28 00:44:48.056163 np0000003857 nova-scheduler[93204]: DEBUG cotyledon.oslo_config_glue [-] oslo_reports.file_event_handler = None {{(pid=93204) log_opt_values /opt/stack/data/venv/lib/python3.12/site-packages/oslo_config/cfg.py:3253}}
Jun 28 00:44:48.056163 np0000003857 nova-scheduler[93204]: DEBUG cotyledon.oslo_config_glue [-] oslo_reports.file_event_handler_interval = 1 {{(pid=93204) log_opt_values /opt/stack/data/venv/lib/python3.12/site-packages/oslo_config/cfg.py:3253}}
Jun 28 00:44:48.056163 np0000003857 nova-scheduler[93204]: DEBUG cotyledon.oslo_config_glue [-] oslo_reports.log_dir = None {{(pid=93204) log_opt_values /opt/stack/data/venv/lib/python3.12/site-packages/oslo_config/cfg.py:3253}}
Jun 28 00:44:48.056163 np0000003857 nova-scheduler[93204]: DEBUG cotyledon.oslo_config_glue [-] ******************************************************************************** {{(pid=93204) log_opt_values /opt/stack/data/venv/lib/python3.12/site-packages/oslo_config/cfg.py:3260}}
Jun 28 00:44:48.056163 np0000003857 nova-scheduler[93204]: DEBUG cotyledon._service_worker [-] Run service ServiceWrapper(2) [93204] {{(pid=93204) wait_forever /opt/stack/data/venv/lib/python3.12/site-packages/cotyledon/_service_worker.py:218}}
Jun 28 00:44:48.056389 np0000003857 nova-scheduler[93200]: INFO dbcounter [None req-7e262d1c-1764-4f52-a9b3-e22848a5db67 None None] Registered counter for database nova_cell0
Jun 28 00:44:48.056444 np0000003857 nova-scheduler[93204]: INFO nova.service [-] Starting scheduler node (version 33.1.0)
Jun 28 00:44:48.056444 np0000003857 nova-scheduler[93204]: INFO dbcounter [None req-092f63c8-a4f4-47d5-b9b7-b1b948f477e7 None None] Registered counter for database nova_cell0
Jun 28 00:44:48.056517 np0000003857 nova-scheduler[93202]: DEBUG oslo_db.sqlalchemy.engines [None req-cff5f6b2-37f8-4625-8edb-ead6685fdaa7 None None] MySQL server mode set to STRICT_TRANS_TABLES,STRICT_ALL_TABLES,NO_ZERO_IN_DATE,NO_ZERO_DATE,ERROR_FOR_DIVISION_BY_ZERO,TRADITIONAL,NO_ENGINE_SUBSTITUTION {{(pid=93202) _check_effective_sql_mode /opt/stack/data/venv/lib/python3.12/site-packages/oslo_db/sqlalchemy/engines.py:325}}
Jun 28 00:44:48.058979 np0000003857 nova-scheduler[93200]: DEBUG oslo_db.sqlalchemy.engines [None req-7e262d1c-1764-4f52-a9b3-e22848a5db67 None None] MySQL server mode set to STRICT_TRANS_TABLES,STRICT_ALL_TABLES,NO_ZERO_IN_DATE,NO_ZERO_DATE,ERROR_FOR_DIVISION_BY_ZERO,TRADITIONAL,NO_ENGINE_SUBSTITUTION {{(pid=93200) _check_effective_sql_mode /opt/stack/data/venv/lib/python3.12/site-packages/oslo_db/sqlalchemy/engines.py:325}}
Jun 28 00:44:48.064760 np0000003857 nova-scheduler[93202]: DEBUG dbcounter [-] [93202] Writer thread running {{(pid=93202) stat_writer /opt/stack/data/venv/lib/python3.12/site-packages/dbcounter.py:102}}
Jun 28 00:44:48.069613 np0000003857 nova-scheduler[93200]: DEBUG dbcounter [-] [93200] Writer thread running {{(pid=93200) stat_writer /opt/stack/data/venv/lib/python3.12/site-packages/dbcounter.py:102}}
Jun 28 00:44:48.075104 np0000003857 nova-scheduler[93204]: DEBUG oslo_db.sqlalchemy.engines [None req-092f63c8-a4f4-47d5-b9b7-b1b948f477e7 None None] MySQL server mode set to STRICT_TRANS_TABLES,STRICT_ALL_TABLES,NO_ZERO_IN_DATE,NO_ZERO_DATE,ERROR_FOR_DIVISION_BY_ZERO,TRADITIONAL,NO_ENGINE_SUBSTITUTION {{(pid=93204) _check_effective_sql_mode /opt/stack/data/venv/lib/python3.12/site-packages/oslo_db/sqlalchemy/engines.py:325}}
Jun 28 00:44:48.080463 np0000003857 nova-scheduler[93202]: DEBUG nova.service [None req-cff5f6b2-37f8-4625-8edb-ead6685fdaa7 None None] Creating RPC server for service: nova-scheduler on topic: scheduler {{(pid=93202) start /opt/stack/nova/nova/service.py:196}}
Jun 28 00:44:48.084538 np0000003857 nova-scheduler[93204]: DEBUG dbcounter [-] [93204] Writer thread running {{(pid=93204) stat_writer /opt/stack/data/venv/lib/python3.12/site-packages/dbcounter.py:102}}
Jun 28 00:44:48.084971 np0000003857 nova-scheduler[93200]: DEBUG nova.service [None req-7e262d1c-1764-4f52-a9b3-e22848a5db67 None None] Creating RPC server for service: nova-scheduler on topic: scheduler {{(pid=93200) start /opt/stack/nova/nova/service.py:196}}
Jun 28 00:44:48.088390 np0000003857 nova-scheduler[93204]: DEBUG nova.service [None req-092f63c8-a4f4-47d5-b9b7-b1b948f477e7 None None] Creating RPC server for service: nova-scheduler on topic: scheduler {{(pid=93204) start /opt/stack/nova/nova/service.py:196}}
Jun 28 00:44:48.104487 np0000003857 nova-scheduler[93202]: DEBUG nova.service [None req-cff5f6b2-37f8-4625-8edb-ead6685fdaa7 None None] Join ServiceGroup membership for this service scheduler {{(pid=93202) start /opt/stack/nova/nova/service.py:222}}
Jun 28 00:44:48.104934 np0000003857 nova-scheduler[93202]: DEBUG nova.servicegroup.drivers.db [None req-cff5f6b2-37f8-4625-8edb-ead6685fdaa7 None None] DB_Driver: join new ServiceGroup member np0000003857 to the scheduler group, service = {{(pid=93202) join /opt/stack/nova/nova/servicegroup/drivers/db.py:44}}
Jun 28 00:44:48.107383 np0000003857 nova-scheduler[93200]: DEBUG nova.service [None req-7e262d1c-1764-4f52-a9b3-e22848a5db67 None None] Join ServiceGroup membership for this service scheduler {{(pid=93200) start /opt/stack/nova/nova/service.py:222}}
Jun 28 00:44:48.107586 np0000003857 nova-scheduler[93200]: DEBUG nova.servicegroup.drivers.db [None req-7e262d1c-1764-4f52-a9b3-e22848a5db67 None None] DB_Driver: join new ServiceGroup member np0000003857 to the scheduler group, service = {{(pid=93200) join /opt/stack/nova/nova/servicegroup/drivers/db.py:44}}
Jun 28 00:44:48.109796 np0000003857 nova-scheduler[93204]: DEBUG nova.service [None req-092f63c8-a4f4-47d5-b9b7-b1b948f477e7 None None] Join ServiceGroup membership for this service scheduler {{(pid=93204) start /opt/stack/nova/nova/service.py:222}}
Jun 28 00:44:48.110107 np0000003857 nova-scheduler[93204]: DEBUG nova.servicegroup.drivers.db [None req-092f63c8-a4f4-47d5-b9b7-b1b948f477e7 None None] DB_Driver: join new ServiceGroup member np0000003857 to the scheduler group, service = {{(pid=93204) join /opt/stack/nova/nova/servicegroup/drivers/db.py:44}}
Jun 28 00:44:53.119556 np0000003857 nova-scheduler[93202]: DEBUG oslo.service.backend._threading.loopingcall [-] Fixed interval looping call 'nova.servicegroup.drivers.db.DbDriver._report_state' sleeping for 119.99 seconds {{(pid=93202) _run_loop /opt/stack/data/venv/lib/python3.12/site-packages/oslo_service/backend/_threading/loopingcall.py:125}}
Jun 28 00:44:53.120212 np0000003857 nova-scheduler[93200]: DEBUG oslo.service.backend._threading.loopingcall [-] Fixed interval looping call 'nova.servicegroup.drivers.db.DbDriver._report_state' sleeping for 119.99 seconds {{(pid=93200) _run_loop /opt/stack/data/venv/lib/python3.12/site-packages/oslo_service/backend/_threading/loopingcall.py:125}}
Jun 28 00:44:53.125142 np0000003857 nova-scheduler[93204]: DEBUG oslo.service.backend._threading.loopingcall [-] Fixed interval looping call 'nova.servicegroup.drivers.db.DbDriver._report_state' sleeping for 119.99 seconds {{(pid=93204) _run_loop /opt/stack/data/venv/lib/python3.12/site-packages/oslo_service/backend/_threading/loopingcall.py:125}}
Jun 28 00:44:56.682335 np0000003857 nova-scheduler[92001]: DEBUG dbcounter [-] [92001] Writing DB stats nova_api:SELECT=3 {{(pid=92001) stat_writer /opt/stack/data/venv/lib/python3.12/site-packages/dbcounter.py:115}}
Jun 28 00:44:56.816161 np0000003857 nova-scheduler[92001]: DEBUG dbcounter [-] [92001] Writing DB stats nova_cell1:SELECT=1 {{(pid=92001) stat_writer /opt/stack/data/venv/lib/python3.12/site-packages/dbcounter.py:115}}
Jun 28 00:44:56.821478 np0000003857 nova-scheduler[92001]: DEBUG dbcounter [-] [92001] Writing DB stats nova_cell0:SELECT=1 {{(pid=92001) stat_writer /opt/stack/data/venv/lib/python3.12/site-packages/dbcounter.py:115}}
Jun 28 00:44:58.106906 np0000003857 nova-scheduler[93202]: DEBUG oslo.service.backend._threading.loopingcall [None req-246c3aa1-3e15-42be-9040-d4f099c5ff8a None None] Dynamic interval looping call 'nova.service.Service.periodic_tasks' sleeping for 60.00 seconds {{(pid=93202) _run_loop /opt/stack/data/venv/lib/python3.12/site-packages/oslo_service/backend/_threading/loopingcall.py:125}}
Jun 28 00:45:01.109707 np0000003857 nova-scheduler[93200]: DEBUG oslo.service.backend._threading.loopingcall [None req-7056fe4d-f033-4c8b-ba70-a2c175c5fb0e None None] Dynamic interval looping call 'nova.service.Service.periodic_tasks' sleeping for 60.00 seconds {{(pid=93200) _run_loop /opt/stack/data/venv/lib/python3.12/site-packages/oslo_service/backend/_threading/loopingcall.py:125}}
Jun 28 00:45:03.114301 np0000003857 nova-scheduler[93202]: DEBUG dbcounter [-] [93202] Writing DB stats nova_cell0:SELECT=4,nova_cell0:INSERT=1,nova_cell0:UPDATE=1 {{(pid=93202) stat_writer /opt/stack/data/venv/lib/python3.12/site-packages/dbcounter.py:115}}
Jun 28 00:45:03.117191 np0000003857 nova-scheduler[93200]: DEBUG dbcounter [-] [93200] Writing DB stats nova_cell0:SELECT=5,nova_cell0:INSERT=1,nova_cell0:UPDATE=1 {{(pid=93200) stat_writer /opt/stack/data/venv/lib/python3.12/site-packages/dbcounter.py:115}}
Jun 28 00:45:03.121031 np0000003857 nova-scheduler[93204]: DEBUG dbcounter [-] [93204] Writing DB stats nova_cell0:SELECT=3 {{(pid=93204) stat_writer /opt/stack/data/venv/lib/python3.12/site-packages/dbcounter.py:115}}
Jun 28 00:45:04.112519 np0000003857 nova-scheduler[93204]: DEBUG oslo.service.backend._threading.loopingcall [None req-656925a2-8450-4e58-940f-7a46aa57aac9 None None] Dynamic interval looping call 'nova.service.Service.periodic_tasks' sleeping for 60.00 seconds {{(pid=93204) _run_loop /opt/stack/data/venv/lib/python3.12/site-packages/oslo_service/backend/_threading/loopingcall.py:125}}
Jun 28 00:45:58.107471 np0000003857 nova-scheduler[93202]: DEBUG oslo.service.backend._threading.loopingcall [None req-246c3aa1-3e15-42be-9040-d4f099c5ff8a None None] Dynamic interval looping call 'nova.service.Service.periodic_tasks' sleeping for 60.00 seconds {{(pid=93202) _run_loop /opt/stack/data/venv/lib/python3.12/site-packages/oslo_service/backend/_threading/loopingcall.py:125}}
Jun 28 00:46:01.110252 np0000003857 nova-scheduler[93200]: DEBUG oslo.service.backend._threading.loopingcall [None req-7056fe4d-f033-4c8b-ba70-a2c175c5fb0e None None] Dynamic interval looping call 'nova.service.Service.periodic_tasks' sleeping for 60.00 seconds {{(pid=93200) _run_loop /opt/stack/data/venv/lib/python3.12/site-packages/oslo_service/backend/_threading/loopingcall.py:125}}
Jun 28 00:46:04.113009 np0000003857 nova-scheduler[93204]: DEBUG oslo.service.backend._threading.loopingcall [None req-656925a2-8450-4e58-940f-7a46aa57aac9 None None] Dynamic interval looping call 'nova.service.Service.periodic_tasks' sleeping for 60.00 seconds {{(pid=93204) _run_loop /opt/stack/data/venv/lib/python3.12/site-packages/oslo_service/backend/_threading/loopingcall.py:125}}
Jun 28 00:46:53.115660 np0000003857 nova-scheduler[93202]: DEBUG oslo.service.backend._threading.loopingcall [-] Fixed interval looping call 'nova.servicegroup.drivers.db.DbDriver._report_state' sleeping for 119.99 seconds {{(pid=93202) _run_loop /opt/stack/data/venv/lib/python3.12/site-packages/oslo_service/backend/_threading/loopingcall.py:125}}
Jun 28 00:46:53.116122 np0000003857 nova-scheduler[93200]: DEBUG oslo.service.backend._threading.loopingcall [-] Fixed interval looping call 'nova.servicegroup.drivers.db.DbDriver._report_state' sleeping for 119.99 seconds {{(pid=93200) _run_loop /opt/stack/data/venv/lib/python3.12/site-packages/oslo_service/backend/_threading/loopingcall.py:125}}
Jun 28 00:46:53.118684 np0000003857 nova-scheduler[93204]: DEBUG oslo.service.backend._threading.loopingcall [-] Fixed interval looping call 'nova.servicegroup.drivers.db.DbDriver._report_state' sleeping for 120.00 seconds {{(pid=93204) _run_loop /opt/stack/data/venv/lib/python3.12/site-packages/oslo_service/backend/_threading/loopingcall.py:125}}
Jun 28 00:46:58.107984 np0000003857 nova-scheduler[93202]: DEBUG oslo.service.backend._threading.loopingcall [None req-246c3aa1-3e15-42be-9040-d4f099c5ff8a None None] Dynamic interval looping call 'nova.service.Service.periodic_tasks' sleeping for 60.00 seconds {{(pid=93202) _run_loop /opt/stack/data/venv/lib/python3.12/site-packages/oslo_service/backend/_threading/loopingcall.py:125}}
Jun 28 00:47:01.110744 np0000003857 nova-scheduler[93200]: DEBUG oslo.service.backend._threading.loopingcall [None req-7056fe4d-f033-4c8b-ba70-a2c175c5fb0e None None] Dynamic interval looping call 'nova.service.Service.periodic_tasks' sleeping for 60.00 seconds {{(pid=93200) _run_loop /opt/stack/data/venv/lib/python3.12/site-packages/oslo_service/backend/_threading/loopingcall.py:125}}
Jun 28 00:47:03.112761 np0000003857 nova-scheduler[93202]: DEBUG dbcounter [-] [93202] Writing DB stats nova_cell0:SELECT=1,nova_cell0:UPDATE=1 {{(pid=93202) stat_writer /opt/stack/data/venv/lib/python3.12/site-packages/dbcounter.py:115}}
Jun 28 00:47:03.113273 np0000003857 nova-scheduler[93200]: DEBUG dbcounter [-] [93200] Writing DB stats nova_cell0:SELECT=1,nova_cell0:UPDATE=1 {{(pid=93200) stat_writer /opt/stack/data/venv/lib/python3.12/site-packages/dbcounter.py:115}}
Jun 28 00:47:03.116911 np0000003857 nova-scheduler[93204]: DEBUG dbcounter [-] [93204] Writing DB stats nova_cell0:SELECT=1 {{(pid=93204) stat_writer /opt/stack/data/venv/lib/python3.12/site-packages/dbcounter.py:115}}
Jun 28 00:47:04.113516 np0000003857 nova-scheduler[93204]: DEBUG oslo.service.backend._threading.loopingcall [None req-656925a2-8450-4e58-940f-7a46aa57aac9 None None] Dynamic interval looping call 'nova.service.Service.periodic_tasks' sleeping for 60.00 seconds {{(pid=93204) _run_loop /opt/stack/data/venv/lib/python3.12/site-packages/oslo_service/backend/_threading/loopingcall.py:125}}
Jun 28 00:47:34.175529 np0000003857 nova-scheduler[93202]: DEBUG nova.scheduler.manager [None req-0490dd77-bd8d-4629-b140-01abcb42fabc tempest-ServerRescueNegativeTestJSON-264088574 tempest-ServerRescueNegativeTestJSON-264088574-project-member] Starting to schedule for instances: ['ab46e354-8bfe-445e-adac-c984ecf3b0a1'] {{(pid=93202) select_destinations /opt/stack/nova/nova/scheduler/manager.py:210}}
Jun 28 00:47:34.176187 np0000003857 nova-scheduler[93202]: DEBUG nova.scheduler.request_filter [None req-0490dd77-bd8d-4629-b140-01abcb42fabc tempest-ServerRescueNegativeTestJSON-264088574 tempest-ServerRescueNegativeTestJSON-264088574-project-member] compute_status_filter request filter added forbidden trait COMPUTE_STATUS_DISABLED {{(pid=93202) compute_status_filter /opt/stack/nova/nova/scheduler/request_filter.py:253}}
Jun 28 00:47:34.176314 np0000003857 nova-scheduler[93202]: DEBUG nova.scheduler.request_filter [None req-0490dd77-bd8d-4629-b140-01abcb42fabc tempest-ServerRescueNegativeTestJSON-264088574 tempest-ServerRescueNegativeTestJSON-264088574-project-member] Request filter 'compute_status_filter' took 0.0 seconds {{(pid=93202) wrapper /opt/stack/nova/nova/scheduler/request_filter.py:46}}
Jun 28 00:47:34.176553 np0000003857 nova-scheduler[93202]: DEBUG nova.scheduler.request_filter [None req-0490dd77-bd8d-4629-b140-01abcb42fabc tempest-ServerRescueNegativeTestJSON-264088574 tempest-ServerRescueNegativeTestJSON-264088574-project-member] Request filter 'accelerators_filter' took 0.0 seconds {{(pid=93202) wrapper /opt/stack/nova/nova/scheduler/request_filter.py:46}}
Jun 28 00:47:34.176734 np0000003857 nova-scheduler[93202]: DEBUG nova.scheduler.request_filter [None req-0490dd77-bd8d-4629-b140-01abcb42fabc tempest-ServerRescueNegativeTestJSON-264088574 tempest-ServerRescueNegativeTestJSON-264088574-project-member] Request filter 'packed_virtqueue_filter' took 0.0 seconds {{(pid=93202) wrapper /opt/stack/nova/nova/scheduler/request_filter.py:46}}
Jun 28 00:47:34.176999 np0000003857 nova-scheduler[93202]: DEBUG nova.scheduler.request_filter [None req-0490dd77-bd8d-4629-b140-01abcb42fabc tempest-ServerRescueNegativeTestJSON-264088574 tempest-ServerRescueNegativeTestJSON-264088574-project-member] Request filter 'remote_managed_ports_filter' took 0.0 seconds {{(pid=93202) wrapper /opt/stack/nova/nova/scheduler/request_filter.py:46}}
Jun 28 00:47:34.177143 np0000003857 nova-scheduler[93202]: DEBUG nova.scheduler.request_filter [None req-0490dd77-bd8d-4629-b140-01abcb42fabc tempest-ServerRescueNegativeTestJSON-264088574 tempest-ServerRescueNegativeTestJSON-264088574-project-member] ephemeral_encryption_filter skipped {{(pid=93202) ephemeral_encryption_filter /opt/stack/nova/nova/scheduler/request_filter.py:426}}
Jun 28 00:47:34.177290 np0000003857 nova-scheduler[93202]: DEBUG nova.scheduler.request_filter [None req-0490dd77-bd8d-4629-b140-01abcb42fabc tempest-ServerRescueNegativeTestJSON-264088574 tempest-ServerRescueNegativeTestJSON-264088574-project-member] virtio_sound_filter skipped {{(pid=93202) virtio_sound_filter /opt/stack/nova/nova/scheduler/request_filter.py:460}}
Jun 28 00:47:34.177418 np0000003857 nova-scheduler[93202]: DEBUG nova.scheduler.request_filter [None req-0490dd77-bd8d-4629-b140-01abcb42fabc tempest-ServerRescueNegativeTestJSON-264088574 tempest-ServerRescueNegativeTestJSON-264088574-project-member] tpm_secret_security_filter skipped {{(pid=93202) tpm_secret_security_filter /opt/stack/nova/nova/scheduler/request_filter.py:477}}
Jun 28 00:47:34.620965 np0000003857 nova-scheduler[93202]: INFO nova.utils [None req-0490dd77-bd8d-4629-b140-01abcb42fabc tempest-ServerRescueNegativeTestJSON-264088574 tempest-ServerRescueNegativeTestJSON-264088574-project-member] The cell worker thread pool ForkProcess-2.cell_worker is initialized
Jun 28 00:47:34.621317 np0000003857 nova-scheduler[93202]: DEBUG oslo_concurrency.lockutils [None req-0490dd77-bd8d-4629-b140-01abcb42fabc tempest-ServerRescueNegativeTestJSON-264088574 tempest-ServerRescueNegativeTestJSON-264088574-project-member] Acquiring lock "16f607f6-f6ed-4994-b3db-36ab00aa3acf" by "nova.context.set_target_cell..get_or_set_cached_cell_and_set_connections" {{(pid=93202) inner /opt/stack/data/venv/lib/python3.12/site-packages/oslo_concurrency/lockutils.py:511}}
Jun 28 00:47:34.621563 np0000003857 nova-scheduler[93202]: DEBUG oslo_concurrency.lockutils [None req-0490dd77-bd8d-4629-b140-01abcb42fabc tempest-ServerRescueNegativeTestJSON-264088574 tempest-ServerRescueNegativeTestJSON-264088574-project-member] Lock "16f607f6-f6ed-4994-b3db-36ab00aa3acf" acquired by "nova.context.set_target_cell..get_or_set_cached_cell_and_set_connections" :: waited 0.000s {{(pid=93202) inner /opt/stack/data/venv/lib/python3.12/site-packages/oslo_concurrency/lockutils.py:524}}
Jun 28 00:47:34.622910 np0000003857 nova-scheduler[93202]: DEBUG oslo_concurrency.lockutils [None req-0490dd77-bd8d-4629-b140-01abcb42fabc tempest-ServerRescueNegativeTestJSON-264088574 tempest-ServerRescueNegativeTestJSON-264088574-project-member] Lock "16f607f6-f6ed-4994-b3db-36ab00aa3acf" "released" by "nova.context.set_target_cell..get_or_set_cached_cell_and_set_connections" :: held 0.001s {{(pid=93202) inner /opt/stack/data/venv/lib/python3.12/site-packages/oslo_concurrency/lockutils.py:543}}
Jun 28 00:47:34.624639 np0000003857 nova-scheduler[93202]: INFO dbcounter [None req-0490dd77-bd8d-4629-b140-01abcb42fabc tempest-ServerRescueNegativeTestJSON-264088574 tempest-ServerRescueNegativeTestJSON-264088574-project-member] Registered counter for database nova_cell1
Jun 28 00:47:34.653891 np0000003857 nova-scheduler[93202]: DEBUG oslo_db.sqlalchemy.engines [None req-0490dd77-bd8d-4629-b140-01abcb42fabc tempest-ServerRescueNegativeTestJSON-264088574 tempest-ServerRescueNegativeTestJSON-264088574-project-member] MySQL server mode set to STRICT_TRANS_TABLES,STRICT_ALL_TABLES,NO_ZERO_IN_DATE,NO_ZERO_DATE,ERROR_FOR_DIVISION_BY_ZERO,TRADITIONAL,NO_ENGINE_SUBSTITUTION {{(pid=93202) _check_effective_sql_mode /opt/stack/data/venv/lib/python3.12/site-packages/oslo_db/sqlalchemy/engines.py:325}}
Jun 28 00:47:34.661641 np0000003857 nova-scheduler[93202]: DEBUG dbcounter [-] [93202] Writer thread running {{(pid=93202) stat_writer /opt/stack/data/venv/lib/python3.12/site-packages/dbcounter.py:102}}
Jun 28 00:47:34.671247 np0000003857 nova-scheduler[93202]: DEBUG oslo_db.sqlalchemy.engines [None req-0490dd77-bd8d-4629-b140-01abcb42fabc tempest-ServerRescueNegativeTestJSON-264088574 tempest-ServerRescueNegativeTestJSON-264088574-project-member] Parent process 92001 forked (93202) with an open database connection, which is being discarded and recreated. {{(pid=93202) checkout /opt/stack/data/venv/lib/python3.12/site-packages/oslo_db/sqlalchemy/engines.py:402}}
Jun 28 00:47:34.704650 np0000003857 nova-scheduler[93202]: DEBUG dbcounter [-] [93202] Writer thread running {{(pid=93202) stat_writer /opt/stack/data/venv/lib/python3.12/site-packages/dbcounter.py:102}}
Jun 28 00:47:34.707280 np0000003857 nova-scheduler[93202]: DEBUG oslo_concurrency.lockutils [None req-0490dd77-bd8d-4629-b140-01abcb42fabc tempest-ServerRescueNegativeTestJSON-264088574 tempest-ServerRescueNegativeTestJSON-264088574-project-member] Acquiring lock "16f607f6-f6ed-4994-b3db-36ab00aa3acf" by "nova.context.set_target_cell..get_or_set_cached_cell_and_set_connections" {{(pid=93202) inner /opt/stack/data/venv/lib/python3.12/site-packages/oslo_concurrency/lockutils.py:511}}
Jun 28 00:47:34.707462 np0000003857 nova-scheduler[93202]: DEBUG oslo_concurrency.lockutils [None req-0490dd77-bd8d-4629-b140-01abcb42fabc tempest-ServerRescueNegativeTestJSON-264088574 tempest-ServerRescueNegativeTestJSON-264088574-project-member] Lock "16f607f6-f6ed-4994-b3db-36ab00aa3acf" acquired by "nova.context.set_target_cell..get_or_set_cached_cell_and_set_connections" :: waited 0.000s {{(pid=93202) inner /opt/stack/data/venv/lib/python3.12/site-packages/oslo_concurrency/lockutils.py:524}}
Jun 28 00:47:34.707575 np0000003857 nova-scheduler[93202]: DEBUG oslo_concurrency.lockutils [None req-0490dd77-bd8d-4629-b140-01abcb42fabc tempest-ServerRescueNegativeTestJSON-264088574 tempest-ServerRescueNegativeTestJSON-264088574-project-member] Lock "16f607f6-f6ed-4994-b3db-36ab00aa3acf" "released" by "nova.context.set_target_cell..get_or_set_cached_cell_and_set_connections" :: held 0.000s {{(pid=93202) inner /opt/stack/data/venv/lib/python3.12/site-packages/oslo_concurrency/lockutils.py:543}}
Jun 28 00:47:34.710188 np0000003857 nova-scheduler[93202]: DEBUG oslo_concurrency.lockutils [None req-0490dd77-bd8d-4629-b140-01abcb42fabc tempest-ServerRescueNegativeTestJSON-264088574 tempest-ServerRescueNegativeTestJSON-264088574-project-member] Acquiring lock "np0000003857-np0000003857" by "nova.scheduler.host_manager.HostState.update.._locked_update" {{(pid=93202) inner /opt/stack/data/venv/lib/python3.12/site-packages/oslo_concurrency/lockutils.py:511}}
Jun 28 00:47:34.710322 np0000003857 nova-scheduler[93202]: DEBUG oslo_concurrency.lockutils [None req-0490dd77-bd8d-4629-b140-01abcb42fabc tempest-ServerRescueNegativeTestJSON-264088574 tempest-ServerRescueNegativeTestJSON-264088574-project-member] Lock "np0000003857-np0000003857" acquired by "nova.scheduler.host_manager.HostState.update.._locked_update" :: waited 0.000s {{(pid=93202) inner /opt/stack/data/venv/lib/python3.12/site-packages/oslo_concurrency/lockutils.py:524}}
Jun 28 00:47:34.711210 np0000003857 nova-scheduler[93202]: DEBUG nova.scheduler.host_manager [None req-0490dd77-bd8d-4629-b140-01abcb42fabc tempest-ServerRescueNegativeTestJSON-264088574 tempest-ServerRescueNegativeTestJSON-264088574-project-member] Update host state from compute node: ComputeNode(cpu_allocation_ratio=4.0,cpu_info='{"arch": "x86_64", "model": "EPYC-Milan", "vendor": "AMD", "topology": {"cells": 1, "sockets": 16, "cores": 1, "threads": 1}, "maxphysaddr": {"mode": "emulate", "bits": 40}, "features": ["pku", "fxsr_opt", "rdctl-no", "spec-ctrl", "svm", "adx", "tsc_adjust", "flushbyasid", "bmi2", "stibp", "xsaves", "osvw", "smap", "virt-ssbd", "topoext", "movbe", "xsave", "cx8", "v-vmsave-vmload", "rdrand", "pclmuldq", "tsc-scale", "sse", "abm", "fsrm", "vpclmulqdq", "rdpid", "svme-addr-chk", "pae", "fxsr", "lahf_lm", "nx", "vaes", "amd-psfd", "xsavec", "msr", "arch-capabilities", "nrip-save", "mca", "3dnowprefetch", "tsc", "ssbd", "mmxext", "aes", "avx2", "pse36", "ibrs", "lfence-always-serializing", "rdtscp", "cmp_legacy", "hypervisor", "pause-filter", "cx16", "pcid", "amd-stibp", "pschange-mc-no", "pse", "mds-no", "syscall", "vgif", "invpcid", "erms", "sse4.2", "sha-ni", "popcnt", "clflush", "vme", "xsaveopt", "smep", "no-nested-data-bp", "cr8legacy", "sep", "ssse3", "lbrv", "fpu", "sse4.1", "sse2", "cmov", "fma", "pge", "f16c", "x2apic", "pdpe1gb", "tsc-deadline", "perfctr_core", "clwb", "umip", "lm", "arat", "wbnoinvd", "gds-no", "rdseed", "de", "mmx", "clflushopt", "misalignsse", "skip-l1dfl-vmentry", "xgetbv1", "sse4a", "pni", "null-sel-clr-base", "mce", "vmcb-clean", "apic", "stibp-always-on", "avx", "xsaveerptr", "amd-ssbd", "ibpb", "mtrr", "bmi1", "fsgsbase", "clzero", "pat", "pfthreshold", "npt"]}',created_at=2026-06-28T00:45:14Z,current_workload=0,deleted=False,deleted_at=None,disk_allocation_ratio=1.0,disk_available_least=73,free_disk_gb=95,free_ram_mb=62765,host='np0000003857',host_ip=10.4.3.102,hypervisor_hostname='np0000003857',hypervisor_type='QEMU',hypervisor_version=8002002,id=1,local_gb=95,local_gb_used=0,mapped=1,memory_mb=63277,memory_mb_used=512,metrics='[]',numa_topology='{"nova_object.name": "NUMATopology", "nova_object.namespace": "nova", "nova_object.version": "1.2", "nova_object.data": {"cells": [{"nova_object.name": "NUMACell", "nova_object.namespace": "nova", "nova_object.version": "1.5", "nova_object.data": {"id": 0, "cpuset": [0, 1, 2, 3, 4, 5, 6, 7, 8, 9, 10, 11, 12, 13, 14, 15], "pcpuset": [0, 1, 2, 3, 4, 5, 6, 7, 8, 9, 10, 11, 12, 13, 14, 15], "memory": 63277, "cpu_usage": 0, "memory_usage": 0, "pinned_cpus": [], "siblings": [[6], [12], [2], [15], [5], [11], [8], [14], [4], [1], [7], [10], [0], [13], [3], [9]], "mempages": [{"nova_object.name": "NUMAPagesTopology", "nova_object.namespace": "nova", "nova_object.version": "1.1", "nova_object.data": {"size_kb": 4, "total": 16177929, "used": 0, "reserved": 0}, "nova_object.changes": ["total", "reserved", "used", "size_kb"]}, {"nova_object.name": "NUMAPagesTopology", "nova_object.namespace": "nova", "nova_object.version": "1.1", "nova_object.data": {"size_kb": 2048, "total": 41, "used": 0, "reserved": 0}, "nova_object.changes": ["total", "reserved", "used", "size_kb"]}, {"nova_object.name": "NUMAPagesTopology", "nova_object.namespace": "nova", "nova_object.version": "1.1", "nova_object.data": {"size_kb": 1048576, "total": 0, "used": 0, "reserved": 0}, "nova_object.changes": ["total", "reserved", "used", "size_kb"]}], "network_metadata": {"nova_object.name": "NetworkMetadata", "nova_object.namespace": "nova", "nova_object.version": "1.0", "nova_object.data": {"physnets": [], "tunneled": false}, "nova_object.changes": ["physnets", "tunneled"]}, "socket": null}, "nova_object.changes": ["pcpuset", "socket", "pinned_cpus", "id", "siblings", "cpuset", "cpu_usage", "network_metadata", "mempages", "memory_usage", "memory"]}]}, "nova_object.changes": ["cells"]}',pci_device_pools=PciDevicePoolList,ram_allocation_ratio=1.0,running_vms=0,service_id=3,stats={failed_builds='0',uptime=' 00:46:59 up 13 min, 2 users, load average: 1.22, 1.36, 0.78
Jun 28 00:47:34.711210 np0000003857 nova-scheduler[93202]: '},supported_hv_specs=[HVSpec,HVSpec,HVSpec,HVSpec,HVSpec,HVSpec,HVSpec,HVSpec,HVSpec,HVSpec,HVSpec,HVSpec,HVSpec,HVSpec,HVSpec,HVSpec,HVSpec,HVSpec,HVSpec,HVSpec,HVSpec,HVSpec,HVSpec,HVSpec,HVSpec],updated_at=2026-06-28T00:47:01Z,uuid=3d2d834b-0d58-4ec5-9661-d2af559c5de8,vcpus=16,vcpus_used=0) {{(pid=93202) _locked_update /opt/stack/nova/nova/scheduler/host_manager.py:168}}
Jun 28 00:47:34.711919 np0000003857 nova-scheduler[93202]: DEBUG nova.scheduler.host_manager [None req-0490dd77-bd8d-4629-b140-01abcb42fabc tempest-ServerRescueNegativeTestJSON-264088574 tempest-ServerRescueNegativeTestJSON-264088574-project-member] Update host state with aggregates: [] {{(pid=93202) _locked_update /opt/stack/nova/nova/scheduler/host_manager.py:171}}
Jun 28 00:47:34.712040 np0000003857 nova-scheduler[93202]: DEBUG nova.scheduler.host_manager [None req-0490dd77-bd8d-4629-b140-01abcb42fabc tempest-ServerRescueNegativeTestJSON-264088574 tempest-ServerRescueNegativeTestJSON-264088574-project-member] Update host state with service dict: {'id': 3, 'uuid': '1953c62b-bdc0-49c2-a9ad-29d35bdae1e1', 'host': 'np0000003857', 'binary': 'nova-compute', 'topic': 'compute', 'report_count': 2, 'disabled': False, 'disabled_reason': None, 'last_seen_up': datetime.datetime(2026, 6, 28, 0, 47, 22, tzinfo=datetime.timezone.utc), 'forced_down': False, 'version': 72, 'created_at': datetime.datetime(2026, 6, 28, 0, 45, 12, tzinfo=datetime.timezone.utc), 'updated_at': datetime.datetime(2026, 6, 28, 0, 47, 22, tzinfo=datetime.timezone.utc), 'deleted_at': None, 'deleted': False} {{(pid=93202) _locked_update /opt/stack/nova/nova/scheduler/host_manager.py:174}}
Jun 28 00:47:34.712141 np0000003857 nova-scheduler[93202]: DEBUG nova.scheduler.host_manager [None req-0490dd77-bd8d-4629-b140-01abcb42fabc tempest-ServerRescueNegativeTestJSON-264088574 tempest-ServerRescueNegativeTestJSON-264088574-project-member] Update host state with instances: [] {{(pid=93202) _locked_update /opt/stack/nova/nova/scheduler/host_manager.py:177}}
Jun 28 00:47:34.712237 np0000003857 nova-scheduler[93202]: DEBUG oslo_concurrency.lockutils [None req-0490dd77-bd8d-4629-b140-01abcb42fabc tempest-ServerRescueNegativeTestJSON-264088574 tempest-ServerRescueNegativeTestJSON-264088574-project-member] Lock "np0000003857-np0000003857" "released" by "nova.scheduler.host_manager.HostState.update.._locked_update" :: held 0.002s {{(pid=93202) inner /opt/stack/data/venv/lib/python3.12/site-packages/oslo_concurrency/lockutils.py:543}}
Jun 28 00:47:34.712679 np0000003857 nova-scheduler[93202]: DEBUG nova.filters [None req-0490dd77-bd8d-4629-b140-01abcb42fabc tempest-ServerRescueNegativeTestJSON-264088574 tempest-ServerRescueNegativeTestJSON-264088574-project-member] Starting with 1 host(s) {{(pid=93202) get_filtered_objects /opt/stack/nova/nova/filters.py:70}}
Jun 28 00:47:34.712903 np0000003857 nova-scheduler[93202]: DEBUG nova.filters [None req-0490dd77-bd8d-4629-b140-01abcb42fabc tempest-ServerRescueNegativeTestJSON-264088574 tempest-ServerRescueNegativeTestJSON-264088574-project-member] Filter ComputeFilter returned 1 host(s) {{(pid=93202) get_filtered_objects /opt/stack/nova/nova/filters.py:102}}
Jun 28 00:47:34.713065 np0000003857 nova-scheduler[93202]: DEBUG nova.filters [None req-0490dd77-bd8d-4629-b140-01abcb42fabc tempest-ServerRescueNegativeTestJSON-264088574 tempest-ServerRescueNegativeTestJSON-264088574-project-member] Filter ComputeCapabilitiesFilter returned 1 host(s) {{(pid=93202) get_filtered_objects /opt/stack/nova/nova/filters.py:102}}
Jun 28 00:47:34.713275 np0000003857 nova-scheduler[93202]: DEBUG nova.filters [None req-0490dd77-bd8d-4629-b140-01abcb42fabc tempest-ServerRescueNegativeTestJSON-264088574 tempest-ServerRescueNegativeTestJSON-264088574-project-member] Filter ImagePropertiesFilter returned 1 host(s) {{(pid=93202) get_filtered_objects /opt/stack/nova/nova/filters.py:102}}
Jun 28 00:47:34.713340 np0000003857 nova-scheduler[93202]: DEBUG nova.filters [None req-0490dd77-bd8d-4629-b140-01abcb42fabc tempest-ServerRescueNegativeTestJSON-264088574 tempest-ServerRescueNegativeTestJSON-264088574-project-member] Filter ServerGroupAntiAffinityFilter returned 1 host(s) {{(pid=93202) get_filtered_objects /opt/stack/nova/nova/filters.py:102}}
Jun 28 00:47:34.713439 np0000003857 nova-scheduler[93202]: DEBUG nova.filters [None req-0490dd77-bd8d-4629-b140-01abcb42fabc tempest-ServerRescueNegativeTestJSON-264088574 tempest-ServerRescueNegativeTestJSON-264088574-project-member] Filter ServerGroupAffinityFilter returned 1 host(s) {{(pid=93202) get_filtered_objects /opt/stack/nova/nova/filters.py:102}}
Jun 28 00:47:34.713561 np0000003857 nova-scheduler[93202]: DEBUG nova.filters [None req-0490dd77-bd8d-4629-b140-01abcb42fabc tempest-ServerRescueNegativeTestJSON-264088574 tempest-ServerRescueNegativeTestJSON-264088574-project-member] Filter SameHostFilter returned 1 host(s) {{(pid=93202) get_filtered_objects /opt/stack/nova/nova/filters.py:102}}
Jun 28 00:47:34.713662 np0000003857 nova-scheduler[93202]: DEBUG nova.filters [None req-0490dd77-bd8d-4629-b140-01abcb42fabc tempest-ServerRescueNegativeTestJSON-264088574 tempest-ServerRescueNegativeTestJSON-264088574-project-member] Filter DifferentHostFilter returned 1 host(s) {{(pid=93202) get_filtered_objects /opt/stack/nova/nova/filters.py:102}}
Jun 28 00:47:34.713790 np0000003857 nova-scheduler[93202]: DEBUG nova.scheduler.manager [None req-0490dd77-bd8d-4629-b140-01abcb42fabc tempest-ServerRescueNegativeTestJSON-264088574 tempest-ServerRescueNegativeTestJSON-264088574-project-member] Filtered [(np0000003857, np0000003857) ram: 62765MB disk: 74752MB io_ops: 0 instances: 0, allocation_candidates: 1] {{(pid=93202) _get_sorted_hosts /opt/stack/nova/nova/scheduler/manager.py:743}}
Jun 28 00:47:34.713964 np0000003857 nova-scheduler[93202]: DEBUG nova.scheduler.manager [None req-0490dd77-bd8d-4629-b140-01abcb42fabc tempest-ServerRescueNegativeTestJSON-264088574 tempest-ServerRescueNegativeTestJSON-264088574-project-member] Weighed [WeighedHost [host: (np0000003857, np0000003857) ram: 62765MB disk: 74752MB io_ops: 0 instances: 0, allocation_candidates: 1, weight: 0.0]] {{(pid=93202) _get_sorted_hosts /opt/stack/nova/nova/scheduler/manager.py:765}}
Jun 28 00:47:34.714125 np0000003857 nova-scheduler[93202]: DEBUG nova.scheduler.utils [None req-0490dd77-bd8d-4629-b140-01abcb42fabc tempest-ServerRescueNegativeTestJSON-264088574 tempest-ServerRescueNegativeTestJSON-264088574-project-member] Attempting to claim resources in the placement API for instance ab46e354-8bfe-445e-adac-c984ecf3b0a1 {{(pid=93202) claim_resources /opt/stack/nova/nova/scheduler/utils.py:1345}}
Jun 28 00:47:34.837467 np0000003857 nova-scheduler[93202]: DEBUG nova.scheduler.manager [None req-0490dd77-bd8d-4629-b140-01abcb42fabc tempest-ServerRescueNegativeTestJSON-264088574 tempest-ServerRescueNegativeTestJSON-264088574-project-member] [instance: ab46e354-8bfe-445e-adac-c984ecf3b0a1] Selected host: (np0000003857, np0000003857) ram: 62765MB disk: 74752MB io_ops: 0 instances: 0, allocation_candidates: 1 {{(pid=93202) _consume_selected_host /opt/stack/nova/nova/scheduler/manager.py:625}}
Jun 28 00:47:34.837751 np0000003857 nova-scheduler[93202]: DEBUG oslo_concurrency.lockutils [None req-0490dd77-bd8d-4629-b140-01abcb42fabc tempest-ServerRescueNegativeTestJSON-264088574 tempest-ServerRescueNegativeTestJSON-264088574-project-member] Acquiring lock "np0000003857-np0000003857" by "nova.scheduler.host_manager.HostState.consume_from_request.._locked" {{(pid=93202) inner /opt/stack/data/venv/lib/python3.12/site-packages/oslo_concurrency/lockutils.py:511}}
Jun 28 00:47:34.837899 np0000003857 nova-scheduler[93202]: DEBUG oslo_concurrency.lockutils [None req-0490dd77-bd8d-4629-b140-01abcb42fabc tempest-ServerRescueNegativeTestJSON-264088574 tempest-ServerRescueNegativeTestJSON-264088574-project-member] Lock "np0000003857-np0000003857" acquired by "nova.scheduler.host_manager.HostState.consume_from_request.._locked" :: waited 0.000s {{(pid=93202) inner /opt/stack/data/venv/lib/python3.12/site-packages/oslo_concurrency/lockutils.py:524}}
Jun 28 00:47:34.838068 np0000003857 nova-scheduler[93202]: DEBUG oslo_concurrency.lockutils [None req-0490dd77-bd8d-4629-b140-01abcb42fabc tempest-ServerRescueNegativeTestJSON-264088574 tempest-ServerRescueNegativeTestJSON-264088574-project-member] Lock "np0000003857-np0000003857" "released" by "nova.scheduler.host_manager.HostState.consume_from_request.._locked" :: held 0.000s {{(pid=93202) inner /opt/stack/data/venv/lib/python3.12/site-packages/oslo_concurrency/lockutils.py:543}}
Jun 28 00:47:38.015452 np0000003857 nova-scheduler[93200]: DEBUG nova.scheduler.manager [None req-a702efac-f7bb-4896-82f4-861492d84bc1 tempest-ServerBootFromVolumeStableRescueTest-94651266 tempest-ServerBootFromVolumeStableRescueTest-94651266-project-member] Starting to schedule for instances: ['0d9e6191-35fd-4966-b054-481ede08c1b3'] {{(pid=93200) select_destinations /opt/stack/nova/nova/scheduler/manager.py:210}}
Jun 28 00:47:38.016165 np0000003857 nova-scheduler[93200]: DEBUG nova.scheduler.request_filter [None req-a702efac-f7bb-4896-82f4-861492d84bc1 tempest-ServerBootFromVolumeStableRescueTest-94651266 tempest-ServerBootFromVolumeStableRescueTest-94651266-project-member] compute_status_filter request filter added forbidden trait COMPUTE_STATUS_DISABLED {{(pid=93200) compute_status_filter /opt/stack/nova/nova/scheduler/request_filter.py:253}}
Jun 28 00:47:38.016363 np0000003857 nova-scheduler[93200]: DEBUG nova.scheduler.request_filter [None req-a702efac-f7bb-4896-82f4-861492d84bc1 tempest-ServerBootFromVolumeStableRescueTest-94651266 tempest-ServerBootFromVolumeStableRescueTest-94651266-project-member] Request filter 'compute_status_filter' took 0.0 seconds {{(pid=93200) wrapper /opt/stack/nova/nova/scheduler/request_filter.py:46}}
Jun 28 00:47:38.016676 np0000003857 nova-scheduler[93200]: DEBUG nova.scheduler.request_filter [None req-a702efac-f7bb-4896-82f4-861492d84bc1 tempest-ServerBootFromVolumeStableRescueTest-94651266 tempest-ServerBootFromVolumeStableRescueTest-94651266-project-member] Request filter 'accelerators_filter' took 0.0 seconds {{(pid=93200) wrapper /opt/stack/nova/nova/scheduler/request_filter.py:46}}
Jun 28 00:47:38.016949 np0000003857 nova-scheduler[93200]: DEBUG nova.scheduler.request_filter [None req-a702efac-f7bb-4896-82f4-861492d84bc1 tempest-ServerBootFromVolumeStableRescueTest-94651266 tempest-ServerBootFromVolumeStableRescueTest-94651266-project-member] Request filter 'packed_virtqueue_filter' took 0.0 seconds {{(pid=93200) wrapper /opt/stack/nova/nova/scheduler/request_filter.py:46}}
Jun 28 00:47:38.017317 np0000003857 nova-scheduler[93200]: DEBUG nova.scheduler.request_filter [None req-a702efac-f7bb-4896-82f4-861492d84bc1 tempest-ServerBootFromVolumeStableRescueTest-94651266 tempest-ServerBootFromVolumeStableRescueTest-94651266-project-member] Request filter 'remote_managed_ports_filter' took 0.0 seconds {{(pid=93200) wrapper /opt/stack/nova/nova/scheduler/request_filter.py:46}}
Jun 28 00:47:38.017532 np0000003857 nova-scheduler[93200]: DEBUG nova.scheduler.request_filter [None req-a702efac-f7bb-4896-82f4-861492d84bc1 tempest-ServerBootFromVolumeStableRescueTest-94651266 tempest-ServerBootFromVolumeStableRescueTest-94651266-project-member] ephemeral_encryption_filter skipped {{(pid=93200) ephemeral_encryption_filter /opt/stack/nova/nova/scheduler/request_filter.py:426}}
Jun 28 00:47:38.017740 np0000003857 nova-scheduler[93200]: DEBUG nova.scheduler.request_filter [None req-a702efac-f7bb-4896-82f4-861492d84bc1 tempest-ServerBootFromVolumeStableRescueTest-94651266 tempest-ServerBootFromVolumeStableRescueTest-94651266-project-member] virtio_sound_filter skipped {{(pid=93200) virtio_sound_filter /opt/stack/nova/nova/scheduler/request_filter.py:460}}
Jun 28 00:47:38.017932 np0000003857 nova-scheduler[93200]: DEBUG nova.scheduler.request_filter [None req-a702efac-f7bb-4896-82f4-861492d84bc1 tempest-ServerBootFromVolumeStableRescueTest-94651266 tempest-ServerBootFromVolumeStableRescueTest-94651266-project-member] tpm_secret_security_filter skipped {{(pid=93200) tpm_secret_security_filter /opt/stack/nova/nova/scheduler/request_filter.py:477}}
Jun 28 00:47:38.114404 np0000003857 nova-scheduler[93200]: INFO nova.utils [None req-a702efac-f7bb-4896-82f4-861492d84bc1 tempest-ServerBootFromVolumeStableRescueTest-94651266 tempest-ServerBootFromVolumeStableRescueTest-94651266-project-member] The cell worker thread pool ForkProcess-1.cell_worker is initialized
Jun 28 00:47:38.114814 np0000003857 nova-scheduler[93200]: DEBUG oslo_concurrency.lockutils [None req-a702efac-f7bb-4896-82f4-861492d84bc1 tempest-ServerBootFromVolumeStableRescueTest-94651266 tempest-ServerBootFromVolumeStableRescueTest-94651266-project-member] Acquiring lock "16f607f6-f6ed-4994-b3db-36ab00aa3acf" by "nova.context.set_target_cell..get_or_set_cached_cell_and_set_connections" {{(pid=93200) inner /opt/stack/data/venv/lib/python3.12/site-packages/oslo_concurrency/lockutils.py:511}}
Jun 28 00:47:38.115062 np0000003857 nova-scheduler[93200]: DEBUG oslo_concurrency.lockutils [None req-a702efac-f7bb-4896-82f4-861492d84bc1 tempest-ServerBootFromVolumeStableRescueTest-94651266 tempest-ServerBootFromVolumeStableRescueTest-94651266-project-member] Lock "16f607f6-f6ed-4994-b3db-36ab00aa3acf" acquired by "nova.context.set_target_cell..get_or_set_cached_cell_and_set_connections" :: waited 0.000s {{(pid=93200) inner /opt/stack/data/venv/lib/python3.12/site-packages/oslo_concurrency/lockutils.py:524}}
Jun 28 00:47:38.117568 np0000003857 nova-scheduler[93200]: DEBUG oslo_concurrency.lockutils [None req-a702efac-f7bb-4896-82f4-861492d84bc1 tempest-ServerBootFromVolumeStableRescueTest-94651266 tempest-ServerBootFromVolumeStableRescueTest-94651266-project-member] Lock "16f607f6-f6ed-4994-b3db-36ab00aa3acf" "released" by "nova.context.set_target_cell..get_or_set_cached_cell_and_set_connections" :: held 0.002s {{(pid=93200) inner /opt/stack/data/venv/lib/python3.12/site-packages/oslo_concurrency/lockutils.py:543}}
Jun 28 00:47:38.120278 np0000003857 nova-scheduler[93200]: INFO dbcounter [None req-a702efac-f7bb-4896-82f4-861492d84bc1 tempest-ServerBootFromVolumeStableRescueTest-94651266 tempest-ServerBootFromVolumeStableRescueTest-94651266-project-member] Registered counter for database nova_cell1
Jun 28 00:47:38.166329 np0000003857 nova-scheduler[93200]: DEBUG oslo_db.sqlalchemy.engines [None req-a702efac-f7bb-4896-82f4-861492d84bc1 tempest-ServerBootFromVolumeStableRescueTest-94651266 tempest-ServerBootFromVolumeStableRescueTest-94651266-project-member] MySQL server mode set to STRICT_TRANS_TABLES,STRICT_ALL_TABLES,NO_ZERO_IN_DATE,NO_ZERO_DATE,ERROR_FOR_DIVISION_BY_ZERO,TRADITIONAL,NO_ENGINE_SUBSTITUTION {{(pid=93200) _check_effective_sql_mode /opt/stack/data/venv/lib/python3.12/site-packages/oslo_db/sqlalchemy/engines.py:325}}
Jun 28 00:47:38.173073 np0000003857 nova-scheduler[93200]: DEBUG dbcounter [-] [93200] Writer thread running {{(pid=93200) stat_writer /opt/stack/data/venv/lib/python3.12/site-packages/dbcounter.py:102}}
Jun 28 00:47:38.235385 np0000003857 nova-scheduler[93200]: DEBUG dbcounter [-] [93200] Writer thread running {{(pid=93200) stat_writer /opt/stack/data/venv/lib/python3.12/site-packages/dbcounter.py:102}}
Jun 28 00:47:38.239240 np0000003857 nova-scheduler[93200]: DEBUG oslo_concurrency.lockutils [None req-a702efac-f7bb-4896-82f4-861492d84bc1 tempest-ServerBootFromVolumeStableRescueTest-94651266 tempest-ServerBootFromVolumeStableRescueTest-94651266-project-member] Acquiring lock "16f607f6-f6ed-4994-b3db-36ab00aa3acf" by "nova.context.set_target_cell..get_or_set_cached_cell_and_set_connections" {{(pid=93200) inner /opt/stack/data/venv/lib/python3.12/site-packages/oslo_concurrency/lockutils.py:511}}
Jun 28 00:47:38.239240 np0000003857 nova-scheduler[93200]: DEBUG oslo_concurrency.lockutils [None req-a702efac-f7bb-4896-82f4-861492d84bc1 tempest-ServerBootFromVolumeStableRescueTest-94651266 tempest-ServerBootFromVolumeStableRescueTest-94651266-project-member] Lock "16f607f6-f6ed-4994-b3db-36ab00aa3acf" acquired by "nova.context.set_target_cell..get_or_set_cached_cell_and_set_connections" :: waited 0.000s {{(pid=93200) inner /opt/stack/data/venv/lib/python3.12/site-packages/oslo_concurrency/lockutils.py:524}}
Jun 28 00:47:38.239408 np0000003857 nova-scheduler[93200]: DEBUG oslo_concurrency.lockutils [None req-a702efac-f7bb-4896-82f4-861492d84bc1 tempest-ServerBootFromVolumeStableRescueTest-94651266 tempest-ServerBootFromVolumeStableRescueTest-94651266-project-member] Lock "16f607f6-f6ed-4994-b3db-36ab00aa3acf" "released" by "nova.context.set_target_cell..get_or_set_cached_cell_and_set_connections" :: held 0.000s {{(pid=93200) inner /opt/stack/data/venv/lib/python3.12/site-packages/oslo_concurrency/lockutils.py:543}}
